000
CDUS45 KPSR 200818
CLIPHX

CDUS45 KPSR DDHHMM
CLIPHX

CLIMATE REPORT
NATIONAL WEATHER SERVICE PHOENIX AZ
115 AM MST MON FEB 20 2017


...................................

...THE PHOENIX AZ CLIMATE SUMMARY FOR FEBRUARY 19 2017...

CLIMATE NORMAL PERIOD 1981 TO 2010
CLIMATE RECORD PERIOD 1895 TO 2017


WEATHER ITEM   OBSERVED TIME   RECORD YEAR NORMAL DEPARTURE LAST
                VALUE   (LST)  VALUE       VALUE  FROM      YEAR
                                                  NORMAL
..................................................................
TEMPERATURE (F)
 YESTERDAY
  MAXIMUM         60    356 PM  88    1981  71    -11       81
                                      1977
  MINIMUM         50    843 AM  29    1955  49      1       59
  AVERAGE         55                        60     -5       70

PRECIPITATION (IN)
  YESTERDAY        0.21          0.93 2005   0.04   0.17     0.00
  MONTH TO DATE    0.84                      0.58   0.26     0.00
  SINCE OCT 1      3.77                      3.60   0.17     2.48
  SINCE JAN 1      1.94                      1.49   0.45     1.31

SNOWFALL (IN)
  YESTERDAY        0.0
  MONTH TO DATE    0.0
  SINCE JAN 1      0.0
  SINCE JUL 1      0.0
  SNOW DEPTH       0

DEGREE DAYS
 HEATING
  YESTERDAY       10                         5      5        0
  MONTH TO DATE   45                       120    -75       86
  SINCE DEC 1    555                       687   -132      692
  SINCE JUL 1    613                       790   -177      813

 COOLING
  YESTERDAY        0                         1     -1        5
  MONTH TO DATE   19                         2     17       63
  SINCE DEC 1     20                         5     15       63
  SINCE JAN 1     19                         4     15       63
..................................................................


WIND (MPH)
  HIGHEST WIND SPEED    14   HIGHEST WIND DIRECTION     E (110)
  HIGHEST GUST SPEED    19   HIGHEST GUST DIRECTION     E (100)
  AVERAGE WIND SPEED     6.6


SKY COVER
  AVERAGE SKY COVER 0.9


WEATHER CONDITIONS
 THE FOLLOWING WEATHER WAS RECORDED YESTERDAY.
  LIGHT RAIN
  FOG


RELATIVE HUMIDITY (PERCENT)
 HIGHEST    93           700 AM
 LOWEST     67           400 PM
 AVERAGE    80

..........................................................


THE PHOENIX AZ CLIMATE NORMALS FOR TODAY
                         NORMAL    RECORD    YEAR
 MAXIMUM TEMPERATURE (F)   72        87      1977
                                             1943
 MINIMUM TEMPERATURE (F)   50        27      1955


SUNRISE AND SUNSET
FEBRUARY 20 2017......SUNRISE   706 AM MST   SUNSET   618 PM MST
FEBRUARY 21 2017......SUNRISE   705 AM MST   SUNSET   618 PM MST


-  INDICATES NEGATIVE NUMBERS.
R  INDICATES RECORD WAS SET OR TIED.
MM INDICATES DATA IS MISSING.
T  INDICATES TRACE AMOUNT.

&&
.....................................................................

DEW POINT
  HIGHEST DEW POINT    52
   LOWEST DEW POINT    48
  AVERAGE DEW POINT    50
.....................................................................

$$
