000
CDUS45 KPSR 200815
CLIPHX

CLIMATE REPORT
NATIONAL WEATHER SERVICE PHOENIX AZ
114 AM MST MON OCT 20 2014


...................................

...THE PHOENIX AZ CLIMATE SUMMARY FOR OCTOBER 19 2014...

CLIMATE NORMAL PERIOD 1981 TO 2010
CLIMATE RECORD PERIOD 1895 TO 2014


WEATHER ITEM   OBSERVED TIME   RECORD YEAR NORMAL DEPARTURE LAST
                VALUE   (LST)  VALUE       VALUE  FROM      YEAR
                                                  NORMAL
..................................................................
TEMPERATURE (F)
 YESTERDAY
  MAXIMUM         94    409 PM 101    2003  87      7       88
  MINIMUM         69    651 AM  40    1917  64      5       58
  AVERAGE         82                        75      7       73

PRECIPITATION (IN)
  YESTERDAY        0.08          1.69 1972   0.02   0.06     0.00
  MONTH TO DATE    0.13                      0.36  -0.23      T
  SINCE OCT 1      0.13                      0.36  -0.23      T
  SINCE JAN 1      7.46                      6.28   1.18     5.60

SNOWFALL (IN)
  YESTERDAY        0.0
  MONTH TO DATE    0.0
  SINCE JAN 1      0.0
  SINCE JUL 1      0.0
  SNOW DEPTH       0

DEGREE DAYS
 HEATING
  YESTERDAY        0                         0      0        0
  MONTH TO DATE    0                         0      0        1
  SINCE SEP 1      0                         0      0        1
  SINCE JUL 1      0                         0      0        1

 COOLING
  YESTERDAY       17                        11      6        8
  MONTH TO DATE  292                       268     24      197
  SINCE SEP 1   1020                       968     52      916
  SINCE JAN 1   4765                      4437    328     4804
..................................................................


WIND (MPH)
  HIGHEST WIND SPEED    26   HIGHEST WIND DIRECTION    SE (120)
  HIGHEST GUST SPEED    33   HIGHEST GUST DIRECTION    SE (120)
  AVERAGE WIND SPEED     5.2


SKY COVER
  AVERAGE SKY COVER 0.5


WEATHER CONDITIONS
 THE FOLLOWING WEATHER WAS RECORDED YESTERDAY.
  THUNDERSTORM
  RAIN
  LIGHT RAIN


RELATIVE HUMIDITY (PERCENT)
 HIGHEST    57           700 AM
 LOWEST     23           300 PM
 AVERAGE    40

..........................................................


THE PHOENIX AZ CLIMATE NORMALS FOR TODAY
                         NORMAL    RECORD    YEAR
 MAXIMUM TEMPERATURE (F)   87       103      2003
 MINIMUM TEMPERATURE (F)   63        40      1949


SUNRISE AND SUNSET
OCTOBER 20 2014.......SUNRISE   637 AM MST   SUNSET   548 PM MST
OCTOBER 21 2014.......SUNRISE   637 AM MST   SUNSET   547 PM MST


-  INDICATES NEGATIVE NUMBERS.
R  INDICATES RECORD WAS SET OR TIED.
MM INDICATES DATA IS MISSING.
T  INDICATES TRACE AMOUNT.

&&
.....................................................................

DEW POINT
  HIGHEST DEW POINT    60
   LOWEST DEW POINT    49
  AVERAGE DEW POINT    52
.....................................................................

$$
