000
CDUS45 KPSR 240823
CLIPHX

CLIMATE REPORT
NATIONAL WEATHER SERVICE PHOENIX AZ
122 AM MST SAT JUN 24 2017


...................................

...THE PHOENIX AZ CLIMATE SUMMARY FOR JUNE 23 2017...

CLIMATE NORMAL PERIOD 1981 TO 2010
CLIMATE RECORD PERIOD 1895 TO 2017


WEATHER ITEM   OBSERVED TIME   RECORD YEAR NORMAL DEPARTURE LAST
                VALUE   (LST)  VALUE       VALUE  FROM      YEAR
                                                  NORMAL
..................................................................
TEMPERATURE (F)
 YESTERDAY
  MAXIMUM        112    613 PM 116    1974 106      6      112
  MINIMUM         87    443 AM  61    1923  80      7       89
  AVERAGE        100                        93      7      101

PRECIPITATION (IN)
  YESTERDAY        0.00          0.84 1965   0.00   0.00     0.00
  MONTH TO DATE    0.00                      0.01  -0.01      T
  SINCE OCT 1      4.24                      5.33  -1.09     3.04
  SINCE JAN 1      2.41                      3.22  -0.81     1.87

SNOWFALL (IN)
  YESTERDAY        0.0
  MONTH TO DATE    0.0
  SINCE JAN 1      0.0
  SINCE JUL 1      0.0
  SNOW DEPTH       0

DEGREE DAYS
 HEATING
  YESTERDAY        0                         0      0        0
  MONTH TO DATE    0                         0      0        0
  SINCE JUN 1      0                         0      0        0
  SINCE JUL 1    693                       935   -242      829

 COOLING
  YESTERDAY       35                        28      7       36
  MONTH TO DATE  659                       574     85      677
  SINCE JUN 1    659                       574     85      677
  SINCE JAN 1   1733                      1460    273     1684
..................................................................


WIND (MPH)
  HIGHEST WIND SPEED    22   HIGHEST WIND DIRECTION     W (270)
  HIGHEST GUST SPEED    26   HIGHEST GUST DIRECTION     W (270)
  AVERAGE WIND SPEED     8.9


SKY COVER
  AVERAGE SKY COVER 0.2


WEATHER CONDITIONS
 THE FOLLOWING WEATHER WAS RECORDED YESTERDAY.
  NO SIGNIFICANT WEATHER WAS OBSERVED.


RELATIVE HUMIDITY (PERCENT)
 HIGHEST    36           600 AM
 LOWEST     10           600 PM
 AVERAGE    23

..........................................................


THE PHOENIX AZ CLIMATE NORMALS FOR TODAY
                         NORMAL    RECORD    YEAR
 MAXIMUM TEMPERATURE (F)  106       118      1929
 MINIMUM TEMPERATURE (F)   80        62      1945


SUNRISE AND SUNSET
JUNE 24 2017..........SUNRISE   520 AM MST   SUNSET   742 PM MST
JUNE 25 2017..........SUNRISE   520 AM MST   SUNSET   742 PM MST


-  INDICATES NEGATIVE NUMBERS.
R  INDICATES RECORD WAS SET OR TIED.
MM INDICATES DATA IS MISSING.
T  INDICATES TRACE AMOUNT.

&&
.....................................................................

DEW POINT
  HIGHEST DEW POINT    57
   LOWEST DEW POINT    41
  AVERAGE DEW POINT    51
.....................................................................

$$
