000
CDUS45 KPSR 190908
CLIPHX

CLIMATE REPORT
NATIONAL WEATHER SERVICE PHOENIX AZ
207 AM MST SAT APR 19 2014


...................................

...THE PHOENIX AZ CLIMATE SUMMARY FOR APRIL 18 2014...

CLIMATE NORMAL PERIOD 1981 TO 2010
CLIMATE RECORD PERIOD 1895 TO 2014


WEATHER ITEM   OBSERVED TIME   RECORD YEAR NORMAL DEPARTURE LAST
                VALUE   (LST)  VALUE       VALUE  FROM      YEAR
                                                  NORMAL
..................................................................
TEMPERATURE (F)
 YESTERDAY
  MAXIMUM         82    336 PM 100    1989  86     -4       76
                                      1962
  MINIMUM         70   1159 PM  38    1896  61      9       56
  AVERAGE         76                        73      3       66

PRECIPITATION (IN)
  YESTERDAY        T             0.21 1917   0.00   0.00     0.00
  MONTH TO DATE    T                         0.22  -0.22     0.06
  SINCE OCT 1      3.81                      5.15  -1.34     3.53
  SINCE JAN 1      0.99                      3.04  -2.05     2.61

SNOWFALL (IN)
  YESTERDAY        0.0
  MONTH TO DATE    0.0
  SINCE JAN 1      0.0
  SINCE JUL 1      0.0
  SNOW DEPTH       0

DEGREE DAYS
 HEATING
  YESTERDAY        0                         0      0        0
  MONTH TO DATE    5                        17    -12        0
  SINCE MAR 1     12                        98    -86       34
  SINCE JUL 1    546                       931   -385      881

 COOLING
  YESTERDAY       11                         9      2        1
  MONTH TO DATE  165                       123     42      143
  SINCE MAR 1    302                       210     92      323
  SINCE JAN 1    364                       227    137      331
..................................................................


WIND (MPH)
  HIGHEST WIND SPEED    30   HIGHEST WIND DIRECTION     S (180)
  HIGHEST GUST SPEED    39   HIGHEST GUST DIRECTION     S (170)
  AVERAGE WIND SPEED     8.3


SKY COVER
  AVERAGE SKY COVER 0.8


WEATHER CONDITIONS
 THE FOLLOWING WEATHER WAS RECORDED YESTERDAY.
  NO SIGNIFICANT WEATHER WAS OBSERVED.


RELATIVE HUMIDITY (PERCENT)
 HIGHEST    33          1100 PM
 LOWEST     16          1200 AM
 AVERAGE    25

..........................................................


THE PHOENIX AZ CLIMATE NORMALS FOR TODAY
                         NORMAL    RECORD    YEAR
 MAXIMUM TEMPERATURE (F)   86       103      1989
 MINIMUM TEMPERATURE (F)   61        37      1968


SUNRISE AND SUNSET
APRIL 19 2014.........SUNRISE   553 AM MST   SUNSET   702 PM MST
APRIL 20 2014.........SUNRISE   552 AM MST   SUNSET   703 PM MST


-  INDICATES NEGATIVE NUMBERS.
R  INDICATES RECORD WAS SET OR TIED.
MM INDICATES DATA IS MISSING.
T  INDICATES TRACE AMOUNT.

&&
.....................................................................

DEW POINT
  HIGHEST DEW POINT    44
   LOWEST DEW POINT    32
  AVERAGE DEW POINT    38
.....................................................................

$$
