962
CDUS45 KPSR 220801
CLIPHX

CLIMATE REPORT
NATIONAL WEATHER SERVICE PHOENIX AZ
100 AM MST TUE AUG 22 2017

...................................

...THE PHOENIX AZ CLIMATE SUMMARY FOR AUGUST 21 2017...

CLIMATE NORMAL PERIOD 1981 TO 2010
CLIMATE RECORD PERIOD 1895 TO 2017


WEATHER ITEM   OBSERVED TIME   RECORD YEAR NORMAL DEPARTURE LAST
                VALUE   (LST)  VALUE       VALUE  FROM      YEAR
                                                  NORMAL
..................................................................
TEMPERATURE (F)
 YESTERDAY
  MAXIMUM        104    327 PM 110    2007 104      0      101
                                      1986
                                      1981
  MINIMUM         85    710 AM  62    1916  82      3       76
  AVERAGE         95                        93      2       89

PRECIPITATION (IN)
  YESTERDAY        0.00          0.72 1921   0.03  -0.03     0.00
  MONTH TO DATE    1.37                      0.70   0.67     1.13
  SINCE OCT 1      6.50                      7.09  -0.59     5.07
  SINCE JAN 1      4.67                      4.98  -0.31     3.90

SNOWFALL (IN)
  YESTERDAY        0.0
  MONTH TO DATE    0.0
  SINCE JAN 1      0.0
  SINCE JUL 1      0.0
  SNOW DEPTH       0

DEGREE DAYS
 HEATING
  YESTERDAY        0                         0      0        0
  MONTH TO DATE    0                         0      0        0
  SINCE JUN 1      0                         0      0        0
  SINCE JUL 1      0                         0      0        0

 COOLING
  YESTERDAY       30                        28      2       24
  MONTH TO DATE  585                       606    -21      586
  SINCE JUN 1   2421                      2304    117     2492
  SINCE JAN 1   3495                      3190    305     3499
..................................................................


WIND (MPH)
  HIGHEST WIND SPEED    15   HIGHEST WIND DIRECTION    SW (230)
  HIGHEST GUST SPEED    20   HIGHEST GUST DIRECTION    SW (240)
  AVERAGE WIND SPEED     7.5


SKY COVER
  AVERAGE SKY COVER 0.4


WEATHER CONDITIONS
 THE FOLLOWING WEATHER WAS RECORDED YESTERDAY.
  NO SIGNIFICANT WEATHER WAS OBSERVED.


RELATIVE HUMIDITY (PERCENT)
 HIGHEST    40           700 AM
 LOWEST     13           400 PM
 AVERAGE    27

..........................................................


THE PHOENIX AZ CLIMATE NORMALS FOR TODAY
                         NORMAL    RECORD    YEAR
 MAXIMUM TEMPERATURE (F)  104       113      2011
 MINIMUM TEMPERATURE (F)   82        65      1917


SUNRISE AND SUNSET
AUGUST 22 2017........SUNRISE   556 AM MST   SUNSET   706 PM MST
AUGUST 23 2017........SUNRISE   556 AM MST   SUNSET   704 PM MST


-  INDICATES NEGATIVE NUMBERS.
R  INDICATES RECORD WAS SET OR TIED.
MM INDICATES DATA IS MISSING.
T  INDICATES TRACE AMOUNT.

&&
.....................................................................

DEW POINT
  HIGHEST DEW POINT    57
   LOWEST DEW POINT    41
  AVERAGE DEW POINT    53
.....................................................................

$$
