000
CDUS43 KILX 230631
CLIPIA


CLIMATE REPORT
NATIONAL WEATHER SERVICE LINCOLN IL
130 AM CDT SAT MAY 23 2015


...................................

...THE PEORIA IL CLIMATE SUMMARY FOR MAY 22 2015...

CLIMATE NORMAL PERIOD 1981 TO 2010
CLIMATE RECORD PERIOD 1883 TO 2015


WEATHER ITEM   OBSERVED TIME   RECORD YEAR NORMAL DEPARTURE LAST
                VALUE   (LST)  VALUE       VALUE  FROM      YEAR
                                                  NORMAL
..................................................................
TEMPERATURE (F)
 YESTERDAY
  MAXIMUM         80    349 PM  93    1925  75      5       73
  MINIMUM         49    451 AM  35    1963  53     -4       56
  AVERAGE         65                        64      1       65

PRECIPITATION (IN)
  YESTERDAY        0.00          1.07 1899   0.15  -0.15     0.00
  MONTH TO DATE    3.48                      3.13   0.35     1.20
  SINCE MAR 1      7.51                      9.56  -2.05     6.86
  SINCE JAN 1     11.23                     13.13  -1.90    11.73

SNOWFALL (IN)
  YESTERDAY        0.0           0.0    MM   0.0    0.0      0.0
  MONTH TO DATE    0.0                       0.0    0.0      0.0
  SINCE MAR 1      2.7                       3.3   -0.6      7.4
  SINCE JUL 1     27.0                      24.6    2.4     57.6
  SNOW DEPTH       0

DEGREE DAYS
 HEATING
  YESTERDAY        0                         4     -4        0
  MONTH TO DATE   74                       124    -50      119
  SINCE MAR 1   1091                      1273   -182     1407
  SINCE JUL 1   5797                      5789      8     6586

 COOLING
  YESTERDAY        0                         3     -3        0
  MONTH TO DATE   82                        36     46       74
  SINCE MAR 1     93                        50     43       80
  SINCE JAN 1     93                        50     43       80
..................................................................


WIND (MPH)
  HIGHEST WIND SPEED    10   HIGHEST WIND DIRECTION    SW (240)
  HIGHEST GUST SPEED    14   HIGHEST GUST DIRECTION     W (260)
  AVERAGE WIND SPEED     3.4


SKY COVER
  POSSIBLE SUNSHINE  MM
  AVERAGE SKY COVER 0.0


WEATHER CONDITIONS
 THE FOLLOWING WEATHER WAS RECORDED YESTERDAY.
  NO SIGNIFICANT WEATHER WAS OBSERVED.


RELATIVE HUMIDITY (PERCENT)
 HIGHEST    77           500 AM
 LOWEST     23           400 PM
 AVERAGE    50

..........................................................


THE PEORIA IL CLIMATE NORMALS FOR TODAY
                         NORMAL    RECORD    YEAR
 MAXIMUM TEMPERATURE (F)   75        92      1975
                                             1921
 MINIMUM TEMPERATURE (F)   54        35      1963
                                             1917


SUNRISE AND SUNSET
MAY 23 2015...........SUNRISE   535 AM CDT   SUNSET   816 PM CDT
MAY 24 2015...........SUNRISE   535 AM CDT   SUNSET   817 PM CDT


-  INDICATES NEGATIVE NUMBERS.
R  INDICATES RECORD WAS SET OR TIED.
MM INDICATES DATA IS MISSING.
T  INDICATES TRACE AMOUNT.




$$
