000
CDUS43 KILX 270644
CLIPIA


CLIMATE REPORT
NATIONAL WEATHER SERVICE LINCOLN IL
134 AM CDT THU JUL 27 2017


...................................

...THE PEORIA IL CLIMATE SUMMARY FOR JULY 26 2017...

CLIMATE NORMAL PERIOD 1981 TO 2010
CLIMATE RECORD PERIOD 1883 TO 2017


WEATHER ITEM   OBSERVED TIME   RECORD YEAR NORMAL DEPARTURE LAST
                VALUE   (LST)  VALUE       VALUE  FROM      YEAR
                                                  NORMAL
..................................................................
TEMPERATURE (F)
 YESTERDAY
  MAXIMUM         86    424 PM 105    1936  85      1       88
  MINIMUM         69    542 AM  46    1911  65      4       68
  AVERAGE         78                        75      3       78

PRECIPITATION (IN)
  YESTERDAY        0.71          1.75 1895   0.12   0.59     0.00
  MONTH TO DATE    4.47                      3.26   1.21     5.01
  SINCE JUN 1      6.25                      6.79  -0.54     8.45
  SINCE JAN 1     24.74                     21.12   3.62    17.56

SNOWFALL (IN)
  YESTERDAY        0.0           0.0    MM   0.0    0.0      0.0
  MONTH TO DATE    0.0                       0.0    0.0      0.0
  SINCE JUN 1      0.0                       0.0    0.0      0.0
  SINCE JUL 1      0.0                       0.0    0.0      0.0
  SNOW DEPTH       0

DEGREE DAYS
 HEATING
  YESTERDAY        0                         0      0        0
  MONTH TO DATE    0                         0      0        4
  SINCE JUN 1      6                        18    -12        4
  SINCE JUL 1      0                         0      0        4

 COOLING
  YESTERDAY       13                        10      3       13
  MONTH TO DATE  331                       279     52      305
  SINCE JUN 1    590                       501     89      632
  SINCE JAN 1    671                       582     89      738
..................................................................


WIND (MPH)
  HIGHEST WIND SPEED    28   HIGHEST WIND DIRECTION     W (280)
  HIGHEST GUST SPEED    40   HIGHEST GUST DIRECTION     W (290)
  AVERAGE WIND SPEED     5.0


SKY COVER
  POSSIBLE SUNSHINE  MM
  AVERAGE SKY COVER 0.3


WEATHER CONDITIONS
 THE FOLLOWING WEATHER WAS RECORDED YESTERDAY.
  THUNDERSTORM
  HEAVY RAIN
  RAIN
  LIGHT RAIN
  FOG


RELATIVE HUMIDITY (PERCENT)
 HIGHEST   100           800 PM
 LOWEST     74           100 PM
 AVERAGE    87

..........................................................


THE PEORIA IL CLIMATE NORMALS FOR TODAY
                         NORMAL    RECORD    YEAR
 MAXIMUM TEMPERATURE (F)   85       107      1930
 MINIMUM TEMPERATURE (F)   65        47      1962


SUNRISE AND SUNSET
JULY 27 2017..........SUNRISE   551 AM CDT   SUNSET   819 PM CDT
JULY 28 2017..........SUNRISE   552 AM CDT   SUNSET   818 PM CDT


-  INDICATES NEGATIVE NUMBERS.
R  INDICATES RECORD WAS SET OR TIED.
MM INDICATES DATA IS MISSING.
T  INDICATES TRACE AMOUNT.




$$
