000
CDUS43 KILX 032242
CLIPIA


CLIMATE REPORT
NATIONAL WEATHER SERVICE LINCOLN IL
442 PM CST TUE MAR 3 2015


...................................

...THE PEORIA IL CLIMATE SUMMARY FOR MARCH 3 2015...
VALID TODAY AS OF 0400 PM LOCAL TIME.

CLIMATE NORMAL PERIOD 1981 TO 2010
CLIMATE RECORD PERIOD 1883 TO 2015


WEATHER ITEM   OBSERVED TIME   RECORD YEAR NORMAL DEPARTURE LAST
                VALUE   (LST)  VALUE       VALUE  FROM      YEAR
                                                  NORMAL
..................................................................
TEMPERATURE (F)
 TODAY
  MAXIMUM         39    310 PM  78    1974  44     -5       19
  MINIMUM         28    236 AM  -6    2014  27      1       -6
  AVERAGE         34                        35     -1        7

PRECIPITATION (IN)
  TODAY            0.08          1.67 1985   0.08   0.00     0.00
  MONTH TO DATE    0.27                      0.24   0.03     0.32
  SINCE MAR 1      0.27                      0.24   0.03     0.32
  SINCE JAN 1      3.99                      3.81   0.18     5.19

SNOWFALL (IN)
  TODAY            0.0           2.0  1982   0.1   -0.1      0.0
                                      1895
  MONTH TO DATE    2.7                       0.4    2.3      3.2
  SINCE MAR 1      2.7                       0.4    2.3      3.2
  SINCE JUL 1     27.0                      21.7    5.3     53.4
  SNOW DEPTH       3

DEGREE DAYS
 HEATING
  TODAY           31                        30      1       58
  MONTH TO DATE  109                        90     19      157
  SINCE MAR 1    109                        90     19      157
  SINCE JUL 1   4815                      4606    209     5336

 COOLING
  TODAY            0                         0      0        0
  MONTH TO DATE    0                         0      0        0
  SINCE MAR 1      0                         0      0        0
  SINCE JAN 1      0                         0      0        0
..................................................................


WIND (MPH)
  HIGHEST WIND SPEED    24   HIGHEST WIND DIRECTION     S (170)
  HIGHEST GUST SPEED    33   HIGHEST GUST DIRECTION     S (170)
  AVERAGE WIND SPEED    11.2


SKY COVER
  POSSIBLE SUNSHINE  MM
  AVERAGE SKY COVER 1.0


WEATHER CONDITIONS
 THE FOLLOWING WEATHER WAS RECORDED TODAY.
  LT FREEZING RAIN
  FOG
  HAZE


RELATIVE HUMIDITY (PERCENT)
 HIGHEST    92           100 PM
 LOWEST     58          1200 AM
 AVERAGE    75

..........................................................


THE PEORIA IL CLIMATE NORMALS FOR TOMORROW
                         NORMAL    RECORD    YEAR
 MAXIMUM TEMPERATURE (F)   45        77      1961
 MINIMUM TEMPERATURE (F)   27        -6      1978


SUNRISE AND SUNSET
MARCH  3 2015.........SUNRISE   630 AM CST   SUNSET   552 PM CST
MARCH  4 2015.........SUNRISE   628 AM CST   SUNSET   553 PM CST


-  INDICATES NEGATIVE NUMBERS.
R  INDICATES RECORD WAS SET OR TIED.
MM INDICATES DATA IS MISSING.
T  INDICATES TRACE AMOUNT.




$$
