813
CDUS43 KILX 180655
CLIPIA


CLIMATE REPORT
NATIONAL WEATHER SERVICE LINCOLN IL
1249 AM CST SUN FEB 18 2018


...................................

...THE PEORIA IL CLIMATE SUMMARY FOR FEBRUARY 17 2018...

CLIMATE NORMAL PERIOD 1981 TO 2010
CLIMATE RECORD PERIOD 1883 TO 2018


WEATHER ITEM   OBSERVED TIME   RECORD YEAR NORMAL DEPARTURE LAST
                VALUE   (LST)  VALUE       VALUE  FROM      YEAR
                                                  NORMAL
..................................................................
TEMPERATURE (F)
 YESTERDAY
  MAXIMUM         35    511 PM  72    2017  38     -3       72
  MINIMUM         18    147 AM -13    1903  22     -4       37
  AVERAGE         27                        30     -3       55

PRECIPITATION (IN)
  YESTERDAY        0.16          1.44 2008   0.07   0.09     0.00
  MONTH TO DATE    0.80                      0.99  -0.19     0.57
  SINCE DEC 1      3.34                      5.19  -1.85     3.36
  SINCE JAN 1      2.54                      2.77  -0.23     2.14

SNOWFALL (IN)
  YESTERDAY        1.8           6.0  1893   0.2    1.6      0.0
  MONTH TO DATE    9.4                       4.0    5.4      3.5
  SINCE DEC 1     20.3                      18.0    2.3      9.5
  SINCE JUL 1     20.3                      19.1    1.2      9.5
  SNOW DEPTH       0

DEGREE DAYS
 HEATING
  YESTERDAY       38                        35      3       10
  MONTH TO DATE  727                       634     93      511
  SINCE DEC 1   3123                      3007    116     2702
  SINCE JUL 1   4110                      4155    -45     3440

 COOLING
  YESTERDAY        0                         0      0        0
  MONTH TO DATE    0                         0      0        0
  SINCE DEC 1      0                         0      0        0
  SINCE JAN 1      0                         0      0        0
..................................................................


WIND (MPH)
  HIGHEST WIND SPEED    17   HIGHEST WIND DIRECTION     W (280)
  HIGHEST GUST SPEED    29   HIGHEST GUST DIRECTION     W (280)
  AVERAGE WIND SPEED     7.7


SKY COVER
  POSSIBLE SUNSHINE  MM
  AVERAGE SKY COVER 0.5


WEATHER CONDITIONS
 THE FOLLOWING WEATHER WAS RECORDED YESTERDAY.
  SNOW
  LIGHT SNOW
  FOG
  FOG W/VISIBILITY <= 1/4 MILE


RELATIVE HUMIDITY (PERCENT)
 HIGHEST    96          1000 PM
 LOWEST     68           300 AM
 AVERAGE    82

..........................................................


THE PEORIA IL CLIMATE NORMALS FOR TODAY
                         NORMAL    RECORD    YEAR
 MAXIMUM TEMPERATURE (F)   39        68      2017
 MINIMUM TEMPERATURE (F)   22       -14      1936


SUNRISE AND SUNSET
FEBRUARY 18 2018......SUNRISE   649 AM CST   SUNSET   537 PM CST
FEBRUARY 19 2018......SUNRISE   647 AM CST   SUNSET   538 PM CST


-  INDICATES NEGATIVE NUMBERS.
R  INDICATES RECORD WAS SET OR TIED.
MM INDICATES DATA IS MISSING.
T  INDICATES TRACE AMOUNT.




$$
