000
CDUS43 KILX 300648
CLIPIA


CLIMATE REPORT
NATIONAL WEATHER SERVICE LINCOLN IL
147 AM CDT WED JUL 30 2014


...................................

...THE PEORIA IL CLIMATE SUMMARY FOR JULY 29 2014...

CLIMATE NORMAL PERIOD 1981 TO 2010
CLIMATE RECORD PERIOD 1883 TO 2014


WEATHER ITEM   OBSERVED TIME   RECORD YEAR NORMAL DEPARTURE LAST
                VALUE   (LST)  VALUE       VALUE  FROM      YEAR
                                                  NORMAL
..................................................................
TEMPERATURE (F)
 YESTERDAY
  MAXIMUM         82    216 PM 104    1887  85     -3       78
  MINIMUM         58    536 AM  50    1971  65     -7       52
  AVERAGE         70                        75     -5       65

PRECIPITATION (IN)
  YESTERDAY        0.00          1.20 1983   0.12  -0.12     0.00
  MONTH TO DATE    1.49                      3.61  -2.12     1.29
  SINCE JUN 1     11.16                      7.14   4.02     3.48
  SINCE JAN 1     23.14                     21.47   1.67    31.00

SNOWFALL (IN)
  YESTERDAY        0.0           0.0    MM   0.0    0.0      0.0
  MONTH TO DATE    0.0                       0.0    0.0      0.0
  SINCE JUN 1      0.0                       0.0    0.0      0.0
  SINCE JUL 1      0.0                       0.0    0.0      0.0
  SNOW DEPTH       0

DEGREE DAYS
 HEATING
  YESTERDAY        0                         0      0        0
  MONTH TO DATE    2                         0      2        4
  SINCE JUN 1      2                        18    -16       22
  SINCE JUL 1      2                         0      2        4

 COOLING
  YESTERDAY        5                        10     -5        0
  MONTH TO DATE  217                       309    -92      291
  SINCE JUN 1    509                       531    -22      514
  SINCE JAN 1    667                       612     55      621
..................................................................


WIND (MPH)
  HIGHEST WIND SPEED    15   HIGHEST WIND DIRECTION     W (270)
  HIGHEST GUST SPEED    20   HIGHEST GUST DIRECTION     W (260)
  AVERAGE WIND SPEED     5.8


SKY COVER
  POSSIBLE SUNSHINE  MM
  AVERAGE SKY COVER 0.0


WEATHER CONDITIONS
 THE FOLLOWING WEATHER WAS RECORDED YESTERDAY.
  NO SIGNIFICANT WEATHER WAS OBSERVED.


RELATIVE HUMIDITY (PERCENT)
 HIGHEST    80          1200 AM
 LOWEST     42           100 PM
 AVERAGE    61

..........................................................


THE PEORIA IL CLIMATE NORMALS FOR TODAY
                         NORMAL    RECORD    YEAR
 MAXIMUM TEMPERATURE (F)   85       104      1885
 MINIMUM TEMPERATURE (F)   65        48      1971


SUNRISE AND SUNSET
JULY 30 2014..........SUNRISE   554 AM CDT   SUNSET   816 PM CDT
JULY 31 2014..........SUNRISE   555 AM CDT   SUNSET   815 PM CDT


-  INDICATES NEGATIVE NUMBERS.
R  INDICATES RECORD WAS SET OR TIED.
MM INDICATES DATA IS MISSING.
T  INDICATES TRACE AMOUNT.




$$
