000
CDUS43 KILX 242131
CLIPIA


CLIMATE REPORT
NATIONAL WEATHER SERVICE LINCOLN IL
431 PM CDT FRI OCT 24 2014


...................................

...THE PEORIA IL CLIMATE SUMMARY FOR OCTOBER 24 2014...
VALID TODAY AS OF 0400 PM LOCAL TIME.

CLIMATE NORMAL PERIOD 1981 TO 2010
CLIMATE RECORD PERIOD 1883 TO 2014


WEATHER ITEM   OBSERVED TIME   RECORD YEAR NORMAL DEPARTURE LAST
                VALUE   (LST)  VALUE       VALUE  FROM      YEAR
                                                  NORMAL
..................................................................
TEMPERATURE (F)
 TODAY
  MAXIMUM         66    243 PM  81    1963  61      5       44
  MINIMUM         46    635 AM  22    1981  41      5       29
  AVERAGE         56                        51      5       37

PRECIPITATION (IN)
  TODAY            0.00          1.32 1975   0.09  -0.09      T
  MONTH TO DATE    2.33                      2.15   0.18     2.80
  SINCE SEP 1      7.31                      5.30   2.01     4.65
  SINCE JAN 1     37.39                     30.25   7.14    36.48

SNOWFALL (IN)
  TODAY            0.0           T    2013   0.0    0.0       T
                                      1937
  MONTH TO DATE    T                         0.0    0.0       T
  SINCE SEP 1      T                         0.0    0.0       T
  SINCE JUL 1      T                         0.0    0.0       T
  SNOW DEPTH       0

DEGREE DAYS
 HEATING
  TODAY            9                        14     -5       28
  MONTH TO DATE  214                       251    -37      229
  SINCE SEP 1    290                       335    -45      256
  SINCE JUL 1    292                       341    -49      261

 COOLING
  TODAY            0                         0      0        0
  MONTH TO DATE    4                        12     -8       40
  SINCE SEP 1    127                       129     -2      232
  SINCE JAN 1   1151                      1036    115     1174
..................................................................


WIND (MPH)
  HIGHEST WIND SPEED    13   HIGHEST WIND DIRECTION    SW (220)
  HIGHEST GUST SPEED    17   HIGHEST GUST DIRECTION    SW (220)
  AVERAGE WIND SPEED     4.0


SKY COVER
  POSSIBLE SUNSHINE  MM
  AVERAGE SKY COVER 0.4


WEATHER CONDITIONS
 THE FOLLOWING WEATHER WAS RECORDED TODAY.
  FOG
  FOG W/VISIBILITY <= 1/4 MILE
  HAZE


RELATIVE HUMIDITY (PERCENT)
 HIGHEST    96           800 AM
 LOWEST     67           200 PM
 AVERAGE    82

..........................................................


THE PEORIA IL CLIMATE NORMALS FOR TOMORROW
                         NORMAL    RECORD    YEAR
 MAXIMUM TEMPERATURE (F)   61        81      1939
 MINIMUM TEMPERATURE (F)   41        21      1887


SUNRISE AND SUNSET
OCTOBER 24 2014.......SUNRISE   720 AM CDT   SUNSET   605 PM CDT
OCTOBER 25 2014.......SUNRISE   721 AM CDT   SUNSET   604 PM CDT


-  INDICATES NEGATIVE NUMBERS.
R  INDICATES RECORD WAS SET OR TIED.
MM INDICATES DATA IS MISSING.
T  INDICATES TRACE AMOUNT.




$$
