000
CDUS43 KILX 290640
CLIPIA


CLIMATE REPORT
NATIONAL WEATHER SERVICE LINCOLN IL
140 AM CDT THU SEP 29 2016


...................................

...THE PEORIA IL CLIMATE SUMMARY FOR SEPTEMBER 28 2016...

CLIMATE NORMAL PERIOD 1981 TO 2010
CLIMATE RECORD PERIOD 1883 TO 2016


WEATHER ITEM   OBSERVED TIME   RECORD YEAR NORMAL DEPARTURE LAST
                VALUE   (LST)  VALUE       VALUE  FROM      YEAR
                                                  NORMAL
..................................................................
TEMPERATURE (F)
 YESTERDAY
  MAXIMUM         61    432 PM  92    1939  72    -11       82
  MINIMUM         51    718 AM  26    1942  50      1       66
  AVERAGE         56                        61     -5       74

PRECIPITATION (IN)
  YESTERDAY        T             2.14 1945   0.10  -0.10     0.01
  MONTH TO DATE    3.86                      2.97   0.89     3.25
  SINCE SEP 1      3.86                      2.97   0.89     3.25
  SINCE JAN 1     28.87                     27.92   0.95    35.49

SNOWFALL (IN)
  YESTERDAY        0.0           0.0    MM   0.0    0.0      0.0
  MONTH TO DATE    0.0                       0.0    0.0      0.0
  SINCE SEP 1      0.0                       0.0    0.0      0.0
  SINCE JUL 1      0.0                       0.0    0.0      0.0
  SNOW DEPTH       0

DEGREE DAYS
 HEATING
  YESTERDAY        9                         6      3        0
  MONTH TO DATE   13                        72    -59       11
  SINCE SEP 1     13                        72    -59       11
  SINCE JUL 1     17                        78    -61       16

 COOLING
  YESTERDAY        0                         2     -2        9
  MONTH TO DATE  212                       114     98      275
  SINCE SEP 1    212                       114     98      275
  SINCE JAN 1   1369                      1021    348     1387
..................................................................


WIND (MPH)
  HIGHEST WIND SPEED    15   HIGHEST WIND DIRECTION     N (10)
  HIGHEST GUST SPEED    24   HIGHEST GUST DIRECTION     N (10)
  AVERAGE WIND SPEED     7.9


SKY COVER
  POSSIBLE SUNSHINE  MM
  AVERAGE SKY COVER 0.8


WEATHER CONDITIONS
 THE FOLLOWING WEATHER WAS RECORDED YESTERDAY.
  LIGHT RAIN


RELATIVE HUMIDITY (PERCENT)
 HIGHEST    86           900 PM
 LOWEST     62          1200 AM
 AVERAGE    74

..........................................................


THE PEORIA IL CLIMATE NORMALS FOR TODAY
                         NORMAL    RECORD    YEAR
 MAXIMUM TEMPERATURE (F)   71        98      1953
 MINIMUM TEMPERATURE (F)   49        32      1949
                                             1908
                                             1899


SUNRISE AND SUNSET
SEPTEMBER 29 2016.....SUNRISE   654 AM CDT   SUNSET   643 PM CDT
SEPTEMBER 30 2016.....SUNRISE   655 AM CDT   SUNSET   642 PM CDT


-  INDICATES NEGATIVE NUMBERS.
R  INDICATES RECORD WAS SET OR TIED.
MM INDICATES DATA IS MISSING.
T  INDICATES TRACE AMOUNT.




$$
