000
CDUS43 KILX 292154
CLIPIA


CLIMATE REPORT
NATIONAL WEATHER SERVICE LINCOLN IL
454 PM CDT SUN MAY 29 2016


...................................

...THE PEORIA IL CLIMATE SUMMARY FOR MAY 29 2016...
VALID TODAY AS OF 0400 PM LOCAL TIME.

CLIMATE NORMAL PERIOD 1981 TO 2010
CLIMATE RECORD PERIOD 1883 TO 2016


WEATHER ITEM   OBSERVED TIME   RECORD YEAR NORMAL DEPARTURE LAST
                VALUE   (LST)  VALUE       VALUE  FROM      YEAR
                                                  NORMAL
..................................................................
TEMPERATURE (F)
 TODAY
  MAXIMUM         83    259 PM  99    1934  77      6       85
  MINIMUM         62    208 AM  33    1965  56      6       70
  AVERAGE         73                        66      7       78

PRECIPITATION (IN)
  TODAY            0.00          1.62 1889   0.12  -0.12      T
  MONTH TO DATE    2.82                      4.07  -1.25     4.44
  SINCE MAR 1      7.69                     10.50  -2.81     8.47
  SINCE JAN 1      9.07                     14.07  -5.00    12.19

SNOWFALL (IN)
  TODAY            0.0           0.0    MM   0.0    0.0      0.0
  MONTH TO DATE    0.0                       0.0    0.0      0.0
  SINCE MAR 1      0.2                       3.3   -3.1      2.7
  SINCE JUL 1     15.3                      24.6   -9.3     27.0
  SNOW DEPTH       0

DEGREE DAYS
 HEATING
  TODAY            0                         2     -2        0
  MONTH TO DATE  147                       143      4       74
  SINCE MAR 1   1058                      1292   -234     1091
  SINCE JUL 1   4641                      5808  -1167     5797

 COOLING
  TODAY            8                         4      4       13
  MONTH TO DATE   69                        59     10      143
  SINCE MAR 1     87                        73     14      154
  SINCE JAN 1     87                        73     14      154
..................................................................


WIND (MPH)
  HIGHEST WIND SPEED    17   HIGHEST WIND DIRECTION     W (280)
  HIGHEST GUST SPEED    22   HIGHEST GUST DIRECTION     W (280)
  AVERAGE WIND SPEED     8.1


SKY COVER
  POSSIBLE SUNSHINE  MM
  AVERAGE SKY COVER 0.1


WEATHER CONDITIONS
 THE FOLLOWING WEATHER WAS RECORDED TODAY.
  NO SIGNIFICANT WEATHER WAS OBSERVED.


RELATIVE HUMIDITY (PERCENT)
 HIGHEST    93          1200 AM
 LOWEST     40           100 PM
 AVERAGE    67

..........................................................


THE PEORIA IL CLIMATE NORMALS FOR TOMORROW
                         NORMAL    RECORD    YEAR
 MAXIMUM TEMPERATURE (F)   78        98      1934
 MINIMUM TEMPERATURE (F)   56        37      1930


SUNRISE AND SUNSET
MAY 29 2016...........SUNRISE   531 AM CDT   SUNSET   822 PM CDT
MAY 30 2016...........SUNRISE   531 AM CDT   SUNSET   822 PM CDT


-  INDICATES NEGATIVE NUMBERS.
R  INDICATES RECORD WAS SET OR TIED.
MM INDICATES DATA IS MISSING.
T  INDICATES TRACE AMOUNT.




$$
