000
CDUS43 KILX 190636
CLIPIA


CLIMATE REPORT
NATIONAL WEATHER SERVICE LINCOLN IL
1234 AM CST SUN FEB 19 2017


...................................

...THE PEORIA IL CLIMATE SUMMARY FOR FEBRUARY 18 2017...

CLIMATE NORMAL PERIOD 1981 TO 2010
CLIMATE RECORD PERIOD 1883 TO 2017


WEATHER ITEM   OBSERVED TIME   RECORD YEAR NORMAL DEPARTURE LAST
                VALUE   (LST)  VALUE       VALUE  FROM      YEAR
                                                  NORMAL
..................................................................
TEMPERATURE (F)
 YESTERDAY
  MAXIMUM         68R   401 PM  63    1994  39     29       48
                                      1913
  MINIMUM         38    636 AM -14    1936  22     16       29
  AVERAGE         53                        30     23       39

PRECIPITATION (IN)
  YESTERDAY        0.00          1.00 1908   0.06  -0.06     0.00
  MONTH TO DATE    0.57                      1.05  -0.48     0.61
  SINCE DEC 1      3.36                      5.25  -1.89     7.68
  SINCE JAN 1      2.14                      2.83  -0.69     1.37

SNOWFALL (IN)
  YESTERDAY        0.0           2.1  1934   0.3   -0.3      0.0
  MONTH TO DATE    3.5                       4.3   -0.8      2.8
  SINCE DEC 1      9.5                      18.3   -8.8     10.5
  SINCE JUL 1      9.5                      19.4   -9.9     15.1
  SNOW DEPTH       0

DEGREE DAYS
 HEATING
  YESTERDAY       12                        35    -23       26
  MONTH TO DATE  523                       669   -146      668
  SINCE DEC 1   2714                      3042   -328     2581
  SINCE JUL 1   3452                      4190   -738     3338

 COOLING
  YESTERDAY        0                         0      0        0
  MONTH TO DATE    0                         0      0        0
  SINCE DEC 1      0                         0      0        0
  SINCE JAN 1      0                         0      0        0
..................................................................


WIND (MPH)
  HIGHEST WIND SPEED    10   HIGHEST WIND DIRECTION     W (280)
  HIGHEST GUST SPEED    13   HIGHEST GUST DIRECTION     W (280)
  AVERAGE WIND SPEED     4.2


SKY COVER
  POSSIBLE SUNSHINE  MM
  AVERAGE SKY COVER 0.0


WEATHER CONDITIONS
 THE FOLLOWING WEATHER WAS RECORDED YESTERDAY.
  NO SIGNIFICANT WEATHER WAS OBSERVED.


RELATIVE HUMIDITY (PERCENT)
 HIGHEST    76          1100 PM
 LOWEST     37           200 PM
 AVERAGE    57

..........................................................


THE PEORIA IL CLIMATE NORMALS FOR TODAY
                         NORMAL    RECORD    YEAR
 MAXIMUM TEMPERATURE (F)   39        71      1930
 MINIMUM TEMPERATURE (F)   22       -12      1979


SUNRISE AND SUNSET
FEBRUARY 19 2017......SUNRISE   647 AM CST   SUNSET   539 PM CST
FEBRUARY 20 2017......SUNRISE   645 AM CST   SUNSET   540 PM CST


-  INDICATES NEGATIVE NUMBERS.
R  INDICATES RECORD WAS SET OR TIED.
MM INDICATES DATA IS MISSING.
T  INDICATES TRACE AMOUNT.




$$
