312
CDUS43 KILX 250638
CLIPIA


CLIMATE REPORT
NATIONAL WEATHER SERVICE LINCOLN IL
138 AM CDT TUE APR 25 2017


...................................

...THE PEORIA IL CLIMATE SUMMARY FOR APRIL 24 2017...

CLIMATE NORMAL PERIOD 1981 TO 2010
CLIMATE RECORD PERIOD 1883 TO 2017


WEATHER ITEM   OBSERVED TIME   RECORD YEAR NORMAL DEPARTURE LAST
                VALUE   (LST)  VALUE       VALUE  FROM      YEAR
                                                  NORMAL
..................................................................
TEMPERATURE (F)
 YESTERDAY
  MAXIMUM         77    357 PM  85    1990  66     11       81
                                      1948
                                      1925
  MINIMUM         43    510 AM  22    1910  45     -2       50
  AVERAGE         60                        56      4       66

PRECIPITATION (IN)
  YESTERDAY        0.00          5.06 1950   0.13  -0.13     0.00
  MONTH TO DATE    3.25                      2.85   0.40     0.65
  SINCE MAR 1      7.28                      5.65   1.63     2.97
  SINCE JAN 1      9.94                      9.22   0.72     4.35

SNOWFALL (IN)
  YESTERDAY        0.0           0.4  1910   0.0    0.0      0.0
  MONTH TO DATE    0.0                       0.6   -0.6       T
  SINCE MAR 1      4.2                       3.3    0.9      0.2
  SINCE JUL 1     13.9                      24.6  -10.7     15.3
  SNOW DEPTH       0

DEGREE DAYS
 HEATING
  YESTERDAY        5                        10     -5        0
  MONTH TO DATE  192                       340   -148      312
  SINCE MAR 1    884                      1096   -212      859
  SINCE JUL 1   4491                      5612  -1121     4442

 COOLING
  YESTERDAY        0                         1     -1        1
  MONTH TO DATE   16                         7      9       10
  SINCE MAR 1     16                         8      8       10
  SINCE JAN 1     16                         8      8       10
..................................................................


WIND (MPH)
  HIGHEST WIND SPEED    17   HIGHEST WIND DIRECTION     S (160)
  HIGHEST GUST SPEED    22   HIGHEST GUST DIRECTION    SE (140)
  AVERAGE WIND SPEED     7.1


SKY COVER
  POSSIBLE SUNSHINE  MM
  AVERAGE SKY COVER 0.0


WEATHER CONDITIONS
 THE FOLLOWING WEATHER WAS RECORDED YESTERDAY.
  NO SIGNIFICANT WEATHER WAS OBSERVED.


RELATIVE HUMIDITY (PERCENT)
 HIGHEST    58           400 AM
 LOWEST     14           300 PM
 AVERAGE    36

..........................................................


THE PEORIA IL CLIMATE NORMALS FOR TODAY
                         NORMAL    RECORD    YEAR
 MAXIMUM TEMPERATURE (F)   67        92      1986
 MINIMUM TEMPERATURE (F)   45        28      1934
                                             1919


SUNRISE AND SUNSET
APRIL 25 2017.........SUNRISE   605 AM CDT   SUNSET   749 PM CDT
APRIL 26 2017.........SUNRISE   604 AM CDT   SUNSET   750 PM CDT


-  INDICATES NEGATIVE NUMBERS.
R  INDICATES RECORD WAS SET OR TIED.
MM INDICATES DATA IS MISSING.
T  INDICATES TRACE AMOUNT.




$$
