000
CDUS43 KILX 300628
CLIPIA


CLIMATE REPORT
NATIONAL WEATHER SERVICE LINCOLN IL
127 AM CDT TUE JUN 30 2015


...................................

...THE PEORIA IL CLIMATE SUMMARY FOR JUNE 29 2015...

CLIMATE NORMAL PERIOD 1981 TO 2010
CLIMATE RECORD PERIOD 1883 TO 2015


WEATHER ITEM   OBSERVED TIME   RECORD YEAR NORMAL DEPARTURE LAST
                VALUE   (LST)  VALUE       VALUE  FROM      YEAR
                                                  NORMAL
..................................................................
TEMPERATURE (F)
 YESTERDAY
  MAXIMUM         81    402 PM 105    1936  85     -4       85
  MINIMUM         66   1259 AM  45    1923  65      1       69
  AVERAGE         74                        75     -1       77

PRECIPITATION (IN)
  YESTERDAY        0.03          3.47 1990   0.11  -0.08     0.39
  MONTH TO DATE   11.60                      3.41   8.19     8.34
  SINCE JUN 1     11.60                      3.41   8.19     8.34
  SINCE JAN 1     24.37                     17.74   6.63    20.32

SNOWFALL (IN)
  YESTERDAY        0.0           0.0    MM   0.0    0.0      0.0
  MONTH TO DATE    0.0                       0.0    0.0      0.0
  SINCE JUN 1      0.0                       0.0    0.0      0.0
  SINCE JUL 1     27.0                      24.6    2.4     57.6
  SNOW DEPTH       0

DEGREE DAYS
 HEATING
  YESTERDAY        0                         0      0        0
  MONTH TO DATE    7                        17    -10        0
  SINCE JUN 1      7                        17    -10        0
  SINCE JUL 1   5817                      5830    -13     6586

 COOLING
  YESTERDAY        9                        10     -1       12
  MONTH TO DATE  279                       212     67      278
  SINCE JUN 1    279                       212     67      278
  SINCE JAN 1    433                       293    140      436
..................................................................


WIND (MPH)
  HIGHEST WIND SPEED    15   HIGHEST WIND DIRECTION    NW (330)
  HIGHEST GUST SPEED    23   HIGHEST GUST DIRECTION    NW (310)
  AVERAGE WIND SPEED     5.6


SKY COVER
  POSSIBLE SUNSHINE  MM
  AVERAGE SKY COVER 0.5


WEATHER CONDITIONS
 THE FOLLOWING WEATHER WAS RECORDED YESTERDAY.
  THUNDERSTORM
  LIGHT RAIN
  FOG
  HAZE


RELATIVE HUMIDITY (PERCENT)
 HIGHEST    87          1200 AM
 LOWEST     54           400 PM
 AVERAGE    71

..........................................................


THE PEORIA IL CLIMATE NORMALS FOR TODAY
                         NORMAL    RECORD    YEAR
 MAXIMUM TEMPERATURE (F)   85       103      1931
 MINIMUM TEMPERATURE (F)   65        46      1943


SUNRISE AND SUNSET
JUNE 30 2015..........SUNRISE   531 AM CDT   SUNSET   834 PM CDT
JULY  1 2015..........SUNRISE   531 AM CDT   SUNSET   834 PM CDT


-  INDICATES NEGATIVE NUMBERS.
R  INDICATES RECORD WAS SET OR TIED.
MM INDICATES DATA IS MISSING.
T  INDICATES TRACE AMOUNT.




$$
