000
CDUS45 KPIH 100731
CLIPIH


CLIMATE REPORT
NATIONAL WEATHER SERVICE POCATELLO ID
1231 AM MST SAT DEC 10 2016


...................................

...THE POCATELLO ID CLIMATE SUMMARY FOR DECEMBER 9 2016...

CLIMATE NORMAL PERIOD 1981 TO 2010
CLIMATE RECORD PERIOD 1939 TO 2016


WEATHER ITEM   OBSERVED TIME   RECORD YEAR NORMAL DEPARTURE LAST
                VALUE   (LST)  VALUE       VALUE  FROM      YEAR
                                                  NORMAL
..................................................................
TEMPERATURE (F)
 YESTERDAY
  MAXIMUM         39   1118 PM  60    2015  34      5       60
                                      1939
  MINIMUM         20    407 AM -24    1972  17      3       35
  AVERAGE         30                        25      5       48

PRECIPITATION (IN)
  YESTERDAY        0.28R         0.28 1970   0.04   0.24      T
  MONTH TO DATE    0.62                      0.38   0.24     0.11
  SINCE OCT 1      4.32                      2.36   1.96     2.74
  SINCE JAN 1     14.00                     11.27   2.73    10.48

SNOWFALL (IN)
  YESTERDAY        2.0
  MONTH TO DATE    7.7
  SINCE DEC 1      7.7
  SINCE JUL 1     10.3
  SNOW DEPTH       5

DEGREE DAYS
 HEATING
  YESTERDAY       35                        40     -5       17
  MONTH TO DATE  389                       350     39      310
  SINCE DEC 1    389                       350     39      310
  SINCE JUL 1   1824                      2078   -254     1754

 COOLING
  YESTERDAY        0                         0      0        0
  MONTH TO DATE    0                         0      0        0
  SINCE DEC 1      0                         0      0        0
  SINCE JAN 1    416                       392     24      502
..................................................................


WIND (MPH)
  HIGHEST WIND SPEED    18   HIGHEST WIND DIRECTION     S (190)
  HIGHEST GUST SPEED    22   HIGHEST GUST DIRECTION     S (200)
  AVERAGE WIND SPEED     6.9


SKY COVER
  POSSIBLE SUNSHINE  MM
  AVERAGE SKY COVER 1.0


WEATHER CONDITIONS
 THE FOLLOWING WEATHER WAS RECORDED YESTERDAY.
  LIGHT RAIN
  LT FREEZING RAIN
  SNOW
  LIGHT SNOW
  FOG


RELATIVE HUMIDITY (PERCENT)
 HIGHEST    96          1200 PM
 LOWEST     81          1100 AM
 AVERAGE    89

..........................................................


THE POCATELLO ID CLIMATE NORMALS FOR TODAY
                         NORMAL    RECORD    YEAR
 MAXIMUM TEMPERATURE (F)   33        63      1939
 MINIMUM TEMPERATURE (F)   16       -28      1972


SUNRISE AND SUNSET
DECEMBER 10 2016......SUNRISE   751 AM MST   SUNSET   456 PM MST
DECEMBER 11 2016......SUNRISE   752 AM MST   SUNSET   456 PM MST


-  INDICATES NEGATIVE NUMBERS.
R  INDICATES RECORD WAS SET OR TIED.
MM INDICATES DATA IS MISSING.
T  INDICATES TRACE AMOUNT.




$$
