000
CDUS45 KPIH 252321
CLIPIH


CLIMATE REPORT
NATIONAL WEATHER SERVICE POCATELLO ID
520 PM MDT THU MAY 25 2017


...................................

...THE POCATELLO ID CLIMATE SUMMARY FOR MAY 25 2017...
VALID TODAY AS OF 0500 PM LOCAL TIME.

CLIMATE NORMAL PERIOD 1981 TO 2010
CLIMATE RECORD PERIOD 1939 TO 2017


WEATHER ITEM   OBSERVED TIME   RECORD YEAR NORMAL DEPARTURE LAST
                VALUE   (LST)  VALUE       VALUE  FROM      YEAR
                                                  NORMAL
..................................................................
TEMPERATURE (F)
 TODAY
  MAXIMUM         63    358 PM  91    2001  71     -8       66
  MINIMUM         39    426 AM  27    1975  42     -3       43
  AVERAGE         51                        56     -5       55

PRECIPITATION (IN)
  TODAY            0.00          0.38 2015   0.05  -0.05     0.02
  MONTH TO DATE    0.36                      1.18  -0.82     1.28
  SINCE OCT 1     16.27                      8.77   7.50    10.71
  SINCE JAN 1      9.71                      5.55   4.16     7.14

SNOWFALL (IN)
  TODAY            0.0
  MONTH TO DATE    T
  SINCE MAR 1      4.1
  SINCE JUL 1     87.6
  SNOW DEPTH       0

DEGREE DAYS
 HEATING
  TODAY           14                         9      5       10
  MONTH TO DATE  297                       303     -6      279
  SINCE MAR 1   1562                      1724   -162     1452
  SINCE JUL 1   6811                      6997   -186     6294

 COOLING
  TODAY            0                         0      0        0
  MONTH TO DATE    0                         0      0        0
  SINCE MAR 1      0                         0      0        0
  SINCE JAN 1      0                         0      0        0
..................................................................


WIND (MPH)
  HIGHEST WIND SPEED    21   HIGHEST WIND DIRECTION    SW (230)
  HIGHEST GUST SPEED    25   HIGHEST GUST DIRECTION    SW (230)
  AVERAGE WIND SPEED    10.6


SKY COVER
  POSSIBLE SUNSHINE  MM
  AVERAGE SKY COVER 0.1


WEATHER CONDITIONS
 THE FOLLOWING WEATHER WAS RECORDED TODAY.
  NO SIGNIFICANT WEATHER WAS OBSERVED.


RELATIVE HUMIDITY (PERCENT)
 HIGHEST    70           500 AM
 LOWEST     21           300 PM
 AVERAGE    46

..........................................................


THE POCATELLO ID CLIMATE NORMALS FOR TOMORROW
                         NORMAL    RECORD    YEAR
 MAXIMUM TEMPERATURE (F)   71        89      1958
 MINIMUM TEMPERATURE (F)   42        29      1975


SUNRISE AND SUNSET
MAY 25 2017...........SUNRISE   558 AM MDT   SUNSET   857 PM MDT
MAY 26 2017...........SUNRISE   558 AM MDT   SUNSET   858 PM MDT


-  INDICATES NEGATIVE NUMBERS.
R  INDICATES RECORD WAS SET OR TIED.
MM INDICATES DATA IS MISSING.
T  INDICATES TRACE AMOUNT.




$$
