000
CDUS45 KPIH 220731
CLIPIH


CLIMATE REPORT
NATIONAL WEATHER SERVICE POCATELLO ID
130 AM MDT SAT JUL 22 2017


...................................

...THE POCATELLO ID CLIMATE SUMMARY FOR JULY 21 2017...

CLIMATE NORMAL PERIOD 1981 TO 2010
CLIMATE RECORD PERIOD 1939 TO 2017


WEATHER ITEM   OBSERVED TIME   RECORD YEAR NORMAL DEPARTURE LAST
                VALUE   (LST)  VALUE       VALUE  FROM      YEAR
                                                  NORMAL
..................................................................
TEMPERATURE (F)
 YESTERDAY
  MAXIMUM         92    410 PM 100    2006  89      3       97
                                      2003
                                      1946
  MINIMUM         54    605 AM  39    1983  53      1       48
  AVERAGE         73                        71      2       73

PRECIPITATION (IN)
  YESTERDAY        0.00          0.83 1987   0.02  -0.02     0.00
  MONTH TO DATE    0.02                      0.43  -0.41     0.14
  SINCE OCT 1     17.73                     10.47   7.26    10.90
  SINCE JAN 1     11.17                      7.25   3.92     7.33

SNOWFALL (IN)
  YESTERDAY        0.0
  MONTH TO DATE    0.0
  SINCE JUN 1      0.0
  SINCE JUL 1      0.0
  SNOW DEPTH       0

DEGREE DAYS
 HEATING
  YESTERDAY        0                         0      0        0
  MONTH TO DATE    0                        17    -17       17
  SINCE JUN 1     89                       148    -59       60
  SINCE JUL 1      0                        17    -17       17

 COOLING
  YESTERDAY        8                         6      2        8
  MONTH TO DATE  200                       106     94       97
  SINCE JUN 1    261                       152    109      187
  SINCE JAN 1    263                       157    106      187
..................................................................


WIND (MPH)
  HIGHEST WIND SPEED    18   HIGHEST WIND DIRECTION    SW (240)
  HIGHEST GUST SPEED    22   HIGHEST GUST DIRECTION     W (250)
  AVERAGE WIND SPEED     8.9


SKY COVER
  POSSIBLE SUNSHINE  MM
  AVERAGE SKY COVER 0.1


WEATHER CONDITIONS
 THE FOLLOWING WEATHER WAS RECORDED YESTERDAY.
  NO SIGNIFICANT WEATHER WAS OBSERVED.


RELATIVE HUMIDITY (PERCENT)
 HIGHEST    55           600 AM
 LOWEST     10           300 PM
 AVERAGE    33

..........................................................


THE POCATELLO ID CLIMATE NORMALS FOR TODAY
                         NORMAL    RECORD    YEAR
 MAXIMUM TEMPERATURE (F)   89       104      2000
 MINIMUM TEMPERATURE (F)   53        41      1954


SUNRISE AND SUNSET
JULY 22 2017..........SUNRISE   612 AM MDT   SUNSET   901 PM MDT
JULY 23 2017..........SUNRISE   613 AM MDT   SUNSET   900 PM MDT


-  INDICATES NEGATIVE NUMBERS.
R  INDICATES RECORD WAS SET OR TIED.
MM INDICATES DATA IS MISSING.
T  INDICATES TRACE AMOUNT.




$$
