000
CDUS45 KPIH 130812
CLIPIH


CLIMATE REPORT
NATIONAL WEATHER SERVICE POCATELLO ID
211 AM MDT SUN JUL 13 2014


...................................

...THE POCATELLO ID CLIMATE SUMMARY FOR JULY 12 2014...

CLIMATE NORMAL PERIOD 1981 TO 2010
CLIMATE RECORD PERIOD 1939 TO 2014


WEATHER ITEM   OBSERVED TIME   RECORD YEAR NORMAL DEPARTURE LAST
                VALUE   (LST)  VALUE       VALUE  FROM      YEAR
                                                  NORMAL
..................................................................
TEMPERATURE (F)
 YESTERDAY
  MAXIMUM         93    501 PM 102    2002  87      6       90
  MINIMUM         60    356 AM  40    1987  52      8       54
  AVERAGE         77                        70      7       72

PRECIPITATION (IN)
  YESTERDAY        0.00          0.60 1997   0.02  -0.02      T
  MONTH TO DATE    0.03                      0.23  -0.20     0.14
  SINCE OCT 1      7.54                     10.27  -2.73     7.85
  SINCE JAN 1      6.17                      7.05  -0.88     3.69

SNOWFALL (IN)
  YESTERDAY        0.0
  MONTH TO DATE    0.0
  SINCE JUN 1      0.0
  SINCE JUL 1      0.0
  SNOW DEPTH       0

DEGREE DAYS
 HEATING
  YESTERDAY        0                         1     -1        0
  MONTH TO DATE    2                        13    -11        0
  SINCE JUN 1    112                       144    -32       90
  SINCE JUL 1      2                        13    -11        0

 COOLING
  YESTERDAY       12                         5      7        7
  MONTH TO DATE  105                        53     52      119
  SINCE JUN 1    125                        99     26      212
  SINCE JAN 1    125                       104     21      221
..................................................................


WIND (MPH)
  HIGHEST WIND SPEED    23   HIGHEST WIND DIRECTION     N (10)
  HIGHEST GUST SPEED    29   HIGHEST GUST DIRECTION     N (10)
  AVERAGE WIND SPEED     7.0


SKY COVER
  POSSIBLE SUNSHINE  MM
  AVERAGE SKY COVER 0.2


WEATHER CONDITIONS
 THE FOLLOWING WEATHER WAS RECORDED YESTERDAY.
  NO SIGNIFICANT WEATHER WAS OBSERVED.


RELATIVE HUMIDITY (PERCENT)
 HIGHEST    72          9999 MM
 LOWEST     21
 AVERAGE    47

..........................................................


THE POCATELLO ID CLIMATE NORMALS FOR TODAY
                         NORMAL    RECORD    YEAR
 MAXIMUM TEMPERATURE (F)   88       103      2002
 MINIMUM TEMPERATURE (F)   52        37      1965


SUNRISE AND SUNSET
JULY 13 2014..........SUNRISE   604 AM MDT   SUNSET   908 PM MDT
JULY 14 2014..........SUNRISE   604 AM MDT   SUNSET   908 PM MDT


-  INDICATES NEGATIVE NUMBERS.
R  INDICATES RECORD WAS SET OR TIED.
MM INDICATES DATA IS MISSING.
T  INDICATES TRACE AMOUNT.




$$
