000
CDUS45 KPIH 040731
CLIPIH


CLIMATE REPORT
NATIONAL WEATHER SERVICE POCATELLO ID
130 AM MDT WED MAY 4 2016


...................................

...THE POCATELLO ID CLIMATE SUMMARY FOR MAY 3 2016...

CLIMATE NORMAL PERIOD 1981 TO 2010
CLIMATE RECORD PERIOD 1939 TO 2016


WEATHER ITEM   OBSERVED TIME   RECORD YEAR NORMAL DEPARTURE LAST
                VALUE   (LST)  VALUE       VALUE  FROM      YEAR
                                                  NORMAL
..................................................................
TEMPERATURE (F)
 YESTERDAY
  MAXIMUM         74    336 PM  88    1947  64     10       77
  MINIMUM         32    348 AM  26    2006  37     -5       46
  AVERAGE         53                        50      3       62

PRECIPITATION (IN)
  YESTERDAY        0.00          0.51 1993   0.05  -0.05      T
  MONTH TO DATE    0.00                      0.15  -0.15      T
  SINCE OCT 1      9.43                      7.74   1.69     4.15
  SINCE JAN 1      5.86                      4.52   1.34     1.76

SNOWFALL (IN)
  YESTERDAY        0.0
  MONTH TO DATE    0.0
  SINCE MAR 1      5.3
  SINCE JUL 1     33.5
  SNOW DEPTH       0

DEGREE DAYS
 HEATING
  YESTERDAY       12                        15     -3        3
  MONTH TO DATE   41                        45     -4       20
  SINCE MAR 1   1214                      1466   -252     1210
  SINCE JUL 1   6056                      6739   -683     5551

 COOLING
  YESTERDAY        0                         0      0        0
  MONTH TO DATE    0                         0      0        0
  SINCE MAR 1      0                         0      0        0
  SINCE JAN 1      0                         0      0        0
..................................................................


WIND (MPH)
  HIGHEST WIND SPEED    13   HIGHEST WIND DIRECTION    NW (310)
  HIGHEST GUST SPEED    16   HIGHEST GUST DIRECTION    NW (310)
  AVERAGE WIND SPEED     5.1


SKY COVER
  POSSIBLE SUNSHINE  MM
  AVERAGE SKY COVER 0.0


WEATHER CONDITIONS
 THE FOLLOWING WEATHER WAS RECORDED YESTERDAY.
  NO SIGNIFICANT WEATHER WAS OBSERVED.


RELATIVE HUMIDITY (PERCENT)
 HIGHEST    85          1200 AM
 LOWEST     22           200 PM
 AVERAGE    54

..........................................................


THE POCATELLO ID CLIMATE NORMALS FOR TODAY
                         NORMAL    RECORD    YEAR
 MAXIMUM TEMPERATURE (F)   64        87      1966
 MINIMUM TEMPERATURE (F)   37        24      2001


SUNRISE AND SUNSET
MAY  4 2016...........SUNRISE   620 AM MDT   SUNSET   835 PM MDT
MAY  5 2016...........SUNRISE   618 AM MDT   SUNSET   836 PM MDT


-  INDICATES NEGATIVE NUMBERS.
R  INDICATES RECORD WAS SET OR TIED.
MM INDICATES DATA IS MISSING.
T  INDICATES TRACE AMOUNT.




$$
