504
CDUS45 KPIH 240729
CLIPIH


CLIMATE REPORT
NATIONAL WEATHER SERVICE POCATELLO ID
129 AM MDT MON APR 24 2017


...................................

...THE POCATELLO ID CLIMATE SUMMARY FOR APRIL 23 2017...

CLIMATE NORMAL PERIOD 1981 TO 2010
CLIMATE RECORD PERIOD 1939 TO 2017


WEATHER ITEM   OBSERVED TIME   RECORD YEAR NORMAL DEPARTURE LAST
                VALUE   (LST)  VALUE       VALUE  FROM      YEAR
                                                  NORMAL
..................................................................
TEMPERATURE (F)
 YESTERDAY
  MAXIMUM         62    438 PM  86    2012  61      1       54
  MINIMUM         40    556 AM  17    2013  34      6       42
  AVERAGE         51                        47      4       48

PRECIPITATION (IN)
  YESTERDAY        0.00          0.55 1964   0.04  -0.04     0.13
  MONTH TO DATE    1.93                      0.84   1.09     0.65
  SINCE OCT 1     15.38                      7.28   8.10     8.83
  SINCE JAN 1      8.82                      4.06   4.76     5.26

SNOWFALL (IN)
  YESTERDAY        0.0
  MONTH TO DATE    T
  SINCE MAR 1      3.3
  SINCE JUL 1     86.8
  SNOW DEPTH       0

DEGREE DAYS
 HEATING
  YESTERDAY       14                        18     -4       17
  MONTH TO DATE  452                       466    -14      338
  SINCE MAR 1   1120                      1305   -185     1050
  SINCE JUL 1   6369                      6578   -209     5892

 COOLING
  YESTERDAY        0                         0      0        0
  MONTH TO DATE    0                         0      0        0
  SINCE MAR 1      0                         0      0        0
  SINCE JAN 1      0                         0      0        0
..................................................................


WIND (MPH)
  HIGHEST WIND SPEED    26   HIGHEST WIND DIRECTION    SW (240)
  HIGHEST GUST SPEED    32   HIGHEST GUST DIRECTION    SW (240)
  AVERAGE WIND SPEED    10.5


SKY COVER
  POSSIBLE SUNSHINE  MM
  AVERAGE SKY COVER 0.4


WEATHER CONDITIONS
 THE FOLLOWING WEATHER WAS RECORDED YESTERDAY.
  NO SIGNIFICANT WEATHER WAS OBSERVED.


RELATIVE HUMIDITY (PERCENT)
 HIGHEST    82           200 AM
 LOWEST     37           500 PM
 AVERAGE    60

..........................................................


THE POCATELLO ID CLIMATE NORMALS FOR TODAY
                         NORMAL    RECORD    YEAR
 MAXIMUM TEMPERATURE (F)   61        85      1977
 MINIMUM TEMPERATURE (F)   34        18      1950


SUNRISE AND SUNSET
APRIL 24 2017.........SUNRISE   634 AM MDT   SUNSET   824 PM MDT
APRIL 25 2017.........SUNRISE   633 AM MDT   SUNSET   825 PM MDT


-  INDICATES NEGATIVE NUMBERS.
R  INDICATES RECORD WAS SET OR TIED.
MM INDICATES DATA IS MISSING.
T  INDICATES TRACE AMOUNT.




$$
