000
CDUS45 KPIH 280736
CLIPIH


CLIMATE REPORT
NATIONAL WEATHER SERVICE POCATELLO ID
1236 AM MST TUE FEB 28 2017


...................................

...THE POCATELLO ID CLIMATE SUMMARY FOR FEBRUARY 27 2017...

CLIMATE NORMAL PERIOD 1981 TO 2010
CLIMATE RECORD PERIOD 1939 TO 2017


WEATHER ITEM   OBSERVED TIME   RECORD YEAR NORMAL DEPARTURE LAST
                VALUE   (LST)  VALUE       VALUE  FROM      YEAR
                                                  NORMAL
..................................................................
TEMPERATURE (F)
 YESTERDAY
  MAXIMUM         28    334 PM  62    1992  42    -14       49
  MINIMUM         20   1006 PM -13    1993  22     -2       28
  AVERAGE         24                        32     -8       39

PRECIPITATION (IN)
  YESTERDAY        0.02          0.34 1973   0.04  -0.02      T
  MONTH TO DATE    3.09                      0.93   2.16     0.20
  SINCE OCT 1     12.50                      5.14   7.36     5.18
  SINCE JAN 1      5.94                      1.92   4.02     1.61

SNOWFALL (IN)
  YESTERDAY        0.3
  MONTH TO DATE   20.0
  SINCE DEC 1     80.7
  SINCE JUL 1     83.3
  SNOW DEPTH       4

DEGREE DAYS
 HEATING
  YESTERDAY       41                        33      8       26
  MONTH TO DATE  876                       995   -119      902
  SINCE DEC 1   3774                      3514    260     3350
  SINCE JUL 1   5209                      5242    -33     4794

 COOLING
  YESTERDAY        0                         0      0        0
  MONTH TO DATE    0                         0      0        0
  SINCE DEC 1      0                         0      0        0
  SINCE JAN 1      0                         0      0        0
..................................................................


WIND (MPH)
  HIGHEST WIND SPEED    31   HIGHEST WIND DIRECTION    SW (240)
  HIGHEST GUST SPEED    35   HIGHEST GUST DIRECTION    SW (240)
  AVERAGE WIND SPEED    11.4


SKY COVER
  POSSIBLE SUNSHINE  MM
  AVERAGE SKY COVER 0.5


WEATHER CONDITIONS
 THE FOLLOWING WEATHER WAS RECORDED YESTERDAY.
  LIGHT SNOW
  FOG
  HAZE
  BLOWING SNOW


RELATIVE HUMIDITY (PERCENT)
 HIGHEST    92           500 AM
 LOWEST     68           900 PM
 AVERAGE    80

..........................................................


THE POCATELLO ID CLIMATE NORMALS FOR TODAY
                         NORMAL    RECORD    YEAR
 MAXIMUM TEMPERATURE (F)   43        64      1992
 MINIMUM TEMPERATURE (F)   23       -17      1993


SUNRISE AND SUNSET
FEBRUARY 28 2017......SUNRISE   707 AM MST   SUNSET   619 PM MST
MARCH  1 2017.........SUNRISE   706 AM MST   SUNSET   620 PM MST


-  INDICATES NEGATIVE NUMBERS.
R  INDICATES RECORD WAS SET OR TIED.
MM INDICATES DATA IS MISSING.
T  INDICATES TRACE AMOUNT.




$$
