000
CDUS45 KPIH 211403
CLIPIH

CLIMATE REPORT
NATIONAL WEATHER SERVICE POCATELLO ID
131 AM MDT TUE OCT 21 2014


...................................

...THE POCATELLO ID CLIMATE SUMMARY FOR OCTOBER 20 2014...

CLIMATE NORMAL PERIOD 1981 TO 2010
CLIMATE RECORD PERIOD 1939 TO 2014


WEATHER ITEM   OBSERVED TIME   RECORD YEAR NORMAL DEPARTURE LAST
                VALUE   (LST)  VALUE       VALUE  FROM      YEAR
                                                  NORMAL
..................................................................
TEMPERATURE (F)
 YESTERDAY
  MAXIMUM         79    236 PM  80    2003  59     20       60
  MINIMUM         31    633 AM  17    1982  32     -1       35
  AVERAGE         55                        46      9       48

PRECIPITATION (IN)
  YESTERDAY        0.00          0.48 1972   0.03  -0.03     0.00
  MONTH TO DATE    0.03                      0.56  -0.53     0.38
  SINCE OCT 1      0.03                      0.56  -0.53     0.38
  SINCE JAN 1     10.29                      9.47   0.82     5.18

SNOWFALL (IN)
  YESTERDAY        0.0
  MONTH TO DATE    0.0
  SINCE SEP 1      0.0
  SINCE JUL 1      0.0
  SNOW DEPTH       0

DEGREE DAYS
 HEATING
  YESTERDAY       10                        19     -9       17
  MONTH TO DATE  247                       319    -72      420
  SINCE SEP 1    390                       522   -132      557
  SINCE JUL 1    425                       568   -143      557

 COOLING
  YESTERDAY        0                         0      0        0
  MONTH TO DATE    0                         0      0        0
  SINCE SEP 1     35                        22     13       61
  SINCE JAN 1    421                       392     29      688
..................................................................


WIND (MPH)
  HIGHEST WIND SPEED    22   HIGHEST WIND DIRECTION     S (180)
  HIGHEST GUST SPEED    28   HIGHEST GUST DIRECTION     S (180)
  AVERAGE WIND SPEED     8.3


SKY COVER
  POSSIBLE SUNSHINE  MM
  AVERAGE SKY COVER 0.2


WEATHER CONDITIONS
 THE FOLLOWING WEATHER WAS RECORDED YESTERDAY.
  NO SIGNIFICANT WEATHER WAS OBSERVED.


RELATIVE HUMIDITY (PERCENT)
 HIGHEST    92           600 AM
 LOWEST     21           200 PM
 AVERAGE    57

..........................................................


THE POCATELLO ID CLIMATE NORMALS FOR TODAY
                         NORMAL    RECORD    YEAR
 MAXIMUM TEMPERATURE (F)   59        78      2003
 MINIMUM TEMPERATURE (F)   32        17      1996


SUNRISE AND SUNSET
OCTOBER 21 2014.......SUNRISE   751 AM MDT   SUNSET   638 PM MDT
OCTOBER 22 2014.......SUNRISE   752 AM MDT   SUNSET   637 PM MDT

-  INDICATES NEGATIVE NUMBERS.
R  INDICATES RECORD WAS SET OR TIED.
MM INDICATES DATA IS MISSING.
T  INDICATES TRACE AMOUNT.

$$
