000
CDUS45 KPIH 212323
CLIPIH


CLIMATE REPORT
NATIONAL WEATHER SERVICE POCATELLO ID
522 PM MDT THU SEP 21 2017


...................................

...THE POCATELLO ID CLIMATE SUMMARY FOR SEPTEMBER 21 2017...
VALID TODAY AS OF 0500 PM LOCAL TIME.

CLIMATE NORMAL PERIOD 1981 TO 2010
CLIMATE RECORD PERIOD 1939 TO 2017


WEATHER ITEM   OBSERVED TIME   RECORD YEAR NORMAL DEPARTURE LAST
                VALUE   (LST)  VALUE       VALUE  FROM      YEAR
                                                  NORMAL
..................................................................
TEMPERATURE (F)
 TODAY
  MAXIMUM         46   1246 AM  88    1979  73    -27       76
                                      1967
                                      1966
  MINIMUM         40    924 AM  22    1983  40      0       53
  AVERAGE         43                        57    -14       65

PRECIPITATION (IN)
  TODAY            0.80R         0.79 1997   0.04   0.76     0.36
  MONTH TO DATE    2.25                      0.57   1.68     1.00
  SINCE OCT 1     20.36                     11.86   8.50    12.15
  SINCE JAN 1     13.80                      8.64   5.16     8.58

SNOWFALL (IN)
  TODAY            0.0
  MONTH TO DATE    0.0
  SINCE SEP 1      0.0
  SINCE JUL 1      0.0
  SNOW DEPTH       0

DEGREE DAYS
 HEATING
  TODAY           22                         9     13        0
  MONTH TO DATE   98                       109    -11      133
  SINCE SEP 1     98                       109    -11      133
  SINCE JUL 1    102                       155    -53      171

 COOLING
  TODAY            0                         0      0        0
  MONTH TO DATE   66                        20     46       16
  SINCE SEP 1     66                        20     46       16
  SINCE JAN 1    575                       390    185      415
..................................................................


WIND (MPH)
  HIGHEST WIND SPEED    12   HIGHEST WIND DIRECTION     S (200)
  HIGHEST GUST SPEED    14   HIGHEST GUST DIRECTION     S (190)
  AVERAGE WIND SPEED     6.6


SKY COVER
  POSSIBLE SUNSHINE  MM
  AVERAGE SKY COVER 1.0


WEATHER CONDITIONS
 THE FOLLOWING WEATHER WAS RECORDED TODAY.
  RAIN
  LIGHT RAIN
  FOG


RELATIVE HUMIDITY (PERCENT)
 HIGHEST   100          1200 AM
 LOWEST     86          1000 AM
 AVERAGE    93

..........................................................


THE POCATELLO ID CLIMATE NORMALS FOR TOMORROW
                         NORMAL    RECORD    YEAR
 MAXIMUM TEMPERATURE (F)   73        92      1966
 MINIMUM TEMPERATURE (F)   40        23      1995


SUNRISE AND SUNSET
SEPTEMBER 21 2017.....SUNRISE   717 AM MDT   SUNSET   729 PM MDT
SEPTEMBER 22 2017.....SUNRISE   718 AM MDT   SUNSET   727 PM MDT


-  INDICATES NEGATIVE NUMBERS.
R  INDICATES RECORD WAS SET OR TIED.
MM INDICATES DATA IS MISSING.
T  INDICATES TRACE AMOUNT.




$$
