000
CDUS45 KPIH 050740
CLIPIH


CLIMATE REPORT
NATIONAL WEATHER SERVICE POCATELLO ID
130 AM MDT SAT SEP 5 2015


...................................

...THE POCATELLO ID CLIMATE SUMMARY FOR SEPTEMBER 4 2015...

CLIMATE NORMAL PERIOD 1981 TO 2010
CLIMATE RECORD PERIOD 1939 TO 2015


WEATHER ITEM   OBSERVED TIME   RECORD YEAR NORMAL DEPARTURE LAST
                VALUE   (LST)  VALUE       VALUE  FROM      YEAR
                                                  NORMAL
..................................................................
TEMPERATURE (F)
 YESTERDAY
  MAXIMUM         81    526 PM  96    1998  81      0       74
  MINIMUM         51    635 AM  31    1965  46      5       33
  AVERAGE         66                        64      2       54

PRECIPITATION (IN)
  YESTERDAY        T             0.69 1946   0.02  -0.02     0.00
  MONTH TO DATE    0.04                      0.10  -0.06     0.00
  SINCE OCT 1      9.35                     11.39  -2.04    10.15
  SINCE JAN 1      6.96                      8.17  -1.21     8.78

SNOWFALL (IN)
  YESTERDAY        0.0
  MONTH TO DATE    0.0
  SINCE SEP 1      0.0
  SINCE JUL 1      0.0
  SNOW DEPTH       0

DEGREE DAYS
 HEATING
  YESTERDAY        0                         3     -3       11
  MONTH TO DATE    0                        11    -11       25
  SINCE SEP 1      0                        11    -11       25
  SINCE JUL 1     39                        57    -18       60

 COOLING
  YESTERDAY        1                         2     -1        0
  MONTH TO DATE   18                         8     10        0
  SINCE SEP 1     18                         8     10        0
  SINCE JAN 1    479                       378    101      386
..................................................................


WIND (MPH)
  HIGHEST WIND SPEED    38   HIGHEST WIND DIRECTION    SW (220)
  HIGHEST GUST SPEED    45   HIGHEST GUST DIRECTION    SW (220)
  AVERAGE WIND SPEED    10.8


SKY COVER
  POSSIBLE SUNSHINE  MM
  AVERAGE SKY COVER 0.2


WEATHER CONDITIONS
 THE FOLLOWING WEATHER WAS RECORDED YESTERDAY.
  THUNDERSTORM
  LIGHT RAIN
  HAZE


RELATIVE HUMIDITY (PERCENT)
 HIGHEST    63           400 AM
 LOWEST     25           400 PM
 AVERAGE    44

..........................................................


THE POCATELLO ID CLIMATE NORMALS FOR TODAY
                         NORMAL    RECORD    YEAR
 MAXIMUM TEMPERATURE (F)   81        98      1976
 MINIMUM TEMPERATURE (F)   46        32      1994


SUNRISE AND SUNSET
SEPTEMBER  5 2015.....SUNRISE   659 AM MDT   SUNSET   758 PM MDT
SEPTEMBER  6 2015.....SUNRISE   700 AM MDT   SUNSET   757 PM MDT


-  INDICATES NEGATIVE NUMBERS.
R  INDICATES RECORD WAS SET OR TIED.
MM INDICATES DATA IS MISSING.
T  INDICATES TRACE AMOUNT.




$$
