000
CDUS43 KABR 311036
CLIPIR


CLIMATE REPORT
NATIONAL WEATHER SERVICE ABERDEEN SD
536 AM CDT FRI JUL 31 2015


...................................

...THE PIERRE SD CLIMATE SUMMARY FOR JULY 30 2015...

CLIMATE NORMAL PERIOD 1981 TO 2010
CLIMATE RECORD PERIOD 1892 TO 2015


WEATHER ITEM   OBSERVED TIME   RECORD YEAR NORMAL DEPARTURE LAST
                VALUE   (LST)  VALUE       VALUE  FROM      YEAR
                                                  NORMAL
..................................................................
TEMPERATURE (F)
 YESTERDAY
  MAXIMUM         92    505 PM 111    2006  90      2       88
  MINIMUM         53    545 AM  42    1971  63    -10       59
  AVERAGE         73                        76     -3       74

PRECIPITATION (IN)
  YESTERDAY        0.00          1.18 1997   0.09  -0.09     0.03
  MONTH TO DATE    2.15                      2.53  -0.38     0.87
  SINCE JUN 1      8.31                      6.10   2.21     5.26
  SINCE JAN 1     15.66                     13.30   2.36    13.19

DEGREE DAYS
 HEATING
  YESTERDAY        0                         0      0        0
  MONTH TO DATE    2                         0      2       19
  SINCE JUN 1      7                        53    -46       86
  SINCE JUL 1      2                         0      2       19

 COOLING
  YESTERDAY        8                        11     -3        9
  MONTH TO DATE  285                       311    -26      222
  SINCE JUN 1    420                       445    -25      281
  SINCE JAN 1    434                       477    -43      329
..................................................................


WIND (MPH)
  RESULTANT WIND SPEED   2   RESULTANT WIND DIRECTION  NW (330)
  HIGHEST WIND SPEED    16   HIGHEST WIND DIRECTION    NW (320)
  HIGHEST GUST SPEED    20   HIGHEST GUST DIRECTION    NW (300)
  AVERAGE WIND SPEED     5.2




RELATIVE HUMIDITY (PERCENT)
 HIGHEST    83           500 AM
 LOWEST     18           200 PM
 AVERAGE    51

..........................................................


THE PIERRE SD CLIMATE NORMALS FOR TODAY
                         NORMAL    RECORD    YEAR
 MAXIMUM TEMPERATURE (F)   90       108      1988
 MINIMUM TEMPERATURE (F)   63        50      1968


SUNRISE AND SUNSET
JULY 31 2015..........SUNRISE   627 AM CDT   SUNSET   907 PM CDT
AUGUST  1 2015........SUNRISE   628 AM CDT   SUNSET   906 PM CDT


-  INDICATES NEGATIVE NUMBERS.
R  INDICATES RECORD WAS SET OR TIED.
MM INDICATES DATA IS MISSING.
T  INDICATES TRACE AMOUNT.




$$
