000
CDUS43 KABR 011029
CLIPIR


CLIMATE REPORT
NATIONAL WEATHER SERVICE ABERDEEN SD
429 AM CST SUN MAR 1 2015


...................................

...THE PIERRE SD CLIMATE SUMMARY FOR FEBRUARY 28 2015...

CLIMATE NORMAL PERIOD 1981 TO 2010
CLIMATE RECORD PERIOD 1892 TO 2015


WEATHER ITEM   OBSERVED TIME   RECORD YEAR NORMAL DEPARTURE LAST
                VALUE   (LST)  VALUE       VALUE  FROM      YEAR
                                                  NORMAL
..................................................................
TEMPERATURE (F)
 YESTERDAY
  MAXIMUM         33    243 PM  63    1976  39     -6       22
  MINIMUM          6   1151 PM -24    1962  18    -12        4
  AVERAGE         20                        28     -8       13

PRECIPITATION (IN)
  YESTERDAY        0.00          0.58 1930   0.03  -0.03     0.03
  MONTH TO DATE    0.22                      0.59  -0.37     0.43
  SINCE DEC 1      1.17                      1.56  -0.39     2.05
  SINCE JAN 1      0.35                      1.01  -0.66     0.57

SNOWFALL (IN)
  YESTERDAY        0.0           3.7  1998   0.3   -0.3      0.3
  MONTH TO DATE    1.5                       5.9   -4.4      7.2
  SINCE OCT 1     22.3                      21.8    0.5     24.9
  SINCE JUL 1     22.3                      21.8    0.5     24.9
  SNOW DEPTH       0

DEGREE DAYS
 HEATING
  YESTERDAY       45                        37      8       52
  MONTH TO DATE 1242                      1139    103     1398
  SINCE DEC 1   3787                      3878    -91     4376
  SINCE JUL 1   5509                      5498     11     5995

 COOLING
  YESTERDAY        0                         0      0        0
  MONTH TO DATE    0                         0      0        0
  SINCE DEC 1      0                         0      0        0
  SINCE JAN 1      0                         0      0        0
..................................................................


WIND (MPH)
  RESULTANT WIND SPEED   3   RESULTANT WIND DIRECTION  SW (240)
  HIGHEST WIND SPEED    23   HIGHEST WIND DIRECTION    NW (320)
  HIGHEST GUST SPEED    30   HIGHEST GUST DIRECTION    NW (300)
  AVERAGE WIND SPEED    11.4




RELATIVE HUMIDITY (PERCENT)
 HIGHEST    73           600 AM
 LOWEST     33           300 PM
 AVERAGE    53

..........................................................


THE PIERRE SD CLIMATE NORMALS FOR TODAY
                         NORMAL    RECORD    YEAR
 MAXIMUM TEMPERATURE (F)   39        75      1974
 MINIMUM TEMPERATURE (F)   18       -20      2014


SUNRISE AND SUNSET
MARCH  1 2015.........SUNRISE   719 AM CST   SUNSET   629 PM CST
MARCH  2 2015.........SUNRISE   717 AM CST   SUNSET   630 PM CST


-  INDICATES NEGATIVE NUMBERS.
R  INDICATES RECORD WAS SET OR TIED.
MM INDICATES DATA IS MISSING.
T  INDICATES TRACE AMOUNT.




$$
