000
CDUS43 KABR 271124
CLIPIR


CLIMATE REPORT
NATIONAL WEATHER SERVICE ABERDEEN SD
624 AM CDT FRI MAR 27 2015


...................................

...THE PIERRE SD CLIMATE SUMMARY FOR MARCH 26 2015...

CLIMATE NORMAL PERIOD 1981 TO 2010
CLIMATE RECORD PERIOD 1892 TO 2015


WEATHER ITEM   OBSERVED TIME   RECORD YEAR NORMAL DEPARTURE LAST
                VALUE   (LST)  VALUE       VALUE  FROM      YEAR
                                                  NORMAL
..................................................................
TEMPERATURE (F)
 YESTERDAY
  MAXIMUM         37    544 PM  79    2012  50    -13       72
                                      1993
  MINIMUM         18    450 AM  -3    1964  27     -9       27
  AVERAGE         28                        38    -10       50

PRECIPITATION (IN)
  YESTERDAY        0.15          1.18 1950   0.05   0.10     0.00
                                      2001
  MONTH TO DATE    0.33                      0.97  -0.64     0.34
  SINCE MAR 1      0.33                      0.97  -0.64     0.34
  SINCE JAN 1      0.68                      1.98  -1.30     0.91

SNOWFALL (IN)
  YESTERDAY        3.0           5.0  1942   0.2    2.8      0.0
  MONTH TO DATE    4.8                       5.2   -0.4      3.7
  SINCE OCT 1     27.1                      27.0    0.1     28.6
  SINCE JUL 1     27.1                      27.0    0.1     28.6
  SNOW DEPTH       0

DEGREE DAYS
 HEATING
  YESTERDAY       37                        27     10       15
  MONTH TO DATE  672                       820   -148      929
  SINCE MAR 1    672                       820   -148      929
  SINCE JUL 1   6181                      6318   -137     6924

 COOLING
  YESTERDAY        0                         0      0        0
  MONTH TO DATE    5                         0      5        0
  SINCE MAR 1      5                         0      5        0
  SINCE JAN 1      5                         0      5        0
..................................................................


WIND (MPH)
  RESULTANT WIND SPEED   0   RESULTANT WIND DIRECTION   S (190)
  HIGHEST WIND SPEED    10   HIGHEST WIND DIRECTION     E (90)
  HIGHEST GUST SPEED    12   HIGHEST GUST DIRECTION     E (70)
  AVERAGE WIND SPEED     4.0




RELATIVE HUMIDITY (PERCENT)
 HIGHEST    92          1000 AM
 LOWEST     68          1200 AM
 AVERAGE    80

..........................................................


THE PIERRE SD CLIMATE NORMALS FOR TODAY
                         NORMAL    RECORD    YEAR
 MAXIMUM TEMPERATURE (F)   50        87      1988
 MINIMUM TEMPERATURE (F)   27         4      1970


SUNRISE AND SUNSET
MARCH 27 2015.........SUNRISE   732 AM CDT   SUNSET   802 PM CDT
MARCH 28 2015.........SUNRISE   730 AM CDT   SUNSET   803 PM CDT


-  INDICATES NEGATIVE NUMBERS.
R  INDICATES RECORD WAS SET OR TIED.
MM INDICATES DATA IS MISSING.
T  INDICATES TRACE AMOUNT.




$$
