000
CDUS43 KABR 291042
CLIPIR


CLIMATE REPORT
NATIONAL WEATHER SERVICE ABERDEEN SD
541 AM CDT FRI APR 29 2016


...................................

...THE PIERRE SD CLIMATE SUMMARY FOR APRIL 28 2016...

CLIMATE NORMAL PERIOD 1981 TO 2010
CLIMATE RECORD PERIOD 1892 TO 2016


WEATHER ITEM   OBSERVED TIME   RECORD YEAR NORMAL DEPARTURE LAST
                VALUE   (LST)  VALUE       VALUE  FROM      YEAR
                                                  NORMAL
..................................................................
TEMPERATURE (F)
 YESTERDAY
  MAXIMUM         48    440 PM  96    2001  65    -17       67
  MINIMUM         35    650 AM  20    2008  39     -4       41
  AVERAGE         42                        52    -10       54

PRECIPITATION (IN)
  YESTERDAY        T             1.52 1975   0.07  -0.07     0.00
  MONTH TO DATE    3.92                      1.65   2.27     0.47
  SINCE MAR 1      5.24                      2.88   2.36     0.80
  SINCE JAN 1      6.24                      3.89   2.35     1.15

SNOWFALL (IN)
  YESTERDAY        0.0           1.9  1994   0.1   -0.1      0.0
  MONTH TO DATE    T                         4.0   -4.0      0.0
  SINCE OCT 1     28.7                      31.8   -3.1     27.1
  SINCE JUL 1     28.7                      31.8   -3.1     27.1
  SNOW DEPTH       0

DEGREE DAYS
 HEATING
  YESTERDAY       23                        13     10       11
  MONTH TO DATE  471                       520    -49      445
  SINCE MAR 1   1227                      1467   -240     1191
  SINCE JUL 1   6061                      6965   -904     6700

 COOLING
  YESTERDAY        0                         0      0        0
  MONTH TO DATE    6                         0      6        0
  SINCE MAR 1      6                         0      6        5
  SINCE JAN 1      6                         0      6        5
..................................................................


WIND (MPH)
  RESULTANT WIND SPEED   9   RESULTANT WIND DIRECTION  NE (30)
  HIGHEST WIND SPEED    18   HIGHEST WIND DIRECTION    NE (40)
  HIGHEST GUST SPEED    22   HIGHEST GUST DIRECTION    NE (40)
  AVERAGE WIND SPEED     8.8




RELATIVE HUMIDITY (PERCENT)
 HIGHEST    92           100 AM
 LOWEST     60           700 PM
 AVERAGE    76

..........................................................


THE PIERRE SD CLIMATE NORMALS FOR TODAY
                         NORMAL    RECORD    YEAR
 MAXIMUM TEMPERATURE (F)   66        91      2001
 MINIMUM TEMPERATURE (F)   39        18      1958


SUNRISE AND SUNSET
APRIL 29 2016.........SUNRISE   634 AM CDT   SUNSET   844 PM CDT
APRIL 30 2016.........SUNRISE   633 AM CDT   SUNSET   845 PM CDT


-  INDICATES NEGATIVE NUMBERS.
R  INDICATES RECORD WAS SET OR TIED.
MM INDICATES DATA IS MISSING.
T  INDICATES TRACE AMOUNT.




$$
