000
CDUS43 KABR 311155
CLIPIR


CLIMATE REPORT
NATIONAL WEATHER SERVICE ABERDEEN SD
655 AM CDT MON AUG 31 2015


...................................

...THE PIERRE SD CLIMATE SUMMARY FOR AUGUST 30 2015...

CLIMATE NORMAL PERIOD 1981 TO 2010
CLIMATE RECORD PERIOD 1892 TO 2015


WEATHER ITEM   OBSERVED TIME   RECORD YEAR NORMAL DEPARTURE LAST
                VALUE   (LST)  VALUE       VALUE  FROM      YEAR
                                                  NORMAL
..................................................................
TEMPERATURE (F)
 YESTERDAY
  MAXIMUM         99    334 PM 107    2000  84     15       80
  MINIMUM         66    629 AM  42    2003  56     10       50
                                      1892
  AVERAGE         83                        70     13       65

PRECIPITATION (IN)
  YESTERDAY        0.00          1.75 1912   0.05  -0.05     0.00
  MONTH TO DATE    2.49                      1.75   0.74     2.98
  SINCE JUN 1     10.80                      7.93   2.87     8.24
  SINCE JAN 1     18.15                     15.13   3.02    16.17

DEGREE DAYS
 HEATING
  YESTERDAY        0                         1     -1        0
  MONTH TO DATE   23                        10     13        9
  SINCE JUN 1     30                        69    -39       95
  SINCE JUL 1     25                        16      9       28

 COOLING
  YESTERDAY       18                         7     11        0
  MONTH TO DATE  261                       278    -17      198
  SINCE JUN 1    690                       739    -49      487
  SINCE JAN 1    704                       771    -67      535
..................................................................


WIND (MPH)
  RESULTANT WIND SPEED  12   RESULTANT WIND DIRECTION   S (160)
  HIGHEST WIND SPEED    26   HIGHEST WIND DIRECTION     S (170)
  HIGHEST GUST SPEED    31   HIGHEST GUST DIRECTION     S (170)
  AVERAGE WIND SPEED    13.3




RELATIVE HUMIDITY (PERCENT)
 HIGHEST    73           400 AM
 LOWEST     21           200 PM
 AVERAGE    47

..........................................................


THE PIERRE SD CLIMATE NORMALS FOR TODAY
                         NORMAL    RECORD    YEAR
 MAXIMUM TEMPERATURE (F)   84       103      1960
 MINIMUM TEMPERATURE (F)   56        39      1974


SUNRISE AND SUNSET
AUGUST 31 2015........SUNRISE   702 AM CDT   SUNSET   820 PM CDT
SEPTEMBER  1 2015.....SUNRISE   704 AM CDT   SUNSET   818 PM CDT


-  INDICATES NEGATIVE NUMBERS.
R  INDICATES RECORD WAS SET OR TIED.
MM INDICATES DATA IS MISSING.
T  INDICATES TRACE AMOUNT.




$$
