000
CDUS43 KABR 252327
CLIPIR


CLIMATE REPORT
NATIONAL WEATHER SERVICE ABERDEEN SD
526 PM CST THU DEC 25 2014


...................................

...THE PIERRE SD CLIMATE SUMMARY FOR DECEMBER 25 2014...
VALID TODAY AS OF 0500 PM LOCAL TIME.

CLIMATE NORMAL PERIOD 1981 TO 2010
CLIMATE RECORD PERIOD 1892 TO 2014


WEATHER ITEM   OBSERVED TIME   RECORD YEAR NORMAL DEPARTURE LAST
                VALUE   (LST)  VALUE       VALUE  FROM      YEAR
                                                  NORMAL
..................................................................
TEMPERATURE (F)
 TODAY
  MAXIMUM         33    732 AM  56    1999  30      3       35
  MINIMUM         25   1200 AM -16    1983  10     15       23
  AVERAGE         29                        20      9       29

PRECIPITATION (IN)
  TODAY           MM             0.48 2009   0.02  MM        0.00
  MONTH TO DATE    0.44                      0.45  -0.01     1.34
  SINCE DEC 1      0.44                      0.45  -0.01     1.34
  SINCE JAN 1     18.39                     19.91  -1.52    24.42

SNOWFALL (IN)
  TODAY           MM
  MONTH TO DATE    5.1
  SINCE OCT 1     14.3
  SINCE JUL 1     14.3
  SNOW DEPTH      MM

DEGREE DAYS
 HEATING
  TODAY           36                        45     -9       36
  MONTH TO DATE  929                      1070   -141     1318
  SINCE DEC 1    929                      1070   -141     1318
  SINCE JUL 1   2651                      2690    -39     2937
..................................................................


WIND (MPH)
  HIGHEST GUST SPEED    29   HIGHEST GUST DIRECTION     N (10)




..........................................................


THE PIERRE SD CLIMATE NORMALS FOR TOMORROW
                         NORMAL    RECORD    YEAR
 MAXIMUM TEMPERATURE (F)   29        55      1947
 MINIMUM TEMPERATURE (F)   10       -22      1996


SUNRISE AND SUNSET
DECEMBER 25 2014......SUNRISE   816 AM CST   SUNSET   507 PM CST
DECEMBER 26 2014......SUNRISE   816 AM CST   SUNSET   508 PM CST


-  INDICATES NEGATIVE NUMBERS.
R  INDICATES RECORD WAS SET OR TIED.
MM INDICATES DATA IS MISSING.
T  INDICATES TRACE AMOUNT.




$$
