000
CDUS43 KABR 291031
CLIPIR


CLIMATE REPORT
NATIONAL WEATHER SERVICE ABERDEEN SD
530 AM CDT THU SEP 29 2016


...................................

...THE PIERRE SD CLIMATE SUMMARY FOR SEPTEMBER 28 2016...

CLIMATE NORMAL PERIOD 1981 TO 2010
CLIMATE RECORD PERIOD 1892 TO 2016


WEATHER ITEM   OBSERVED TIME   RECORD YEAR NORMAL DEPARTURE LAST
                VALUE   (LST)  VALUE       VALUE  FROM      YEAR
                                                  NORMAL
..................................................................
TEMPERATURE (F)
 YESTERDAY
  MAXIMUM         72    326 PM  93    2011  70      2       71
  MINIMUM         37    627 AM  21    1951  44     -7       55
  AVERAGE         55                        57     -2       63

PRECIPITATION (IN)
  YESTERDAY        0.00          0.41 1988   0.07  -0.07     0.13
  MONTH TO DATE    1.23                      1.74  -0.51     1.18
  SINCE SEP 1      1.23                      1.74  -0.51     1.18
  SINCE JAN 1     16.95                     16.92   0.03    19.33

DEGREE DAYS
 HEATING
  YESTERDAY       10                         9      1        2
  MONTH TO DATE   82                       132    -50       51
  SINCE SEP 1     82                       132    -50       51
  SINCE JUL 1    102                       152    -50       76

 COOLING
  YESTERDAY        0                         1     -1        0
  MONTH TO DATE   80                        86     -6      121
  SINCE SEP 1     80                        86     -6      121
  SINCE JAN 1    944                       863     81      831
..................................................................


WIND (MPH)
  RESULTANT WIND SPEED   5   RESULTANT WIND DIRECTION   E (70)
  HIGHEST WIND SPEED    13   HIGHEST WIND DIRECTION    NE (60)
  HIGHEST GUST SPEED    16   HIGHEST GUST DIRECTION    NE (60)
  AVERAGE WIND SPEED     6.1




RELATIVE HUMIDITY (PERCENT)
 HIGHEST    85           500 AM
 LOWEST     27           300 PM
 AVERAGE    56

..........................................................


THE PIERRE SD CLIMATE NORMALS FOR TODAY
                         NORMAL    RECORD    YEAR
 MAXIMUM TEMPERATURE (F)   70        92      2007
                                             1938
 MINIMUM TEMPERATURE (F)   43        29      2009
                                             1984


SUNRISE AND SUNSET
SEPTEMBER 29 2016.....SUNRISE   737 AM CDT   SUNSET   725 PM CDT
SEPTEMBER 30 2016.....SUNRISE   738 AM CDT   SUNSET   723 PM CDT


-  INDICATES NEGATIVE NUMBERS.
R  INDICATES RECORD WAS SET OR TIED.
MM INDICATES DATA IS MISSING.
T  INDICATES TRACE AMOUNT.




$$
