000
CDUS43 KABR 201034
CLIPIR


CLIMATE REPORT
NATIONAL WEATHER SERVICE ABERDEEN SD
532 AM CDT SAT SEP 20 2014


...................................

...THE PIERRE SD CLIMATE SUMMARY FOR SEPTEMBER 19 2014...

CLIMATE NORMAL PERIOD 1981 TO 2010
CLIMATE RECORD PERIOD 1892 TO 2014


WEATHER ITEM   OBSERVED TIME   RECORD YEAR NORMAL DEPARTURE LAST
                VALUE   (LST)  VALUE       VALUE  FROM      YEAR
                                                  NORMAL
..................................................................
TEMPERATURE (F)
 YESTERDAY
  MAXIMUM         87    347 PM 100    1984  75     12       68
  MINIMUM         59    647 AM  24    1991  48     11       54
  AVERAGE         73                        61     12       61

PRECIPITATION (IN)
  YESTERDAY        0.00          2.45 1996   0.07  -0.07     0.00
  MONTH TO DATE    0.55                      1.15  -0.60     0.07
  SINCE SEP 1      0.55                      1.15  -0.60     0.07
  SINCE JAN 1     16.77                     16.33   0.44    16.99

DEGREE DAYS
 HEATING
  YESTERDAY        0                         6     -6        4
  MONTH TO DATE  111                        65     46       20
  SINCE SEP 1    111                        65     46       20
  SINCE JUL 1    139                        85     54       29

 COOLING
  YESTERDAY        8                         2      6        0
  MONTH TO DATE   45                        75    -30      143
  SINCE SEP 1     45                        75    -30      143
  SINCE JAN 1    581                       852   -271      829
..................................................................


WIND (MPH)
  RESULTANT WIND SPEED   5   RESULTANT WIND DIRECTION   W (280)
  HIGHEST WIND SPEED    22   HIGHEST WIND DIRECTION    NW (300)
  HIGHEST GUST SPEED    26   HIGHEST GUST DIRECTION    NW (300)
  AVERAGE WIND SPEED    10.5




RELATIVE HUMIDITY (PERCENT)
 HIGHEST    97           600 AM
 LOWEST     34           500 PM
 AVERAGE    66

..........................................................


THE PIERRE SD CLIMATE NORMALS FOR TODAY
                         NORMAL    RECORD    YEAR
 MAXIMUM TEMPERATURE (F)   74       104      1937
 MINIMUM TEMPERATURE (F)   47        33      1983


SUNRISE AND SUNSET
SEPTEMBER 20 2014.....SUNRISE   726 AM CDT   SUNSET   742 PM CDT
SEPTEMBER 21 2014.....SUNRISE   727 AM CDT   SUNSET   740 PM CDT


-  INDICATES NEGATIVE NUMBERS.
R  INDICATES RECORD WAS SET OR TIED.
MM INDICATES DATA IS MISSING.
T  INDICATES TRACE AMOUNT.




$$
