000
CDUS43 KABR 282330
CLIPIR


CLIMATE REPORT
NATIONAL WEATHER SERVICE ABERDEEN SD
528 PM CST FRI NOV 28 2014


...................................

...THE PIERRE SD CLIMATE SUMMARY FOR NOVEMBER 28 2014...
VALID TODAY AS OF 0500 PM LOCAL TIME.

CLIMATE NORMAL PERIOD 1981 TO 2010
CLIMATE RECORD PERIOD 1892 TO 2014


WEATHER ITEM   OBSERVED TIME   RECORD YEAR NORMAL DEPARTURE LAST
                VALUE   (LST)  VALUE       VALUE  FROM      YEAR
                                                  NORMAL
..................................................................
TEMPERATURE (F)
 TODAY
  MAXIMUM         42    409 PM  66    2002  37      5       28
  MINIMUM         16    825 AM  -7    1985  17     -1       22
  AVERAGE         29                        27      2       25

PRECIPITATION (IN)
  TODAY            0.00          0.44 1960   0.02  -0.02     0.00
  MONTH TO DATE    0.80                      0.72   0.08     0.24
  SINCE SEP 1      1.71                      4.24  -2.53     6.16
  SINCE JAN 1     17.93                     19.42  -1.49    23.08

SNOWFALL (IN)
  TODAY            0.0
  MONTH TO DATE    9.0
  SINCE OCT 1      9.0
  SINCE JUL 1      9.0
  SNOW DEPTH      MM

DEGREE DAYS
 HEATING
  TODAY           36                        38     -2       40
  MONTH TO DATE 1048                       862    186      878
  SINCE SEP 1   1597                      1523     74     1547
  SINCE JUL 1   1625                      1543     82     1556
..................................................................


WIND (MPH)
  HIGHEST GUST SPEED    11   HIGHEST GUST DIRECTION    NE (60)




..........................................................


THE PIERRE SD CLIMATE NORMALS FOR TOMORROW
                         NORMAL    RECORD    YEAR
 MAXIMUM TEMPERATURE (F)   37        64      1945
 MINIMUM TEMPERATURE (F)   17       -13      1964


SUNRISE AND SUNSET
NOVEMBER 28 2014......SUNRISE   754 AM CST   SUNSET   504 PM CST
NOVEMBER 29 2014......SUNRISE   755 AM CST   SUNSET   504 PM CST


-  INDICATES NEGATIVE NUMBERS.
R  INDICATES RECORD WAS SET OR TIED.
MM INDICATES DATA IS MISSING.
T  INDICATES TRACE AMOUNT.




$$
