000
CDUS41 KPBZ 160803
CLIPIT

CLIMATE REPORT
NATIONAL WEATHER SERVICE PITTSBURGH PA
302 AM EST MON JAN 16 2017

...................................

...THE PITTSBURGH PA CLIMATE SUMMARY FOR JANUARY 15 2017...

CLIMATE NORMAL PERIOD 1981 TO 2010
CLIMATE RECORD PERIOD 1871 TO 2017

WEATHER ITEM   OBSERVED TIME   RECORD YEAR NORMAL DEPARTURE LAST
                VALUE   (LST)  VALUE       VALUE  FROM      YEAR
                                                  NORMAL
..................................................................
TEMPERATURE (F)
 YESTERDAY
  MAXIMUM         34    441 PM  66    1932  35     -1       49
  MINIMUM         23    819 AM  -7    1972  21      2       36
  AVERAGE         29                        28      1       43

PRECIPITATION (IN)
  YESTERDAY        0.00          1.15 1890   0.09  -0.09     0.12
  MONTH TO DATE    1.91                      1.32   0.59     1.22
  SINCE JUN 1     23.30                     24.41  -1.11    27.30
  SINCE JAN 1      1.91                      1.32   0.59     1.22

SNOWFALL (IN)
  YESTERDAY        0.0           5.0  1929   0.4   -0.4      0.0
  MONTH TO DATE    2.4                       5.4   -3.0      6.0
  SINCE OCT 1     10.5                      16.1   -5.6      6.3
  SINCE JUL 1     10.5                      16.1   -5.6      6.3
  SNOW DEPTH       0

DEGREE DAYS
 HEATING
  YESTERDAY       36                        37     -1       22
  MONTH TO DATE  520                       551    -31      548
  SINCE DEC 1   1489                      1563    -74     1177
  SINCE JUL 1   2336                      2726   -390     2031

 COOLING
  YESTERDAY        0                         0      0        0
  MONTH TO DATE    0                         0      0        0
  SINCE DEC 1      0                         0      0        0
  SINCE JAN 1      0                         0      0        0
..................................................................

WIND (MPH)
  HIGHEST WIND SPEED     9   HIGHEST WIND DIRECTION    NW (330)
  HIGHEST GUST SPEED    11   HIGHEST GUST DIRECTION    NW (320)
  AVERAGE WIND SPEED     2.3


SKY COVER
  POSSIBLE SUNSHINE  MM
  AVERAGE SKY COVER 0.7


WEATHER CONDITIONS
 THE FOLLOWING WEATHER WAS RECORDED YESTERDAY.
  NO SIGNIFICANT WEATHER WAS OBSERVED.


RELATIVE HUMIDITY (PERCENT)
 HIGHEST    92           900 AM
 LOWEST     56           200 PM
 AVERAGE    74

..........................................................


THE PITTSBURGH PA CLIMATE NORMALS FOR TODAY
                         NORMAL    RECORD    YEAR
 MAXIMUM TEMPERATURE (F)   35        61      1889
 MINIMUM TEMPERATURE (F)   21       -14      1977


SUNRISE AND SUNSET
JANUARY 16 2017.......SUNRISE   742 AM EST   SUNSET   520 PM EST
JANUARY 17 2017.......SUNRISE   741 AM EST   SUNSET   521 PM EST


-  INDICATES NEGATIVE NUMBERS.
R  INDICATES RECORD WAS SET OR TIED.
MM INDICATES DATA IS MISSING.
T  INDICATES TRACE AMOUNT.

&&

SNOW DEPTH IS MEASURED AT 7 AM EST OR 8 AM EDT.

$$
