000
CDUS41 KPBZ 260702
CLIPIT

CLIMATE REPORT
NATIONAL WEATHER SERVICE PITTSBURGH PA
302 AM EDT MON JUN 26 2017

...................................

...THE PITTSBURGH PA CLIMATE SUMMARY FOR JUNE 25 2017...

CLIMATE NORMAL PERIOD 1981 TO 2010
CLIMATE RECORD PERIOD 1871 TO 2017

WEATHER ITEM   OBSERVED TIME   RECORD YEAR NORMAL DEPARTURE LAST
                VALUE   (LST)  VALUE       VALUE  FROM      YEAR
                                                  NORMAL
..................................................................
TEMPERATURE (F)
 YESTERDAY
  MAXIMUM         75    155 PM  98    1988  81     -6       87
  MINIMUM         59   1159 PM  45    1979  61     -2       63
  AVERAGE         67                        71     -4       75

PRECIPITATION (IN)
  YESTERDAY        T             1.66 1981   0.15  -0.15     0.00
  MONTH TO DATE    3.20                      3.59  -0.39     3.09
  SINCE JUN 1      3.20                      3.59  -0.39     3.09
  SINCE JAN 1     21.91                     18.69   3.22    16.71

SNOWFALL (IN)
  YESTERDAY        0.0           0.0  2002   0.0    0.0      0.0
                                      2001
  MONTH TO DATE    0.0                       0.0    0.0      0.0
  SINCE OCT 1     32.0                      41.9   -9.9     29.6
  SINCE JUL 1     32.0                      41.9   -9.9     29.6
  SNOW DEPTH       0

DEGREE DAYS
 HEATING
  YESTERDAY        0                         0      0        0
  MONTH TO DATE   19                        38    -19       13
  SINCE JUN 1     19                        38    -19       13
  SINCE JUL 1   4641                      5710  -1069     4683

 COOLING
  YESTERDAY        2                         7     -5       10
  MONTH TO DATE  157                       115     42      180
  SINCE JUN 1    157                       115     42      180
  SINCE JAN 1    231                       167     64      250
..................................................................

WIND (MPH)
  HIGHEST WIND SPEED    21   HIGHEST WIND DIRECTION     W (280)
  HIGHEST GUST SPEED    29   HIGHEST GUST DIRECTION     W (270)
  AVERAGE WIND SPEED     8.4


SKY COVER
  POSSIBLE SUNSHINE  MM
  AVERAGE SKY COVER 0.4


WEATHER CONDITIONS
 THE FOLLOWING WEATHER WAS RECORDED YESTERDAY.
  LIGHT RAIN


RELATIVE HUMIDITY (PERCENT)
 HIGHEST    90           400 AM
 LOWEST     36           100 PM
 AVERAGE    63

..........................................................


THE PITTSBURGH PA CLIMATE NORMALS FOR TODAY
                         NORMAL    RECORD    YEAR
 MAXIMUM TEMPERATURE (F)   82        95      1966
 MINIMUM TEMPERATURE (F)   61        45      1960


SUNRISE AND SUNSET
JUNE 26 2017..........SUNRISE   552 AM EDT   SUNSET   855 PM EDT
JUNE 27 2017..........SUNRISE   552 AM EDT   SUNSET   855 PM EDT


-  INDICATES NEGATIVE NUMBERS.
R  INDICATES RECORD WAS SET OR TIED.
MM INDICATES DATA IS MISSING.
T  INDICATES TRACE AMOUNT.

&&

SNOW DEPTH IS MEASURED AT 7 AM EST OR 8 AM EDT.

$$
