000
CDUS41 KPBZ 260808
CLIPIT


CLIMATE REPORT
NATIONAL WEATHER SERVICE PITTSBURGH PA
306 AM EST MON JAN 26 2015


...................................

...THE PITTSBURGH PA CLIMATE SUMMARY FOR JANUARY 25 2015...

CLIMATE NORMAL PERIOD 1981 TO 2010
CLIMATE RECORD PERIOD 1871 TO 2015


WEATHER ITEM   OBSERVED TIME   RECORD YEAR NORMAL DEPARTURE LAST
                VALUE   (LST)  VALUE       VALUE  FROM      YEAR
                                                  NORMAL
..................................................................
TEMPERATURE (F)
 YESTERDAY
  MAXIMUM         35    301 PM  75    1950  36     -1       26
  MINIMUM         29   1159 PM -10    1961  21      8       12
  AVERAGE         32                        28      4       19

PRECIPITATION (IN)
  YESTERDAY        0.26          1.19 1933   0.08   0.18     0.23
  MONTH TO DATE    1.64                      2.19  -0.55     2.09
  SINCE JUN 1     23.39                     25.28  -1.89    26.40
  SINCE JAN 1      1.64                      2.19  -0.55     2.09

SNOWFALL (IN)
  YESTERDAY        3.2           5.2  2014   0.4    2.8      5.2
  MONTH TO DATE   10.7                       9.2    1.5     16.1
  SINCE OCT 1     14.0                      19.9   -5.9     40.5
  SINCE JUL 1     14.0                      19.9   -5.9     40.5
  SNOW DEPTH       1

DEGREE DAYS
 HEATING
  YESTERDAY       33                        37     -4       46
  MONTH TO DATE  957                       921     36     1033
  SINCE DEC 1   1866                      1933    -67     1982
  SINCE JUL 1   3104                      3096      8     3150

 COOLING
  YESTERDAY        0                         0      0        0
  MONTH TO DATE    0                         0      0        0
  SINCE DEC 1      0                         0      0        0
  SINCE JAN 1      0                         0      0        0
..................................................................


WIND (MPH)
  HIGHEST WIND SPEED    13   HIGHEST WIND DIRECTION    NE (60)
  HIGHEST GUST SPEED    19   HIGHEST GUST DIRECTION    SW (240)
  AVERAGE WIND SPEED     6.4


SKY COVER
  POSSIBLE SUNSHINE  MM
  AVERAGE SKY COVER 1.0


WEATHER CONDITIONS
 THE FOLLOWING WEATHER WAS RECORDED YESTERDAY.
  LIGHT RAIN
  SNOW
  LIGHT SNOW
  FOG


RELATIVE HUMIDITY (PERCENT)
 HIGHEST   100           400 PM
 LOWEST     89           400 AM
 AVERAGE    95

..........................................................


THE PITTSBURGH PA CLIMATE NORMALS FOR TODAY
                         NORMAL    RECORD    YEAR
 MAXIMUM TEMPERATURE (F)   36        68      1950
 MINIMUM TEMPERATURE (F)   21        -5      1897


SUNRISE AND SUNSET
JANUARY 26 2015.......SUNRISE   736 AM EST   SUNSET   531 PM EST
JANUARY 27 2015.......SUNRISE   735 AM EST   SUNSET   533 PM EST


-  INDICATES NEGATIVE NUMBERS.
R  INDICATES RECORD WAS SET OR TIED.
MM INDICATES DATA IS MISSING.
T  INDICATES TRACE AMOUNT.






&&
SNOW DEPTH IS MEASURED AT 7 AM EST OR 8 AM EDT.
$$
