000
CDUS41 KPBZ 282134
CLIPIT

CLIMATE REPORT
NATIONAL WEATHER SERVICE PITTSBURGH PA
534 PM EDT THU MAY 28 2015

...................................

...THE PITTSBURGH PA CLIMATE SUMMARY FOR MAY 28 2015...
VALID TODAY AS OF 0500 PM LOCAL TIME.

CLIMATE NORMAL PERIOD 1981 TO 2010
CLIMATE RECORD PERIOD 1871 TO 2015

WEATHER ITEM   OBSERVED TIME   RECORD YEAR NORMAL DEPARTURE LAST
                VALUE   (LST)  VALUE       VALUE  FROM      YEAR
                                                  NORMAL
..................................................................
TEMPERATURE (F)
 TODAY
  MAXIMUM         80    359 PM  92    1911  74      6       81
                                      1881
                                      1875
  MINIMUM         61    451 AM  35    1971  53      8       65
  AVERAGE         71                        64      7       73

PRECIPITATION (IN)
  TODAY            0.00          2.00 2000   0.14  -0.14     0.15
  MONTH TO DATE    2.40                      3.51  -1.11     4.32
  SINCE JUN 1     35.91                     37.75  -1.84    39.40
  SINCE JAN 1     14.16                     14.66  -0.50    15.09

SNOWFALL (IN)
  TODAY            0.0           0.0  2002   0.0    0.0      0.0
                                      2001
  MONTH TO DATE    0.0                       0.0    0.0      0.0
  SINCE OCT 1     47.5                      41.9    5.6     63.4
  SINCE JUL 1     47.5                      41.9    5.6     63.4
  SNOW DEPTH       0

DEGREE DAYS
 HEATING
  TODAY            0                         4     -4        0
  MONTH TO DATE   91                       186    -95      150
  SINCE MAR 1   1348                      1405    -57     1477
  SINCE JUL 1   6016                      5662    354     6008

 COOLING
  TODAY            6                         2      4        8
  MONTH TO DATE  111                        36     75       55
  SINCE MAR 1    112                        46     66       65
  SINCE JAN 1    112                        46     66       65
..................................................................

WIND (MPH)
  HIGHEST WIND SPEED    12   HIGHEST WIND DIRECTION     N (360)
  HIGHEST GUST SPEED    16   HIGHEST GUST DIRECTION     N (360)
  AVERAGE WIND SPEED     4.7


SKY COVER
  POSSIBLE SUNSHINE  MM
  AVERAGE SKY COVER 0.6


WEATHER CONDITIONS
 THE FOLLOWING WEATHER WAS RECORDED TODAY.
  NO SIGNIFICANT WEATHER WAS OBSERVED.


RELATIVE HUMIDITY (PERCENT)
 HIGHEST    90           400 AM
 LOWEST     42           300 PM
 AVERAGE    66

..........................................................


THE PITTSBURGH PA CLIMATE NORMALS FOR TOMORROW
                         NORMAL    RECORD    YEAR
 MAXIMUM TEMPERATURE (F)   74        95      1881
 MINIMUM TEMPERATURE (F)   53        39      1884


SUNRISE AND SUNSET
MAY 28 2015...........SUNRISE   555 AM EDT   SUNSET   842 PM EDT
MAY 29 2015...........SUNRISE   554 AM EDT   SUNSET   843 PM EDT


-  INDICATES NEGATIVE NUMBERS.
R  INDICATES RECORD WAS SET OR TIED.
MM INDICATES DATA IS MISSING.
T  INDICATES TRACE AMOUNT.

&&

SNOW DEPTH IS MEASURED AT 7 AM EST OR 8 AM EDT.

$$
