000
CDUS41 KPBZ 182212
CLIPIT

CLIMATE REPORT
NATIONAL WEATHER SERVICE PITTSBURGH PA
512 PM EST THU JAN 18 2018

...................................

...THE PITTSBURGH PA CLIMATE SUMMARY FOR JANUARY 18 2018...
VALID TODAY AS OF 0500 PM LOCAL TIME.

CLIMATE NORMAL PERIOD 1981 TO 2010
CLIMATE RECORD PERIOD 1871 TO 2018

WEATHER ITEM   OBSERVED TIME   RECORD YEAR NORMAL DEPARTURE LAST
                VALUE   (LST)  VALUE       VALUE  FROM      YEAR
                                                  NORMAL
..................................................................
TEMPERATURE (F)
 TODAY
  MAXIMUM         27    359 PM  69    1929  36     -9       50
  MINIMUM          7    453 AM -16    1994  21    -14       38
  AVERAGE         17                        28    -11       44

PRECIPITATION (IN)
  TODAY            0.00          0.71 1915   0.09  -0.09     0.01
  MONTH TO DATE    3.42                      1.59   1.83     1.97
  SINCE JUN 1     26.86                     24.68   2.18    23.36
  SINCE JAN 1      3.42                      1.59   1.83     1.97

SNOWFALL (IN)
  TODAY            0.0           4.7  2009   0.3   -0.3      0.0
  MONTH TO DATE   13.3                       6.5    6.8      2.4
  SINCE OCT 1     26.6                      17.2    9.4     10.5
  SINCE JUL 1     26.6                      17.2    9.4     10.5
  SNOW DEPTH       6

DEGREE DAYS
 HEATING
  TODAY           48                        37     11       21
  MONTH TO DATE  850                       662    188      590
  SINCE DEC 1   1907                      1674    233     1559
  SINCE JUL 1   2910                      2837     73     2406

 COOLING
  TODAY            0                         0      0        0
  MONTH TO DATE    0                         0      0        0
  SINCE DEC 1      0                         0      0        0
  SINCE JAN 1      0                         0      0        0
..................................................................

WIND (MPH)
  HIGHEST WIND SPEED    21   HIGHEST WIND DIRECTION    SW (240)
  HIGHEST GUST SPEED    26   HIGHEST GUST DIRECTION    SW (230)
  AVERAGE WIND SPEED    11.8


SKY COVER
  POSSIBLE SUNSHINE  MM
  AVERAGE SKY COVER 0.2


WEATHER CONDITIONS
 THE FOLLOWING WEATHER WAS RECORDED TODAY.
  HAZE


RELATIVE HUMIDITY (PERCENT)
 HIGHEST    88           400 AM
 LOWEST     50           300 PM
 AVERAGE    69

..........................................................


THE PITTSBURGH PA CLIMATE NORMALS FOR TOMORROW
                         NORMAL    RECORD    YEAR
 MAXIMUM TEMPERATURE (F)   36        69      1907
 MINIMUM TEMPERATURE (F)   21       -22      1994


SUNRISE AND SUNSET
JANUARY 18 2018.......SUNRISE   741 AM EST   SUNSET   522 PM EST
JANUARY 19 2018.......SUNRISE   740 AM EST   SUNSET   523 PM EST


-  INDICATES NEGATIVE NUMBERS.
R  INDICATES RECORD WAS SET OR TIED.
MM INDICATES DATA IS MISSING.
T  INDICATES TRACE AMOUNT.

&&

SNOW DEPTH IS MEASURED AT 7 AM EST OR 8 AM EDT.

$$
