000
CDUS41 KPBZ 232220
CLIPIT


CLIMATE REPORT
NATIONAL WEATHER SERVICE PITTSBURGH PA
519 PM EST SUN NOV 23 2014


...................................

...THE PITTSBURGH PA CLIMATE SUMMARY FOR NOVEMBER 23 2014...
VALID TODAY AS OF 0500 PM LOCAL TIME.

CLIMATE NORMAL PERIOD 1981 TO 2010
CLIMATE RECORD PERIOD 1871 TO 2014


WEATHER ITEM   OBSERVED TIME   RECORD YEAR NORMAL DEPARTURE LAST
                VALUE   (LST)  VALUE       VALUE  FROM      YEAR
                                                  NORMAL
..................................................................
TEMPERATURE (F)
 TODAY
  MAXIMUM         63    242 PM  74    1979  48     15       38
  MINIMUM         44    747 AM   8    1880  33     11       20
  AVERAGE         54                        40     14       29

PRECIPITATION (IN)
  TODAY            T             1.33 1961   0.11  -0.11     0.02
  MONTH TO DATE    1.57                      2.47  -0.90     2.10
  SINCE JUN 1     18.72                     19.48  -0.76    20.18
  SINCE JAN 1     33.81                     34.58  -0.77    32.52

SNOWFALL (IN)
  TODAY            0.0           2.4  2005   0.1   -0.1      0.9
  MONTH TO DATE    0.5                       1.3   -0.8      4.7
  SINCE OCT 1      0.5                       1.7   -1.2      4.8
  SINCE JUL 1      0.5                       1.7   -1.2      4.8
  SNOW DEPTH       0

DEGREE DAYS
 HEATING
  TODAY           11                        25    -14       36
  MONTH TO DATE  603                       477    126      496
  SINCE SEP 1   1042                       965     77      891
  SINCE JUL 1   1063                       978     85      902

 COOLING
  TODAY            0                         0      0        0
  MONTH TO DATE    0                         0      0        0
  SINCE SEP 1     79                        84     -5      112
  SINCE JAN 1    700                       736    -36      831
..................................................................


WIND (MPH)
  HIGHEST WIND SPEED    15   HIGHEST WIND DIRECTION    SE (150)
  HIGHEST GUST SPEED    18   HIGHEST GUST DIRECTION    SE (130)
  AVERAGE WIND SPEED     7.6


SKY COVER
  POSSIBLE SUNSHINE  MM
  AVERAGE SKY COVER 0.9


WEATHER CONDITIONS
 THE FOLLOWING WEATHER WAS RECORDED TODAY.
  LIGHT RAIN


RELATIVE HUMIDITY (PERCENT)
 HIGHEST    60           500 PM
 LOWEST     39           100 AM
 AVERAGE    50

..........................................................


THE PITTSBURGH PA CLIMATE NORMALS FOR TOMORROW
                         NORMAL    RECORD    YEAR
 MAXIMUM TEMPERATURE (F)   48        69      1931
 MINIMUM TEMPERATURE (F)   32        11      1950


SUNRISE AND SUNSET
NOVEMBER 23 2014......SUNRISE   716 AM EST   SUNSET   458 PM EST
NOVEMBER 24 2014......SUNRISE   717 AM EST   SUNSET   457 PM EST


-  INDICATES NEGATIVE NUMBERS.
R  INDICATES RECORD WAS SET OR TIED.
MM INDICATES DATA IS MISSING.
T  INDICATES TRACE AMOUNT.






&&
SNOW DEPTH IS MEASURED AT 7 AM EST OR 8 AM EDT.
$$
