000
CDUS41 KPBZ 192110
CLIPIT

CLIMATE REPORT
NATIONAL WEATHER SERVICE PITTSBURGH PA
510 PM EDT SAT AUG 19 2017

...................................

...THE PITTSBURGH PA CLIMATE SUMMARY FOR AUGUST 19 2017...
VALID TODAY AS OF 0500 PM LOCAL TIME.

CLIMATE NORMAL PERIOD 1981 TO 2010
CLIMATE RECORD PERIOD 1871 TO 2017

WEATHER ITEM   OBSERVED TIME   RECORD YEAR NORMAL DEPARTURE LAST
                VALUE   (LST)  VALUE       VALUE  FROM      YEAR
                                                  NORMAL
..................................................................
TEMPERATURE (F)
 TODAY
  MAXIMUM         85    158 PM  96    1884  82      3       85
  MINIMUM         65    612 AM  43    1977  61      4       64
  AVERAGE         75                        71      4       75

PRECIPITATION (IN)
  TODAY            0.61          1.91 1990   0.11   0.50     0.00
  MONTH TO DATE    1.88                      2.20  -0.32     2.64
  SINCE JUN 1     12.08                     10.33   1.75     8.86
  SINCE JAN 1     30.79                     25.43   5.36    22.48

SNOWFALL (IN)
  TODAY            0.0           0.0  2002   0.0    0.0      0.0
                                      2001
  MONTH TO DATE    0.0                       0.0    0.0      0.0
  SINCE OCT 1     32.0                      41.9   -9.9     29.6
  SINCE JUL 1      0.0                       0.0    0.0      0.0
  SNOW DEPTH       0

DEGREE DAYS
 HEATING
  TODAY            0                         0      0        0
  MONTH TO DATE    0                         0      0        0
  SINCE JUN 1     26                        42    -16       15
  SINCE JUL 1      0                         4     -4        1

 COOLING
  TODAY           10                         7      3       10
  MONTH TO DATE  131                       137     -6      233
  SINCE JUN 1    583                       528     55      788
  SINCE JAN 1    657                       580     77      858
..................................................................

WIND (MPH)
  HIGHEST WIND SPEED    31   HIGHEST WIND DIRECTION    NW (330)
  HIGHEST GUST SPEED    42   HIGHEST GUST DIRECTION     W (290)
  AVERAGE WIND SPEED     5.5


SKY COVER
  POSSIBLE SUNSHINE  MM
  AVERAGE SKY COVER 0.5


WEATHER CONDITIONS
 THE FOLLOWING WEATHER WAS RECORDED TODAY.
  THUNDERSTORM
  RAIN
  LIGHT RAIN
  FOG


RELATIVE HUMIDITY (PERCENT)
 HIGHEST   100           600 AM
 LOWEST     55           200 PM
 AVERAGE    78

..........................................................


THE PITTSBURGH PA CLIMATE NORMALS FOR TOMORROW
                         NORMAL    RECORD    YEAR
 MAXIMUM TEMPERATURE (F)   81        98      1884
 MINIMUM TEMPERATURE (F)   61        45      1977


SUNRISE AND SUNSET
AUGUST 19 2017........SUNRISE   636 AM EDT   SUNSET   812 PM EDT
AUGUST 20 2017........SUNRISE   637 AM EDT   SUNSET   811 PM EDT


-  INDICATES NEGATIVE NUMBERS.
R  INDICATES RECORD WAS SET OR TIED.
MM INDICATES DATA IS MISSING.
T  INDICATES TRACE AMOUNT.

&&

SNOW DEPTH IS MEASURED AT 7 AM EST OR 8 AM EDT.

$$
