000
CDUS41 KPBZ 290724
CLIPIT

CLIMATE REPORT
NATIONAL WEATHER SERVICE PITTSBURGH PA
324 AM EDT FRI APR 29 2016

...................................

...THE PITTSBURGH PA CLIMATE SUMMARY FOR APRIL 28 2016...

CLIMATE NORMAL PERIOD 1981 TO 2010
CLIMATE RECORD PERIOD 1871 TO 2016

WEATHER ITEM   OBSERVED TIME   RECORD YEAR NORMAL DEPARTURE LAST
                VALUE   (LST)  VALUE       VALUE  FROM      YEAR
                                                  NORMAL
..................................................................
TEMPERATURE (F)
 YESTERDAY
  MAXIMUM         55   1203 AM  88    1990  66    -11       64
                                      1986
  MINIMUM         47   1159 PM  29    1934  44      3       36
  AVERAGE         51                        55     -4       50

PRECIPITATION (IN)
  YESTERDAY        0.21          1.82 1874   0.10   0.11     0.00
  MONTH TO DATE    2.03                      2.90  -0.87     3.62
  SINCE JUN 1     35.87                     34.03   1.84    33.18
  SINCE JAN 1      9.79                     10.94  -1.15    11.43

SNOWFALL (IN)
  YESTERDAY        0.0           3.0  1928   0.0    0.0      0.0
  MONTH TO DATE    3.1                       1.5    1.6      0.3
  SINCE OCT 1     29.6                      41.9  -12.3     47.5
  SINCE JUL 1     29.6                      41.9  -12.3     47.5
  SNOW DEPTH       0

DEGREE DAYS
 HEATING
  YESTERDAY       14                        10      4       15
  MONTH TO DATE  384                       410    -26      338
  SINCE MAR 1    904                      1198   -294     1236
  SINCE JUL 1   4470                      5455   -985     5904

 COOLING
  YESTERDAY        0                         0      0        0
  MONTH TO DATE    1                         0      1        1
  SINCE MAR 1      3                         1      2        1
  SINCE JAN 1      3                         1      2        1
..................................................................

WIND (MPH)
  HIGHEST WIND SPEED    10   HIGHEST WIND DIRECTION     N (20)
  HIGHEST GUST SPEED    17   HIGHEST GUST DIRECTION    NE (60)
  AVERAGE WIND SPEED     6.6


SKY COVER
  POSSIBLE SUNSHINE  MM
  AVERAGE SKY COVER 1.0


WEATHER CONDITIONS
 THE FOLLOWING WEATHER WAS RECORDED YESTERDAY.
  RAIN
  LIGHT RAIN
  FOG


RELATIVE HUMIDITY (PERCENT)
 HIGHEST    93          1000 PM
 LOWEST     35           300 AM
 AVERAGE    64

..........................................................


THE PITTSBURGH PA CLIMATE NORMALS FOR TODAY
                         NORMAL    RECORD    YEAR
 MAXIMUM TEMPERATURE (F)   66        88      1899
 MINIMUM TEMPERATURE (F)   44        28      1977


SUNRISE AND SUNSET
APRIL 29 2016.........SUNRISE   622 AM EDT   SUNSET   815 PM EDT
APRIL 30 2016.........SUNRISE   621 AM EDT   SUNSET   816 PM EDT


-  INDICATES NEGATIVE NUMBERS.
R  INDICATES RECORD WAS SET OR TIED.
MM INDICATES DATA IS MISSING.
T  INDICATES TRACE AMOUNT.

&&

SNOW DEPTH IS MEASURED AT 7 AM EST OR 8 AM EDT.

$$
