000
CDUS41 KPBZ 280701
CLIPIT

CLIMATE REPORT
NATIONAL WEATHER SERVICE PITTSBURGH PA
300 AM EDT THU JUL 28 2016

...................................

...THE PITTSBURGH PA CLIMATE SUMMARY FOR JULY 27 2016...

CLIMATE NORMAL PERIOD 1981 TO 2010
CLIMATE RECORD PERIOD 1871 TO 2016

WEATHER ITEM   OBSERVED TIME   RECORD YEAR NORMAL DEPARTURE LAST
                VALUE   (LST)  VALUE       VALUE  FROM      YEAR
                                                  NORMAL
..................................................................
TEMPERATURE (F)
 YESTERDAY
  MAXIMUM         90        MM  96    1941  82      8       89
                                      1877
  MINIMUM         69        MM  44    1977  63      6       68
  AVERAGE         80                        73      7       79

PRECIPITATION (IN)
  YESTERDAY        T             2.22 1943   0.12  -0.12     0.00
  MONTH TO DATE    1.81                      3.36  -1.55     3.61
  SINCE JUN 1      4.91                      7.66  -2.75    10.95
  SINCE JAN 1     18.53                     22.76  -4.23    25.43

SNOWFALL (IN)
  YESTERDAY        0.0           0.0  2002   0.0    0.0      0.0
                                      2001
  MONTH TO DATE    0.0                       0.0    0.0      0.0
  SINCE OCT 1     29.6                      41.9  -12.3     47.5
  SINCE JUL 1      0.0                       0.0    0.0      0.0
  SNOW DEPTH       0

DEGREE DAYS
 HEATING
  YESTERDAY        0                         0      0        0
  MONTH TO DATE    1                         0      1        0
  SINCE JUN 1     15                        38    -23       25
  SINCE JUL 1      1                         0      1        0

 COOLING
  YESTERDAY       15                         8      7       14
  MONTH TO DATE  299                       213     86      210
  SINCE JUN 1    519                       363    156      403
  SINCE JAN 1    589                       415    174      537
..................................................................

WIND (MPH)
  HIGHEST WIND SPEED     6   HIGHEST WIND DIRECTION    NE (60)
  HIGHEST GUST SPEED    MM   HIGHEST GUST DIRECTION    MM
  AVERAGE WIND SPEED     2.4


SKY COVER
  POSSIBLE SUNSHINE   0 PERCENT
  AVERAGE SKY COVER 0.0


WEATHER CONDITIONS
 THE FOLLOWING WEATHER WAS RECORDED YESTERDAY.
  NO SIGNIFICANT WEATHER WAS OBSERVED.


RELATIVE HUMIDITY (PERCENT)
 HIGHEST     0          1200 AM
 LOWEST      0          1200 AM
 AVERAGE     0

..........................................................


THE PITTSBURGH PA CLIMATE NORMALS FOR TODAY
                         NORMAL    RECORD    YEAR
 MAXIMUM TEMPERATURE (F)   82        96      1993
                                             1941
                                             1930
 MINIMUM TEMPERATURE (F)   63        47      1962


SUNRISE AND SUNSET
JULY 28 2016..........SUNRISE   615 AM EDT   SUNSET   839 PM EDT
JULY 29 2016..........SUNRISE   616 AM EDT   SUNSET   838 PM EDT


-  INDICATES NEGATIVE NUMBERS.
R  INDICATES RECORD WAS SET OR TIED.
MM INDICATES DATA IS MISSING.
T  INDICATES TRACE AMOUNT.

&&

SNOW DEPTH IS MEASURED AT 7 AM EST OR 8 AM EDT.

$$
