642
CDUS41 KRLX 200824
CLIPKB


CLIMATE REPORT
NATIONAL WEATHER SERVICE CHARLESTON WV
324 AM EST FRI JAN 20 2017


...................................

...THE PARKERSBURG WV CLIMATE SUMMARY FOR JANUARY 19 2017...

CLIMATE NORMAL PERIOD 1981 TO 2010
CLIMATE RECORD PERIOD 1889 TO 2017


WEATHER ITEM   OBSERVED TIME   RECORD YEAR NORMAL DEPARTURE LAST
                VALUE   (LST)  VALUE       VALUE  FROM      YEAR
                                                  NORMAL
..................................................................
TEMPERATURE (F)
 YESTERDAY
  MAXIMUM         45    404 PM  71    1907  40      5       21
  MINIMUM         36   1118 PM -24    1994  23     13        5
  AVERAGE         41                        31     10       13

PRECIPITATION (IN)
  YESTERDAY        0.00          0.34 2000   0.09  -0.09     0.00
  MONTH TO DATE    3.01                      1.79   1.22     1.30
  SINCE JAN 1      3.01                      1.79   1.22     1.30

SNOWFALL (IN)
  YESTERDAY       MM
  MONTH TO DATE   MM
  SINCE SEP 1     MM
  SNOW DEPTH      MM

DEGREE DAYS
 HEATING
  YESTERDAY       24                        34    -10       52
  MONTH TO DATE  543                       639    -96      667
  SINCE DEC 1   1403                      1564   -161     1210
  SINCE JUL 1   2157                      2549   -392     1972

 COOLING
  YESTERDAY        0                         0      0        0
  MONTH TO DATE    0                         0      0        0
  SINCE DEC 1      0                         0      0        0
  SINCE JAN 1      0                         0      0        0
..................................................................


WIND (MPH)
  HIGHEST WIND SPEED    10   HIGHEST WIND DIRECTION     E (80)
  HIGHEST GUST SPEED    12   HIGHEST GUST DIRECTION     E (70)
  AVERAGE WIND SPEED     2.4


SKY COVER
  POSSIBLE SUNSHINE  MM
  AVERAGE SKY COVER 0.7


WEATHER CONDITIONS
 THE FOLLOWING WEATHER WAS RECORDED YESTERDAY.
  FOG


RELATIVE HUMIDITY (PERCENT)
 HIGHEST    92           900 AM
 LOWEST     76           200 PM
 AVERAGE    84

..........................................................


THE PARKERSBURG WV CLIMATE NORMALS FOR TODAY
                         NORMAL    RECORD    YEAR
 MAXIMUM TEMPERATURE (F)   40        71      1906
 MINIMUM TEMPERATURE (F)   23       -18      1985


SUNRISE AND SUNSET
JANUARY 20 2017.......SUNRISE   741 AM EST   SUNSET   533 PM EST
JANUARY 21 2017.......SUNRISE   741 AM EST   SUNSET   534 PM EST


-  INDICATES NEGATIVE NUMBERS.
R  INDICATES RECORD WAS SET OR TIED.
MM INDICATES DATA IS MISSING.
T  INDICATES TRACE AMOUNT.




$$
