890
CDUS41 KRLX 282131
CLIPKB


CLIMATE REPORT
NATIONAL WEATHER SERVICE CHARLESTON WV
530 PM EDT FRI APR 28 2017


...................................

...THE PARKERSBURG WV CLIMATE SUMMARY FOR APRIL 28 2017...
VALID TODAY AS OF 0500 PM LOCAL TIME.

CLIMATE NORMAL PERIOD 1981 TO 2010
CLIMATE RECORD PERIOD 1889 TO 2017


WEATHER ITEM   OBSERVED TIME   RECORD YEAR NORMAL DEPARTURE LAST
                VALUE   (LST)  VALUE       VALUE  FROM      YEAR
                                                  NORMAL
..................................................................
TEMPERATURE (F)
 TODAY
  MAXIMUM         81    302 PM  91    1986  70     11       78
  MINIMUM         45    616 AM  27    1934  46     -1       57
  AVERAGE         63                        58      5       68

PRECIPITATION (IN)
  TODAY            0.00          1.43 2002   0.11  -0.11     0.30
  MONTH TO DATE    3.48                      3.05   0.43     4.14
  SINCE MAR 1      8.03                      6.78   1.25     6.92
  SINCE JAN 1     16.58                     12.43   4.15    12.46

DEGREE DAYS
 HEATING
  TODAY            2                         8     -6        0
  MONTH TO DATE  183                       330   -147      316
  SINCE MAR 1    819                      1001   -182      753
  SINCE JUL 1   3850                      4791   -941     3966

 COOLING
  TODAY            0                         1     -1        3
  MONTH TO DATE   22                        18      4       12
  SINCE MAR 1     24                        21      3       20
  SINCE JAN 1     28                        21      7       20
..................................................................


WIND (MPH)
  HIGHEST WIND SPEED    12   HIGHEST WIND DIRECTION     S (180)
  HIGHEST GUST SPEED    15   HIGHEST GUST DIRECTION     S (190)
  AVERAGE WIND SPEED     2.2


SKY COVER
  POSSIBLE SUNSHINE  MM
  AVERAGE SKY COVER 0.0


WEATHER CONDITIONS
 THE FOLLOWING WEATHER WAS RECORDED TODAY.
  FOG


RELATIVE HUMIDITY (PERCENT)
 HIGHEST    93           300 AM
 LOWEST     39           300 PM
 AVERAGE    66

..........................................................


THE PARKERSBURG WV CLIMATE NORMALS FOR TOMORROW
                         NORMAL    RECORD    YEAR
 MAXIMUM TEMPERATURE (F)   70        89      1899
 MINIMUM TEMPERATURE (F)   46        31      2010
                                             1992


SUNRISE AND SUNSET
APRIL 28 2017.........SUNRISE   630 AM EDT   SUNSET   816 PM EDT
APRIL 29 2017.........SUNRISE   629 AM EDT   SUNSET   817 PM EDT


-  INDICATES NEGATIVE NUMBERS.
R  INDICATES RECORD WAS SET OR TIED.
MM INDICATES DATA IS MISSING.
T  INDICATES TRACE AMOUNT.




$$
