000
CDUS41 KRLX 032118
CLIPKB


CLIMATE REPORT
NATIONAL WEATHER SERVICE CHARLESTON WV
517 PM EDT THU SEP 3 2015


...................................

...THE PARKERSBURG WV CLIMATE SUMMARY FOR SEPTEMBER 3 2015...
VALID TODAY AS OF 0500 PM LOCAL TIME.

CLIMATE NORMAL PERIOD 1981 TO 2010
CLIMATE RECORD PERIOD 1889 TO 2015


WEATHER ITEM   OBSERVED TIME   RECORD YEAR NORMAL DEPARTURE LAST
                VALUE   (LST)  VALUE       VALUE  FROM      YEAR
                                                  NORMAL
..................................................................
TEMPERATURE (F)
 TODAY
  MAXIMUM         86    302 PM 102    1953  82      4       86
  MINIMUM         67    536 AM  43    1893  59      8       65
  AVERAGE         77                        71      6       76

PRECIPITATION (IN)
  TODAY            T             0.51 2012   0.12  -0.12     0.00
  MONTH TO DATE    0.78                      0.34   0.44     0.20
  SINCE SEP 1      0.78                      0.34   0.44     MM
  SINCE JAN 1     28.75                     29.13  -0.38     MM

DEGREE DAYS
 HEATING
  TODAY            0                         1     -1        0
  MONTH TO DATE    0                         1     -1        0
  SINCE SEP 1      0                         1     -1        MM
  SINCE JUL 1      3                         6     -3        MM

 COOLING
  TODAY           12                         6      6       11
  MONTH TO DATE   39                        19     20       39
  SINCE SEP 1     39                        19     20       MM
  SINCE JAN 1    915                       849     66       MM
..................................................................


WIND (MPH)
  HIGHEST WIND SPEED    17   HIGHEST WIND DIRECTION    NW (310)
  HIGHEST GUST SPEED    26   HIGHEST GUST DIRECTION     N (360)
  AVERAGE WIND SPEED     2.9


SKY COVER
  POSSIBLE SUNSHINE  MM
  AVERAGE SKY COVER 0.2


WEATHER CONDITIONS
 THE FOLLOWING WEATHER WAS RECORDED TODAY.
  THUNDERSTORM
  LIGHT RAIN
  FOG


RELATIVE HUMIDITY (PERCENT)
 HIGHEST   100           300 AM
 LOWEST     61           200 PM
 AVERAGE    81

..........................................................


THE PARKERSBURG WV CLIMATE NORMALS FOR TOMORROW
                         NORMAL    RECORD    YEAR
 MAXIMUM TEMPERATURE (F)   82        96      1953
 MINIMUM TEMPERATURE (F)   59        42      1997


SUNRISE AND SUNSET
SEPTEMBER  3 2015.....SUNRISE   656 AM EDT   SUNSET   754 PM EDT
SEPTEMBER  4 2015.....SUNRISE   657 AM EDT   SUNSET   752 PM EDT


-  INDICATES NEGATIVE NUMBERS.
R  INDICATES RECORD WAS SET OR TIED.
MM INDICATES DATA IS MISSING.
T  INDICATES TRACE AMOUNT.




$$
