594
CDUS41 KRLX 100907
CLIPKB


CLIMATE REPORT
NATIONAL WEATHER SERVICE CHARLESTON WV
406 AM EST WED FEB 10 2016


...................................

...THE PARKERSBURG WV CLIMATE SUMMARY FOR FEBRUARY 9 2016...

CLIMATE NORMAL PERIOD 1981 TO 2010
CLIMATE RECORD PERIOD 1889 TO 2016


WEATHER ITEM   OBSERVED TIME   RECORD YEAR NORMAL DEPARTURE LAST
                VALUE   (LST)  VALUE       VALUE  FROM      YEAR
                                                  NORMAL
..................................................................
TEMPERATURE (F)
 YESTERDAY
  MAXIMUM         32    257 AM  68    2001  42    -10       54
  MINIMUM         23   1159 PM -12    1899  25     -2       27
  AVERAGE         28                        34     -6       41

PRECIPITATION (IN)
  YESTERDAY        0.30          0.48 2010   0.10   0.20     0.03
  MONTH TO DATE    1.07                      0.88   0.19     0.67
  SINCE JAN 1      2.82                      3.83  -1.01     2.90

SNOWFALL (IN)
  YESTERDAY       MM
  MONTH TO DATE   MM
  SINCE SEP 1     MM
  SINCE JUL 1     MM
  SNOW DEPTH      MM

DEGREE DAYS
 HEATING
  YESTERDAY       37                        31      6       24
  MONTH TO DATE  236                       289    -53      274
  SINCE DEC 1   1864                      2249   -385     2204
  SINCE JUL 1   2626                      3234   -608     3315

 COOLING
  YESTERDAY        0                         0      0        0
  MONTH TO DATE    0                         0      0        0
  SINCE DEC 1      0                         0      0        0
  SINCE JAN 1      0                         0      0        0
..................................................................


WIND (MPH)
  HIGHEST WIND SPEED    18   HIGHEST WIND DIRECTION     W (260)
  HIGHEST GUST SPEED    30   HIGHEST GUST DIRECTION     W (270)
  AVERAGE WIND SPEED    10.2


SKY COVER
  POSSIBLE SUNSHINE  MM
  AVERAGE SKY COVER 1.0


WEATHER CONDITIONS
 THE FOLLOWING WEATHER WAS RECORDED YESTERDAY.
  SNOW
  LIGHT SNOW
  FOG
  HAZE


RELATIVE HUMIDITY (PERCENT)
 HIGHEST    92          1200 AM
 LOWEST     81           900 AM
 AVERAGE    87

..........................................................


THE PARKERSBURG WV CLIMATE NORMALS FOR TODAY
                         NORMAL    RECORD    YEAR
 MAXIMUM TEMPERATURE (F)   43        72      1976
 MINIMUM TEMPERATURE (F)   25       -27      1899


SUNRISE AND SUNSET
FEBRUARY 10 2016......SUNRISE   724 AM EST   SUNSET   556 PM EST
FEBRUARY 11 2016......SUNRISE   723 AM EST   SUNSET   557 PM EST


-  INDICATES NEGATIVE NUMBERS.
R  INDICATES RECORD WAS SET OR TIED.
MM INDICATES DATA IS MISSING.
T  INDICATES TRACE AMOUNT.




$$
