000
CDUS46 KLOX 050906
CLIPMD


CLIMATE REPORT
NATIONAL WEATHER SERVICE LOS ANGELES/OXNARD CA
206 AM PDT THU MAY 5 2016


...................................

...THE PALMDALE AIRPORT CA CLIMATE SUMMARY FOR MAY 4 2016...

CLIMATE NORMAL PERIOD 1981 TO 2010
CLIMATE RECORD PERIOD 1931 TO 2016


WEATHER ITEM   OBSERVED TIME   RECORD YEAR NORMAL DEPARTURE LAST
                VALUE   (LST)  VALUE       VALUE  FROM      YEAR
                                                  NORMAL
..................................................................
TEMPERATURE (F)
 YESTERDAY
  MAXIMUM         85   1135 AM 100    1947  79      6       78
  MINIMUM         50    520 AM  33    1938  49      1       56
  AVERAGE         68                        64      4       67

PRECIPITATION (IN)
  YESTERDAY        0.00          0.15 1998   0.02  -0.02     0.00
  MONTH TO DATE    T                         0.06  -0.06     0.00
  SINCE OCT 1      4.28                      7.49  -3.21     4.12
  SINCE JAN 1      2.47                      5.04  -2.57     1.55

SNOWFALL (IN)
  YESTERDAY        0.0           0.0  1973  MM               0.0
  MONTH TO DATE    0.0                      MM               0.0
  SINCE MAR 1      0.0                      MM               0.0
  SINCE JUL 1      T                        MM               0.0
  SNOW DEPTH       0

DEGREE DAYS
 HEATING
  YESTERDAY        0                         4     -4        0
  MONTH TO DATE    2                        16    -14        0
  SINCE MAR 1    385                       621   -236      346
  SINCE JUL 1   2546                      2866   -320     2001

 COOLING
  YESTERDAY        3                         2      1        2
  MONTH TO DATE    8                         8      0       22
  SINCE MAR 1     28                        31     -3       57
  SINCE JAN 1     28                        31     -3       57
..................................................................


WIND (MPH)
  HIGHEST WIND SPEED    28   HIGHEST WIND DIRECTION     S (160)
  HIGHEST GUST SPEED    36   HIGHEST GUST DIRECTION     S (170)
  AVERAGE WIND SPEED    12.2


SKY COVER
  POSSIBLE SUNSHINE  MM
  AVERAGE SKY COVER 0.0


WEATHER CONDITIONS
 THE FOLLOWING WEATHER WAS RECORDED YESTERDAY.
  NO SIGNIFICANT WEATHER WAS OBSERVED.


RELATIVE HUMIDITY (PERCENT)
 HIGHEST    71          1100 PM
 LOWEST     12           200 PM
 AVERAGE    42

..........................................................


THE PALMDALE AIRPORT CA CLIMATE NORMALS FOR TODAY
                         NORMAL    RECORD    YEAR
 MAXIMUM TEMPERATURE (F)   79       100      1947
 MINIMUM TEMPERATURE (F)   49        36      1975


SUNRISE AND SUNSET
MAY  5 2016...........SUNRISE   558 AM PDT   SUNSET   741 PM PDT
MAY  6 2016...........SUNRISE   557 AM PDT   SUNSET   742 PM PDT


-  INDICATES NEGATIVE NUMBERS.
R  INDICATES RECORD WAS SET OR TIED.
MM INDICATES DATA IS MISSING.
T  INDICATES TRACE AMOUNT.




$$
