544
CDUS46 KLOX 210856
CLIPMD


CLIMATE REPORT
NATIONAL WEATHER SERVICE LOS ANGELES/OXNARD CA
1256 AM PST TUE FEB 21 2017


...................................

...THE PALMDALE AIRPORT CA CLIMATE SUMMARY FOR FEBRUARY 20 2017...

CLIMATE NORMAL PERIOD 1981 TO 2010
CLIMATE RECORD PERIOD 1931 TO 2017


WEATHER ITEM   OBSERVED TIME   RECORD YEAR NORMAL DEPARTURE LAST
                VALUE   (LST)  VALUE       VALUE  FROM      YEAR
                                                  NORMAL
..................................................................
TEMPERATURE (F)
 YESTERDAY
  MAXIMUM         62    202 PM  81    1977  62      0       67
  MINIMUM         50    238 AM  16    1953  37     13       32
  AVERAGE         56                        50      6       50

PRECIPITATION (IN)
  YESTERDAY        0.00          1.03 1941   0.07  -0.07     0.00
  MONTH TO DATE    1.71                      1.26   0.45     0.09
  SINCE OCT 1      5.82                      5.28   0.54     3.26
  SINCE JAN 1      4.03                      2.83   1.20     1.45

SNOWFALL (IN)
  YESTERDAY        0.0           0.0  1974  MM               0.0
  MONTH TO DATE    0.0                      MM               0.0
  SINCE DEC 1      0.0                      MM                T
  SINCE JUL 1      0.0                      MM                T
  SNOW DEPTH       0

DEGREE DAYS
 HEATING
  YESTERDAY        9                        15     -6       15
  MONTH TO DATE  206                       343   -137      294
  SINCE DEC 1   1376                      1600   -224     1563
  SINCE JUL 1   1759                      2127   -368     2086

 COOLING
  YESTERDAY        0                         0      0        0
  MONTH TO DATE    0                         0      0        0
  SINCE DEC 1      0                         0      0        0
  SINCE JAN 1      0                         0      0        0
..................................................................


WIND (MPH)
  HIGHEST WIND SPEED    32   HIGHEST WIND DIRECTION    SW (220)
  HIGHEST GUST SPEED    37   HIGHEST GUST DIRECTION    SW (220)
  AVERAGE WIND SPEED    16.8


SKY COVER
  POSSIBLE SUNSHINE  MM
  AVERAGE SKY COVER 0.3


WEATHER CONDITIONS
 THE FOLLOWING WEATHER WAS RECORDED YESTERDAY.
  NO SIGNIFICANT WEATHER WAS OBSERVED.


RELATIVE HUMIDITY (PERCENT)
 HIGHEST    89          1100 PM
 LOWEST     64           300 PM
 AVERAGE    77

..........................................................


THE PALMDALE AIRPORT CA CLIMATE NORMALS FOR TODAY
                         NORMAL    RECORD    YEAR
 MAXIMUM TEMPERATURE (F)   63        77      1991
 MINIMUM TEMPERATURE (F)   37        11      1953


SUNRISE AND SUNSET
FEBRUARY 21 2017......SUNRISE   631 AM PST   SUNSET   541 PM PST
FEBRUARY 22 2017......SUNRISE   630 AM PST   SUNSET   542 PM PST


-  INDICATES NEGATIVE NUMBERS.
R  INDICATES RECORD WAS SET OR TIED.
MM INDICATES DATA IS MISSING.
T  INDICATES TRACE AMOUNT.




$$
