000
CDUS46 KLOX 171152
CLIPMD


CLIMATE REPORT
NATIONAL WEATHER SERVICE LOS ANGELES/OXNARD CA
451 AM PDT TUE OCT 17 2017


...................................

...THE PALMDALE AIRPORT CA CLIMATE SUMMARY FOR OCTOBER 16 2017...

CLIMATE NORMAL PERIOD 1981 TO 2010
CLIMATE RECORD PERIOD 1931 TO 2017


WEATHER ITEM   OBSERVED TIME   RECORD YEAR NORMAL DEPARTURE LAST
                VALUE   (LST)  VALUE       VALUE  FROM      YEAR
                                                  NORMAL
..................................................................
TEMPERATURE (F)
 YESTERDAY
  MAXIMUM         85    407 PM 100    1932  78      7       72
  MINIMUM         45    537 AM  32    1981  48     -3       57
  AVERAGE         65                        63      2       65

PRECIPITATION (IN)
  YESTERDAY        0.00          0.12 1963   0.02  -0.02     0.00
  MONTH TO DATE    0.00                      0.25  -0.25     0.00
  SINCE OCT 1      0.00                      0.25  -0.25     0.00
  SINCE JAN 1      4.56                      6.10  -1.54     2.47

SNOWFALL (IN)
  YESTERDAY        0.0           0.0  1973  MM               0.0
  MONTH TO DATE    0.0                      MM               0.0
  SINCE SEP 1      0.0                      MM               0.0
  SINCE JUL 1      0.0                      MM               0.0
  SNOW DEPTH       0

DEGREE DAYS
 HEATING
  YESTERDAY        0                         3     -3        0
  MONTH TO DATE   34                        34      0       15
  SINCE SEP 1     53                        46      7       20
  SINCE JUL 1     53                        46      7       20

 COOLING
  YESTERDAY        0                         2     -2        0
  MONTH TO DATE   19                        48    -29       36
  SINCE SEP 1    306                       323    -17      312
  SINCE JAN 1   2219                      1805    414     2076
..................................................................


WIND (MPH)
  HIGHEST WIND SPEED    12   HIGHEST WIND DIRECTION     S (200)
  HIGHEST GUST SPEED    MM   HIGHEST GUST DIRECTION    MM
  AVERAGE WIND SPEED     4.5


SKY COVER
  POSSIBLE SUNSHINE  MM
  AVERAGE SKY COVER 0.0


WEATHER CONDITIONS
 THE FOLLOWING WEATHER WAS RECORDED YESTERDAY.
  NO SIGNIFICANT WEATHER WAS OBSERVED.


RELATIVE HUMIDITY (PERCENT)
 HIGHEST    31           600 AM
 LOWEST      5           200 PM
 AVERAGE    18

..........................................................


THE PALMDALE AIRPORT CA CLIMATE NORMALS FOR TODAY
                         NORMAL    RECORD    YEAR
 MAXIMUM TEMPERATURE (F)   78        92      2009
 MINIMUM TEMPERATURE (F)   48        29      1966


SUNRISE AND SUNSET
OCTOBER 17 2017.......SUNRISE   700 AM PDT   SUNSET   615 PM PDT
OCTOBER 18 2017.......SUNRISE   701 AM PDT   SUNSET   614 PM PDT


-  INDICATES NEGATIVE NUMBERS.
R  INDICATES RECORD WAS SET OR TIED.
MM INDICATES DATA IS MISSING.
T  INDICATES TRACE AMOUNT.




$$
