968
CDUS46 KLOX 070910
CLIPMD


CLIMATE REPORT
NATIONAL WEATHER SERVICE LOS ANGELES/OXNARD CA
109 AM PST WED DEC 7 2016


...................................

...THE PALMDALE AIRPORT CA CLIMATE SUMMARY FOR DECEMBER 6 2016...

CLIMATE NORMAL PERIOD 1981 TO 2010
CLIMATE RECORD PERIOD 1931 TO 2016


WEATHER ITEM   OBSERVED TIME   RECORD YEAR NORMAL DEPARTURE LAST
                VALUE   (LST)  VALUE       VALUE  FROM      YEAR
                                                  NORMAL
..................................................................
TEMPERATURE (F)
 YESTERDAY
  MAXIMUM         58   1242 PM  81    1977  60     -2       61
  MINIMUM         40   1159 PM  18    1953  31      9       32
  AVERAGE         49                        45      4       47

PRECIPITATION (IN)
  YESTERDAY        0.00          1.93 1997   0.02  -0.02     0.00
  MONTH TO DATE    0.00                      0.08  -0.08     0.00
  SINCE OCT 1      0.32                      1.38  -1.06     1.32
  SINCE JAN 1      2.79                      7.23  -4.44     5.03

SNOWFALL (IN)
  YESTERDAY        0.0           0.0  1973  MM               0.0
  MONTH TO DATE    0.0                      MM               0.0
  SINCE DEC 1      0.0                      MM               0.0
  SINCE JUL 1      0.0                      MM               0.0
  SNOW DEPTH       0

DEGREE DAYS
 HEATING
  YESTERDAY       16                        20     -4       18
  MONTH TO DATE  104                       116    -12      120
  SINCE DEC 1    104                       116    -12      120
  SINCE JUL 1    487                       643   -156      643

 COOLING
  YESTERDAY        0                         0      0        0
  MONTH TO DATE    0                         0      0        0
  SINCE DEC 1      0                         0      0        0
  SINCE JAN 1   2086                      1815    271     2067
..................................................................


WIND (MPH)
  HIGHEST WIND SPEED    22   HIGHEST WIND DIRECTION     W (280)
  HIGHEST GUST SPEED    25   HIGHEST GUST DIRECTION    NW (310)
  AVERAGE WIND SPEED    14.6


SKY COVER
  POSSIBLE SUNSHINE  MM
  AVERAGE SKY COVER 0.0


WEATHER CONDITIONS
 THE FOLLOWING WEATHER WAS RECORDED YESTERDAY.
  NO SIGNIFICANT WEATHER WAS OBSERVED.


RELATIVE HUMIDITY (PERCENT)
 HIGHEST    76           400 AM
 LOWEST     19          1200 AM
 AVERAGE    48

..........................................................


THE PALMDALE AIRPORT CA CLIMATE NORMALS FOR TODAY
                         NORMAL    RECORD    YEAR
 MAXIMUM TEMPERATURE (F)   59        75      1977
 MINIMUM TEMPERATURE (F)   31        15      1978


SUNRISE AND SUNSET
DECEMBER  7 2016......SUNRISE   647 AM PST   SUNSET   441 PM PST
DECEMBER  8 2016......SUNRISE   647 AM PST   SUNSET   442 PM PST


-  INDICATES NEGATIVE NUMBERS.
R  INDICATES RECORD WAS SET OR TIED.
MM INDICATES DATA IS MISSING.
T  INDICATES TRACE AMOUNT.




$$
