000
CDUS46 KLOX 270859
CLIPMD


CLIMATE REPORT
NATIONAL WEATHER SERVICE LOS ANGELES/OXNARD CA
159 AM PDT WED AUG 27 2014


...................................

...THE PALMDALE AIRPORT CA CLIMATE SUMMARY FOR AUGUST 26 2014...

CLIMATE NORMAL PERIOD 1981 TO 2010
CLIMATE RECORD PERIOD 1931 TO 2014


WEATHER ITEM   OBSERVED TIME   RECORD YEAR NORMAL DEPARTURE LAST
                VALUE   (LST)  VALUE       VALUE  FROM      YEAR
                                                  NORMAL
..................................................................
TEMPERATURE (F)
 YESTERDAY
  MAXIMUM         91    126 PM 107    2011  96     -5       91
  MINIMUM         63    428 AM  50    1955  63      0       63
  AVERAGE         77                        80     -3       77

PRECIPITATION (IN)
  YESTERDAY        0.00          0.38 1935   0.01  -0.01     0.00
  MONTH TO DATE    0.04                      0.11  -0.07     0.04
  SINCE JUL 1      0.04                      0.21  -0.17     0.13
  SINCE JAN 1      3.09                      5.53  -2.44     0.99

SNOWFALL (IN)
  YESTERDAY        0.0          MM      MM  MM               0.0
  MONTH TO DATE    0.0                      MM               0.0
  SINCE JUN 1      0.0                      MM               0.0
  SINCE JUL 1      0.0                      MM               0.0
  SNOW DEPTH       0

DEGREE DAYS
 HEATING
  YESTERDAY        0                         0      0        0
  MONTH TO DATE    0                         0      0        0
  SINCE JUN 1      0                         7     -7        0
  SINCE JUL 1      0                         0      0        0

 COOLING
  YESTERDAY       12                        15     -3       12
  MONTH TO DATE  401                       434    -33      406
  SINCE JUN 1   1407                      1242    165     1440
  SINCE JAN 1   1626                      1412    214     1671
..................................................................


WIND (MPH)
  HIGHEST WIND SPEED    26   HIGHEST WIND DIRECTION    SW (230)
  HIGHEST GUST SPEED    32   HIGHEST GUST DIRECTION    SW (240)
  AVERAGE WIND SPEED    11.3


SKY COVER
  POSSIBLE SUNSHINE  MM
  AVERAGE SKY COVER 0.0


WEATHER CONDITIONS
 THE FOLLOWING WEATHER WAS RECORDED YESTERDAY.
  NO SIGNIFICANT WEATHER WAS OBSERVED.


RELATIVE HUMIDITY (PERCENT)
 HIGHEST    67           200 AM
 LOWEST     12          1100 AM
 AVERAGE    40

..........................................................


THE PALMDALE AIRPORT CA CLIMATE NORMALS FOR TODAY
                         NORMAL    RECORD    YEAR
 MAXIMUM TEMPERATURE (F)   96       106      2011
                                             2001
 MINIMUM TEMPERATURE (F)   63        47      1954


SUNRISE AND SUNSET
AUGUST 27 2014........SUNRISE   622 AM PDT   SUNSET   725 PM PDT
AUGUST 28 2014........SUNRISE   623 AM PDT   SUNSET   724 PM PDT


-  INDICATES NEGATIVE NUMBERS.
R  INDICATES RECORD WAS SET OR TIED.
MM INDICATES DATA IS MISSING.
T  INDICATES TRACE AMOUNT.




$$
