000
CDUS46 KLOX 210911
CLIPMD


CLIMATE REPORT
NATIONAL WEATHER SERVICE LOS ANGELES/OXNARD CA
111 AM PST SAT JAN 21 2017


...................................

...THE PALMDALE AIRPORT CA CLIMATE SUMMARY FOR JANUARY 20 2017...

CLIMATE NORMAL PERIOD 1981 TO 2010
CLIMATE RECORD PERIOD 1931 TO 2017


WEATHER ITEM   OBSERVED TIME   RECORD YEAR NORMAL DEPARTURE LAST
                VALUE   (LST)  VALUE       VALUE  FROM      YEAR
                                                  NORMAL
..................................................................
TEMPERATURE (F)
 YESTERDAY
  MAXIMUM         52    200 PM  81    1971  59     -7       65
  MINIMUM         43   1159 PM  12    1963  32     11       39
  AVERAGE         48                        45      3       52

PRECIPITATION (IN)
  YESTERDAY        0.49          1.00 1933   0.04   0.45     0.00
  MONTH TO DATE    1.51                      1.13   0.38     1.20
  SINCE OCT 1      3.30                      3.58  -0.28     3.01
  SINCE JAN 1      1.51                      1.13   0.38     1.20

SNOWFALL (IN)
  YESTERDAY       MM             0.0  1974  MM               0.0
  MONTH TO DATE    0.0                      MM               0.0
  SINCE DEC 1      0.0                      MM               0.0
  SINCE JUL 1      0.0                      MM               0.0
  SNOW DEPTH       0

DEGREE DAYS
 HEATING
  YESTERDAY       17                        20     -3       13
  MONTH TO DATE  374                       409    -35      412
  SINCE DEC 1    946                      1046   -100     1090
  SINCE JUL 1   1329                      1573   -244     1613

 COOLING
  YESTERDAY        0                         0      0        0
  MONTH TO DATE    0                         0      0        0
  SINCE DEC 1      0                         0      0        0
  SINCE JAN 1      0                         0      0        0
..................................................................


WIND (MPH)
  HIGHEST WIND SPEED    36   HIGHEST WIND DIRECTION    SW (220)
  HIGHEST GUST SPEED    46   HIGHEST GUST DIRECTION     S (190)
  AVERAGE WIND SPEED    17.9


SKY COVER
  POSSIBLE SUNSHINE  MM
  AVERAGE SKY COVER 0.9


WEATHER CONDITIONS
 THE FOLLOWING WEATHER WAS RECORDED YESTERDAY.
  HEAVY RAIN
  RAIN
  LIGHT RAIN
  FOG


RELATIVE HUMIDITY (PERCENT)
 HIGHEST    89           800 PM
 LOWEST     63          1100 AM
 AVERAGE    76

..........................................................


THE PALMDALE AIRPORT CA CLIMATE NORMALS FOR TODAY
                         NORMAL    RECORD    YEAR
 MAXIMUM TEMPERATURE (F)   59        74      1950
 MINIMUM TEMPERATURE (F)   32         9      1937


SUNRISE AND SUNSET
JANUARY 21 2017.......SUNRISE   657 AM PST   SUNSET   511 PM PST
JANUARY 22 2017.......SUNRISE   656 AM PST   SUNSET   512 PM PST


-  INDICATES NEGATIVE NUMBERS.
R  INDICATES RECORD WAS SET OR TIED.
MM INDICATES DATA IS MISSING.
T  INDICATES TRACE AMOUNT.




$$
