000
CDUS46 KLOX 080113
CLIPMD


CLIMATE REPORT
NATIONAL WEATHER SERVICE LOS ANGELES/OXNARD CA
512 PM PST SUN FEB 7 2016


...................................

...THE PALMDALE AIRPORT CA CLIMATE SUMMARY FOR FEBRUARY 7 2016...
VALID TODAY AS OF 0500 PM LOCAL TIME.

CLIMATE NORMAL PERIOD 1981 TO 2010
CLIMATE RECORD PERIOD 1931 TO 2016


WEATHER ITEM   OBSERVED TIME   RECORD YEAR NORMAL DEPARTURE LAST
                VALUE   (LST)  VALUE       VALUE  FROM      YEAR
                                                  NORMAL
..................................................................
TEMPERATURE (F)
 TODAY
  MAXIMUM         70    314 PM  79    1951  60     10       67
  MINIMUM         29    702 AM  19    1989  34     -5       53
  AVERAGE         50                        47      3       60

PRECIPITATION (IN)
  TODAY            0.00          1.12 1937   0.06  -0.06     0.00
  MONTH TO DATE    0.00                      0.36  -0.36     0.00
  SINCE OCT 1      3.17                      4.38  -1.21     3.30
  SINCE JAN 1      1.36                      1.93  -0.57     0.73

SNOWFALL (IN)
  TODAY            0.0           0.6  1966  MM               0.0
  MONTH TO DATE    0.0                      MM               0.0
  SINCE DEC 1      T                        MM               0.0
  SINCE JUL 1      T                        MM               0.0
  SNOW DEPTH       0

DEGREE DAYS
 HEATING
  TODAY           15                        18     -3        5
  MONTH TO DATE  157                       128     29       64
  SINCE DEC 1   1426                      1385     41     1118
  SINCE JUL 1   1949                      1912     37     1432

 COOLING
  TODAY            0                         0      0        0
  MONTH TO DATE    0                         0      0        0
  SINCE DEC 1      0                         0      0        0
  SINCE JAN 1      0                         0      0        0
..................................................................


WIND (MPH)
  HIGHEST WIND SPEED    24   HIGHEST WIND DIRECTION     E (80)
  HIGHEST GUST SPEED    34   HIGHEST GUST DIRECTION     E (70)
  AVERAGE WIND SPEED     8.1


SKY COVER
  POSSIBLE SUNSHINE  MM
  AVERAGE SKY COVER 0.0


WEATHER CONDITIONS
 THE FOLLOWING WEATHER WAS RECORDED TODAY.
  NO SIGNIFICANT WEATHER WAS OBSERVED.


RELATIVE HUMIDITY (PERCENT)
 HIGHEST    78           700 AM
 LOWEST     14           300 PM
 AVERAGE    46

..........................................................


THE PALMDALE AIRPORT CA CLIMATE NORMALS FOR TOMORROW
                         NORMAL    RECORD    YEAR
 MAXIMUM TEMPERATURE (F)   61        80      1996
 MINIMUM TEMPERATURE (F)   34        18      1933


SUNRISE AND SUNSET
FEBRUARY  7 2016......SUNRISE   646 AM PST   SUNSET   527 PM PST
FEBRUARY  8 2016......SUNRISE   645 AM PST   SUNSET   528 PM PST


-  INDICATES NEGATIVE NUMBERS.
R  INDICATES RECORD WAS SET OR TIED.
MM INDICATES DATA IS MISSING.
T  INDICATES TRACE AMOUNT.




$$
