000
CDUS44 KMOB 172242
CLIPNS


CLIMATE REPORT
NATIONAL WEATHER SERVICE MOBILE AL
540 PM CDT THU APR 17 2014


...................................

...THE PENSACOLA CLIMATE SUMMARY FOR APRIL 17 2014...
VALID TODAY AS OF 0500 PM LOCAL TIME.

CLIMATE NORMAL PERIOD 1981 TO 2010
CLIMATE RECORD PERIOD 1879 TO 2014


WEATHER ITEM   OBSERVED TIME   RECORD YEAR NORMAL DEPARTURE LAST
                VALUE   (LST)  VALUE       VALUE  FROM      YEAR
                                                  NORMAL
..................................................................
TEMPERATURE (F)
 TODAY
  MAXIMUM         74    120 PM  89    1948  76     -2       79
  MINIMUM         55    509 AM  42    1962  58     -3       69
  AVERAGE         65                        67     -2       74

PRECIPITATION (IN)
  TODAY            0.00          2.55 1900   0.14  -0.14     0.00
  MONTH TO DATE    5.13                      2.60   2.53     4.13
  SINCE MAR 1     14.91                      8.41   6.50     5.68
  SINCE JAN 1     26.24                     18.10   8.14    19.95

DEGREE DAYS
 HEATING
  TODAY            0                         1     -1        0
  MONTH TO DATE   33                        41     -8       18
  SINCE MAR 1    238                       217     21      275
  SINCE JUL 1   1575                      1525     50     1156

 COOLING
  TODAY            0                         3     -3        9
  MONTH TO DATE   46                        42      4       55
  SINCE MAR 1     52                        75    -23       70
  SINCE JAN 1     67                        89    -22      110
..................................................................


WIND (MPH)
  HIGHEST WIND SPEED    14   HIGHEST WIND DIRECTION    NE (60)
  HIGHEST GUST SPEED    18   HIGHEST GUST DIRECTION     E (70)
  AVERAGE WIND SPEED     8.4


SKY COVER
  POSSIBLE SUNSHINE  MM
  AVERAGE SKY COVER 0.7


WEATHER CONDITIONS
 THE FOLLOWING WEATHER WAS RECORDED TODAY.
  NO SIGNIFICANT WEATHER WAS OBSERVED.


RELATIVE HUMIDITY (PERCENT)
 HIGHEST    77           300 AM
 LOWEST     46           100 PM
 AVERAGE    62

..........................................................


THE PENSACOLA CLIMATE NORMALS FOR TOMORROW
                         NORMAL    RECORD    YEAR
 MAXIMUM TEMPERATURE (F)   76        87      2006
                                             1987
                                             1967
 MINIMUM TEMPERATURE (F)   58        40      1921


SUNRISE AND SUNSET
APRIL 17 2014.........SUNRISE   619 AM CDT   SUNSET   718 PM CDT
APRIL 18 2014.........SUNRISE   618 AM CDT   SUNSET   718 PM CDT


-  INDICATES NEGATIVE NUMBERS.
R  INDICATES RECORD WAS SET OR TIED.
MM INDICATES DATA IS MISSING.
T  INDICATES TRACE AMOUNT.




$$
