000
CDUS44 KMOB 210645
CLIPNS


CLIMATE REPORT
NATIONAL WEATHER SERVICE MOBILE AL
145 AM CDT SUN SEP 21 2014


...................................

...THE PENSACOLA CLIMATE SUMMARY FOR SEPTEMBER 20 2014...

CLIMATE NORMAL PERIOD 1981 TO 2010
CLIMATE RECORD PERIOD 1879 TO 2014


WEATHER ITEM   OBSERVED TIME   RECORD YEAR NORMAL DEPARTURE LAST
                VALUE   (LST)  VALUE       VALUE  FROM      YEAR
                                                  NORMAL
..................................................................
TEMPERATURE (F)
 YESTERDAY
  MAXIMUM         82    353 PM  98    1925  86     -4       89
  MINIMUM         68    540 AM  51    1981  69     -1       75
  AVERAGE         75                        78     -3       82

PRECIPITATION (IN)
  YESTERDAY        0.00          8.31 1926   0.21  -0.21      T
  MONTH TO DATE    5.09                      4.00   1.09     1.80
  SINCE MAR 1     62.51                     39.08  23.43    43.98
  SINCE JAN 1     73.84                     48.77  25.07    58.25

DEGREE DAYS
 COOLING
  YESTERDAY       10                        13     -3       17
  MONTH TO DATE  307                       292     15      351
  SINCE SEP 1    307                       292     15      351
  SINCE JAN 1   2263                      2259      4     2333
..................................................................


WIND (MPH)
  HIGHEST WIND SPEED    15   HIGHEST WIND DIRECTION     N (10)
  HIGHEST GUST SPEED    20   HIGHEST GUST DIRECTION     N (10)
  AVERAGE WIND SPEED     7.1


SKY COVER
  POSSIBLE SUNSHINE  MM
  AVERAGE SKY COVER 0.2


WEATHER CONDITIONS
 THE FOLLOWING WEATHER WAS RECORDED YESTERDAY.
  NO SIGNIFICANT WEATHER WAS OBSERVED.


RELATIVE HUMIDITY (PERCENT)
 HIGHEST    97           700 AM
 LOWEST     58           400 PM
 AVERAGE    78

..........................................................


THE PENSACOLA CLIMATE NORMALS FOR TODAY
                         NORMAL    RECORD    YEAR
 MAXIMUM TEMPERATURE (F)   86       100      1925
 MINIMUM TEMPERATURE (F)   69        52      1918


SUNRISE AND SUNSET
SEPTEMBER 21 2014.....SUNRISE   637 AM CDT   SUNSET   647 PM CDT
SEPTEMBER 22 2014.....SUNRISE   637 AM CDT   SUNSET   645 PM CDT


-  INDICATES NEGATIVE NUMBERS.
R  INDICATES RECORD WAS SET OR TIED.
MM INDICATES DATA IS MISSING.
T  INDICATES TRACE AMOUNT.




$$
