000
CDUS44 KMOB 280645
CLIPNS


CLIMATE REPORT
NATIONAL WEATHER SERVICE MOBILE AL
1245 AM CST TUE FEB 28 2017


...................................

...THE PENSACOLA CLIMATE SUMMARY FOR FEBRUARY 27 2017...

CLIMATE NORMAL PERIOD 1981 TO 2010
CLIMATE RECORD PERIOD 1879 TO 2017


WEATHER ITEM   OBSERVED TIME   RECORD YEAR NORMAL DEPARTURE LAST
                VALUE   (LST)  VALUE       VALUE  FROM      YEAR
                                                  NORMAL
..................................................................
TEMPERATURE (F)
 YESTERDAY
  MAXIMUM         77   1215 PM  80    1981  66     11       62
  MINIMUM         53    418 AM  25    1963  48      5       38
  AVERAGE         65                        57      8       50

PRECIPITATION (IN)
  YESTERDAY        T             2.39 1903   0.19  -0.19     0.00
  MONTH TO DATE    3.62                      4.88  -1.26     4.71
  SINCE MAR 1     71.32                     65.09   6.23    73.92
  SINCE JAN 1     15.35                      9.51   5.84     8.65

SNOWFALL (IN)
  YESTERDAY        0.0          MM      MM   0.0    0.0      0.0
  MONTH TO DATE    0.0                       0.0    0.0      0.0
  SINCE MAR 1      0.0                       0.0    0.0      0.0
  SINCE JUL 1      0.0                       0.0    0.0      0.0
  SNOW DEPTH       0

DEGREE DAYS
 HEATING
  YESTERDAY        0                         8     -8       15
  MONTH TO DATE   81                       290   -209      240
  SINCE DEC 1    464                      1089   -625      792
  SINCE JUL 1    533                      1301   -768      869

 COOLING
  YESTERDAY        0                         0      0        0
  MONTH TO DATE   40                         0     40       18
  SINCE DEC 1    151                        19    132       93
  SINCE JAN 1    104                         6     98       18
..................................................................


WIND (MPH)
  HIGHEST WIND SPEED    20   HIGHEST WIND DIRECTION     N (360)
  HIGHEST GUST SPEED    27   HIGHEST GUST DIRECTION     S (170)
  AVERAGE WIND SPEED     9.5


SKY COVER
  POSSIBLE SUNSHINE  MM
  AVERAGE SKY COVER 0.6


WEATHER CONDITIONS
 THE FOLLOWING WEATHER WAS RECORDED YESTERDAY.
  LIGHT RAIN


RELATIVE HUMIDITY (PERCENT)
 HIGHEST    89           400 AM
 LOWEST     64          1200 PM
 AVERAGE    77

..........................................................


THE PENSACOLA CLIMATE NORMALS FOR TODAY
                         NORMAL    RECORD    YEAR
 MAXIMUM TEMPERATURE (F)   66        78      2011
                                             1961
                                             1948
 MINIMUM TEMPERATURE (F)   48        24      2002


SUNRISE AND SUNSET
FEBRUARY 28 2017......SUNRISE   616 AM CST   SUNSET   547 PM CST
MARCH  1 2017.........SUNRISE   615 AM CST   SUNSET   548 PM CST


-  INDICATES NEGATIVE NUMBERS.
R  INDICATES RECORD WAS SET OR TIED.
MM INDICATES DATA IS MISSING.
T  INDICATES TRACE AMOUNT.




$$
