000
CDUS44 KMOB 272259
CLIPNS


CLIMATE REPORT
NATIONAL WEATHER SERVICE MOBILE AL
557 PM CDT WED AUG 27 2014


...................................

...THE PENSACOLA CLIMATE SUMMARY FOR AUGUST 27 2014...
VALID TODAY AS OF 0500 PM LOCAL TIME.

CLIMATE NORMAL PERIOD 1981 TO 2010
CLIMATE RECORD PERIOD 1879 TO 2014


WEATHER ITEM   OBSERVED TIME   RECORD YEAR NORMAL DEPARTURE LAST
                VALUE   (LST)  VALUE       VALUE  FROM      YEAR
                                                  NORMAL
..................................................................
TEMPERATURE (F)
 TODAY
  MAXIMUM         88    320 PM  98    2011  89     -1       88
  MINIMUM         73    557 AM  66    1958  74     -1       69
                                      1927
  AVERAGE         81                        82     -1       79

PRECIPITATION (IN)
  TODAY            0.00          9.89 1935   0.20  -0.20     0.00
  MONTH TO DATE    1.36                      6.01  -4.65     9.97
  SINCE MAR 1     57.41                     34.33  23.08    42.14
  SINCE JAN 1     68.74                     44.02  24.72    56.41

DEGREE DAYS
 COOLING
  TODAY           16                        17     -1       14
  MONTH TO DATE  461                       459      2      454
  SINCE JUN 1   1434                      1457    -23     1469
  SINCE JAN 1   1885                      1905    -20     1911
..................................................................


WIND (MPH)
  HIGHEST WIND SPEED    14   HIGHEST WIND DIRECTION     S (170)
  HIGHEST GUST SPEED    20   HIGHEST GUST DIRECTION     S (170)
  AVERAGE WIND SPEED     7.9


SKY COVER
  POSSIBLE SUNSHINE  MM
  AVERAGE SKY COVER 0.1


WEATHER CONDITIONS
 THE FOLLOWING WEATHER WAS RECORDED TODAY.
  NO SIGNIFICANT WEATHER WAS OBSERVED.


RELATIVE HUMIDITY (PERCENT)
 HIGHEST    87           300 AM
 LOWEST     50           200 PM
 AVERAGE    69

..........................................................


THE PENSACOLA CLIMATE NORMALS FOR TOMORROW
                         NORMAL    RECORD    YEAR
 MAXIMUM TEMPERATURE (F)   89        97      2011
                                             1951
 MINIMUM TEMPERATURE (F)   74        67      1918


SUNRISE AND SUNSET
AUGUST 27 2014........SUNRISE   623 AM CDT   SUNSET   717 PM CDT
AUGUST 28 2014........SUNRISE   623 AM CDT   SUNSET   716 PM CDT


-  INDICATES NEGATIVE NUMBERS.
R  INDICATES RECORD WAS SET OR TIED.
MM INDICATES DATA IS MISSING.
T  INDICATES TRACE AMOUNT.




$$
