000
CDUS44 KMOB 180625
CLIPNS


CLIMATE REPORT
NATIONAL WEATHER SERVICE MOBILE AL
1225 AM CST MON DEC 18 2017


...................................

...THE PENSACOLA CLIMATE SUMMARY FOR DECEMBER 17 2017...

CLIMATE NORMAL PERIOD 1981 TO 2010
CLIMATE RECORD PERIOD 1879 TO 2017


WEATHER ITEM   OBSERVED TIME   RECORD YEAR NORMAL DEPARTURE LAST
                VALUE   (LST)  VALUE       VALUE  FROM      YEAR
                                                  NORMAL
..................................................................
TEMPERATURE (F)
 YESTERDAY
  MAXIMUM         73   1227 PM  78    2016  62     11       78
                                      1971
  MINIMUM         51   1200 AM  25    1882  44      7       66
  AVERAGE         62                        53      9       72

PRECIPITATION (IN)
  YESTERDAY        0.18          2.67 1910   0.15   0.03     0.02
  MONTH TO DATE    3.20                      2.57   0.63     7.10
  SINCE MAR 1     76.10                     53.60  22.50    53.45
  SINCE JAN 1     91.45                     63.29  28.16    62.10

SNOWFALL (IN)
  YESTERDAY        0.0           0.0  2001   0.0    0.0      0.0
                                      2000
  MONTH TO DATE    T                         0.0    0.0      0.0
  SINCE MAR 1      T                         0.0    0.0      0.0
  SINCE JUL 1      T                         0.0    0.0      0.0
  SNOW DEPTH       0

DEGREE DAYS
 HEATING
  YESTERDAY        3                        12     -9        0
  MONTH TO DATE  190                       183      7      113
  SINCE DEC 1    190                       183      7      113
  SINCE JUL 1    325                       395    -70      182

 COOLING
  YESTERDAY        0                         0      0        7
  MONTH TO DATE   10                         7      3       24
  SINCE DEC 1     10                         7      3       24
  SINCE JAN 1   3343                      2603    740     3232
..................................................................


WIND (MPH)
  HIGHEST WIND SPEED    17   HIGHEST WIND DIRECTION     S (170)
  HIGHEST GUST SPEED    23   HIGHEST GUST DIRECTION     S (160)
  AVERAGE WIND SPEED     7.7


SKY COVER
  POSSIBLE SUNSHINE  MM
  AVERAGE SKY COVER 0.6


WEATHER CONDITIONS
 THE FOLLOWING WEATHER WAS RECORDED YESTERDAY.
  RAIN
  LIGHT RAIN
  FOG
  FOG W/VISIBILITY <= 1/4 MILE


RELATIVE HUMIDITY (PERCENT)
 HIGHEST   100          1100 PM
 LOWEST     54           100 AM
 AVERAGE    77

..........................................................


THE PENSACOLA CLIMATE NORMALS FOR TODAY
                         NORMAL    RECORD    YEAR
 MAXIMUM TEMPERATURE (F)   62        81      2016
 MINIMUM TEMPERATURE (F)   44        20      1901


SUNRISE AND SUNSET
DECEMBER 18 2017......SUNRISE   640 AM CST   SUNSET   451 PM CST
DECEMBER 19 2017......SUNRISE   641 AM CST   SUNSET   451 PM CST


-  INDICATES NEGATIVE NUMBERS.
R  INDICATES RECORD WAS SET OR TIED.
MM INDICATES DATA IS MISSING.
T  INDICATES TRACE AMOUNT.




$$
