000
CDUS41 KALY 250626
CLIPOU


CLIMATE REPORT
NATIONAL WEATHER SERVICE ALBANY NY
125 AM EST SAT NOV 25 2017


...................................

...THE POUGHKEEPSIE NY CLIMATE SUMMARY FOR NOVEMBER 24 2017...

CLIMATE NORMAL PERIOD 1981 TO 2010
CLIMATE RECORD PERIOD 1949 TO 2017


WEATHER ITEM   OBSERVED TIME   RECORD YEAR NORMAL DEPARTURE LAST
                VALUE   (LST)  VALUE       VALUE  FROM      YEAR
                                                  NORMAL
..................................................................
TEMPERATURE (F)
 YESTERDAY
  MAXIMUM         50    358 PM  71    2014  49      1       41
  MINIMUM         24    729 AM   3    1989  29     -5       29
  AVERAGE         37                        39     -2       35

PRECIPITATION (IN)
  YESTERDAY        0.00          1.13 1980   0.12  -0.12     0.10
  MONTH TO DATE    0.73                      2.77  -2.04     2.81
  SINCE SEP 1      6.35                     11.52  -5.17     6.28
  SINCE JAN 1     35.45                     42.30  -6.85    28.60

DEGREE DAYS
 HEATING
  YESTERDAY       28                        26      2       30
  MONTH TO DATE  588                       537     51      538
  SINCE SEP 1    905                      1096   -191      998
  SINCE JUL 1    925                      1113   -188     1000

 COOLING
  YESTERDAY        0                         0      0        0
  MONTH TO DATE    0                         0      0        0
  SINCE SEP 1    144                        68     76      111
  SINCE JAN 1    718                       672     46     1053
..................................................................


WIND (MPH)
  HIGHEST WIND SPEED     9   HIGHEST WIND DIRECTION    SW (240)
  HIGHEST GUST SPEED    12   HIGHEST GUST DIRECTION    SW (240)
  AVERAGE WIND SPEED     3.0


SKY COVER
  AVERAGE SKY COVER 0.1



RELATIVE HUMIDITY (PERCENT)
 HIGHEST    88           500 AM
 LOWEST     33           300 PM
 AVERAGE    61

..........................................................


THE POUGHKEEPSIE NY CLIMATE NORMALS FOR TODAY
                         NORMAL    RECORD    YEAR
 MAXIMUM TEMPERATURE (F)   49        66      2014
                                             2001
 MINIMUM TEMPERATURE (F)   29        12      2013


SUNRISE AND SUNSET
NOVEMBER 25 2017......SUNRISE   656 AM EST   SUNSET   428 PM EST
NOVEMBER 26 2017......SUNRISE   658 AM EST   SUNSET   428 PM EST


-  INDICATES NEGATIVE NUMBERS.
R  INDICATES RECORD WAS SET OR TIED.
MM INDICATES DATA IS MISSING.
T  INDICATES TRACE AMOUNT.




RECORDS FOR KPOU DATE BACK TO 1949...
HOWEVER...DATA IS MISSING FROM JANUARY 1993 - JULY 2000.
$$
