000
CDUS41 KALY 020624
CLIPOU


CLIMATE REPORT
NATIONAL WEATHER SERVICE ALBANY NY
124 AM EST FRI DEC 2 2016


...................................

...THE POUGHKEEPSIE NY CLIMATE SUMMARY FOR DECEMBER 1 2016...

CLIMATE NORMAL PERIOD 1981 TO 2010
CLIMATE RECORD PERIOD 1949 TO 2016


WEATHER ITEM   OBSERVED TIME   RECORD YEAR NORMAL DEPARTURE LAST
                VALUE   (LST)  VALUE       VALUE  FROM      YEAR
                                                  NORMAL
..................................................................
TEMPERATURE (F)
 YESTERDAY
  MAXIMUM         52   1100 AM  69    2006  46      6       45
  MINIMUM         38    747 PM   9    1967  27     11       36
  AVERAGE         45                        36      9       41

PRECIPITATION (IN)
  YESTERDAY        0.29          1.34 2010   0.12   0.17     0.25
  MONTH TO DATE    0.29                      0.12   0.17     0.25
  SINCE DEC 1      0.29                      0.12   0.17     0.25
  SINCE JAN 1     30.81                     43.12 -12.31    26.17

DEGREE DAYS
 HEATING
  YESTERDAY       20                        29     -9       24
  MONTH TO DATE   20                        29     -9       24
  SINCE DEC 1     20                        29     -9       24
  SINCE JUL 1   1166                      1307   -141     1012

 COOLING
  YESTERDAY        0                         0      0        0
  MONTH TO DATE    0                         0      0        0
  SINCE DEC 1      0                         0      0        0
  SINCE JAN 1   1053                       672    381      964
..................................................................


WIND (MPH)
  HIGHEST WIND SPEED    22   HIGHEST WIND DIRECTION     W (270)
  HIGHEST GUST SPEED    30   HIGHEST GUST DIRECTION     W (250)
  AVERAGE WIND SPEED    10.4


SKY COVER
  AVERAGE SKY COVER 0.6



RELATIVE HUMIDITY (PERCENT)
 HIGHEST   100          1200 AM
 LOWEST     50           200 PM
 AVERAGE    75

..........................................................


THE POUGHKEEPSIE NY CLIMATE NORMALS FOR TODAY
                         NORMAL    RECORD    YEAR
 MAXIMUM TEMPERATURE (F)   46        64      1970
 MINIMUM TEMPERATURE (F)   27         4      1967


SUNRISE AND SUNSET
DECEMBER  2 2016......SUNRISE   704 AM EST   SUNSET   426 PM EST
DECEMBER  3 2016......SUNRISE   705 AM EST   SUNSET   426 PM EST


-  INDICATES NEGATIVE NUMBERS.
R  INDICATES RECORD WAS SET OR TIED.
MM INDICATES DATA IS MISSING.
T  INDICATES TRACE AMOUNT.




RECORDS FOR KPOU DATE BACK TO 1949...
HOWEVER...DATA IS MISSING FROM JANUARY 1993 - JULY 2000.
$$
