000
CDUS41 KALY 030624
CLIPOU


CLIMATE REPORT
NATIONAL WEATHER SERVICE ALBANY NY
223 AM EDT WED JUN 3 2015


...................................

...THE POUGHKEEPSIE NY CLIMATE SUMMARY FOR JUNE 2 2015...

CLIMATE NORMAL PERIOD 1981 TO 2010
CLIMATE RECORD PERIOD 1949 TO 2015


WEATHER ITEM   OBSERVED TIME   RECORD YEAR NORMAL DEPARTURE LAST
                VALUE   (LST)  VALUE       VALUE  FROM      YEAR
                                                  NORMAL
..................................................................
TEMPERATURE (F)
 YESTERDAY
  MAXIMUM         59    615 PM  90    2007  76    -17       84
  MINIMUM         48   1242 AM  42    2003  52     -4       48
  AVERAGE         54                        64    -10       66

PRECIPITATION (IN)
  YESTERDAY        0.47          1.47 1959   0.15   0.32     0.00
  MONTH TO DATE    1.08                      0.31   0.77     0.00
  SINCE JUN 1      1.08                      0.31   0.77     0.00
  SINCE JAN 1     11.75                     17.81  -6.06    14.03

DEGREE DAYS
 HEATING
  YESTERDAY       11                         3      8        0
  MONTH TO DATE   23                         7     16        2
  SINCE JUN 1     23                         7     16        2
  SINCE JUL 1   6268                      6169     99     6346

 COOLING
  YESTERDAY        0                         2     -2        1
  MONTH TO DATE    0                         4     -4        1
  SINCE JUN 1      0                         4     -4        1
  SINCE JAN 1    113                        40     73       34
..................................................................


WIND (MPH)
  HIGHEST WIND SPEED     8   HIGHEST WIND DIRECTION     N (360)
  HIGHEST GUST SPEED    11   HIGHEST GUST DIRECTION     N (20)
  AVERAGE WIND SPEED     3.7


SKY COVER
  AVERAGE SKY COVER 0.8



RELATIVE HUMIDITY (PERCENT)
 HIGHEST    93           100 AM
 LOWEST     77          1200 PM
 AVERAGE    85

..........................................................


THE POUGHKEEPSIE NY CLIMATE NORMALS FOR TODAY
                         NORMAL    RECORD    YEAR
 MAXIMUM TEMPERATURE (F)   76        87      2010
 MINIMUM TEMPERATURE (F)   52        36      1986


SUNRISE AND SUNSET
JUNE  3 2015..........SUNRISE   523 AM EDT   SUNSET   825 PM EDT
JUNE  4 2015..........SUNRISE   523 AM EDT   SUNSET   825 PM EDT


-  INDICATES NEGATIVE NUMBERS.
R  INDICATES RECORD WAS SET OR TIED.
MM INDICATES DATA IS MISSING.
T  INDICATES TRACE AMOUNT.




RECORDS FOR KPOU DATE BACK TO 1949...
HOWEVER...DATA IS MISSING FROM JANUARY 1993 - JULY 2000.
$$
