000
CDUS41 KALY 260624
CLIPOU


CLIMATE REPORT
NATIONAL WEATHER SERVICE ALBANY NY
223 AM EDT MON SEP 26 2016


...................................

...THE POUGHKEEPSIE NY CLIMATE SUMMARY FOR SEPTEMBER 25 2016...

CLIMATE NORMAL PERIOD 1981 TO 2010
CLIMATE RECORD PERIOD 1949 TO 2016


WEATHER ITEM   OBSERVED TIME   RECORD YEAR NORMAL DEPARTURE LAST
                VALUE   (LST)  VALUE       VALUE  FROM      YEAR
                                                  NORMAL
..................................................................
TEMPERATURE (F)
 YESTERDAY
  MAXIMUM         69    236 PM  89    1970  71     -2       74
  MINIMUM         36    555 AM  29    1963  47    -11       52
  AVERAGE         53                        59     -6       63

PRECIPITATION (IN)
  YESTERDAY        0.00          2.40 1991   0.15  -0.15     0.00
  MONTH TO DATE    0.46                      3.51  -3.05     1.69
  SINCE SEP 1      0.46                      3.51  -3.05     1.69
  SINCE JAN 1     22.78                     34.29 -11.51    20.65

DEGREE DAYS
 HEATING
  YESTERDAY       12                         7      5        2
  MONTH TO DATE   37                        86    -49       22
  SINCE SEP 1     37                        86    -49       22
  SINCE JUL 1     39                       103    -64       22

 COOLING
  YESTERDAY        0                         1     -1        0
  MONTH TO DATE  107                        61     46      145
  SINCE SEP 1    107                        61     46      145
  SINCE JAN 1   1049                       665    384      950
..................................................................


WIND (MPH)
  HIGHEST WIND SPEED    15   HIGHEST WIND DIRECTION    NW (320)
  HIGHEST GUST SPEED    23   HIGHEST GUST DIRECTION     N (360)
  AVERAGE WIND SPEED     2.6


SKY COVER
  AVERAGE SKY COVER 0.0



RELATIVE HUMIDITY (PERCENT)
 HIGHEST   100           300 AM
 LOWEST     22           300 PM
 AVERAGE    61

..........................................................


THE POUGHKEEPSIE NY CLIMATE NORMALS FOR TODAY
                         NORMAL    RECORD    YEAR
 MAXIMUM TEMPERATURE (F)   71        90      2007
 MINIMUM TEMPERATURE (F)   47        34      1966


SUNRISE AND SUNSET
SEPTEMBER 26 2016.....SUNRISE   648 AM EDT   SUNSET   645 PM EDT
SEPTEMBER 27 2016.....SUNRISE   649 AM EDT   SUNSET   643 PM EDT


-  INDICATES NEGATIVE NUMBERS.
R  INDICATES RECORD WAS SET OR TIED.
MM INDICATES DATA IS MISSING.
T  INDICATES TRACE AMOUNT.




RECORDS FOR KPOU DATE BACK TO 1949...
HOWEVER...DATA IS MISSING FROM JANUARY 1993 - JULY 2000.
$$
