000
CDUS41 KALY 302042
CLIPOU


CLIMATE REPORT
NATIONAL WEATHER SERVICE ALBANY NY
441 PM EDT SAT JUL 30 2016


...................................

...THE POUGHKEEPSIE NY CLIMATE SUMMARY FOR JULY 30 2016...
VALID TODAY AS OF 0400 PM LOCAL TIME.

CLIMATE NORMAL PERIOD 1981 TO 2010
CLIMATE RECORD PERIOD 1949 TO 2016


WEATHER ITEM   OBSERVED TIME   RECORD YEAR NORMAL DEPARTURE LAST
                VALUE   (LST)  VALUE       VALUE  FROM      YEAR
                                                  NORMAL
..................................................................
TEMPERATURE (F)
 TODAY
  MAXIMUM         87    218 PM  96    1949  84      3       88
  MINIMUM         66    435 AM  46    1956  61      5       69
  AVERAGE         77                        73      4       79

PRECIPITATION (IN)
  TODAY            0.00          2.71 1960   0.17  -0.17     0.21
  MONTH TO DATE    3.38                      4.48  -1.10     1.95
  SINCE JUN 1      5.41                      8.91  -3.50     6.08
  SINCE JAN 1     17.57                     26.41  -8.84    16.75

DEGREE DAYS
 HEATING
  TODAY            0                         0      0        0
  MONTH TO DATE    0                         0      0        0
  SINCE JUN 1      8                        49    -41       46
  SINCE JUL 1      0                         0      0        0

 COOLING
  TODAY           12                         8      4       14
  MONTH TO DATE  355                       232    123      274
  SINCE JUN 1    526                       359    167      407
  SINCE JAN 1    607                       395    212      520
..................................................................


WIND (MPH)
  HIGHEST WIND SPEED    14   HIGHEST WIND DIRECTION     N (360)
  HIGHEST GUST SPEED    18   HIGHEST GUST DIRECTION     N (360)
  AVERAGE WIND SPEED     2.5


SKY COVER
  AVERAGE SKY COVER 0.2



RELATIVE HUMIDITY (PERCENT)
 HIGHEST    90           100 AM
 LOWEST     51          1200 PM
 AVERAGE    71

..........................................................


THE POUGHKEEPSIE NY CLIMATE NORMALS FOR TOMORROW
                         NORMAL    RECORD    YEAR
 MAXIMUM TEMPERATURE (F)   84        99      1954
 MINIMUM TEMPERATURE (F)   61        47      1956


SUNRISE AND SUNSET
JULY 30 2016..........SUNRISE   548 AM EDT   SUNSET   815 PM EDT
JULY 31 2016..........SUNRISE   549 AM EDT   SUNSET   814 PM EDT


-  INDICATES NEGATIVE NUMBERS.
R  INDICATES RECORD WAS SET OR TIED.
MM INDICATES DATA IS MISSING.
T  INDICATES TRACE AMOUNT.




RECORDS FOR KPOU DATE BACK TO 1949...
HOWEVER...DATA IS MISSING FROM JANUARY 1993 - JULY 2000.
$$
