000
CDUS41 KALY 300625
CLIPOU


CLIMATE REPORT
NATIONAL WEATHER SERVICE ALBANY NY
124 AM EST FRI JAN 30 2015


...................................

...THE POUGHKEEPSIE NY CLIMATE SUMMARY FOR JANUARY 29 2015...

CLIMATE NORMAL PERIOD 1981 TO 2010
CLIMATE RECORD PERIOD 1949 TO 2015


WEATHER ITEM   OBSERVED TIME   RECORD YEAR NORMAL DEPARTURE LAST
                VALUE   (LST)  VALUE       VALUE  FROM      YEAR
                                                  NORMAL
..................................................................
TEMPERATURE (F)
 YESTERDAY
  MAXIMUM         32    657 PM  63    2002  36     -4       26
  MINIMUM         -5    646 AM -16    1963  16    -21       11
  AVERAGE         14                        26    -12       19

PRECIPITATION (IN)
  YESTERDAY        0.02          1.15 1990   0.10  -0.08     0.00
  MONTH TO DATE    2.80                      2.89  -0.09     1.50
  SINCE DEC 1      5.80                      6.42  -0.62     4.83
  SINCE JAN 1      2.80                      2.89  -0.09     1.50

DEGREE DAYS
 HEATING
  YESTERDAY       51                        39     12       46
  MONTH TO DATE 1174                      1147     27     1174
  SINCE DEC 1   2074                      2198   -124     2209
  SINCE JUL 1   3225                      3476   -251     3452

 COOLING
  YESTERDAY        0                         0      0        0
  MONTH TO DATE    0                         0      0        0
  SINCE DEC 1      0                         0      0        0
  SINCE JAN 1      0                         0      0        0
..................................................................


WIND (MPH)
  HIGHEST WIND SPEED     9   HIGHEST WIND DIRECTION    SE (150)
  HIGHEST GUST SPEED    15   HIGHEST GUST DIRECTION    SE (140)
  AVERAGE WIND SPEED     1.6


SKY COVER
  AVERAGE SKY COVER 0.4



RELATIVE HUMIDITY (PERCENT)
 HIGHEST    86           900 AM
 LOWEST     32           300 PM
 AVERAGE    59

..........................................................


THE POUGHKEEPSIE NY CLIMATE NORMALS FOR TODAY
                         NORMAL    RECORD    YEAR
 MAXIMUM TEMPERATURE (F)   36        60      2006
 MINIMUM TEMPERATURE (F)   16       -15      1961


SUNRISE AND SUNSET
JANUARY 30 2015.......SUNRISE   710 AM EST   SUNSET   508 PM EST
JANUARY 31 2015.......SUNRISE   709 AM EST   SUNSET   510 PM EST


-  INDICATES NEGATIVE NUMBERS.
R  INDICATES RECORD WAS SET OR TIED.
MM INDICATES DATA IS MISSING.
T  INDICATES TRACE AMOUNT.





RECORDS FOR KPOU DATE BACK TO 1949...
HOWEVER...DATA IS MISSING FROM JANUARY 1993 - JULY 2000.
$$
