000
CDUS46 KLOX 300905
CLIPRB


CLIMATE REPORT
NATIONAL WEATHER SERVICE LOS ANGELES/OXNARD CA
205 AM PDT SAT APR 30 2016


...................................

...THE PASO ROBLES AIRPORT CA CLIMATE SUMMARY FOR APRIL 29 2016...

CLIMATE NORMAL PERIOD 1981 TO 2010
CLIMATE RECORD PERIOD 1948 TO 2016


WEATHER ITEM   OBSERVED TIME   RECORD YEAR NORMAL DEPARTURE LAST
                VALUE   (LST)  VALUE       VALUE  FROM      YEAR
                                                  NORMAL
..................................................................
TEMPERATURE (F)
 YESTERDAY
  MAXIMUM         73    133 PM  97    1981  76     -3       92
  MINIMUM         44    328 AM  27    1970  43      1       49
  AVERAGE         59                        60     -1       71

PRECIPITATION (IN)
  YESTERDAY        0.00          0.14 1951   0.02  -0.02     0.00
  MONTH TO DATE    0.16                      0.67  -0.51     0.43
  SINCE OCT 1      8.06                     12.16  -4.10     8.48
  SINCE JAN 1      6.00                      8.50  -2.50     2.76

SNOWFALL (IN)
  YESTERDAY        0.0
  MONTH TO DATE    0.0
  SINCE MAR 1      0.0
  SINCE JUL 1      0.0

DEGREE DAYS
 HEATING
  YESTERDAY        6                         6      0        0
  MONTH TO DATE  121                       247   -126      166
  SINCE MAR 1    400                       613   -213      328
  SINCE JUL 1   2187                      2706   -519     1688

 COOLING
  YESTERDAY        0                         1     -1        6
  MONTH TO DATE    5                         3      2       13
  SINCE MAR 1      5                         3      2       34
  SINCE JAN 1      5                         3      2       34
..................................................................


WIND (MPH)
  HIGHEST WIND SPEED    21   HIGHEST WIND DIRECTION    SW (210)
  HIGHEST GUST SPEED    25   HIGHEST GUST DIRECTION     S (200)
  AVERAGE WIND SPEED     9.0


SKY COVER
  POSSIBLE SUNSHINE  MM
  AVERAGE SKY COVER 0.3


WEATHER CONDITIONS
 THE FOLLOWING WEATHER WAS RECORDED YESTERDAY.
  HAZE


RELATIVE HUMIDITY (PERCENT)
 HIGHEST    93           200 AM
 LOWEST     38           200 PM
 AVERAGE    66

..........................................................


THE PASO ROBLES AIRPORT CA CLIMATE NORMALS FOR TODAY
                         NORMAL    RECORD    YEAR
 MAXIMUM TEMPERATURE (F)   77        97      1996
 MINIMUM TEMPERATURE (F)   43        31      1972


SUNRISE AND SUNSET
APRIL 30 2016.........SUNRISE   611 AM PDT   SUNSET   749 PM PDT
MAY  1 2016...........SUNRISE   610 AM PDT   SUNSET   750 PM PDT


-  INDICATES NEGATIVE NUMBERS.
R  INDICATES RECORD WAS SET OR TIED.
MM INDICATES DATA IS MISSING.
T  INDICATES TRACE AMOUNT.




$$
