000
CDUS46 KLOX 220903
CLIPRB


CLIMATE REPORT
NATIONAL WEATHER SERVICE LOS ANGELES/OXNARD CA
203 AM PDT TUE JUL 22 2014


...................................

...THE PASO ROBLES AIRPORT CA CLIMATE SUMMARY FOR JULY 21 2014...

CLIMATE NORMAL PERIOD 1981 TO 2010
CLIMATE RECORD PERIOD 1948 TO 2014


WEATHER ITEM   OBSERVED TIME   RECORD YEAR NORMAL DEPARTURE LAST
                VALUE   (LST)  VALUE       VALUE  FROM      YEAR
                                                  NORMAL
..................................................................
TEMPERATURE (F)
 YESTERDAY
  MAXIMUM         82    218 PM 112    2006  93    -11       93
  MINIMUM         61    426 AM  45    1987  55      6       56
  AVERAGE         72                        74     -2       75

PRECIPITATION (IN)
  YESTERDAY        0.00          T    2005   0.00   0.00     0.00
  MONTH TO DATE    T                         0.00   0.00      T
  SINCE JUL 1      T                         0.00   0.00      T
  SINCE JAN 1      4.46                      8.79  -4.33     1.46

SNOWFALL (IN)
  YESTERDAY        0.0
  MONTH TO DATE    0.0
  SINCE JUN 1      0.0
  SINCE JUL 1      0.0

DEGREE DAYS
 HEATING
  YESTERDAY        0                         0      0        0
  MONTH TO DATE    0                         0      0        0
  SINCE JUN 1     11                        27    -16        5
  SINCE JUL 1      0                         0      0        0

 COOLING
  YESTERDAY        7                         9     -2       10
  MONTH TO DATE  207                       175     32      221
  SINCE JUN 1    420                       318    102      446
  SINCE JAN 1    573                       386    187      576
..................................................................


WIND (MPH)
  HIGHEST WIND SPEED    17   HIGHEST WIND DIRECTION    SW (230)
  HIGHEST GUST SPEED    26   HIGHEST GUST DIRECTION    SW (220)
  AVERAGE WIND SPEED     7.7


SKY COVER
  POSSIBLE SUNSHINE  MM
  AVERAGE SKY COVER 0.2


WEATHER CONDITIONS
 THE FOLLOWING WEATHER WAS RECORDED YESTERDAY.
  NO SIGNIFICANT WEATHER WAS OBSERVED.


RELATIVE HUMIDITY (PERCENT)
 HIGHEST    78           100 AM
 LOWEST     39           200 PM
 AVERAGE    59

..........................................................


THE PASO ROBLES AIRPORT CA CLIMATE NORMALS FOR TODAY
                         NORMAL    RECORD    YEAR
 MAXIMUM TEMPERATURE (F)   93       114      2006
 MINIMUM TEMPERATURE (F)   55        46      1987


SUNRISE AND SUNSET
JULY 22 2014..........SUNRISE   603 AM PDT   SUNSET   814 PM PDT
JULY 23 2014..........SUNRISE   604 AM PDT   SUNSET   814 PM PDT


-  INDICATES NEGATIVE NUMBERS.
R  INDICATES RECORD WAS SET OR TIED.
MM INDICATES DATA IS MISSING.
T  INDICATES TRACE AMOUNT.




$$
