000
CDUS46 KLOX 240909
CLIPRB


CLIMATE REPORT
NATIONAL WEATHER SERVICE LOS ANGELES/OXNARD CA
209 AM PDT SUN MAY 24 2015


...................................

...THE PASO ROBLES AIRPORT CA CLIMATE SUMMARY FOR MAY 23 2015...

CLIMATE NORMAL PERIOD 1981 TO 2010
CLIMATE RECORD PERIOD 1948 TO 2015


WEATHER ITEM   OBSERVED TIME   RECORD YEAR NORMAL DEPARTURE LAST
                VALUE   (LST)  VALUE       VALUE  FROM      YEAR
                                                  NORMAL
..................................................................
TEMPERATURE (F)
 YESTERDAY
  MAXIMUM         74    225 PM 103    2000  82     -8       88
  MINIMUM         50    308 AM  36    1960  47      3       49
  AVERAGE         62                        65     -3       69

PRECIPITATION (IN)
  YESTERDAY        0.00          0.03 1990   0.01  -0.01     0.00
  MONTH TO DATE    0.15                      0.23  -0.08      T
  SINCE OCT 1      8.63                     12.40  -3.77     4.92
  SINCE JAN 1      2.91                      8.74  -5.83     4.46

SNOWFALL (IN)
  YESTERDAY        0.0
  MONTH TO DATE    0.0
  SINCE MAR 1      0.0
  SINCE JUL 1      0.0

DEGREE DAYS
 HEATING
  YESTERDAY        3                         3      0        0
  MONTH TO DATE  111                        91     20       31
  SINCE MAR 1    439                       710   -271      401
  SINCE JUL 1   1799                      2803  -1004     2106

 COOLING
  YESTERDAY        0                         2     -2        4
  MONTH TO DATE    7                        36    -29       85
  SINCE MAR 1     47                        45      2      103
  SINCE JAN 1     47                        45      2      103
..................................................................


WIND (MPH)
  HIGHEST WIND SPEED    20   HIGHEST WIND DIRECTION    NW (310)
  HIGHEST GUST SPEED    27   HIGHEST GUST DIRECTION    SW (210)
  AVERAGE WIND SPEED     9.7


SKY COVER
  POSSIBLE SUNSHINE  MM
  AVERAGE SKY COVER 0.3


WEATHER CONDITIONS
 THE FOLLOWING WEATHER WAS RECORDED YESTERDAY.
  NO SIGNIFICANT WEATHER WAS OBSERVED.


RELATIVE HUMIDITY (PERCENT)
 HIGHEST    89           400 AM
 LOWEST     44           100 PM
 AVERAGE    67

..........................................................


THE PASO ROBLES AIRPORT CA CLIMATE NORMALS FOR TODAY
                         NORMAL    RECORD    YEAR
 MAXIMUM TEMPERATURE (F)   83        99      2001
 MINIMUM TEMPERATURE (F)   47        35      1980


SUNRISE AND SUNSET
MAY 24 2015...........SUNRISE   552 AM PDT   SUNSET   807 PM PDT
MAY 25 2015...........SUNRISE   551 AM PDT   SUNSET   808 PM PDT


-  INDICATES NEGATIVE NUMBERS.
R  INDICATES RECORD WAS SET OR TIED.
MM INDICATES DATA IS MISSING.
T  INDICATES TRACE AMOUNT.




$$
