000
CDUS46 KLOX 230919
CLIPRB


CLIMATE REPORT
NATIONAL WEATHER SERVICE LOS ANGELES/OXNARD CA
219 AM PDT THU OCT 23 2014


...................................

...THE PASO ROBLES AIRPORT CA CLIMATE SUMMARY FOR OCTOBER 22 2014...

CLIMATE NORMAL PERIOD 1981 TO 2010
CLIMATE RECORD PERIOD 1948 TO 2014


WEATHER ITEM   OBSERVED TIME   RECORD YEAR NORMAL DEPARTURE LAST
                VALUE   (LST)  VALUE       VALUE  FROM      YEAR
                                                  NORMAL
..................................................................
TEMPERATURE (F)
 YESTERDAY
  MAXIMUM         81    352 PM  94    1965  77      4       84
  MINIMUM         42    638 AM  28    1996  43     -1       40
  AVERAGE         62                        60      2       62

PRECIPITATION (IN)
  YESTERDAY        0.00          0.62 1987   0.02  -0.02     0.00
  MONTH TO DATE    0.00                      0.35  -0.35     0.02
  SINCE JUL 1      T                         0.68  -0.68     0.02
  SINCE JAN 1      4.46                      9.47  -5.01     1.48

SNOWFALL (IN)
  YESTERDAY        0.0
  MONTH TO DATE    0.0
  SINCE SEP 1      0.0
  SINCE JUL 1      0.0

DEGREE DAYS
 HEATING
  YESTERDAY        3                         5     -2        3
  MONTH TO DATE   14                        77    -63       83
  SINCE SEP 1     15                       101    -86       94
  SINCE JUL 1     15                       109    -94       94

 COOLING
  YESTERDAY        0                         0      0        0
  MONTH TO DATE  103                        34     69        5
  SINCE SEP 1    348                       192    156      199
  SINCE JAN 1   1355                       925    430     1173
..................................................................


WIND (MPH)
  HIGHEST WIND SPEED    15   HIGHEST WIND DIRECTION     E (100)
  HIGHEST GUST SPEED    18   HIGHEST GUST DIRECTION     E (110)
  AVERAGE WIND SPEED     4.4


SKY COVER
  POSSIBLE SUNSHINE  MM
  AVERAGE SKY COVER 0.0


WEATHER CONDITIONS
 THE FOLLOWING WEATHER WAS RECORDED YESTERDAY.
  NO SIGNIFICANT WEATHER WAS OBSERVED.


RELATIVE HUMIDITY (PERCENT)
 HIGHEST    82           500 AM
 LOWEST     20           400 PM
 AVERAGE    51

..........................................................


THE PASO ROBLES AIRPORT CA CLIMATE NORMALS FOR TODAY
                         NORMAL    RECORD    YEAR
 MAXIMUM TEMPERATURE (F)   77        97      1959
 MINIMUM TEMPERATURE (F)   43        29      1961


SUNRISE AND SUNSET
OCTOBER 23 2014.......SUNRISE   716 AM PDT   SUNSET   617 PM PDT
OCTOBER 24 2014.......SUNRISE   717 AM PDT   SUNSET   616 PM PDT


-  INDICATES NEGATIVE NUMBERS.
R  INDICATES RECORD WAS SET OR TIED.
MM INDICATES DATA IS MISSING.
T  INDICATES TRACE AMOUNT.




$$
