000
CDUS46 KLOX 290907
CLIPRB


CLIMATE REPORT
NATIONAL WEATHER SERVICE LOS ANGELES/OXNARD CA
207 AM PDT SAT APR 29 2017


...................................

...THE PASO ROBLES AIRPORT CA CLIMATE SUMMARY FOR APRIL 28 2017...

CLIMATE NORMAL PERIOD 1981 TO 2010
CLIMATE RECORD PERIOD 1948 TO 2017


WEATHER ITEM   OBSERVED TIME   RECORD YEAR NORMAL DEPARTURE LAST
                VALUE   (LST)  VALUE       VALUE  FROM      YEAR
                                                  NORMAL
..................................................................
TEMPERATURE (F)
 YESTERDAY
  MAXIMUM         81    159 PM  98    2007  76      5       77
  MINIMUM         47    543 AM  29    1970  43      4       46
  AVERAGE         64                        60      4       62

PRECIPITATION (IN)
  YESTERDAY        0.00          0.45 1951   0.01  -0.01     0.00
  MONTH TO DATE    0.95                      0.65   0.30     0.16
  SINCE OCT 1     15.96                     12.14   3.82     8.06
  SINCE JAN 1     12.28                      8.48   3.80     6.00

SNOWFALL (IN)
  YESTERDAY        0.0
  MONTH TO DATE    0.0
  SINCE MAR 1      0.0
  SINCE JUL 1      0.0

DEGREE DAYS
 HEATING
  YESTERDAY        1                         6     -5        3
  MONTH TO DATE  163                       241    -78      115
  SINCE MAR 1    447                       607   -160      394
  SINCE JUL 1   2248                      2700   -452     2181

 COOLING
  YESTERDAY        0                         1     -1        0
  MONTH TO DATE    1                         2     -1        5
  SINCE MAR 1      1                         2     -1        5
  SINCE JAN 1      1                         2     -1        5
..................................................................


WIND (MPH)
  HIGHEST WIND SPEED    30   HIGHEST WIND DIRECTION    NW (330)
  HIGHEST GUST SPEED    36   HIGHEST GUST DIRECTION     N (340)
  AVERAGE WIND SPEED    16.2


SKY COVER
  POSSIBLE SUNSHINE  MM
  AVERAGE SKY COVER 0.0


WEATHER CONDITIONS
 THE FOLLOWING WEATHER WAS RECORDED YESTERDAY.
  NO SIGNIFICANT WEATHER WAS OBSERVED.


RELATIVE HUMIDITY (PERCENT)
 HIGHEST    82           400 AM
 LOWEST     15           200 PM
 AVERAGE    49

..........................................................


THE PASO ROBLES AIRPORT CA CLIMATE NORMALS FOR TODAY
                         NORMAL    RECORD    YEAR
 MAXIMUM TEMPERATURE (F)   76        97      1981
 MINIMUM TEMPERATURE (F)   43        27      1970


SUNRISE AND SUNSET
APRIL 29 2017.........SUNRISE   612 AM PDT   SUNSET   748 PM PDT
APRIL 30 2017.........SUNRISE   611 AM PDT   SUNSET   749 PM PDT


-  INDICATES NEGATIVE NUMBERS.
R  INDICATES RECORD WAS SET OR TIED.
MM INDICATES DATA IS MISSING.
T  INDICATES TRACE AMOUNT.




$$
