000
CDUS46 KLOX 280111
CLIPRB


CLIMATE REPORT
NATIONAL WEATHER SERVICE LOS ANGELES/OXNARD CA
611 PM PDT TUE SEP 27 2016


...................................

...THE PASO ROBLES AIRPORT CA CLIMATE SUMMARY FOR SEPTEMBER 27 2016...
VALID TODAY AS OF 0600 PM LOCAL TIME.

CLIMATE NORMAL PERIOD 1981 TO 2010
CLIMATE RECORD PERIOD 1948 TO 2016


WEATHER ITEM   OBSERVED TIME   RECORD YEAR NORMAL DEPARTURE LAST
                VALUE   (LST)  VALUE       VALUE  FROM      YEAR
                                                  NORMAL
..................................................................
TEMPERATURE (F)
 TODAY
  MAXIMUM        101    342 PM 108    2010  85     16       95
  MINIMUM         52    559 AM  38    2013  49      3       56
  AVERAGE         77                        67     10       76

PRECIPITATION (IN)
  TODAY            0.00          0.54 1986   0.01  -0.01     0.00
  MONTH TO DATE    0.00                      0.18  -0.18     0.05
  SINCE OCT 1      8.06                     12.74  -4.68    11.03
  SINCE JAN 1      6.00                      9.08  -3.08     5.31

SNOWFALL (IN)
  TODAY            0.0
  MONTH TO DATE    0.0
  SINCE SEP 1      0.0
  SINCE JUL 1      0.0

DEGREE DAYS
 HEATING
  TODAY            0                         2     -2        0
  MONTH TO DATE   18                        17      1        4
  SINCE SEP 1     18                        17      1        4
  SINCE JUL 1     18                        25     -7        4

 COOLING
  TODAY           12                         4      8       11
  MONTH TO DATE  149                       149      0      230
  SINCE SEP 1    149                       149      0      230
  SINCE JAN 1   1038                       882    156     1169
..................................................................


WIND (MPH)
  HIGHEST WIND SPEED    13   HIGHEST WIND DIRECTION     N (340)
  HIGHEST GUST SPEED    15   HIGHEST GUST DIRECTION     N (340)
  AVERAGE WIND SPEED     1.6


SKY COVER
  POSSIBLE SUNSHINE  MM
  AVERAGE SKY COVER 0.0


WEATHER CONDITIONS
 THE FOLLOWING WEATHER WAS RECORDED TODAY.
  NO SIGNIFICANT WEATHER WAS OBSERVED.


RELATIVE HUMIDITY (PERCENT)
 HIGHEST    41           600 AM
 LOWEST      7           200 PM
 AVERAGE    24

..........................................................


THE PASO ROBLES AIRPORT CA CLIMATE NORMALS FOR TOMORROW
                         NORMAL    RECORD    YEAR
 MAXIMUM TEMPERATURE (F)   85       107      2010
 MINIMUM TEMPERATURE (F)   48        39      1971


SUNRISE AND SUNSET
SEPTEMBER 27 2016.....SUNRISE   655 AM PDT   SUNSET   651 PM PDT
SEPTEMBER 28 2016.....SUNRISE   656 AM PDT   SUNSET   650 PM PDT


-  INDICATES NEGATIVE NUMBERS.
R  INDICATES RECORD WAS SET OR TIED.
MM INDICATES DATA IS MISSING.
T  INDICATES TRACE AMOUNT.




$$
