000
CDUS46 KLOX 220943
CLIPRB


CLIMATE REPORT
NATIONAL WEATHER SERVICE LOS ANGELES/OXNARD CA
243 AM PDT FRI SEP 22 2017


...................................

...THE PASO ROBLES AIRPORT CA CLIMATE SUMMARY FOR SEPTEMBER 21 2017...

CLIMATE NORMAL PERIOD 1981 TO 2010
CLIMATE RECORD PERIOD 1948 TO 2017


WEATHER ITEM   OBSERVED TIME   RECORD YEAR NORMAL DEPARTURE LAST
                VALUE   (LST)  VALUE       VALUE  FROM      YEAR
                                                  NORMAL
..................................................................
TEMPERATURE (F)
 YESTERDAY
  MAXIMUM         74    304 PM 106    2003  87    -13       87
  MINIMUM         53   1159 PM  38    2004  50      3       53
                                      1968
  AVERAGE         64                        68     -4       70

PRECIPITATION (IN)
  YESTERDAY        0.00          0.19 1990   0.01  -0.01     0.00
  MONTH TO DATE    0.03                      0.11  -0.08     0.00
  SINCE OCT 1     16.17                     12.67   3.50     8.06
  SINCE JAN 1     12.49                      9.01   3.48     6.00

SNOWFALL (IN)
  YESTERDAY        0.0
  MONTH TO DATE    0.0
  SINCE SEP 1      0.0
  SINCE JUL 1      0.0

DEGREE DAYS
 HEATING
  YESTERDAY        1                         1      0        0
  MONTH TO DATE    1                         9     -8       12
  SINCE SEP 1      1                         9     -8       12
  SINCE JUL 1      2                        17    -15       12

 COOLING
  YESTERDAY        0                         4     -4        5
  MONTH TO DATE  197                       125     72      112
  SINCE SEP 1    197                       125     72      112
  SINCE JAN 1   1297                       858    439     1001
..................................................................


WIND (MPH)
  HIGHEST WIND SPEED    24   HIGHEST WIND DIRECTION     N (350)
  HIGHEST GUST SPEED    29   HIGHEST GUST DIRECTION     N (350)
  AVERAGE WIND SPEED    14.2


SKY COVER
  POSSIBLE SUNSHINE  MM
  AVERAGE SKY COVER 0.3


WEATHER CONDITIONS
 THE FOLLOWING WEATHER WAS RECORDED YESTERDAY.
  NO SIGNIFICANT WEATHER WAS OBSERVED.


RELATIVE HUMIDITY (PERCENT)
 HIGHEST    87          1200 AM
 LOWEST     25           200 PM
 AVERAGE    56

..........................................................


THE PASO ROBLES AIRPORT CA CLIMATE NORMALS FOR TODAY
                         NORMAL    RECORD    YEAR
 MAXIMUM TEMPERATURE (F)   87       105      2009
                                             2003
 MINIMUM TEMPERATURE (F)   50        39      1968


SUNRISE AND SUNSET
SEPTEMBER 22 2017.....SUNRISE   651 AM PDT   SUNSET   659 PM PDT
SEPTEMBER 23 2017.....SUNRISE   651 AM PDT   SUNSET   657 PM PDT


-  INDICATES NEGATIVE NUMBERS.
R  INDICATES RECORD WAS SET OR TIED.
MM INDICATES DATA IS MISSING.
T  INDICATES TRACE AMOUNT.




$$
