000
CDUS46 KLOX 230910
CLIPRB


CLIMATE REPORT
NATIONAL WEATHER SERVICE LOS ANGELES/OXNARD CA
109 AM PST TUE JAN 23 2018


...................................

...THE PASO ROBLES AIRPORT CA CLIMATE SUMMARY FOR JANUARY 22 2018...

CLIMATE NORMAL PERIOD 1981 TO 2010
CLIMATE RECORD PERIOD 1948 TO 2018


WEATHER ITEM   OBSERVED TIME   RECORD YEAR NORMAL DEPARTURE LAST
                VALUE   (LST)  VALUE       VALUE  FROM      YEAR
                                                  NORMAL
..................................................................
TEMPERATURE (F)
 YESTERDAY
  MAXIMUM         65    404 PM  75    1968  60      5       56
  MINIMUM         30    656 AM  21    2007  35     -5       44
  AVERAGE         48                        48      0       50

PRECIPITATION (IN)
  YESTERDAY        0.00          1.55 1983   0.08  -0.08     1.19
  MONTH TO DATE    1.93                      1.95  -0.02     6.65
  SINCE OCT 1      2.20                      5.61  -3.41    10.33
  SINCE JAN 1      1.93                      1.95  -0.02     6.65

SNOWFALL (IN)
  YESTERDAY        0.0
  MONTH TO DATE    0.0
  SINCE DEC 1      0.0
  SINCE JUL 1      0.0

DEGREE DAYS
 HEATING
  YESTERDAY       17                        17      0       15
  MONTH TO DATE  250                       399   -149      355
  SINCE DEC 1    777                       974   -197      884
  SINCE JUL 1   1154                      1523   -369     1268

 COOLING
  YESTERDAY        0                         0      0        0
  MONTH TO DATE    0                         0      0        0
  SINCE DEC 1      0                         0      0        0
  SINCE JAN 1      0                         0      0        0
..................................................................


WIND (MPH)
  HIGHEST WIND SPEED    12   HIGHEST WIND DIRECTION     E (90)
  HIGHEST GUST SPEED    13   HIGHEST GUST DIRECTION     E (90)
  AVERAGE WIND SPEED     1.7


SKY COVER
  POSSIBLE SUNSHINE  MM
  AVERAGE SKY COVER 0.0


WEATHER CONDITIONS
 THE FOLLOWING WEATHER WAS RECORDED YESTERDAY.
  NO SIGNIFICANT WEATHER WAS OBSERVED.


RELATIVE HUMIDITY (PERCENT)
 HIGHEST    96           300 AM
 LOWEST     44           300 PM
 AVERAGE    70

..........................................................


THE PASO ROBLES AIRPORT CA CLIMATE NORMALS FOR TODAY
                         NORMAL    RECORD    YEAR
 MAXIMUM TEMPERATURE (F)   60        78      1968
 MINIMUM TEMPERATURE (F)   36        21      2007


SUNRISE AND SUNSET
JANUARY 23 2018.......SUNRISE   708 AM PST   SUNSET   521 PM PST
JANUARY 24 2018.......SUNRISE   708 AM PST   SUNSET   522 PM PST


-  INDICATES NEGATIVE NUMBERS.
R  INDICATES RECORD WAS SET OR TIED.
MM INDICATES DATA IS MISSING.
T  INDICATES TRACE AMOUNT.




$$
