697
CDUS46 KPDT 170828 RRA
CLIPSC

CLIMATE REPORT
NATIONAL WEATHER SERVICE PENDLETON OR
1226 AM PST TUE JAN 17 2017


...................................

...THE PASCO WA CLIMATE SUMMARY FOR JANUARY 16 2017...

CLIMATE NORMAL PERIOD 1981 TO 2010
CLIMATE RECORD PERIOD 1948 TO 2017


WEATHER ITEM   OBSERVED TIME   RECORD YEAR NORMAL DEPARTURE LAST
                VALUE   (LST)  VALUE       VALUE  FROM      YEAR
                                                  NORMAL
..................................................................
TEMPERATURE (F)
 YESTERDAY
  MAXIMUM         18    106 PM  64    2011  42    -24       38
  MINIMUM          2R  1008 PM   7    2007  28    -26       29
  AVERAGE         10                        35    -25       34

PRECIPITATION (IN)
  YESTERDAY        T             0.30 1971   0.03  -0.03     0.12
  MONTH TO DATE    0.63                      0.76  -0.13     0.42
  SINCE OCT 1      4.40                      3.71   0.69     3.18
  SINCE JAN 1      0.63                      0.76  -0.13     0.42

SNOWFALL (IN)
  YESTERDAY        T
  SNOW DEPTH       0

DEGREE DAYS
 HEATING
  YESTERDAY       55                        30     25       31
  MONTH TO DATE  806                       500    306      542
  SINCE DEC 1   1947                      1487    460     1425
  SINCE JUL 1   2893                      2716    177     2527

 COOLING
  YESTERDAY        0                         0      0        0
  MONTH TO DATE    0                         0      0        0
  SINCE DEC 1      0                         0      0        0
  SINCE JAN 1      0                         0      0        0
..................................................................


WIND (MPH)
  RESULTANT WIND SPEED   2   RESULTANT WIND DIRECTION   N (0)
  HIGHEST WIND SPEED     8   HIGHEST WIND DIRECTION     N (340)
  HIGHEST GUST SPEED     8   HIGHEST GUST DIRECTION     N (340)


SKY COVER
  POSSIBLE SUNSHINE  MM
  AVERAGE SKY COVER 0.9


WEATHER CONDITIONS
 THE FOLLOWING WEATHER WAS RECORDED YESTERDAY.
  LIGHT SNOW
  FOG
  HAZE


RELATIVE HUMIDITY (PERCENT)
 HIGHEST   100
 LOWEST     80
 AVERAGE    90

..........................................................


THE PASCO WA CLIMATE NORMALS FOR TODAY
                         NORMAL    RECORD    YEAR
 MAXIMUM TEMPERATURE (F)   42        61      2011
 MINIMUM TEMPERATURE (F)   28         5      2007


SUNRISE AND SUNSET
JANUARY 17 2017.......SUNRISE   734 AM PST   SUNSET   440 PM PST
JANUARY 18 2017.......SUNRISE   733 AM PST   SUNSET   441 PM PST


-  INDICATES NEGATIVE NUMBERS.
R  INDICATES RECORD WAS SET OR TIED.
MM INDICATES DATA IS MISSING.
T  INDICATES TRACE AMOUNT.




$$
