000
CDUS46 KPDT 050039
CLIPSC

CLIMATE REPORT
NATIONAL WEATHER SERVICE PENDLETON OR
526 PM PDT SAT JUL 4 2015


...................................

...THE PASCO WA CLIMATE SUMMARY FOR JULY 4 2015...
VALID TODAY AS OF 0500 PM LOCAL TIME.

CLIMATE NORMAL PERIOD 1981 TO 2010
CLIMATE RECORD PERIOD 1948 TO 2015


WEATHER ITEM   OBSERVED TIME   RECORD YEAR NORMAL DEPARTURE LAST
                VALUE   (LST)  VALUE       VALUE  FROM      YEAR
                                                  NORMAL
..................................................................
TEMPERATURE (F)
 TODAY
  MAXIMUM        104    356 PM 106    2001  89     15       90
  MINIMUM         66    504 AM  44    2002  54     12       65
  AVERAGE         85                        71     14       78

PRECIPITATION (IN)
  TODAY            0.00          0.12 1986   0.01  -0.01     0.00
  MONTH TO DATE    0.00                      0.06  -0.06      T
  SINCE OCT 1      5.57                      7.94  -2.37     3.14
  SINCE JAN 1      3.20                      4.99  -1.79     2.56

SNOWFALL (IN)
  TODAY            0.0
  SNOW DEPTH       0

DEGREE DAYS
 HEATING
  TODAY            0                         0      0        0
  MONTH TO DATE    0                         1     -1        0
  SINCE JUN 1      1                        33    -32       18
  SINCE JUL 1      0                         1     -1        0

 COOLING
  TODAY           20                         7     13       13
  MONTH TO DATE   76                        25     51       51
  SINCE JUN 1    392                       134    258      162
  SINCE JAN 1    474                       167    307      196
..................................................................


WIND (MPH)
  RESULTANT WIND SPEED   2   RESULTANT WIND DIRECTION   S (160)
  HIGHEST WIND SPEED    12   HIGHEST WIND DIRECTION    SW (240)
  HIGHEST GUST SPEED    13   HIGHEST GUST DIRECTION     S (170)


SKY COVER
  POSSIBLE SUNSHINE  MM
  AVERAGE SKY COVER 0.0


WEATHER CONDITIONS
THE FOLLOWING WEATHER WAS RECORDED TODAY.
  NO SIGNIFICANT WEATHER WAS OBSERVED.


RELATIVE HUMIDITY (PERCENT)
 HIGHEST    73
 LOWEST     15
 AVERAGE    44

..........................................................


THE PASCO WA CLIMATE NORMALS FOR TOMORROW
                         NORMAL    RECORD    YEAR
 MAXIMUM TEMPERATURE (F)   89       105      2007
 MINIMUM TEMPERATURE (F)   54        44      2002


SUNRISE AND SUNSET
JULY  4 2015..........SUNRISE   510 AM PDT   SUNSET   851 PM PDT
JULY  5 2015..........SUNRISE   511 AM PDT   SUNSET   851 PM PDT


-  INDICATES NEGATIVE NUMBERS.
R  INDICATES RECORD WAS SET OR TIED.
MM INDICATES DATA IS MISSING.
T  INDICATES TRACE AMOUNT.




$$
