000
CDUS46 KPDT 210846
CLIPSC

CLIMATE REPORT
NATIONAL WEATHER SERVICE PENDLETON OR
145 AM PDT SUN SEP 21 2014


...................................

...THE PASCO WA CLIMATE SUMMARY FOR SEPTEMBER 20 2014...

CLIMATE NORMAL PERIOD 1981 TO 2010
CLIMATE RECORD PERIOD 1948 TO 2014


WEATHER ITEM   OBSERVED TIME   RECORD YEAR NORMAL DEPARTURE LAST
                VALUE   (LST)  VALUE       VALUE  FROM      YEAR
                                                  NORMAL
..................................................................
TEMPERATURE (F)
 YESTERDAY
  MAXIMUM         87    315 PM  89    1999  79      8       79
  MINIMUM         50    614 AM  37    2007  45      5       42
  AVERAGE         69                        62      7       61

PRECIPITATION (IN)
  YESTERDAY        0.00          0.27 2006   0.01  -0.01     0.00
  MONTH TO DATE    T                         0.22  -0.22     0.70
  SINCE OCT 1      3.64                      8.65  -5.01     7.38
  SINCE JAN 1      3.06                      5.70  -2.64     4.02

SNOWFALL (IN)
  YESTERDAY        0.0
  SNOW DEPTH       0

DEGREE DAYS
 HEATING
  YESTERDAY        0                         4     -4        4
  MONTH TO DATE   33                        40     -7       16
  SINCE SEP 1     33                        40     -7       16
  SINCE JUL 1     33                        52    -19       16

 COOLING
  YESTERDAY        4                         1      3        0
  MONTH TO DATE   37                        45     -8      130
  SINCE SEP 1     37                        45     -8      130
  SINCE JAN 1    955                       702    253      992
..................................................................


WIND (MPH)
  RESULTANT WIND SPEED   7   RESULTANT WIND DIRECTION   N (340)
  HIGHEST WIND SPEED    16   HIGHEST WIND DIRECTION     N (340)
  HIGHEST GUST SPEED    19   HIGHEST GUST DIRECTION    NW (330)


SKY COVER
  POSSIBLE SUNSHINE  MM
  AVERAGE SKY COVER 0.0


WEATHER CONDITIONS
 THE FOLLOWING WEATHER WAS RECORDED YESTERDAY.
  HAZE


RELATIVE HUMIDITY (PERCENT)
 HIGHEST   100
 LOWEST     36
 AVERAGE    68

..........................................................


THE PASCO WA CLIMATE NORMALS FOR TODAY
                         NORMAL    RECORD    YEAR
 MAXIMUM TEMPERATURE (F)   78        91      1999
 MINIMUM TEMPERATURE (F)   45        36      2007


SUNRISE AND SUNSET
SEPTEMBER 21 2014.....SUNRISE   642 AM PDT   SUNSET   656 PM PDT
SEPTEMBER 22 2014.....SUNRISE   643 AM PDT   SUNSET   654 PM PDT


-  INDICATES NEGATIVE NUMBERS.
R  INDICATES RECORD WAS SET OR TIED.
MM INDICATES DATA IS MISSING.
T  INDICATES TRACE AMOUNT.




$$
