000
CDUS46 KPDT 260027 RRB
CLIPSC

CLIMATE REPORT
NATIONAL WEATHER SERVICE PENDLETON OR
427 PM PST SUN FEB 25 2018


...................................

...THE PASCO WA CLIMATE SUMMARY FOR FEBRUARY 25 2018...
VALID TODAY AS OF 0400 PM LOCAL TIME.

CLIMATE NORMAL PERIOD 1981 TO 2010
CLIMATE RECORD PERIOD 1948 TO 2018


WEATHER ITEM   OBSERVED TIME   RECORD YEAR NORMAL DEPARTURE LAST
                VALUE   (LST)  VALUE       VALUE  FROM      YEAR
                                                  NORMAL
..................................................................
TEMPERATURE (F)
 TODAY
  MAXIMUM         53    238 PM  74    1986  53      0       47
  MINIMUM         38   1241 AM   7    2011  29      9       21
  AVERAGE         46                        41      5       34

PRECIPITATION (IN)
  TODAY            0.00          0.39 1940   0.03  -0.03     0.00
  MONTH TO DATE    0.40                      0.77  -0.37     1.50
  SINCE OCT 1      4.09                      4.94  -0.85     6.22
  SINCE JAN 1      1.37                      1.99  -0.62     2.45

SNOWFALL (IN)
  TODAY            0.0
  SNOW DEPTH       0

DEGREE DAYS
 HEATING
  TODAY           19                        24     -5       31
  MONTH TO DATE  634                       661    -27      817
  SINCE DEC 1   2455                      2583   -128     3298
  SINCE JUL 1   3623                      3812   -189     4244

 COOLING
  TODAY            0                         0      0        0
  MONTH TO DATE    0                         0      0        0
  SINCE DEC 1      0                         0      0        0
  SINCE JAN 1      0                         0      0        0
..................................................................


WIND (MPH)
  RESULTANT WIND SPEED  20   RESULTANT WIND DIRECTION  SW (220)
  HIGHEST WIND SPEED    36   HIGHEST WIND DIRECTION    SW (210)
  HIGHEST GUST SPEED    45   HIGHEST GUST DIRECTION    SW (210)


SKY COVER
  POSSIBLE SUNSHINE  MM
  AVERAGE SKY COVER 0.5


WEATHER CONDITIONS
 THE FOLLOWING WEATHER WAS RECORDED TODAY.
  NO SIGNIFICANT WEATHER WAS OBSERVED.


RELATIVE HUMIDITY (PERCENT)
 HIGHEST    70
 LOWEST     45
 AVERAGE    58

..........................................................


THE PASCO WA CLIMATE NORMALS FOR TOMORROW
                         NORMAL    RECORD    YEAR
 MAXIMUM TEMPERATURE (F)   53        71      1932
 MINIMUM TEMPERATURE (F)   29         7      2011


SUNRISE AND SUNSET
FEBRUARY 25 2018......SUNRISE   643 AM PST   SUNSET   537 PM PST
FEBRUARY 26 2018......SUNRISE   641 AM PST   SUNSET   539 PM PST


-  INDICATES NEGATIVE NUMBERS.
R  INDICATES RECORD WAS SET OR TIED.
MM INDICATES DATA IS MISSING.
T  INDICATES TRACE AMOUNT.




$$
