000
CDUS46 KPDT 300904
CLIPSC

CLIMATE REPORT
NATIONAL WEATHER SERVICE PENDLETON OR
204 AM PDT SAT APR 30 2016


...................................

...THE PASCO WA CLIMATE SUMMARY FOR APRIL 29 2016...

CLIMATE NORMAL PERIOD 1981 TO 2010
CLIMATE RECORD PERIOD 1948 TO 2016


WEATHER ITEM   OBSERVED TIME   RECORD YEAR NORMAL DEPARTURE LAST
                VALUE   (LST)  VALUE       VALUE  FROM      YEAR
                                                  NORMAL
..................................................................
TEMPERATURE (F)
 YESTERDAY
  MAXIMUM         66   1034 AM  89    1998  71     -5       70
  MINIMUM         50    848 PM  31    2014  40     10       47
  AVERAGE         58                        56      2       59

PRECIPITATION (IN)
  YESTERDAY        T             0.13 1967   0.02  -0.02     0.00
  MONTH TO DATE    0.28                      0.63  -0.35     0.20
  SINCE OCT 1      5.79                      6.45  -0.66     4.29
  SINCE JAN 1      3.03                      3.50  -0.47     1.92

SNOWFALL (IN)
  YESTERDAY        0.0
  SNOW DEPTH       0

DEGREE DAYS
 HEATING
  YESTERDAY        7                        10     -3        6
  MONTH TO DATE  187                       354   -167      369
  SINCE MAR 1    716                       932   -216      818
  SINCE JUL 1   4234                      4815   -581     4274

 COOLING
  YESTERDAY        0                         0      0        0
  MONTH TO DATE    4                         0      4        0
  SINCE MAR 1      4                         0      4        0
  SINCE JAN 1      4                         0      4        0
..................................................................


WIND (MPH)
  RESULTANT WIND SPEED   7   RESULTANT WIND DIRECTION  SW (230)
  HIGHEST WIND SPEED    18   HIGHEST WIND DIRECTION    NW (310)
  HIGHEST GUST SPEED    23   HIGHEST GUST DIRECTION    NW (320)


SKY COVER
  POSSIBLE SUNSHINE  MM
  AVERAGE SKY COVER 0.9


WEATHER CONDITIONS
 THE FOLLOWING WEATHER WAS RECORDED YESTERDAY.
  LIGHT RAIN


RELATIVE HUMIDITY (PERCENT)
 HIGHEST    77
 LOWEST     40
 AVERAGE    59

..........................................................


THE PASCO WA CLIMATE NORMALS FOR TODAY
                         NORMAL    RECORD    YEAR
 MAXIMUM TEMPERATURE (F)   72        95      1998
 MINIMUM TEMPERATURE (F)   41        29      2013


SUNRISE AND SUNSET
APRIL 30 2016.........SUNRISE   543 AM PDT   SUNSET   805 PM PDT
MAY  1 2016...........SUNRISE   542 AM PDT   SUNSET   806 PM PDT


-  INDICATES NEGATIVE NUMBERS.
R  INDICATES RECORD WAS SET OR TIED.
MM INDICATES DATA IS MISSING.
T  INDICATES TRACE AMOUNT.




$$
