000
CDUS46 KPDT 240929
CLIPSC

CLIMATE REPORT
NATIONAL WEATHER SERVICE PENDLETON OR
229 AM PDT SUN MAY 24 2015


...................................

...THE PASCO WA CLIMATE SUMMARY FOR MAY 23 2015...

CLIMATE NORMAL PERIOD 1981 TO 2010
CLIMATE RECORD PERIOD 1948 TO 2015


WEATHER ITEM   OBSERVED TIME   RECORD YEAR NORMAL DEPARTURE LAST
                VALUE   (LST)  VALUE       VALUE  FROM      YEAR
                                                  NORMAL
..................................................................
TEMPERATURE (F)
 YESTERDAY
  MAXIMUM         82    437 PM 105    2001  77      5       86
  MINIMUM         58    441 AM  36    2013  48     10       54
  AVERAGE         70                        63      7       70

PRECIPITATION (IN)
  YESTERDAY        T             0.52 1962   0.03  -0.03     0.05
  MONTH TO DATE    1.16                      0.48   0.68     0.29
  SINCE OCT 1      5.45                      6.95  -1.50     2.96
  SINCE JAN 1      3.08                      4.00  -0.92     2.38

SNOWFALL (IN)
  YESTERDAY        0.0
  SNOW DEPTH       0

DEGREE DAYS
 HEATING
  YESTERDAY        0                         4     -4        0
  MONTH TO DATE  107                       142    -35       80
  SINCE MAR 1    935                      1083   -148      964
  SINCE JUL 1   4391                      4966   -575     5193

 COOLING
  YESTERDAY        5                         2      3        5
  MONTH TO DATE   30                        16     14       27
  SINCE MAR 1     30                        17     13       27
  SINCE JAN 1     30                        17     13       27
..................................................................


WIND (MPH)
  RESULTANT WIND SPEED   8   RESULTANT WIND DIRECTION  SW (210)
  HIGHEST WIND SPEED    15   HIGHEST WIND DIRECTION    SW (210)
  HIGHEST GUST SPEED    19   HIGHEST GUST DIRECTION    SW (210)


SKY COVER
  POSSIBLE SUNSHINE  MM
  AVERAGE SKY COVER 0.1


WEATHER CONDITIONS
 THE FOLLOWING WEATHER WAS RECORDED YESTERDAY.
  LIGHT RAIN


RELATIVE HUMIDITY (PERCENT)
 HIGHEST    80
 LOWEST     39
 AVERAGE    60

..........................................................


THE PASCO WA CLIMATE NORMALS FOR TODAY
                         NORMAL    RECORD    YEAR
 MAXIMUM TEMPERATURE (F)   78        98      2001
 MINIMUM TEMPERATURE (F)   49        39      2002


SUNRISE AND SUNSET
MAY 24 2015...........SUNRISE   514 AM PDT   SUNSET   833 PM PDT
MAY 25 2015...........SUNRISE   513 AM PDT   SUNSET   834 PM PDT


-  INDICATES NEGATIVE NUMBERS.
R  INDICATES RECORD WAS SET OR TIED.
MM INDICATES DATA IS MISSING.
T  INDICATES TRACE AMOUNT.

$$
