000
CDUS46 KPDT 300900 RRA
CLIPSC

CLIMATE REPORT
NATIONAL WEATHER SERVICE PENDLETON OR
159 AM PDT SAT JUL 30 2016


...................................

...THE PASCO WA CLIMATE SUMMARY FOR JULY 29 2016...

CLIMATE NORMAL PERIOD 1981 TO 2010
CLIMATE RECORD PERIOD 1948 TO 2016


WEATHER ITEM   OBSERVED TIME   RECORD YEAR NORMAL DEPARTURE LAST
                VALUE   (LST)  VALUE       VALUE  FROM      YEAR
                                                  NORMAL
..................................................................
TEMPERATURE (F)
 YESTERDAY
  MAXIMUM        105    356 PM 107    2014  93     12       96
  MINIMUM         60    505 AM  48    2015  58      2       48
  AVERAGE         83                        75      8       72

PRECIPITATION (IN)
  YESTERDAY        0.00         MM      MM   0.00   0.00     0.00
  MONTH TO DATE    0.33                      0.27   0.06      T
  SINCE OCT 1      8.10                      8.15  -0.05     5.57
  SINCE JAN 1      5.34                      5.20   0.14     3.20

SNOWFALL (IN)
  YESTERDAY        0.0
  SNOW DEPTH       0

DEGREE DAYS
 HEATING
  YESTERDAY        0                         0      0        0
  MONTH TO DATE    0                         1     -1        0
  SINCE JUN 1     30                        33     -3        1
  SINCE JUL 1      0                         1     -1        0

 COOLING
  YESTERDAY       18                        10      8        7
  MONTH TO DATE  249                       247      2      365
  SINCE JUN 1    425                       356     69      681
  SINCE JAN 1    458                       389     69      763
..................................................................


WIND (MPH)
  RESULTANT WIND SPEED   1   RESULTANT WIND DIRECTION   E (90)
  HIGHEST WIND SPEED    20   HIGHEST WIND DIRECTION    NW (320)
  HIGHEST GUST SPEED    27   HIGHEST GUST DIRECTION    NW (320)


SKY COVER
  POSSIBLE SUNSHINE  MM
  AVERAGE SKY COVER 0.0


WEATHER CONDITIONS
 THE FOLLOWING WEATHER WAS RECORDED YESTERDAY.
  NO SIGNIFICANT WEATHER WAS OBSERVED.


RELATIVE HUMIDITY (PERCENT)
 HIGHEST    78
 LOWEST     16
 AVERAGE    47

..........................................................


THE PASCO WA CLIMATE NORMALS FOR TODAY
                         NORMAL    RECORD    YEAR
 MAXIMUM TEMPERATURE (F)   93       107      2003
 MINIMUM TEMPERATURE (F)   58        51      2015


SUNRISE AND SUNSET
JULY 30 2016..........SUNRISE   536 AM PDT   SUNSET   829 PM PDT
JULY 31 2016..........SUNRISE   538 AM PDT   SUNSET   827 PM PDT


-  INDICATES NEGATIVE NUMBERS.
R  INDICATES RECORD WAS SET OR TIED.
MM INDICATES DATA IS MISSING.
T  INDICATES TRACE AMOUNT.




$$
