000
CDUS46 KPDT 230837
CLIPSC

CLIMATE REPORT
NATIONAL WEATHER SERVICE PENDLETON OR
133 AM PDT SAT AUG 23 2014


...................................

...THE PASCO WA CLIMATE SUMMARY FOR AUGUST 22 2014...

CLIMATE NORMAL PERIOD 1981 TO 2010
CLIMATE RECORD PERIOD 1948 TO 2014


WEATHER ITEM   OBSERVED TIME   RECORD YEAR NORMAL DEPARTURE LAST
                VALUE   (LST)  VALUE       VALUE  FROM      YEAR
                                                  NORMAL
..................................................................
TEMPERATURE (F)
 YESTERDAY
  MAXIMUM         85    243 PM 103    1991  89     -4       91
  MINIMUM         56    500 AM  46    2008  54      2       56
  AVERAGE         71                        72     -1       74

PRECIPITATION (IN)
  YESTERDAY        T             0.44 1992   0.01  -0.01      T
  MONTH TO DATE    0.47                      0.17   0.30     0.09
  SINCE OCT 1      3.64                      8.33  -4.69     6.39
  SINCE JAN 1      3.06                      5.38  -2.32     3.03

SNOWFALL (IN)
  YESTERDAY        0.0
  SNOW DEPTH       0

DEGREE DAYS
 HEATING
  YESTERDAY        0                         0      0        0
  MONTH TO DATE    0                         0      0        0
  SINCE JUN 1     18                        37    -19       19
  SINCE JUL 1      0                         5     -5        0

 COOLING
  YESTERDAY        6                         7     -1        9
  MONTH TO DATE  277                       195     82      233
  SINCE JUN 1    824                       572    252      728
  SINCE JAN 1    858                       605    253      774
..................................................................


WIND (MPH)
  RESULTANT WIND SPEED   9   RESULTANT WIND DIRECTION  NW (330)
  HIGHEST WIND SPEED    20   HIGHEST WIND DIRECTION    NW (330)
  HIGHEST GUST SPEED    25   HIGHEST GUST DIRECTION    NW (330)


SKY COVER
  POSSIBLE SUNSHINE  MM
  AVERAGE SKY COVER 0.0


WEATHER CONDITIONS
THE FOLLOWING WEATHER WAS RECORDED YESTERDAY.
  LIGHT RAIN


RELATIVE HUMIDITY (PERCENT)
 HIGHEST    86
 LOWEST     32
 AVERAGE    59

..........................................................


THE PASCO WA CLIMATE NORMALS FOR TODAY
                         NORMAL    RECORD    YEAR
 MAXIMUM TEMPERATURE (F)   89       100      2000
 MINIMUM TEMPERATURE (F)   54        45      2010


SUNRISE AND SUNSET
AUGUST 23 2014........SUNRISE   606 AM PDT   SUNSET   752 PM PDT
AUGUST 24 2014........SUNRISE   607 AM PDT   SUNSET   750 PM PDT


-  INDICATES NEGATIVE NUMBERS.
R  INDICATES RECORD WAS SET OR TIED.
MM INDICATES DATA IS MISSING.
T  INDICATES TRACE AMOUNT.

$$
