000
CDUS46 KPDT 240905
CLIPSC

CLIMATE REPORT
NATIONAL WEATHER SERVICE PENDLETON OR
140 AM PDT THU JUL 24 2014


...................................

...THE PASCO WA CLIMATE SUMMARY FOR JULY 23 2014...

CLIMATE NORMAL PERIOD 1981 TO 2010
CLIMATE RECORD PERIOD 1948 TO 2014


WEATHER ITEM   OBSERVED TIME   RECORD YEAR NORMAL DEPARTURE LAST
                VALUE   (LST)  VALUE       VALUE  FROM      YEAR
                                                  NORMAL
..................................................................
TEMPERATURE (F)
 YESTERDAY
  MAXIMUM         86   1210 PM 112    2006  93     -7       99
  MINIMUM         59   1152 PM  48    2011  57      2       58
  AVERAGE         73                        75     -2       79

PRECIPITATION (IN)
  YESTERDAY        0.01          0.85 1992   0.01   0.00     0.00
  MONTH TO DATE    0.03                      0.25  -0.22      T
  SINCE OCT 1      3.17                      8.13  -4.96     6.30
  SINCE JAN 1      2.59                      5.18  -2.59     2.94

SNOWFALL (IN)
  YESTERDAY        0.0
  SNOW DEPTH       0

DEGREE DAYS
 HEATING
  YESTERDAY        0                         0      0        0
  MONTH TO DATE    0                         1     -1        0
  SINCE JUN 1     18                        33    -15       19
  SINCE JUL 1      0                         1     -1        0

 COOLING
  YESTERDAY        8                        10     -2       14
  MONTH TO DATE  341                       187    154      287
  SINCE JUN 1    452                       296    156      411
  SINCE JAN 1    486                       329    157      457
..................................................................


WIND (MPH)
  RESULTANT WIND SPEED   7   RESULTANT WIND DIRECTION   W (250)
  HIGHEST WIND SPEED    43   HIGHEST WIND DIRECTION     W (250)
  HIGHEST GUST SPEED    52   HIGHEST GUST DIRECTION     W (250)


SKY COVER
  POSSIBLE SUNSHINE  MM
  AVERAGE SKY COVER 0.2


WEATHER CONDITIONS
 THE FOLLOWING WEATHER WAS RECORDED YESTERDAY.
  THUNDERSTORM
  LIGHT RAIN
  HAZE
  SANDSTORM


RELATIVE HUMIDITY (PERCENT)
 HIGHEST   100
 LOWEST     38
 AVERAGE    69

..........................................................


THE PASCO WA CLIMATE NORMALS FOR TODAY
                         NORMAL    RECORD    YEAR
 MAXIMUM TEMPERATURE (F)   93       108      2006
 MINIMUM TEMPERATURE (F)   57        50      2012
                                             2011


SUNRISE AND SUNSET
JULY 24 2014..........SUNRISE   529 AM PDT   SUNSET   836 PM PDT
JULY 25 2014..........SUNRISE   530 AM PDT   SUNSET   835 PM PDT


-  INDICATES NEGATIVE NUMBERS.
R  INDICATES RECORD WAS SET OR TIED.
MM INDICATES DATA IS MISSING.
T  INDICATES TRACE AMOUNT.




$$
