000
CDUS46 KPDT 030040
CLIPSC

CLIMATE REPORT
NATIONAL WEATHER SERVICE PENDLETON OR
539 PM PDT TUE SEP 2 2014


...................................

...THE PASCO WA CLIMATE SUMMARY FOR SEPTEMBER 2 2014...
VALID TODAY AS OF 0500 PM LOCAL TIME.

CLIMATE NORMAL PERIOD 1981 TO 2010
CLIMATE RECORD PERIOD 1948 TO 2014


WEATHER ITEM   OBSERVED TIME   RECORD YEAR NORMAL DEPARTURE LAST
                VALUE   (LST)  VALUE       VALUE  FROM      YEAR
                                                  NORMAL
..................................................................
TEMPERATURE (F)
 TODAY
  MAXIMUM         85    357 PM 101    1998  86     -1       91
  MINIMUM         48    544 AM  40    2008  51     -3       59
  AVERAGE         67                        68     -1       75

PRECIPITATION (IN)
  TODAY            0.00          0.09 1979   0.01  -0.01     0.05
  MONTH TO DATE    0.00                      0.02  -0.02     0.05
  SINCE OCT 1      3.64                      8.45  -4.81     6.73
  SINCE JAN 1      3.06                      5.50  -2.44     3.37

SNOWFALL (IN)
  TODAY            0.0
  SNOW DEPTH       0

DEGREE DAYS
 HEATING
  TODAY            0                         1     -1        0
  MONTH TO DATE    0                         2     -2        0
  SINCE SEP 1      0                         2     -2        0
  SINCE JUL 1      0                        14    -14        0

 COOLING
  TODAY            2                         4     -2       10
  MONTH TO DATE    2                         8     -6       20
  SINCE SEP 1      2                         8     -6       20
  SINCE JAN 1    920                       665    255      882
..................................................................


WIND (MPH)
  RESULTANT WIND SPEED   2   RESULTANT WIND DIRECTION  SW (240)
  HIGHEST WIND SPEED    14   HIGHEST WIND DIRECTION    SW (230)
  HIGHEST GUST SPEED    19   HIGHEST GUST DIRECTION    SW (240)


SKY COVER
  POSSIBLE SUNSHINE  MM
  AVERAGE SKY COVER 0.0


WEATHER CONDITIONS
 THE FOLLOWING WEATHER WAS RECORDED TODAY.
  NO SIGNIFICANT WEATHER WAS OBSERVED.


RELATIVE HUMIDITY (PERCENT)
 HIGHEST   100
 LOWEST     26
 AVERAGE    63

..........................................................


THE PASCO WA CLIMATE NORMALS FOR TOMORROW
                         NORMAL    RECORD    YEAR
 MAXIMUM TEMPERATURE (F)   85       101      1998
 MINIMUM TEMPERATURE (F)   51        40      2008


SUNRISE AND SUNSET
SEPTEMBER  2 2014.....SUNRISE   618 AM PDT   SUNSET   733 PM PDT
SEPTEMBER  3 2014.....SUNRISE   619 AM PDT   SUNSET   731 PM PDT


-  INDICATES NEGATIVE NUMBERS.
R  INDICATES RECORD WAS SET OR TIED.
MM INDICATES DATA IS MISSING.
T  INDICATES TRACE AMOUNT.

$$
