000
CDUS46 KPDT 060853 RRA
CLIPSC

CLIMATE REPORT
NATIONAL WEATHER SERVICE PENDLETON OR
1235 AM PST TUE DEC 6 2016


...................................

...THE PASCO WA CLIMATE SUMMARY FOR DECEMBER 5 2016...

CLIMATE NORMAL PERIOD 1981 TO 2010
CLIMATE RECORD PERIOD 1948 TO 2016


WEATHER ITEM   OBSERVED TIME   RECORD YEAR NORMAL DEPARTURE LAST
                VALUE   (LST)  VALUE       VALUE  FROM      YEAR
                                                  NORMAL
..................................................................
TEMPERATURE (F)
 YESTERDAY
  MAXIMUM         41   1250 PM  56    2012  42     -1       41
                                      1991
  MINIMUM         21    440 AM   3    2013  28     -7       28
  AVERAGE         31                        35     -4       35

PRECIPITATION (IN)
  YESTERDAY        0.05          0.44 1978   0.03   0.02      T
  MONTH TO DATE    0.05                      0.15  -0.10     0.17
  SINCE OCT 1      3.17                      1.89   1.28     1.20
  SINCE JAN 1      8.79                      7.77   1.02     4.55

SNOWFALL (IN)
  YESTERDAY       MM
  SNOW DEPTH       0

DEGREE DAYS
 HEATING
  YESTERDAY       34                        30      4       30
  MONTH TO DATE  126                       148    -22      157
  SINCE DEC 1    126                       148    -22      157
  SINCE JUL 1   1072                      1377   -305     1259

 COOLING
  YESTERDAY        0                         0      0        0
  MONTH TO DATE    0                         0      0        0
  SINCE DEC 1      0                         0      0        0
  SINCE JAN 1    778                       710     68     1122
..................................................................


WIND (MPH)
  RESULTANT WIND SPEED   1   RESULTANT WIND DIRECTION   S (180)
  HIGHEST WIND SPEED    13   HIGHEST WIND DIRECTION    NW (320)
  HIGHEST GUST SPEED    17   HIGHEST GUST DIRECTION    NW (320)


SKY COVER
  POSSIBLE SUNSHINE  MM
  AVERAGE SKY COVER 0.5


WEATHER CONDITIONS
 THE FOLLOWING WEATHER WAS RECORDED YESTERDAY.
  LIGHT RAIN
  SNOW
  LIGHT SNOW
  FOG


RELATIVE HUMIDITY (PERCENT)
 HIGHEST   100
 LOWEST     63
 AVERAGE    82

..........................................................


THE PASCO WA CLIMATE NORMALS FOR TODAY
                         NORMAL    RECORD    YEAR
 MAXIMUM TEMPERATURE (F)   41        58      1999
 MINIMUM TEMPERATURE (F)   28         7      2013


SUNRISE AND SUNSET
DECEMBER  6 2016......SUNRISE   725 AM PST   SUNSET   410 PM PST
DECEMBER  7 2016......SUNRISE   726 AM PST   SUNSET   410 PM PST


-  INDICATES NEGATIVE NUMBERS.
R  INDICATES RECORD WAS SET OR TIED.
MM INDICATES DATA IS MISSING.
T  INDICATES TRACE AMOUNT.




$$
