000
CDUS41 KALY 290628
CLIPSF


CLIMATE REPORT
NATIONAL WEATHER SERVICE ALBANY NY
128 AM EST THU JAN 29 2015


...................................

...THE PITTSFIELD MA CLIMATE SUMMARY FOR JANUARY 28 2015...

CLIMATE NORMAL PERIOD 1981 TO 2010
CLIMATE RECORD PERIOD 9999 TO 9999


WEATHER ITEM   OBSERVED TIME   NORMAL DEPARTURE LAST
                VALUE   (LST)  VALUE  FROM      YEAR
                                      NORMAL
......................................................
TEMPERATURE (F)
 YESTERDAY
  MAXIMUM         20    324 PM  29     -9       10
  MINIMUM          8   1201 AM  12     -4        4
  AVERAGE         14            20     -6        7

PRECIPITATION (IN)
  YESTERDAY        T             0.08  -0.08     0.00
  MONTH TO DATE    3.24          2.65   0.59     3.35
  SINCE DEC 1      6.99          5.65   1.34     6.14
  SINCE JAN 1      3.24          2.65   0.59     3.35

DEGREE DAYS
 HEATING
  YESTERDAY       51            45      6       58
  MONTH TO DATE 1310          1253     57     1279
  SINCE DEC 1   2381          2440    -59     2447
  SINCE JUL 1   4003          4091    -88     4127

 COOLING
  YESTERDAY        0             0      0        0
  MONTH TO DATE    0             0      0        0
  SINCE DEC 1      0             0      0        0
  SINCE JAN 1      0             0      0        0
......................................................


WIND (MPH)
  HIGHEST WIND SPEED    26   HIGHEST WIND DIRECTION     N (340)
  HIGHEST GUST SPEED    41   HIGHEST GUST DIRECTION     N (350)
  AVERAGE WIND SPEED    10.5


SKY COVER
  AVERAGE SKY COVER 0.4



RELATIVE HUMIDITY (PERCENT)
 HIGHEST    73
 LOWEST     51
 AVERAGE    62

..........................................................


THE PITTSFIELD MA CLIMATE NORMALS FOR TODAY
                         NORMAL
 MAXIMUM TEMPERATURE (F)   29
 MINIMUM TEMPERATURE (F)   12


SUNRISE AND SUNSET
JANUARY 29 2015.......SUNRISE   710 AM EST   SUNSET   503 PM EST
JANUARY 30 2015.......SUNRISE   709 AM EST   SUNSET   504 PM EST


-  INDICATES NEGATIVE NUMBERS.
R  INDICATES RECORD WAS SET OR TIED.
MM INDICATES DATA IS MISSING.
T  INDICATES TRACE AMOUNT.




$$
