000
CDUS41 KALY 220624
CLIPSF


CLIMATE REPORT
NATIONAL WEATHER SERVICE ALBANY NY
223 AM EDT FRI SEP 22 2017


...................................

...THE PITTSFIELD MA CLIMATE SUMMARY FOR SEPTEMBER 21 2017...

CLIMATE NORMAL PERIOD 1981 TO 2010
CLIMATE RECORD PERIOD 9999 TO 9999


WEATHER ITEM   OBSERVED TIME   NORMAL DEPARTURE LAST
                VALUE   (LST)  VALUE  FROM      YEAR
                                      NORMAL
......................................................
TEMPERATURE (F)
 YESTERDAY
  MAXIMUM         77    218 PM  67     10       76
  MINIMUM         59    518 AM  46     13       52
  AVERAGE         68            56     12       64

PRECIPITATION (IN)
  YESTERDAY        0.00          0.13  -0.13     0.00
  MONTH TO DATE    2.49          2.56  -0.07     1.42
  SINCE SEP 1      2.49          2.56  -0.07     1.42
  SINCE JAN 1     33.28         32.34   0.94    24.79

DEGREE DAYS
 HEATING
  YESTERDAY        0             9     -9        1
  MONTH TO DATE   97           117    -20       44
  SINCE SEP 1     97           117    -20       44
  SINCE JUL 1    183           195    -12       68

 COOLING
  YESTERDAY        3             0      3        0
  MONTH TO DATE   40            16     24       50
  SINCE SEP 1     40            16     24       50
  SINCE JAN 1    310           286     24      431
......................................................


WIND (MPH)
  HIGHEST WIND SPEED    15   HIGHEST WIND DIRECTION    NE (30)
  HIGHEST GUST SPEED    20   HIGHEST GUST DIRECTION    NE (40)
  AVERAGE WIND SPEED     5.0


SKY COVER
  AVERAGE SKY COVER 0.1



RELATIVE HUMIDITY (PERCENT)
 HIGHEST    97
 LOWEST     56
 AVERAGE    77

..........................................................


THE PITTSFIELD MA CLIMATE NORMALS FOR TODAY
                         NORMAL
 MAXIMUM TEMPERATURE (F)   67
 MINIMUM TEMPERATURE (F)   46


SUNRISE AND SUNSET
SEPTEMBER 22 2017.....SUNRISE   641 AM EDT   SUNSET   650 PM EDT
SEPTEMBER 23 2017.....SUNRISE   642 AM EDT   SUNSET   648 PM EDT


-  INDICATES NEGATIVE NUMBERS.
R  INDICATES RECORD WAS SET OR TIED.
MM INDICATES DATA IS MISSING.
T  INDICATES TRACE AMOUNT.




$$
