000
CDUS41 KALY 202152
CLIPSF


CLIMATE REPORT
NATIONAL WEATHER SERVICE ALBANY NY
451 PM EST SAT JAN 20 2018


...................................

...THE PITTSFIELD MA CLIMATE SUMMARY FOR JANUARY 20 2018...
VALID TODAY AS OF 0400 PM LOCAL TIME.

CLIMATE NORMAL PERIOD 1981 TO 2010
CLIMATE RECORD PERIOD 9999 TO 9999


WEATHER ITEM   OBSERVED TIME   NORMAL DEPARTURE LAST
                VALUE   (LST)  VALUE  FROM      YEAR
                                      NORMAL
......................................................
TEMPERATURE (F)
 TODAY
  MAXIMUM         42    428 PM  29     13       36
  MINIMUM         15   1241 AM  11      4       32
  AVERAGE         29            20      9       34

PRECIPITATION (IN)
  TODAY            0.00          0.07  -0.07     0.00
  MONTH TO DATE    3.41          2.00   1.41     1.92
  SINCE DEC 1      5.56          5.00   0.56     4.94
  SINCE JAN 1      3.41          2.00   1.41     1.92

DEGREE DAYS
 HEATING
  TODAY           36            45     -9       31
  MONTH TO DATE  923           893     30      773
  SINCE DEC 1   2185          2080    105     1951
  SINCE JUL 1   3510          3731   -221     3358

 COOLING
  TODAY            0             0      0        0
  MONTH TO DATE    0             0      0        0
  SINCE DEC 1      0             0      0        0
  SINCE JAN 1      0             0      0        0
......................................................


WIND (MPH)
  HIGHEST WIND SPEED    23   HIGHEST WIND DIRECTION     W (290)
  HIGHEST GUST SPEED    30   HIGHEST GUST DIRECTION     W (280)
  AVERAGE WIND SPEED     7.0


SKY COVER
  AVERAGE SKY COVER 0.0



RELATIVE HUMIDITY (PERCENT)
 HIGHEST    84
 LOWEST     49
 AVERAGE    67

..........................................................


THE PITTSFIELD MA CLIMATE NORMALS FOR TOMORROW
                         NORMAL
 MAXIMUM TEMPERATURE (F)   29
 MINIMUM TEMPERATURE (F)   11


SUNRISE AND SUNSET
JANUARY 20 2018.......SUNRISE   717 AM EST   SUNSET   452 PM EST
JANUARY 21 2018.......SUNRISE   716 AM EST   SUNSET   453 PM EST


-  INDICATES NEGATIVE NUMBERS.
R  INDICATES RECORD WAS SET OR TIED.
MM INDICATES DATA IS MISSING.
T  INDICATES TRACE AMOUNT.




$$
