000
CDUS41 KALY 270627
CLIPSF


CLIMATE REPORT
NATIONAL WEATHER SERVICE ALBANY NY
224 AM EDT WED MAY 27 2015


...................................

...THE PITTSFIELD MA CLIMATE SUMMARY FOR MAY 26 2015...

CLIMATE NORMAL PERIOD 1981 TO 2010
CLIMATE RECORD PERIOD 9999 TO 9999


WEATHER ITEM   OBSERVED TIME   NORMAL DEPARTURE LAST
                VALUE   (LST)  VALUE  FROM      YEAR
                                      NORMAL
......................................................
TEMPERATURE (F)
 YESTERDAY
  MAXIMUM         84    325 PM  69     15       81
  MINIMUM         65   1150 PM  46     19       49
  AVERAGE         75            58     17       65

PRECIPITATION (IN)
  YESTERDAY        T             0.17  -0.17     0.00
  MONTH TO DATE    0.25          3.40  -3.15     0.92
  SINCE MAR 1      4.72         10.63  -5.91     7.49
  SINCE JAN 1      9.81         16.23  -6.42    13.87

DEGREE DAYS
 HEATING
  YESTERDAY        0             8     -8        0
  MONTH TO DATE  166           291   -125      219
  SINCE MAR 1   1995          1946     49     2083
  SINCE JUL 1   7658          7326    332     7635

 COOLING
  YESTERDAY       10             0     10        0
  MONTH TO DATE   30             0     30        3
  SINCE MAR 1     30             2     28        4
  SINCE JAN 1     30             2     28        4
......................................................


WIND (MPH)
  HIGHEST WIND SPEED    21   HIGHEST WIND DIRECTION    SW (210)
  HIGHEST GUST SPEED    33   HIGHEST GUST DIRECTION    SW (220)
  AVERAGE WIND SPEED     7.4


SKY COVER
  AVERAGE SKY COVER 0.4



RELATIVE HUMIDITY (PERCENT)
 HIGHEST    81
 LOWEST     47
 AVERAGE    64

..........................................................


THE PITTSFIELD MA CLIMATE NORMALS FOR TODAY
                         NORMAL
 MAXIMUM TEMPERATURE (F)   70
 MINIMUM TEMPERATURE (F)   47


SUNRISE AND SUNSET
MAY 27 2015...........SUNRISE   522 AM EDT   SUNSET   819 PM EDT
MAY 28 2015...........SUNRISE   521 AM EDT   SUNSET   820 PM EDT


-  INDICATES NEGATIVE NUMBERS.
R  INDICATES RECORD WAS SET OR TIED.
MM INDICATES DATA IS MISSING.
T  INDICATES TRACE AMOUNT.




$$
