000
CDUS46 KSGX 241422
CLIPSP


CLIMATE REPORT
NATIONAL WEATHER SERVICE SAN DIEGO, CA
621 AM PST MON NOV 24 2014


...................................

...THE PALM SPRINGS INTL AIRPORT CA CLIMATE SUMMARY FOR NOVEMBER 23 2014...

CLIMATE NORMAL PERIOD 1981 TO 2010
CLIMATE RECORD PERIOD 1893 TO 2014


WEATHER ITEM   OBSERVED TIME   RECORD YEAR NORMAL DEPARTURE LAST
                VALUE   (LST)  VALUE       VALUE  FROM      YEAR
                                                  NORMAL
..................................................................
TEMPERATURE (F)
 YESTERDAY
  MAXIMUM         77    120 PM  94    1950  73      4       65
  MINIMUM         53    417 AM  29    1931  49      4       52
  AVERAGE         65                        61      4       59

PRECIPITATION (IN)
  YESTERDAY        0.00          2.75 1965   0.03  -0.03      T
  MONTH TO DATE    0.07                      0.36  -0.29     0.10
  SINCE JUL 1      1.26                      1.75  -0.49     1.25
  SINCE JAN 1      2.01                      4.69  -2.68     2.22

SNOWFALL (IN)
  YESTERDAY        0.0
  MONTH TO DATE    0.0
  SINCE JAN 1      0.0
  SINCE JUL 1      0.0
  SNOW DEPTH       0

DEGREE DAYS
 HEATING
  YESTERDAY        0                         5     -5        6
  MONTH TO DATE   20                        51    -31       24
  SINCE SEP 1     20                        55    -35       34
  SINCE JUL 1     20                        55    -35       34

 COOLING
  YESTERDAY        0                         1     -1        0
  MONTH TO DATE   68                        71     -3       69
  SINCE SEP 1   1323                      1049    274     1010
  SINCE JAN 1   4920                      4133    787     4506
..................................................................


WIND (MPH)
  RESULTANT WIND SPEED   5   RESULTANT WIND DIRECTION  NW (320)
  HIGHEST WIND SPEED    23   HIGHEST WIND DIRECTION     N (10)
  HIGHEST GUST SPEED    30   HIGHEST GUST DIRECTION    NW (330)
  AVERAGE WIND SPEED     6.8


SKY COVER
  POSSIBLE SUNSHINE  MM
  AVERAGE SKY COVER 0.0


WEATHER CONDITIONS
 THE FOLLOWING WEATHER WAS RECORDED YESTERDAY.
  NO SIGNIFICANT WEATHER WAS OBSERVED.


RELATIVE HUMIDITY (PERCENT)
 HIGHEST    55           100 AM
 LOWEST      5          1200 PM
 AVERAGE    30

..........................................................


THE PALM SPRINGS INTL AIRPORT CA CLIMATE NORMALS FOR TODAY
                         NORMAL    RECORD    YEAR
 MAXIMUM TEMPERATURE (F)   73        93      1933
 MINIMUM TEMPERATURE (F)   49        34      1941
                                             1931


SUNRISE AND SUNSET
NOVEMBER 24 2014......SUNRISE   627 AM PST   SUNSET   439 PM PST
NOVEMBER 25 2014......SUNRISE   628 AM PST   SUNSET   438 PM PST


-  INDICATES NEGATIVE NUMBERS.
R  INDICATES RECORD WAS SET OR TIED.
MM INDICATES DATA IS MISSING.
T  INDICATES TRACE AMOUNT.




$$
