000
CDUS46 KSGX 101522
CLIPSP


CLIMATE REPORT
NATIONAL WEATHER SERVICE SAN DIEGO, CA
722 AM PST SAT DEC 10 2016


...................................

...THE PALM SPRINGS INTL AIRPORT CA CLIMATE SUMMARY FOR DECEMBER 9 2016...

CLIMATE NORMAL PERIOD 1981 TO 2010
CLIMATE RECORD PERIOD 1893 TO 2016


WEATHER ITEM   OBSERVED TIME   RECORD YEAR NORMAL DEPARTURE LAST
                VALUE   (LST)  VALUE       VALUE  FROM      YEAR
                                                  NORMAL
..................................................................
TEMPERATURE (F)
 YESTERDAY
  MAXIMUM         70   1239 PM  91    1938  67      3       75
  MINIMUM         45    509 AM  26    1978  44      1       50
  AVERAGE         58                        56      2       63

PRECIPITATION (IN)
  YESTERDAY        0.00          3.22 1926   0.02  -0.02     0.00
  MONTH TO DATE    T                         0.16  -0.16     0.00
  SINCE OCT 1      0.29                      1.13  -0.84     0.15
  SINCE JAN 1      3.65                      5.02  -1.37     2.05

DEGREE DAYS
 HEATING
  YESTERDAY        7                         9     -2        2
  MONTH TO DATE   55                        74    -19       47
  SINCE DEC 1     55                        74    -19       47
  SINCE JUL 1    116                       170    -54      154

 COOLING
  YESTERDAY        0                         0      0        0
  MONTH TO DATE    0                         0      0        0
  SINCE DEC 1      0                         0      0        0
  SINCE JAN 1   4808                      4137    671     4896
..................................................................


WIND (MPH)
  RESULTANT WIND SPEED   2   RESULTANT WIND DIRECTION   N (360)
  HIGHEST WIND SPEED    10   HIGHEST WIND DIRECTION     N (340)
  HIGHEST GUST SPEED    10   HIGHEST GUST DIRECTION     N (340)
  AVERAGE WIND SPEED     3.5


SKY COVER
  POSSIBLE SUNSHINE  MM
  AVERAGE SKY COVER 0.1


WEATHER CONDITIONS
 THE FOLLOWING WEATHER WAS RECORDED YESTERDAY.
  NO SIGNIFICANT WEATHER WAS OBSERVED.


RELATIVE HUMIDITY (PERCENT)
 HIGHEST    65           600 AM
 LOWEST     28           100 PM
 AVERAGE    47

..........................................................


THE PALM SPRINGS INTL AIRPORT CA CLIMATE NORMALS FOR TODAY
                         NORMAL    RECORD    YEAR
 MAXIMUM TEMPERATURE (F)   67        88      1958
 MINIMUM TEMPERATURE (F)   44        30      1971


SUNRISE AND SUNSET
DECEMBER 10 2016......SUNRISE   640 AM PST   SUNSET   438 PM PST
DECEMBER 11 2016......SUNRISE   641 AM PST   SUNSET   438 PM PST


-  INDICATES NEGATIVE NUMBERS.
R  INDICATES RECORD WAS SET OR TIED.
MM INDICATES DATA IS MISSING.
T  INDICATES TRACE AMOUNT.




$$
