000
CDUS46 KSGX 241416
CLIPSP


CLIMATE REPORT
NATIONAL WEATHER SERVICE SAN DIEGO, CA
716 AM PDT SUN JUL 24 2016


...................................

...THE PALM SPRINGS INTL AIRPORT CA CLIMATE SUMMARY FOR JULY 23 2016...

CLIMATE NORMAL PERIOD 1981 TO 2010
CLIMATE RECORD PERIOD 1893 TO 2016


WEATHER ITEM   OBSERVED TIME   RECORD YEAR NORMAL DEPARTURE LAST
                VALUE   (LST)  VALUE       VALUE  FROM      YEAR
                                                  NORMAL
..................................................................
TEMPERATURE (F)
 YESTERDAY
  MAXIMUM        109    439 PM 116    2014 108      1      102
                                      2006
  MINIMUM         89    610 AM  59    1957  78     11       74
  AVERAGE         99                        93      6       88

PRECIPITATION (IN)
  YESTERDAY        0.00          2.80 1948   0.02  -0.02     0.00
  MONTH TO DATE    0.00                      0.12  -0.12     0.42
  SINCE OCT 1      2.63                      4.91  -2.28     2.63
  SINCE JAN 1      2.44                      3.06  -0.62     1.76

DEGREE DAYS
 HEATING
  YESTERDAY        0                         0      0        0
  MONTH TO DATE    0                         0      0        0
  SINCE JUN 1      0                         0      0        0
  SINCE JUL 1      0                         0      0        0

 COOLING
  YESTERDAY       34                        28      6       23
  MONTH TO DATE  677                       624     53      577
  SINCE JUN 1   1480                      1271    209     1363
  SINCE JAN 1   2477                      2030    447     2428
..................................................................


WIND (MPH)
  RESULTANT WIND SPEED   3   RESULTANT WIND DIRECTION   E (80)
  HIGHEST WIND SPEED    20   HIGHEST WIND DIRECTION     E (100)
  HIGHEST GUST SPEED    25   HIGHEST GUST DIRECTION     E (110)
  AVERAGE WIND SPEED     6.5


SKY COVER
  POSSIBLE SUNSHINE  MM
  AVERAGE SKY COVER 0.0


WEATHER CONDITIONS
 THE FOLLOWING WEATHER WAS RECORDED YESTERDAY.
  NO SIGNIFICANT WEATHER WAS OBSERVED.


RELATIVE HUMIDITY (PERCENT)
 HIGHEST    47           800 AM
 LOWEST     14           800 PM
 AVERAGE    31

..........................................................


THE PALM SPRINGS INTL AIRPORT CA CLIMATE NORMALS FOR TODAY
                         NORMAL    RECORD    YEAR
 MAXIMUM TEMPERATURE (F)  108       120      1928
 MINIMUM TEMPERATURE (F)   78        62      1958


SUNRISE AND SUNSET
JULY 24 2016..........SUNRISE   553 AM PDT   SUNSET   752 PM PDT
JULY 25 2016..........SUNRISE   553 AM PDT   SUNSET   751 PM PDT


-  INDICATES NEGATIVE NUMBERS.
R  INDICATES RECORD WAS SET OR TIED.
MM INDICATES DATA IS MISSING.
T  INDICATES TRACE AMOUNT.




$$
