000
CDUS46 KSGX 180017
CLIPSP


CLIMATE REPORT
NATIONAL WEATHER SERVICE SAN DIEGO, CA
417 PM PST WED DEC 17 2014


...................................

...THE PALM SPRINGS INTL AIRPORT CA CLIMATE SUMMARY FOR DECEMBER 17 2014...
VALID TODAY AS OF 0400 PM LOCAL TIME.

CLIMATE NORMAL PERIOD 1981 TO 2010
CLIMATE RECORD PERIOD 1893 TO 2014


WEATHER ITEM   OBSERVED TIME   RECORD YEAR NORMAL DEPARTURE LAST
                VALUE   (LST)  VALUE       VALUE  FROM      YEAR
                                                  NORMAL
..................................................................
TEMPERATURE (F)
 TODAY
  MAXIMUM         60    259 PM  86    1950  66     -6       79
  MINIMUM         50    626 AM  30    1945  44      6       51
  AVERAGE         55                        55      0       65

PRECIPITATION (IN)
  TODAY            0.12          1.62 2008   0.02   0.10     0.00
  MONTH TO DATE    0.74                      0.37   0.37      T
  SINCE JUL 1      2.00                      2.29  -0.29     1.26
  SINCE JAN 1      2.75                      5.23  -2.48     2.23

SNOWFALL (IN)
  TODAY            0.0
  MONTH TO DATE    0.0
  SINCE JAN 1      0.0
  SINCE JUL 1      0.0
  SNOW DEPTH       0

DEGREE DAYS
 HEATING
  TODAY           10                        10      0        0
  MONTH TO DATE   75                       153    -78      157
  SINCE DEC 1     75                       153    -78      157
  SINCE JUL 1    108                       249   -141      218

 COOLING
  TODAY            0                         0      0        0
  MONTH TO DATE   19                         0     19        1
  SINCE DEC 1     19                         0     19        1
  SINCE JAN 1   4943                      4137    806     4507
..................................................................


WIND (MPH)
  RESULTANT WIND SPEED   2   RESULTANT WIND DIRECTION  SE (120)
  HIGHEST WIND SPEED    10   HIGHEST WIND DIRECTION     E (90)
  HIGHEST GUST SPEED    12   HIGHEST GUST DIRECTION     E (90)
  AVERAGE WIND SPEED     3.8


SKY COVER
  POSSIBLE SUNSHINE  MM
  AVERAGE SKY COVER 0.6


WEATHER CONDITIONS
 THE FOLLOWING WEATHER WAS RECORDED TODAY.
  RAIN
  LIGHT RAIN
  FOG
  HAZE


RELATIVE HUMIDITY (PERCENT)
 HIGHEST    86           500 AM
 LOWEST     62           200 PM
 AVERAGE    74

..........................................................


THE PALM SPRINGS INTL AIRPORT CA CLIMATE NORMALS FOR TOMORROW
                         NORMAL    RECORD    YEAR
 MAXIMUM TEMPERATURE (F)   66        86      1998
 MINIMUM TEMPERATURE (F)   44        31      1968


SUNRISE AND SUNSET
DECEMBER 17 2014......SUNRISE   645 AM PST   SUNSET   440 PM PST
DECEMBER 18 2014......SUNRISE   645 AM PST   SUNSET   440 PM PST


-  INDICATES NEGATIVE NUMBERS.
R  INDICATES RECORD WAS SET OR TIED.
MM INDICATES DATA IS MISSING.
T  INDICATES TRACE AMOUNT.




$$
