347
CDUS46 KSGX 170118
CLIPSP


CLIMATE REPORT
NATIONAL WEATHER SERVICE SAN DIEGO, CA
518 PM PST MON JAN 16 2017


...................................

...THE PALM SPRINGS INTL AIRPORT CA CLIMATE SUMMARY FOR JANUARY 16 2017...
VALID TODAY AS OF 0500 PM LOCAL TIME.

CLIMATE NORMAL PERIOD 1981 TO 2010
CLIMATE RECORD PERIOD 1893 TO 2017


WEATHER ITEM   OBSERVED TIME   RECORD YEAR NORMAL DEPARTURE LAST
                VALUE   (LST)  VALUE       VALUE  FROM      YEAR
                                                  NORMAL
..................................................................
TEMPERATURE (F)
 TODAY
  MAXIMUM         68    244 PM  88    1976  69     -1       69
  MINIMUM         47    708 AM  28    1951  46      1       46
  AVERAGE         58                        58      0       58

PRECIPITATION (IN)
  TODAY            0.00          1.05 1993   0.03  -0.03     0.00
  MONTH TO DATE    0.67                      0.68  -0.01     2.12
  SINCE OCT 1      2.46                      2.53  -0.07     2.31
  SINCE JAN 1      0.67                      0.68  -0.01     2.12

DEGREE DAYS
 HEATING
  TODAY            7                         8     -1        7
  MONTH TO DATE  140                       134      6      185
  SINCE DEC 1    362                       424    -62      480
  SINCE JUL 1    423                       520    -97      587

 COOLING
  TODAY            0                         0      0        0
  MONTH TO DATE    0                         0      0        0
  SINCE DEC 1      1                         4     -3        0
  SINCE JAN 1      0                         0      0        0
..................................................................


WIND (MPH)
  RESULTANT WIND SPEED   1   RESULTANT WIND DIRECTION   N (340)
  HIGHEST WIND SPEED    10   HIGHEST WIND DIRECTION    NW (300)
  HIGHEST GUST SPEED    15   HIGHEST GUST DIRECTION     W (290)
  AVERAGE WIND SPEED     2.9


SKY COVER
  POSSIBLE SUNSHINE  MM
  AVERAGE SKY COVER 0.1


WEATHER CONDITIONS
 THE FOLLOWING WEATHER WAS RECORDED TODAY.
  NO SIGNIFICANT WEATHER WAS OBSERVED.


RELATIVE HUMIDITY (PERCENT)
 HIGHEST    86           700 AM
 LOWEST     26           100 PM
 AVERAGE    56

..........................................................


THE PALM SPRINGS INTL AIRPORT CA CLIMATE NORMALS FOR TOMORROW
                         NORMAL    RECORD    YEAR
 MAXIMUM TEMPERATURE (F)   69        89      2011
 MINIMUM TEMPERATURE (F)   46        28      1964


SUNRISE AND SUNSET
JANUARY 16 2017.......SUNRISE   650 AM PST   SUNSET   502 PM PST
JANUARY 17 2017.......SUNRISE   650 AM PST   SUNSET   503 PM PST


-  INDICATES NEGATIVE NUMBERS.
R  INDICATES RECORD WAS SET OR TIED.
MM INDICATES DATA IS MISSING.
T  INDICATES TRACE AMOUNT.




$$
