000
CDUS46 KSGX 011417
CLIPSP


CLIMATE REPORT
NATIONAL WEATHER SERVICE SAN DIEGO, CA
616 AM PST SUN FEB 1 2015


...................................

...THE PALM SPRINGS INTL AIRPORT CA CLIMATE SUMMARY FOR JANUARY 31 2015...

CLIMATE NORMAL PERIOD 1981 TO 2010
CLIMATE RECORD PERIOD 1893 TO 2015


WEATHER ITEM   OBSERVED TIME   RECORD YEAR NORMAL DEPARTURE LAST
                VALUE   (LST)  VALUE       VALUE  FROM      YEAR
                                                  NORMAL
..................................................................
TEMPERATURE (F)
 YESTERDAY
  MAXIMUM         72    233 PM  92    2003  71      1       70
  MINIMUM         57    239 AM  25    1951  47     10       58
  AVERAGE         65                        59      6       64

PRECIPITATION (IN)
  YESTERDAY        T             1.05 1979   0.02  -0.02     0.00
  MONTH TO DATE    0.22                      1.00  -0.78     0.00
  SINCE OCT 1      1.09                      2.85  -1.76     0.18
  SINCE JAN 1      0.22                      1.00  -0.78     0.00

SNOWFALL (IN)
  YESTERDAY        0.0
  MONTH TO DATE    0.0
  SINCE JAN 1      0.0
  SINCE JUL 1      0.0
  SNOW DEPTH       0

DEGREE DAYS
 HEATING
  YESTERDAY        0                         7     -7        1
  MONTH TO DATE  114                       241   -127       70
  SINCE DEC 1    329                       531   -202      290
  SINCE JUL 1    362                       627   -265      351

 COOLING
  YESTERDAY        0                         0      0        0
  MONTH TO DATE   18                         8     10       37
  SINCE DEC 1     42                        12     30       41
  SINCE JAN 1     18                         8     10       37
..................................................................


WIND (MPH)
  RESULTANT WIND SPEED   2   RESULTANT WIND DIRECTION   N (350)
  HIGHEST WIND SPEED    20   HIGHEST WIND DIRECTION     N (350)
  HIGHEST GUST SPEED    23   HIGHEST GUST DIRECTION     N (350)
  AVERAGE WIND SPEED     5.2


SKY COVER
  POSSIBLE SUNSHINE  MM
  AVERAGE SKY COVER 0.6


WEATHER CONDITIONS
 THE FOLLOWING WEATHER WAS RECORDED YESTERDAY.
  NO SIGNIFICANT WEATHER WAS OBSERVED.


RELATIVE HUMIDITY (PERCENT)
 HIGHEST    80          1200 AM
 LOWEST     31           100 PM
 AVERAGE    56

..........................................................


THE PALM SPRINGS INTL AIRPORT CA CLIMATE NORMALS FOR TODAY
                         NORMAL    RECORD    YEAR
 MAXIMUM TEMPERATURE (F)   71        86      1976
 MINIMUM TEMPERATURE (F)   47        29      1985
                                             1972
                                             1949


SUNRISE AND SUNSET
FEBRUARY  1 2015......SUNRISE   643 AM PST   SUNSET   517 PM PST
FEBRUARY  2 2015......SUNRISE   642 AM PST   SUNSET   518 PM PST


-  INDICATES NEGATIVE NUMBERS.
R  INDICATES RECORD WAS SET OR TIED.
MM INDICATES DATA IS MISSING.
T  INDICATES TRACE AMOUNT.




$$
