000
CDUS46 KSGX 261133
CLIPSP


CLIMATE REPORT
NATIONAL WEATHER SERVICE SAN DIEGO, CA
432 AM PDT TUE SEP 26 2017


...................................

...THE PALM SPRINGS INTL AIRPORT CA CLIMATE SUMMARY FOR SEPTEMBER 25 2017...

CLIMATE NORMAL PERIOD 1981 TO 2010
CLIMATE RECORD PERIOD 1893 TO 2017


WEATHER ITEM   OBSERVED TIME   RECORD YEAR NORMAL DEPARTURE LAST
                VALUE   (LST)  VALUE       VALUE  FROM      YEAR
                                                  NORMAL
..................................................................
TEMPERATURE (F)
 YESTERDAY
  MAXIMUM         91    204 PM 114    1947  97     -6       99
  MINIMUM         65    548 AM  48    1941  70     -5       69
  AVERAGE         78                        83     -5       84

PRECIPITATION (IN)
  YESTERDAY        0.00          1.58 1997   0.00   0.00     0.00
  MONTH TO DATE    1.20                      0.34   0.86     0.92
  SINCE OCT 1      8.96                      5.72   3.24     3.55
  SINCE JAN 1      7.17                      3.87   3.30     3.36

DEGREE DAYS
 HEATING
  YESTERDAY        0                         0      0        0
  MONTH TO DATE    0                         0      0        0
  SINCE SEP 1      0                         0      0        0
  SINCE JUL 1      0                         0      0        0

 COOLING
  YESTERDAY       13                        18     -5       19
  MONTH TO DATE  534                       557    -23      480
  SINCE SEP 1    534                       557    -23      480
  SINCE JAN 1   4417                      3641    776     4135
..................................................................


WIND (MPH)
  RESULTANT WIND SPEED   2   RESULTANT WIND DIRECTION  NW (300)
  HIGHEST WIND SPEED    13   HIGHEST WIND DIRECTION     N (360)
  HIGHEST GUST SPEED    20   HIGHEST GUST DIRECTION     N (350)
  AVERAGE WIND SPEED     5.4


SKY COVER
  POSSIBLE SUNSHINE  MM
  AVERAGE SKY COVER 0.0


WEATHER CONDITIONS
 THE FOLLOWING WEATHER WAS RECORDED YESTERDAY.
  NO SIGNIFICANT WEATHER WAS OBSERVED.


RELATIVE HUMIDITY (PERCENT)
 HIGHEST    24           700 AM
 LOWEST      8          1200 PM
 AVERAGE    16

..........................................................


THE PALM SPRINGS INTL AIRPORT CA CLIMATE NORMALS FOR TODAY
                         NORMAL    RECORD    YEAR
 MAXIMUM TEMPERATURE (F)   97       111      2010
                                             2009
                                             1947
 MINIMUM TEMPERATURE (F)   69        51      1941


SUNRISE AND SUNSET
SEPTEMBER 26 2017.....SUNRISE   637 AM PDT   SUNSET   637 PM PDT
SEPTEMBER 27 2017.....SUNRISE   638 AM PDT   SUNSET   635 PM PDT


-  INDICATES NEGATIVE NUMBERS.
R  INDICATES RECORD WAS SET OR TIED.
MM INDICATES DATA IS MISSING.
T  INDICATES TRACE AMOUNT.




$$
