000
CDUS45 KPUB 271033
CLIPUB


CLIMATE REPORT
NATIONAL WEATHER SERVICE PUEBLO
433 AM MDT THU APR 27 2017


...................................

...THE PUEBLO CO CLIMATE SUMMARY FOR APRIL 26 2017...

CLIMATE NORMAL PERIOD 1981 TO 2010
CLIMATE RECORD PERIOD 1888 TO 2017


WEATHER ITEM   OBSERVED TIME   RECORD YEAR NORMAL DEPARTURE LAST
                VALUE   (LST)  VALUE       VALUE  FROM      YEAR
                                                  NORMAL
..................................................................
TEMPERATURE (F)
 YESTERDAY
  MAXIMUM         60    421 PM  90    1981  71    -11       66
  MINIMUM         34    535 AM  25    1924  37     -3       43
  AVERAGE         47                        54     -7       55

PRECIPITATION (IN)
  YESTERDAY        0.00          1.07 1933   0.05  -0.05     0.00
  MONTH TO DATE    2.72                      1.18   1.54     1.71
  SINCE MAR 1      3.67                      2.11   1.56     2.29
  SINCE JAN 1      4.59                      2.76   1.83     3.15

SNOWFALL (IN)
  YESTERDAY        0.0           1.3  1995   0.1   -0.1      0.0
  MONTH TO DATE    5.6                       3.5    2.1      0.2
  SINCE MAR 1      5.6                       9.2   -3.6      4.1
  SINCE JUL 1     19.8                      31.0  -11.2     28.3
  SNOW DEPTH       0

DEGREE DAYS
 HEATING
  YESTERDAY       18                        11      7       10
  MONTH TO DATE  289                       394   -105      281
  SINCE MAR 1    765                      1096   -331      879
  SINCE JUL 1   4265                      5399  -1134     4388

 COOLING
  YESTERDAY        0                         0      0        0
  MONTH TO DATE    0                         0      0        0
  SINCE MAR 1      0                         0      0        0
  SINCE JAN 1      0                         0      0        0
..................................................................


WIND (MPH)
  HIGHEST WIND SPEED    16   HIGHEST WIND DIRECTION    SE (140)
  HIGHEST GUST SPEED    22   HIGHEST GUST DIRECTION     W (290)
  AVERAGE WIND SPEED     5.5


SKY COVER
  POSSIBLE SUNSHINE  MM
  AVERAGE SKY COVER 0.2


WEATHER CONDITIONS
 THE FOLLOWING WEATHER WAS RECORDED YESTERDAY.
  NO SIGNIFICANT WEATHER WAS OBSERVED.


RELATIVE HUMIDITY (PERCENT)
 HIGHEST    82           500 AM
 LOWEST     29           300 PM
 AVERAGE    56

..........................................................


THE PUEBLO CO CLIMATE NORMALS FOR TODAY
                         NORMAL    RECORD    YEAR
 MAXIMUM TEMPERATURE (F)   71        88      1992
 MINIMUM TEMPERATURE (F)   38        22      1984


SUNRISE AND SUNSET
APRIL 27 2017.........SUNRISE   606 AM MDT   SUNSET   746 PM MDT
APRIL 28 2017.........SUNRISE   605 AM MDT   SUNSET   747 PM MDT


-  INDICATES NEGATIVE NUMBERS.
R  INDICATES RECORD WAS SET OR TIED.
MM INDICATES DATA IS MISSING.
T  INDICATES TRACE AMOUNT.




$$
