000
CDUS45 KPUB 251023
CLIPUB


CLIMATE REPORT
NATIONAL WEATHER SERVICE PUEBLO
422 AM MDT SAT OCT 25 2014


...................................

...THE PUEBLO CO CLIMATE SUMMARY FOR OCTOBER 24 2014...

CLIMATE NORMAL PERIOD 1981 TO 2010
CLIMATE RECORD PERIOD 1888 TO 2014


WEATHER ITEM   OBSERVED TIME   RECORD YEAR NORMAL DEPARTURE LAST
                VALUE   (LST)  VALUE       VALUE  FROM      YEAR
                                                  NORMAL
..................................................................
TEMPERATURE (F)
 YESTERDAY
  MAXIMUM         84R   311 PM  83    2011  67     17       60
                                      1915
  MINIMUM         39    627 AM  16    1995  31      8       33
  AVERAGE         62                        49     13       47

PRECIPITATION (IN)
  YESTERDAY        0.00          1.13 1923   0.02  -0.02     0.00
  MONTH TO DATE    0.91                      0.58   0.33     0.24
  SINCE SEP 1      1.53                      1.35   0.18     1.51
  SINCE JAN 1     11.13                     11.58  -0.45     9.31

SNOWFALL (IN)
  YESTERDAY        0.0           3.6  1997   0.1   -0.1      0.0
  MONTH TO DATE    0.0                       0.8   -0.8      0.1
  SINCE SEP 1      0.0                       1.1   -1.1      0.1
  SINCE JUL 1      T                         1.1   -1.1      0.1
  SNOW DEPTH       0

DEGREE DAYS
 HEATING
  YESTERDAY        3                        16    -13       18
  MONTH TO DATE  190                       288    -98      315
  SINCE SEP 1    243                       381   -138      340
  SINCE JUL 1    244                       386   -142      340

 COOLING
  YESTERDAY        0                         0      0        0
  MONTH TO DATE    0                         0      0        3
  SINCE SEP 1    127                        83     44      170
  SINCE JAN 1   1002                       894    108     1230
..................................................................


WIND (MPH)
  HIGHEST WIND SPEED    14   HIGHEST WIND DIRECTION     W (290)
  HIGHEST GUST SPEED    17   HIGHEST GUST DIRECTION     W (280)
  AVERAGE WIND SPEED     5.0


SKY COVER
  POSSIBLE SUNSHINE  MM
  AVERAGE SKY COVER 0.0


WEATHER CONDITIONS
 THE FOLLOWING WEATHER WAS RECORDED YESTERDAY.
  NO SIGNIFICANT WEATHER WAS OBSERVED.


RELATIVE HUMIDITY (PERCENT)
 HIGHEST    79           600 AM
 LOWEST      8           300 PM
 AVERAGE    44

..........................................................


THE PUEBLO CO CLIMATE NORMALS FOR TODAY
                         NORMAL    RECORD    YEAR
 MAXIMUM TEMPERATURE (F)   66        87      1959
 MINIMUM TEMPERATURE (F)   31        14      1975


SUNRISE AND SUNSET
OCTOBER 25 2014.......SUNRISE   717 AM MDT   SUNSET   607 PM MDT
OCTOBER 26 2014.......SUNRISE   718 AM MDT   SUNSET   606 PM MDT


-  INDICATES NEGATIVE NUMBERS.
R  INDICATES RECORD WAS SET OR TIED.
MM INDICATES DATA IS MISSING.
T  INDICATES TRACE AMOUNT.




$$
