000
CDUS45 KPUB 241430
CLIPUB


CLIMATE REPORT
NATIONAL WEATHER SERVICE PUEBLO
730 AM MST TUE JAN 24 2017


...................................

...THE PUEBLO CO CLIMATE SUMMARY FOR JANUARY 23 2017...

CLIMATE NORMAL PERIOD 1981 TO 2010
CLIMATE RECORD PERIOD 1888 TO 2017


WEATHER ITEM   OBSERVED TIME   RECORD YEAR NORMAL DEPARTURE LAST
                VALUE   (LST)  VALUE       VALUE  FROM      YEAR
                                                  NORMAL
..................................................................
TEMPERATURE (F)
 YESTERDAY
  MAXIMUM         58    209 PM  73    1981  47     11       63
  MINIMUM         24    659 AM -11    1963  14     10       24
  AVERAGE         41                        31     10       44

PRECIPITATION (IN)
  YESTERDAY        0.00          0.23 1948   0.01  -0.01     0.00
  MONTH TO DATE    0.73                      0.26   0.47     0.41
  SINCE DEC 1      1.49                      0.64   0.85     0.81
  SINCE JAN 1      0.73                      0.26   0.47     0.41

SNOWFALL (IN)
  YESTERDAY        0.0           2.6  1948   0.2   -0.2      0.0
  MONTH TO DATE    8.7                       4.8    3.9      5.0
  SINCE DEC 1     13.1                      10.3    2.8     10.5
  SINCE JUL 1     13.1                      16.3   -3.2     16.9
  SNOW DEPTH       0

DEGREE DAYS
 HEATING
  YESTERDAY       24                        34    -10       21
  MONTH TO DATE  775                       796    -21      789
  SINCE DEC 1   1850                      1878    -28     1736
  SINCE JUL 1   2632                      3159   -527     2610

 COOLING
  YESTERDAY        0                         0      0        0
  MONTH TO DATE    0                         0      0        0
  SINCE DEC 1      0                         0      0        0
  SINCE JAN 1      0                         0      0        0
..................................................................


WIND (MPH)
  HIGHEST WIND SPEED    30   HIGHEST WIND DIRECTION    SW (210)
  HIGHEST GUST SPEED    40   HIGHEST GUST DIRECTION     S (200)
  AVERAGE WIND SPEED    11.5


SKY COVER
  POSSIBLE SUNSHINE  MM
  AVERAGE SKY COVER 0.1


WEATHER CONDITIONS
 THE FOLLOWING WEATHER WAS RECORDED YESTERDAY.
  NO SIGNIFICANT WEATHER WAS OBSERVED.


RELATIVE HUMIDITY (PERCENT)
 HIGHEST    81           200 AM
 LOWEST     28           100 PM
 AVERAGE    55

..........................................................


THE PUEBLO CO CLIMATE NORMALS FOR TODAY
                         NORMAL    RECORD    YEAR
 MAXIMUM TEMPERATURE (F)   47        73      1981
 MINIMUM TEMPERATURE (F)   14        -8      1940


SUNRISE AND SUNSET
JANUARY 24 2017.......SUNRISE   709 AM MST   SUNSET   512 PM MST
JANUARY 25 2017.......SUNRISE   708 AM MST   SUNSET   513 PM MST


-  INDICATES NEGATIVE NUMBERS.
R  INDICATES RECORD WAS SET OR TIED.
MM INDICATES DATA IS MISSING.
T  INDICATES TRACE AMOUNT.




$$
