000
CDUS46 KOTX 270838
CLIPUW


CLIMATE REPORT
NATIONAL WEATHER SERVICE SPOKANE, WA
132 AM PDT MON JUL 27 2015


...................................

...THE PULLMAN-MOSCOW  AIRPORT CLIMATE SUMMARY FOR JULY 26 2015...

CLIMATE NORMAL PERIOD 1981 TO 2010
CLIMATE RECORD PERIOD 9999 TO 9999


WEATHER ITEM   OBSERVED TIME   RECORD YEAR NORMAL DEPARTURE LAST
                VALUE   (LST)  VALUE       VALUE  FROM      YEAR
                                                  NORMAL
..................................................................
TEMPERATURE (F)
 YESTERDAY
  MAXIMUM         71    238 PM  99    1998  84    -13       86
  MINIMUM         50   1117 PM  36    1966  51     -1       45
  AVERAGE         61                        67     -6       66

PRECIPITATION (IN)
  YESTERDAY        0.00          0.60 1990   0.02  -0.02     0.00
  MONTH TO DATE    0.54                      0.60  -0.06     0.33
  SINCE OCT 1     16.63                     15.39   1.24    14.28
  SINCE JAN 1      9.78                     10.19  -0.41    10.94

SNOWFALL (IN)
  YESTERDAY       MM

DEGREE DAYS
 HEATING
  YESTERDAY        4                         1      3        0
  MONTH TO DATE   11                        57    -46       10
  SINCE JUN 1     90                       263   -173      214
  SINCE JUL 1     11                        57    -46       10

 COOLING
  YESTERDAY        0                         4     -4        1
  MONTH TO DATE  147                        62     85      140
  SINCE JUN 1    240                        75    165      141
  SINCE JAN 1    252                        80    172      142
..................................................................


WIND (MPH)
  HIGHEST WIND SPEED    20   HIGHEST WIND DIRECTION     W (250)
  HIGHEST GUST SPEED    26   HIGHEST GUST DIRECTION     W (250)
  AVERAGE WIND SPEED     8.4


SKY COVER
  POSSIBLE SUNSHINE  MM
  AVERAGE SKY COVER 0.5


WEATHER CONDITIONS
 THE FOLLOWING WEATHER WAS RECORDED YESTERDAY.
  NO SIGNIFICANT WEATHER WAS OBSERVED.


RELATIVE HUMIDITY (PERCENT)
 HIGHEST    66           300 AM
 LOWEST     33          1200 PM
 AVERAGE    50

..........................................................


THE PULLMAN-MOSCOW  AIRPORT CLIMATE NORMALS FOR TODAY
                         NORMAL    RECORD    YEAR
 MAXIMUM TEMPERATURE (F)   84       102      1998
 MINIMUM TEMPERATURE (F)   51        39      1966


SUNRISE AND SUNSET
JULY 27 2015..........SUNRISE   522 AM PDT   SUNSET   827 PM PDT
JULY 28 2015..........SUNRISE   524 AM PDT   SUNSET   826 PM PDT


-  INDICATES NEGATIVE NUMBERS.
R  INDICATES RECORD WAS SET OR TIED.
MM INDICATES DATA IS MISSING.
T  INDICATES TRACE AMOUNT.




$$
