000
CDUS46 KOTX 260826
CLIPUW


CLIMATE REPORT
NATIONAL WEATHER SERVICE SPOKANE, WA
1225 AM PST MON JAN 26 2015


...................................

...THE PULLMAN-MOSCOW  AIRPORT CLIMATE SUMMARY FOR JANUARY 25 2015...

CLIMATE NORMAL PERIOD 1981 TO 2010
CLIMATE RECORD PERIOD 9999 TO 9999


WEATHER ITEM   OBSERVED TIME   RECORD YEAR NORMAL DEPARTURE LAST
                VALUE   (LST)  VALUE       VALUE  FROM      YEAR
                                                  NORMAL
..................................................................
TEMPERATURE (F)
 YESTERDAY
  MAXIMUM         54R   327 PM  51    2005  37     17       30
  MINIMUM         40    741 AM -20    1950  28     12       25
  AVERAGE         47                        32     15       28

PRECIPITATION (IN)
  YESTERDAY        0.00          0.81 1947   0.07  -0.07      T
  MONTH TO DATE    1.61                      1.41   0.20     0.92
  SINCE OCT 1      8.46                      6.61   1.85     4.26
  SINCE JAN 1      1.61                      1.41   0.20     0.92

SNOWFALL (IN)
  YESTERDAY       MM

DEGREE DAYS
 HEATING
  YESTERDAY       18                        33    -15       37
  MONTH TO DATE  755                       844    -89      771
  SINCE DEC 1   1686                      1924   -238     1936
  SINCE JUL 1   3023                      3668   -645     3625

 COOLING
  YESTERDAY        0                         0      0        0
  MONTH TO DATE    0                         0      0        0
  SINCE DEC 1      0                         0      0        0
  SINCE JAN 1      0                         0      0        0
..................................................................


WIND (MPH)
  HIGHEST WIND SPEED    20   HIGHEST WIND DIRECTION     E (100)
  HIGHEST GUST SPEED    24   HIGHEST GUST DIRECTION    SE (130)
  AVERAGE WIND SPEED    10.8


SKY COVER
  POSSIBLE SUNSHINE  MM
  AVERAGE SKY COVER 0.0


WEATHER CONDITIONS
 THE FOLLOWING WEATHER WAS RECORDED YESTERDAY.
  NO SIGNIFICANT WEATHER WAS OBSERVED.


RELATIVE HUMIDITY (PERCENT)
 HIGHEST    89           100 AM
 LOWEST     66           100 PM
 AVERAGE    78

..........................................................


THE PULLMAN-MOSCOW  AIRPORT CLIMATE NORMALS FOR TODAY
                         NORMAL    RECORD    YEAR
 MAXIMUM TEMPERATURE (F)   38        56      2003
 MINIMUM TEMPERATURE (F)   28       -29      1957


SUNRISE AND SUNSET
JANUARY 26 2015.......SUNRISE   720 AM PST   SUNSET   443 PM PST
JANUARY 27 2015.......SUNRISE   719 AM PST   SUNSET   444 PM PST


-  INDICATES NEGATIVE NUMBERS.
R  INDICATES RECORD WAS SET OR TIED.
MM INDICATES DATA IS MISSING.
T  INDICATES TRACE AMOUNT.




$$
