000
CDUS46 KOTX 290826
CLIPUW


CLIMATE REPORT
NATIONAL WEATHER SERVICE SPOKANE, WA
124 AM PDT SAT AUG 29 2015


...................................

...THE PULLMAN-MOSCOW  AIRPORT CLIMATE SUMMARY FOR AUGUST 28 2015...

CLIMATE NORMAL PERIOD 1981 TO 2010
CLIMATE RECORD PERIOD 9999 TO 9999


WEATHER ITEM   OBSERVED TIME   RECORD YEAR NORMAL DEPARTURE LAST
                VALUE   (LST)  VALUE       VALUE  FROM      YEAR
                                                  NORMAL
..................................................................
TEMPERATURE (F)
 YESTERDAY
  MAXIMUM         80    423 PM 100    2009  80      0       83
  MINIMUM         59   1200 AM  36    2007  47     12       53
  AVERAGE         70                        64      6       68

PRECIPITATION (IN)
  YESTERDAY        0.00          0.38 1975   0.02  -0.02     0.00
  MONTH TO DATE    T                         0.57  -0.57     0.50
  SINCE OCT 1     16.63                     16.05   0.58    14.78
  SINCE JAN 1      9.78                     10.85  -1.07    11.44

SNOWFALL (IN)
  YESTERDAY       MM

DEGREE DAYS
 HEATING
  YESTERDAY        0                         4     -4        0
  MONTH TO DATE   26                        55    -29        7
  SINCE JUN 1    124                       325   -201      221
  SINCE JUL 1     45                       119    -74       17

 COOLING
  YESTERDAY        5                         2      3        3
  MONTH TO DATE  131                        85     46      134
  SINCE JUN 1    393                       180    213      324
  SINCE JAN 1    405                       185    220      325
..................................................................


WIND (MPH)
  HIGHEST WIND SPEED    18   HIGHEST WIND DIRECTION     E (110)
  HIGHEST GUST SPEED    23   HIGHEST GUST DIRECTION    SE (120)
  AVERAGE WIND SPEED     8.9


SKY COVER
  POSSIBLE SUNSHINE  MM
  AVERAGE SKY COVER 0.0


WEATHER CONDITIONS
 THE FOLLOWING WEATHER WAS RECORDED YESTERDAY.
  HAZE


RELATIVE HUMIDITY (PERCENT)
 HIGHEST    44           700 AM
 LOWEST     26           400 PM
 AVERAGE    35

..........................................................


THE PULLMAN-MOSCOW  AIRPORT CLIMATE NORMALS FOR TODAY
                         NORMAL    RECORD    YEAR
 MAXIMUM TEMPERATURE (F)   79        98      1998
 MINIMUM TEMPERATURE (F)   47        30      1942


SUNRISE AND SUNSET
AUGUST 29 2015........SUNRISE   604 AM PDT   SUNSET   734 PM PDT
AUGUST 30 2015........SUNRISE   605 AM PDT   SUNSET   732 PM PDT


-  INDICATES NEGATIVE NUMBERS.
R  INDICATES RECORD WAS SET OR TIED.
MM INDICATES DATA IS MISSING.
T  INDICATES TRACE AMOUNT.




$$
