000
CDUS41 KBOX 220542
CLIPVD


CLIMATE REPORT
NATIONAL WEATHER SERVICE TAUNTON MA
139 AM EDT MON SEP 22 2014


...................................

...THE PROVIDENCE RI CLIMATE SUMMARY FOR SEPTEMBER 21 2014...

CLIMATE NORMAL PERIOD 1981 TO 2010
CLIMATE RECORD PERIOD 1904 TO 2014


WEATHER ITEM   OBSERVED TIME   RECORD YEAR NORMAL DEPARTURE LAST
                VALUE   (LST)  VALUE       VALUE  FROM      YEAR
                                                  NORMAL
..................................................................
TEMPERATURE (F)
 YESTERDAY
  MAXIMUM         76   1031 AM  89    1914  72      4       75
  MINIMUM         61   1227 AM  35    1956  53      8       53
  AVERAGE         69                        63      6       64

PRECIPITATION (IN)
  YESTERDAY        0.02          4.71 1961   0.13  -0.11     0.00
  MONTH TO DATE    0.56                      2.70  -2.14     4.32
  SINCE SEP 1      0.56                      2.70  -2.14     4.32
  SINCE JAN 1     32.01                     33.30  -1.29    35.13

SNOWFALL (IN)
  YESTERDAY        0.0           0.0  2002   0.0    0.0      0.0
                                      2001
                                      2000
  MONTH TO DATE    0.0                       0.0    0.0      0.0
  SINCE SEP 1      0.0                       0.0    0.0      0.0
  SINCE JUL 1      0.0                       0.0    0.0      0.0
  SNOW DEPTH       0

DEGREE DAYS
 HEATING
  YESTERDAY        0                         4     -4        1
  MONTH TO DATE   42                        41      1       49
  SINCE SEP 1     42                        41      1       49
  SINCE JUL 1     42                        50     -8       49

 COOLING
  YESTERDAY        4                         2      2        0
  MONTH TO DATE  104                        70     34       63
  SINCE SEP 1    104                        70     34       63
  SINCE JAN 1    686                       726    -40      885
..................................................................


WIND (MPH)
  RESULTANT WIND SPEED   5   RESULTANT WIND DIRECTION   S (170)
  HIGHEST WIND SPEED    17   HIGHEST WIND DIRECTION     S (160)
  HIGHEST GUST SPEED    23   HIGHEST GUST DIRECTION     S (160)
  AVERAGE WIND SPEED     6.7


SKY COVER
  POSSIBLE SUNSHINE  MM
  AVERAGE SKY COVER 1.0


WEATHER CONDITIONS
 THE FOLLOWING WEATHER WAS RECORDED YESTERDAY.
  LIGHT RAIN
  FOG
  FOG W/VISIBILITY <= 1/4 MILE


RELATIVE HUMIDITY (PERCENT)
 HIGHEST   100          1000 PM
 LOWEST     74           900 AM
 AVERAGE    87

..........................................................


THE PROVIDENCE RI CLIMATE NORMALS FOR TODAY
                         NORMAL    RECORD    YEAR
 MAXIMUM TEMPERATURE (F)   72        93      1980
 MINIMUM TEMPERATURE (F)   53        34      1962


SUNRISE AND SUNSET
SEPTEMBER 22 2014.....SUNRISE   633 AM EDT   SUNSET   643 PM EDT
SEPTEMBER 23 2014.....SUNRISE   634 AM EDT   SUNSET   641 PM EDT


-  INDICATES NEGATIVE NUMBERS.
R  INDICATES RECORD WAS SET OR TIED.
MM INDICATES DATA IS MISSING.
T  INDICATES TRACE AMOUNT.




$$
