000
CDUS41 KBOX 250542
CLIPVD


CLIMATE REPORT
NATIONAL WEATHER SERVICE TAUNTON MA
140 AM EDT SUN SEP 25 2016


...................................

...THE PROVIDENCE RI CLIMATE SUMMARY FOR SEPTEMBER 24 2016...

CLIMATE NORMAL PERIOD 1981 TO 2010
CLIMATE RECORD PERIOD 1904 TO 2016


WEATHER ITEM   OBSERVED TIME   RECORD YEAR NORMAL DEPARTURE LAST
                VALUE   (LST)  VALUE       VALUE  FROM      YEAR
                                                  NORMAL
..................................................................
TEMPERATURE (F)
 YESTERDAY
  MAXIMUM         69    323 PM  87    1959  71     -2       80
  MINIMUM         52   1107 PM  34    1974  52      0       52
  AVERAGE         61                        62     -1       66

PRECIPITATION (IN)
  YESTERDAY        0.02          1.71 1975   0.13  -0.11     0.00
  MONTH TO DATE    1.94                      3.10  -1.16     1.11
  SINCE SEP 1      1.94                      3.10  -1.16     1.11
  SINCE JAN 1     27.77                     33.70  -5.93    28.53

SNOWFALL (IN)
  YESTERDAY        0.0           0.0  2002   0.0    0.0      0.0
                                      2001
                                      2000
  MONTH TO DATE    0.0                       0.0    0.0      0.0
  SINCE SEP 1      0.0                       0.0    0.0      0.0
  SINCE JUL 1      0.0                       0.0    0.0      0.0
  SNOW DEPTH       0

DEGREE DAYS
 HEATING
  YESTERDAY        4                         5     -1        0
  MONTH TO DATE   10                        54    -44        5
  SINCE SEP 1     10                        54    -44        5
  SINCE JUL 1     10                        63    -53        5

 COOLING
  YESTERDAY        0                         1     -1        1
  MONTH TO DATE  151                        74     77      141
  SINCE SEP 1    151                        74     77      141
  SINCE JAN 1   1034                       730    304      942
..................................................................


WIND (MPH)
  RESULTANT WIND SPEED   8   RESULTANT WIND DIRECTION   N (350)
  HIGHEST WIND SPEED    17   HIGHEST WIND DIRECTION     N (360)
  HIGHEST GUST SPEED    26   HIGHEST GUST DIRECTION     N (350)
  AVERAGE WIND SPEED     9.3


SKY COVER
  POSSIBLE SUNSHINE  MM
  AVERAGE SKY COVER 0.5


WEATHER CONDITIONS
 THE FOLLOWING WEATHER WAS RECORDED YESTERDAY.
  HEAVY RAIN
  RAIN
  LIGHT RAIN
  FOG


RELATIVE HUMIDITY (PERCENT)
 HIGHEST    86           100 AM
 LOWEST     32           300 PM
 AVERAGE    59

..........................................................


THE PROVIDENCE RI CLIMATE NORMALS FOR TODAY
                         NORMAL    RECORD    YEAR
 MAXIMUM TEMPERATURE (F)   71        89      1920
 MINIMUM TEMPERATURE (F)   52        36      1963
                                             1950


SUNRISE AND SUNSET
SEPTEMBER 25 2016.....SUNRISE   637 AM EDT   SUNSET   637 PM EDT
SEPTEMBER 26 2016.....SUNRISE   638 AM EDT   SUNSET   635 PM EDT


-  INDICATES NEGATIVE NUMBERS.
R  INDICATES RECORD WAS SET OR TIED.
MM INDICATES DATA IS MISSING.
T  INDICATES TRACE AMOUNT.




$$
