510
CDUS41 KBOX 110533
CLIPVD


CLIMATE REPORT
NATIONAL WEATHER SERVICE TAUNTON MA
1233 AM EST THU FEB 11 2016


...................................

...THE PROVIDENCE RI CLIMATE SUMMARY FOR FEBRUARY 10 2016...

CLIMATE NORMAL PERIOD 1981 TO 2010
CLIMATE RECORD PERIOD 1904 TO 2016


WEATHER ITEM   OBSERVED TIME   RECORD YEAR NORMAL DEPARTURE LAST
                VALUE   (LST)  VALUE       VALUE  FROM      YEAR
                                                  NORMAL
..................................................................
TEMPERATURE (F)
 YESTERDAY
  MAXIMUM         36    434 PM  66    2010  39     -3       32
  MINIMUM         16   1243 AM  -3    1979  23     -7       17
  AVERAGE         26                        31     -5       25

PRECIPITATION (IN)
  YESTERDAY        0.02          1.57 1970   0.11  -0.09      T
  MONTH TO DATE    2.75                      1.13   1.62     1.38
  SINCE DEC 1     10.58                      9.21   1.37    11.25
  SINCE JAN 1      5.78                      4.99   0.79     5.00

SNOWFALL (IN)
  YESTERDAY        0.3           4.0  1926   0.3    0.0       T
  MONTH TO DATE   11.0                       3.1    7.9     15.6
  SINCE DEC 1     18.9                      20.8   -1.9     42.1
  SINCE JUL 1     18.9                      22.3   -3.4     43.7
  SNOW DEPTH       5

DEGREE DAYS
 HEATING
  YESTERDAY       39                        34      5       40
  MONTH TO DATE  287                       345    -58      443
  SINCE DEC 1   1880                      2407   -527     2473
  SINCE JUL 1   2761                      3482   -721     3509

 COOLING
  YESTERDAY        0                         0      0        0
  MONTH TO DATE    0                         0      0        0
  SINCE DEC 1      0                         0      0        0
  SINCE JAN 1      0                         0      0        0
..................................................................


WIND (MPH)
  RESULTANT WIND SPEED   3   RESULTANT WIND DIRECTION   W (260)
  HIGHEST WIND SPEED    10   HIGHEST WIND DIRECTION     W (280)
  HIGHEST GUST SPEED    15   HIGHEST GUST DIRECTION     W (290)
  AVERAGE WIND SPEED     2.8


SKY COVER
  POSSIBLE SUNSHINE  MM
  AVERAGE SKY COVER 0.8


WEATHER CONDITIONS
 THE FOLLOWING WEATHER WAS RECORDED YESTERDAY.
  SNOW
  LIGHT SNOW
  FOG


RELATIVE HUMIDITY (PERCENT)
 HIGHEST    91           200 AM
 LOWEST     59          1100 PM
 AVERAGE    75

..........................................................


THE PROVIDENCE RI CLIMATE NORMALS FOR TODAY
                         NORMAL    RECORD    YEAR
 MAXIMUM TEMPERATURE (F)   40        62      1981
 MINIMUM TEMPERATURE (F)   23        -6      1979


SUNRISE AND SUNSET
FEBRUARY 11 2016......SUNRISE   647 AM EST   SUNSET   513 PM EST
FEBRUARY 12 2016......SUNRISE   646 AM EST   SUNSET   515 PM EST


-  INDICATES NEGATIVE NUMBERS.
R  INDICATES RECORD WAS SET OR TIED.
MM INDICATES DATA IS MISSING.
T  INDICATES TRACE AMOUNT.




$$
