000
CDUS41 KBOX 280555
CLIPVD


CLIMATE REPORT
NATIONAL WEATHER SERVICE TAUNTON MA
1255 AM EST SAT FEB 28 2015


...................................

...THE PROVIDENCE RI CLIMATE SUMMARY FOR FEBRUARY 27 2015...

CLIMATE NORMAL PERIOD 1981 TO 2010
CLIMATE RECORD PERIOD 1904 TO 2015


WEATHER ITEM   OBSERVED TIME   RECORD YEAR NORMAL DEPARTURE LAST
                VALUE   (LST)  VALUE       VALUE  FROM      YEAR
                                                  NORMAL
..................................................................
TEMPERATURE (F)
 YESTERDAY
  MAXIMUM         30    334 PM  64    1976  43    -13       30
  MINIMUM          8    539 AM   2    1950  26    -18        9
  AVERAGE         19                        34    -15       20

PRECIPITATION (IN)
  YESTERDAY        0.00          1.39 2013   0.13  -0.13     0.03
  MONTH TO DATE    2.73                      3.15  -0.42     4.71
  SINCE DEC 1     12.60                     11.23   1.37    13.22
  SINCE JAN 1      6.35                      7.01  -0.66     8.40

SNOWFALL (IN)
  YESTERDAY        0.0           4.8  1952   0.2   -0.2      0.3
  MONTH TO DATE   31.8                       8.2   23.6     20.0
  SINCE DEC 1     58.3                      25.9   32.4     42.0
  SINCE JUL 1     59.9                      27.4   32.5     42.1
  SNOW DEPTH      14

DEGREE DAYS
 HEATING
  YESTERDAY       46                        31     15       45
  MONTH TO DATE 1251                       895    356      969
  SINCE DEC 1   3281                      2957    324     3122
  SINCE JUL 1   4317                      4032    285     4225

 COOLING
  YESTERDAY        0                         0      0        0
  MONTH TO DATE    0                         0      0        0
  SINCE DEC 1      0                         0      0        0
  SINCE JAN 1      0                         0      0        0
..................................................................


WIND (MPH)
  RESULTANT WIND SPEED   3   RESULTANT WIND DIRECTION  NW (300)
  HIGHEST WIND SPEED    13   HIGHEST WIND DIRECTION     W (280)
  HIGHEST GUST SPEED    16   HIGHEST GUST DIRECTION     W (290)
  AVERAGE WIND SPEED     5.3


SKY COVER
  POSSIBLE SUNSHINE  MM
  AVERAGE SKY COVER 0.2


WEATHER CONDITIONS
 THE FOLLOWING WEATHER WAS RECORDED YESTERDAY.
  NO SIGNIFICANT WEATHER WAS OBSERVED.


RELATIVE HUMIDITY (PERCENT)
 HIGHEST    92           400 AM
 LOWEST     31           400 PM
 AVERAGE    62

..........................................................


THE PROVIDENCE RI CLIMATE NORMALS FOR TODAY
                         NORMAL    RECORD    YEAR
 MAXIMUM TEMPERATURE (F)   43        66      1976
 MINIMUM TEMPERATURE (F)   26         2      1907


SUNRISE AND SUNSET
FEBRUARY 28 2015......SUNRISE   623 AM EST   SUNSET   535 PM EST
MARCH  1 2015.........SUNRISE   621 AM EST   SUNSET   536 PM EST


-  INDICATES NEGATIVE NUMBERS.
R  INDICATES RECORD WAS SET OR TIED.
MM INDICATES DATA IS MISSING.
T  INDICATES TRACE AMOUNT.




$$
