000
CDUS41 KBOX 280742
CLIPVD


CLIMATE REPORT
NATIONAL WEATHER SERVICE TAUNTON MA
236 AM EST FRI NOV 28 2014


...................................

...THE PROVIDENCE RI CLIMATE SUMMARY FOR NOVEMBER 27 2014...

CLIMATE NORMAL PERIOD 1981 TO 2010
CLIMATE RECORD PERIOD 1904 TO 2014


WEATHER ITEM   OBSERVED TIME   RECORD YEAR NORMAL DEPARTURE LAST
                VALUE   (LST)  VALUE       VALUE  FROM      YEAR
                                                  NORMAL
..................................................................
TEMPERATURE (F)
 YESTERDAY
  MAXIMUM         41   1247 PM  76    2013  49     -8       63
  MINIMUM         31   1159 PM   9    1932  33     -2       37
  AVERAGE         36                        41     -5       50

PRECIPITATION (IN)
  YESTERDAY        0.04          3.12 2013   0.16  -0.12     3.12
  MONTH TO DATE    5.43                      4.03   1.40     4.63
  SINCE SEP 1      9.47                     11.88  -2.41     9.83
  SINCE JAN 1     40.92                     42.48  -1.56    40.64

SNOWFALL (IN)
  YESTERDAY        0.3           6.2  1940   0.1    0.2      0.0
  MONTH TO DATE    1.3                       1.2    0.1      0.1
  SINCE SEP 1      1.3                       1.2    0.1      0.1
  SINCE JUL 1      1.3                       1.2    0.1      0.1
  SNOW DEPTH       0

DEGREE DAYS
 HEATING
  YESTERDAY       29                        24      5       15
  MONTH TO DATE  593                       543     50      583
  SINCE SEP 1    945                       992    -47      996
  SINCE JUL 1    945                      1001    -56      996

 COOLING
  YESTERDAY        0                         0      0        0
  MONTH TO DATE    0                         0      0        0
  SINCE SEP 1    127                        88     39       70
  SINCE JAN 1    709                       744    -35      892
..................................................................


WIND (MPH)
  RESULTANT WIND SPEED   7   RESULTANT WIND DIRECTION  NW (320)
  HIGHEST WIND SPEED    25   HIGHEST WIND DIRECTION     N (350)
  HIGHEST GUST SPEED    34   HIGHEST GUST DIRECTION     N (360)
  AVERAGE WIND SPEED     8.6


SKY COVER
  POSSIBLE SUNSHINE  MM
  AVERAGE SKY COVER 0.8


WEATHER CONDITIONS
 THE FOLLOWING WEATHER WAS RECORDED YESTERDAY.
  LIGHT RAIN
  LIGHT SNOW
  FOG


RELATIVE HUMIDITY (PERCENT)
 HIGHEST    92           800 PM
 LOWEST     64          1200 PM
 AVERAGE    78

..........................................................


THE PROVIDENCE RI CLIMATE NORMALS FOR TODAY
                         NORMAL    RECORD    YEAR
 MAXIMUM TEMPERATURE (F)   49        72      1990
 MINIMUM TEMPERATURE (F)   32        13      1904


SUNRISE AND SUNSET
NOVEMBER 28 2014......SUNRISE   650 AM EST   SUNSET   417 PM EST
NOVEMBER 29 2014......SUNRISE   651 AM EST   SUNSET   417 PM EST


-  INDICATES NEGATIVE NUMBERS.
R  INDICATES RECORD WAS SET OR TIED.
MM INDICATES DATA IS MISSING.
T  INDICATES TRACE AMOUNT.




$$
