000
CDUS41 KBOX 280545
CLIPVD


CLIMATE REPORT
NATIONAL WEATHER SERVICE TAUNTON MA
141 AM EDT WED JUN 28 2017


...................................

...THE PROVIDENCE RI CLIMATE SUMMARY FOR JUNE 27 2017...

CLIMATE NORMAL PERIOD 1981 TO 2010
CLIMATE RECORD PERIOD 1904 TO 2017


WEATHER ITEM   OBSERVED TIME   RECORD YEAR NORMAL DEPARTURE LAST
                VALUE   (LST)  VALUE       VALUE  FROM      YEAR
                                                  NORMAL
..................................................................
TEMPERATURE (F)
 YESTERDAY
  MAXIMUM         76    350 PM  96    1980  81     -5       83
                                      1941
  MINIMUM         58    445 AM  47    1979  62     -4       60
  AVERAGE         67                        71     -4       72

PRECIPITATION (IN)
  YESTERDAY        0.01          2.24 1938   0.09  -0.08     0.00
  MONTH TO DATE    4.01                      3.37   0.64     0.84
  SINCE JUN 1      4.01                      3.37   0.64     0.84
  SINCE JAN 1     29.03                     23.44   5.59    18.96

SNOWFALL (IN)
  YESTERDAY        0.0           0.0  2002   0.0    0.0      0.0
                                      2001
                                      2000
  MONTH TO DATE    0.0                       0.0    0.0      0.0
  SINCE JUN 1      0.0                       0.0    0.0      0.0
  SINCE JUL 1     45.9                      33.8   12.1     28.7
  SNOW DEPTH       0

DEGREE DAYS
 HEATING
  YESTERDAY        0                         0      0        0
  MONTH TO DATE   49                        41      8       12
  SINCE JUN 1     49                        41      8       12
  SINCE JUL 1   5157                      5616   -459     4757

 COOLING
  YESTERDAY        2                         7     -5        7
  MONTH TO DATE  150                       112     38      107
  SINCE JUN 1    150                       112     38      107
  SINCE JAN 1    208                       138     70      158
..................................................................


WIND (MPH)
  RESULTANT WIND SPEED   5   RESULTANT WIND DIRECTION  SW (210)
  HIGHEST WIND SPEED    24   HIGHEST WIND DIRECTION     S (200)
  HIGHEST GUST SPEED    31   HIGHEST GUST DIRECTION     S (190)
  AVERAGE WIND SPEED     8.0


SKY COVER
  POSSIBLE SUNSHINE  MM
  AVERAGE SKY COVER 0.6


WEATHER CONDITIONS
 THE FOLLOWING WEATHER WAS RECORDED YESTERDAY.
  THUNDERSTORM


RELATIVE HUMIDITY (PERCENT)
 HIGHEST    93           400 AM
 LOWEST     46           300 PM
 AVERAGE    70

..........................................................


THE PROVIDENCE RI CLIMATE NORMALS FOR TODAY
                         NORMAL    RECORD    YEAR
 MAXIMUM TEMPERATURE (F)   81        96      1991
 MINIMUM TEMPERATURE (F)   62        49      1995
                                             1970


SUNRISE AND SUNSET
JUNE 28 2017..........SUNRISE   514 AM EDT   SUNSET   824 PM EDT
JUNE 29 2017..........SUNRISE   514 AM EDT   SUNSET   824 PM EDT


-  INDICATES NEGATIVE NUMBERS.
R  INDICATES RECORD WAS SET OR TIED.
MM INDICATES DATA IS MISSING.
T  INDICATES TRACE AMOUNT.




$$
