000
CDUS41 KBOX 310532
CLIPVD


CLIMATE REPORT
NATIONAL WEATHER SERVICE TAUNTON MA
132 AM EDT FRI OCT 31 2014


...................................

...THE PROVIDENCE RI CLIMATE SUMMARY FOR OCTOBER 30 2014...

CLIMATE NORMAL PERIOD 1981 TO 2010
CLIMATE RECORD PERIOD 1904 TO 2014


WEATHER ITEM   OBSERVED TIME   RECORD YEAR NORMAL DEPARTURE LAST
                VALUE   (LST)  VALUE       VALUE  FROM      YEAR
                                                  NORMAL
..................................................................
TEMPERATURE (F)
 YESTERDAY
  MAXIMUM         62    107 PM  79    1946  59      3       58
  MINIMUM         41   1145 PM  24    1980  40      1       35
  AVERAGE         52                        49      3       47

PRECIPITATION (IN)
  YESTERDAY        0.00          1.66 1917   0.13  -0.13      T
  MONTH TO DATE    3.30                      3.80  -0.50     0.52
  SINCE SEP 1      4.04                      7.72  -3.68     5.11
  SINCE JAN 1     35.49                     38.32  -2.83    35.92

SNOWFALL (IN)
  YESTERDAY        0.0           T    2000   0.0    0.0      0.0
                                      1975
  MONTH TO DATE    0.0                       0.0    0.0      0.0
  SINCE SEP 1      0.0                       0.0    0.0      0.0
  SINCE JUL 1      0.0                       0.0    0.0      0.0
  SNOW DEPTH       0

DEGREE DAYS
 HEATING
  YESTERDAY       13                        16     -3       18
  MONTH TO DATE  261                       346    -85      296
  SINCE SEP 1    335                       434    -99      399
  SINCE JUL 1    335                       443   -108      399

 COOLING
  YESTERDAY        0                         0      0        0
  MONTH TO DATE   12                         6      6        7
  SINCE SEP 1    127                        86     41       70
  SINCE JAN 1    709                       742    -33      892
..................................................................


WIND (MPH)
  RESULTANT WIND SPEED   6   RESULTANT WIND DIRECTION   W (290)
  HIGHEST WIND SPEED    16   HIGHEST WIND DIRECTION     W (270)
  HIGHEST GUST SPEED    21   HIGHEST GUST DIRECTION    SW (240)
  AVERAGE WIND SPEED     6.0


SKY COVER
  POSSIBLE SUNSHINE  MM
  AVERAGE SKY COVER 0.3


WEATHER CONDITIONS
 THE FOLLOWING WEATHER WAS RECORDED YESTERDAY.
  NO SIGNIFICANT WEATHER WAS OBSERVED.


RELATIVE HUMIDITY (PERCENT)
 HIGHEST    83           500 AM
 LOWEST     39           100 PM
 AVERAGE    61

..........................................................


THE PROVIDENCE RI CLIMATE NORMALS FOR TODAY
                         NORMAL    RECORD    YEAR
 MAXIMUM TEMPERATURE (F)   59        83      1946
 MINIMUM TEMPERATURE (F)   40        24      1966


SUNRISE AND SUNSET
OCTOBER 31 2014.......SUNRISE   717 AM EDT   SUNSET   542 PM EDT
NOVEMBER  1 2014......SUNRISE   718 AM EDT   SUNSET   540 PM EDT


-  INDICATES NEGATIVE NUMBERS.
R  INDICATES RECORD WAS SET OR TIED.
MM INDICATES DATA IS MISSING.
T  INDICATES TRACE AMOUNT.




$$
