000
CDUS43 KLOT 070645
CLIPWK


CLIMATE REPORT
NATIONAL WEATHER SERVICE CHICAGO IL
144 AM CDT TUE JUL 7 2015


...................................

...THE CHICAGO EXECUTIVE CLIMATE SUMMARY FOR JULY 6 2015...

CLIMATE NORMAL PERIOD 1981 TO 2010
CLIMATE RECORD PERIOD 1996 TO 2015


WEATHER ITEM   OBSERVED TIME   RECORD YEAR NORMAL DEPARTURE LAST
                VALUE   (LST)  VALUE       VALUE  FROM      YEAR
                                                  NORMAL
..................................................................
TEMPERATURE (F)
 YESTERDAY
  MAXIMUM         87   1247 PM 104    2012  83      4       88
  MINIMUM         64    324 AM  54    2001  63      1       66
  AVERAGE         76                        73      3       77

PRECIPITATION (IN)
  YESTERDAY        0.81          1.41 2003   0.07   0.74     0.18
  MONTH TO DATE    0.81                      0.41   0.40     0.38
  SINCE JUN 1      6.91                      4.12   2.79     8.11
  SINCE JAN 1     15.04                     15.61  -0.57    17.31

DEGREE DAYS
 HEATING
  YESTERDAY        0                         0      0        0
  MONTH TO DATE   12                         0     12        1
  SINCE JUN 1     68                        52     16       21
  SINCE JUL 1     12                         0     12        1

 COOLING
  YESTERDAY       11                         8      3       12
  MONTH TO DATE   22                        48    -26       29
  SINCE JUN 1    133                       202    -69      207
  SINCE JAN 1    184                       244    -60      265
..................................................................


WIND (MPH)
  RESULTANT WIND SPEED   9   RESULTANT WIND DIRECTION   S (200)
  HIGHEST WIND SPEED    25   HIGHEST WIND DIRECTION     W (250)
  HIGHEST GUST SPEED    33   HIGHEST GUST DIRECTION     W (250)
  AVERAGE WIND SPEED     9.8



WEATHER CONDITIONS
 THE FOLLOWING WEATHER WAS RECORDED YESTERDAY.
  THUNDERSTORM
  HEAVY RAIN
  RAIN
  LIGHT RAIN
  FOG
  HAZE


..........................................................


THE CHICAGO EXECUTIVE CLIMATE NORMALS FOR TODAY
                         NORMAL    RECORD    YEAR
 MAXIMUM TEMPERATURE (F)   83        94      2010
 MINIMUM TEMPERATURE (F)   63        53      1997


SUNRISE AND SUNSET
JULY  7 2015..........SUNRISE   523 AM CDT   SUNSET   830 PM CDT
JULY  8 2015..........SUNRISE   524 AM CDT   SUNSET   829 PM CDT


-  INDICATES NEGATIVE NUMBERS.
R  INDICATES RECORD WAS SET OR TIED.
MM INDICATES DATA IS MISSING.
T  INDICATES TRACE AMOUNT.




$$
