940
CDUS43 KLOT 260632
CLIPWK


CLIMATE REPORT
NATIONAL WEATHER SERVICE CHICAGO IL
131 AM CDT MON JUN 26 2017


...................................

...THE CHICAGO EXECUTIVE CLIMATE SUMMARY FOR JUNE 25 2017...

CLIMATE NORMAL PERIOD 1981 TO 2010
CLIMATE RECORD PERIOD 1996 TO 2017


WEATHER ITEM   OBSERVED TIME   RECORD YEAR NORMAL DEPARTURE LAST
                VALUE   (LST)  VALUE       VALUE  FROM      YEAR
                                                  NORMAL
..................................................................
TEMPERATURE (F)
 YESTERDAY
  MAXIMUM         72    231 PM  97    1998  82    -10       90
  MINIMUM         54    440 AM  50    2004  61     -7       63
  AVERAGE         63                        71     -8       77

PRECIPITATION (IN)
  YESTERDAY        T             1.71 1998   0.09  -0.09     0.00
  MONTH TO DATE    3.68                      3.32   0.36     4.18
  SINCE JUN 1      3.68                      3.32   0.36     4.18
  SINCE JAN 1     20.26                     14.81   5.45    16.54

DEGREE DAYS
 HEATING
  YESTERDAY        2                         1      1        0
  MONTH TO DATE   10                        52    -42       16
  SINCE JUN 1     10                        52    -42       16
  SINCE JUL 1   5525                      6410   -885     5564

 COOLING
  YESTERDAY        0                         7     -7       12
  MONTH TO DATE  166                       118     48      151
  SINCE JUN 1    166                       118     48      151
  SINCE JAN 1    190                       160     30      220
..................................................................


WIND (MPH)
  RESULTANT WIND SPEED  11   RESULTANT WIND DIRECTION   W (280)
  HIGHEST WIND SPEED    20   HIGHEST WIND DIRECTION     W (280)
  HIGHEST GUST SPEED    26   HIGHEST GUST DIRECTION     W (290)
  AVERAGE WIND SPEED    11.0



WEATHER CONDITIONS
 THE FOLLOWING WEATHER WAS RECORDED YESTERDAY.
  NO SIGNIFICANT WEATHER WAS OBSERVED.


..........................................................


THE CHICAGO EXECUTIVE CLIMATE NORMALS FOR TODAY
                         NORMAL    RECORD    YEAR
 MAXIMUM TEMPERATURE (F)   82        92      2007
 MINIMUM TEMPERATURE (F)   61        54      2012
                                             2004


SUNRISE AND SUNSET
JUNE 26 2017..........SUNRISE   517 AM CDT   SUNSET   832 PM CDT
JUNE 27 2017..........SUNRISE   518 AM CDT   SUNSET   832 PM CDT


-  INDICATES NEGATIVE NUMBERS.
R  INDICATES RECORD WAS SET OR TIED.
MM INDICATES DATA IS MISSING.
T  INDICATES TRACE AMOUNT.




$$
