000
CDUS43 KLOT 220640
CLIPWK


CLIMATE REPORT
NATIONAL WEATHER SERVICE CHICAGO IL
139 AM CDT TUE JUL 22 2014


...................................

...THE CHICAGO EXECUTIVE CLIMATE SUMMARY FOR JULY 21 2014...

CLIMATE NORMAL PERIOD 1981 TO 2010
CLIMATE RECORD PERIOD 1996 TO 2014


WEATHER ITEM   OBSERVED TIME   RECORD YEAR NORMAL DEPARTURE LAST
                VALUE   (LST)  VALUE       VALUE  FROM      YEAR
                                                  NORMAL
..................................................................
TEMPERATURE (F)
 YESTERDAY
  MAXIMUM         87    403 PM 100    2011  83      4       86
  MINIMUM         63    457 AM  56    2007  64     -1       66
                                      1996
  AVERAGE         75                        74      1       76

PRECIPITATION (IN)
  YESTERDAY        0.00          0.86 2013   0.13  -0.13     0.86
  MONTH TO DATE    1.41                      2.17  -0.76     1.72
  SINCE JUN 1      9.14                      5.88   3.26     8.70
  SINCE JAN 1     18.34                     17.37   0.97    18.66

DEGREE DAYS
 HEATING
  YESTERDAY        0                         0      0        0
  MONTH TO DATE    3                         0      3        1
  SINCE JUN 1     23                        52    -29       58
  SINCE JUL 1      3                         0      3        1

 COOLING
  YESTERDAY       10                         9      1       11
  MONTH TO DATE  124                       183    -59      237
  SINCE JUN 1    302                       337    -35      388
  SINCE JAN 1    360                       379    -19      469
..................................................................


WIND (MPH)
  RESULTANT WIND SPEED   6   RESULTANT WIND DIRECTION   S (180)
  HIGHEST WIND SPEED    14   HIGHEST WIND DIRECTION     S (170)
  HIGHEST GUST SPEED    20   HIGHEST GUST DIRECTION     S (170)
  AVERAGE WIND SPEED     6.4



WEATHER CONDITIONS
 THE FOLLOWING WEATHER WAS RECORDED YESTERDAY.
  NO SIGNIFICANT WEATHER WAS OBSERVED.


..........................................................


THE CHICAGO EXECUTIVE CLIMATE NORMALS FOR TODAY
                         NORMAL    RECORD    YEAR
 MAXIMUM TEMPERATURE (F)   83        93      2001
 MINIMUM TEMPERATURE (F)   64        54      1996


SUNRISE AND SUNSET
JULY 22 2014..........SUNRISE   535 AM CDT   SUNSET   820 PM CDT
JULY 23 2014..........SUNRISE   536 AM CDT   SUNSET   820 PM CDT


-  INDICATES NEGATIVE NUMBERS.
R  INDICATES RECORD WAS SET OR TIED.
MM INDICATES DATA IS MISSING.
T  INDICATES TRACE AMOUNT.




$$
