000
CDUS41 KGYX 310904
CLIPWM


CLIMATE REPORT
NATIONAL WEATHER SERVICE GRAY ME
404 AM EST SAT JAN 31 2015


...................................

...THE PORTLAND ME CLIMATE SUMMARY FOR JANUARY 30 2015...

CLIMATE NORMAL PERIOD 1981 TO 2010
CLIMATE RECORD PERIOD 1941 TO 2015


WEATHER ITEM   OBSERVED TIME   RECORD YEAR NORMAL DEPARTURE LAST
                VALUE   (LST)  VALUE       VALUE  FROM      YEAR
                                                  NORMAL
..................................................................
TEMPERATURE (F)
 YESTERDAY
  MAXIMUM         32    757 PM  52    2013  32      0       25
  MINIMUM         21   1159 PM -14    1948  13      8        8
  AVERAGE         27                        22      5       17

PRECIPITATION (IN)
  YESTERDAY        0.38          2.04 1966   0.11   0.27     0.00
  MONTH TO DATE    4.65                      3.28   1.37     4.05
  SINCE DEC 1     10.92                      7.30   3.62     8.49
  SINCE JAN 1      4.65                      3.28   1.37     4.05

SNOWFALL (IN)
  YESTERDAY        0.8          15.4  1909   0.5    0.3      0.0
  MONTH TO DATE   35.7                      18.6   17.1     17.6
  SINCE DEC 1     39.3                      31.8    7.5     43.8
  SINCE JUL 1     49.6                      33.7   15.9     44.3
  SNOW DEPTH      15

DEGREE DAYS
 HEATING
  YESTERDAY       38                        43     -5       48
  MONTH TO DATE 1305                      1280     25     1307
  SINCE DEC 1   2266                      2401   -135     2558
  SINCE JUL 1   3577                      3892   -315     4009

 COOLING
  YESTERDAY        0                         0      0        0
  MONTH TO DATE    0                         0      0        0
  SINCE DEC 1      0                         0      0        0
  SINCE JAN 1      0                         0      0        0
..................................................................


WIND (MPH)
  RESULTANT WIND SPEED   4   RESULTANT WIND DIRECTION  NW (330)
  HIGHEST WIND SPEED    25   HIGHEST WIND DIRECTION    NW (320)
  HIGHEST GUST SPEED    37   HIGHEST GUST DIRECTION    NW (320)
  AVERAGE WIND SPEED     7.2


SKY COVER
  AVERAGE SKY COVER 1.0


WEATHER CONDITIONS
 THE FOLLOWING WEATHER WAS RECORDED YESTERDAY.
  SNOW
  LIGHT SNOW
  FOG
  HAZE


RELATIVE HUMIDITY (PERCENT)
 HIGHEST    92           600 AM
 LOWEST     74           200 AM
 AVERAGE    83

..........................................................


THE PORTLAND ME CLIMATE NORMALS FOR TODAY
                         NORMAL    RECORD    YEAR
 MAXIMUM TEMPERATURE (F)   32        54      2013
                                             1988
 MINIMUM TEMPERATURE (F)   14       -17      1948


SUNRISE AND SUNSET
JANUARY 31 2015.......SUNRISE   659 AM EST   SUNSET   451 PM EST
FEBRUARY  1 2015......SUNRISE   658 AM EST   SUNSET   452 PM EST


-  INDICATES NEGATIVE NUMBERS.
R  INDICATES RECORD WAS SET OR TIED.
MM INDICATES DATA IS MISSING.
T  INDICATES TRACE AMOUNT.




$$
