000
CDUS41 KGYX 250806
CLIPWM


CLIMATE REPORT
NATIONAL WEATHER SERVICE GRAY ME
405 AM EDT SAT OCT 25 2014


...................................

...THE PORTLAND ME CLIMATE SUMMARY FOR OCTOBER 24 2014...

CLIMATE NORMAL PERIOD 1981 TO 2010
CLIMATE RECORD PERIOD 1941 TO 2014


WEATHER ITEM   OBSERVED TIME   RECORD YEAR NORMAL DEPARTURE LAST
                VALUE   (LST)  VALUE       VALUE  FROM      YEAR
                                                  NORMAL
..................................................................
TEMPERATURE (F)
 YESTERDAY
  MAXIMUM         54    325 PM  81    1963  56     -2       53
  MINIMUM         48    645 AM  22    1969  36     12       37
  AVERAGE         51                        46      5       45

PRECIPITATION (IN)
  YESTERDAY        0.35          2.66 1893   0.16   0.19     0.00
  MONTH TO DATE    6.52                      3.75   2.77     0.76
  SINCE SEP 1      7.39                      7.44  -0.05     7.48
  SINCE JAN 1     45.59                     37.18   8.41    35.70

SNOWFALL (IN)
  YESTERDAY        0.0           0.0  2002   0.0    0.0      0.0
                                      2001
                                      2000
  MONTH TO DATE    0.0                       0.0    0.0      0.0
  SINCE SEP 1      0.0                       0.0    0.0      0.0
  SINCE JUL 1      0.0                       0.0    0.0      0.0
  SNOW DEPTH       0

DEGREE DAYS
 HEATING
  YESTERDAY       14                        19     -5       20
  MONTH TO DATE  227                       363   -136      261
  SINCE SEP 1    413                       539   -126      447
  SINCE JUL 1    437                       584   -147      465

 COOLING
  YESTERDAY        0                         0      0        0
  MONTH TO DATE    8                         0      8        0
  SINCE SEP 1     53                        30     23       37
  SINCE JAN 1    351                       358     -7      454
..................................................................


WIND (MPH)
  RESULTANT WIND SPEED  10   RESULTANT WIND DIRECTION   N (340)
  HIGHEST WIND SPEED    17   HIGHEST WIND DIRECTION     N (360)
  HIGHEST GUST SPEED    23   HIGHEST GUST DIRECTION     N (360)
  AVERAGE WIND SPEED    10.5


SKY COVER
  AVERAGE SKY COVER 1.0


WEATHER CONDITIONS
 THE FOLLOWING WEATHER WAS RECORDED YESTERDAY.
  HEAVY RAIN
  RAIN
  LIGHT RAIN
  FOG


RELATIVE HUMIDITY (PERCENT)
 HIGHEST    93           200 AM
 LOWEST     71           400 PM
 AVERAGE    82

..........................................................


THE PORTLAND ME CLIMATE NORMALS FOR TODAY
                         NORMAL    RECORD    YEAR
 MAXIMUM TEMPERATURE (F)   56        76      1963
 MINIMUM TEMPERATURE (F)   36        20      1947


SUNRISE AND SUNSET
OCTOBER 25 2014.......SUNRISE   708 AM EDT   SUNSET   542 PM EDT
OCTOBER 26 2014.......SUNRISE   709 AM EDT   SUNSET   541 PM EDT


-  INDICATES NEGATIVE NUMBERS.
R  INDICATES RECORD WAS SET OR TIED.
MM INDICATES DATA IS MISSING.
T  INDICATES TRACE AMOUNT.




$$
