746
CDUS41 KGYX 160903
CLIPWM


CLIMATE REPORT
NATIONAL WEATHER SERVICE GRAY ME
403 AM EST MON JAN 16 2017


...................................

...THE PORTLAND ME CLIMATE SUMMARY FOR JANUARY 15 2017...

CLIMATE NORMAL PERIOD 1981 TO 2010
CLIMATE RECORD PERIOD 1941 TO 2017


WEATHER ITEM   OBSERVED TIME   RECORD YEAR NORMAL DEPARTURE LAST
                VALUE   (LST)  VALUE       VALUE  FROM      YEAR
                                                  NORMAL
..................................................................
TEMPERATURE (F)
 YESTERDAY
  MAXIMUM         34    236 PM  51    1995  31      3       30
  MINIMUM         14    735 AM -18    1957  13      1       10
  AVERAGE         24                        22      2       20

PRECIPITATION (IN)
  YESTERDAY        T             2.98 1940   0.11  -0.11     0.00
  MONTH TO DATE    1.82                      1.66   0.16     2.70
  SINCE DEC 1      7.13                      5.68   1.45     8.04
  SINCE JAN 1      1.82                      1.66   0.16     2.70

SNOWFALL (IN)
  YESTERDAY       MM             9.4  1918   0.7   MM        0.0
  MONTH TO DATE    1.1                       9.5   -8.4      7.2
  SINCE DEC 1     20.0                      22.7   -2.7     14.5
  SINCE JUL 1     20.5                      24.6   -4.1     14.5
  SNOW DEPTH       0

DEGREE DAYS
 HEATING
  YESTERDAY       41                        43     -2       45
  MONTH TO DATE  560                       635    -75      554
  SINCE DEC 1   1695                      1756    -61     1385
  SINCE JUL 1   2947                      3247   -300     2631

 COOLING
  YESTERDAY        0                         0      0        0
  MONTH TO DATE    0                         0      0        0
  SINCE DEC 1      0                         0      0        0
  SINCE JAN 1      0                         0      0        0
..................................................................


WIND (MPH)
  RESULTANT WIND SPEED   4   RESULTANT WIND DIRECTION  NW (330)
  HIGHEST WIND SPEED    13   HIGHEST WIND DIRECTION     N (340)
  HIGHEST GUST SPEED    17   HIGHEST GUST DIRECTION    NW (320)
  AVERAGE WIND SPEED     5.3


SKY COVER
  AVERAGE SKY COVER 0.2


WEATHER CONDITIONS
 THE FOLLOWING WEATHER WAS RECORDED YESTERDAY.
  NO SIGNIFICANT WEATHER WAS OBSERVED.


RELATIVE HUMIDITY (PERCENT)
 HIGHEST    80           800 AM
 LOWEST     35           200 PM
 AVERAGE    58

..........................................................


THE PORTLAND ME CLIMATE NORMALS FOR TODAY
                         NORMAL    RECORD    YEAR
 MAXIMUM TEMPERATURE (F)   31        54      1995
 MINIMUM TEMPERATURE (F)   13       -18      1946


SUNRISE AND SUNSET
JANUARY 16 2017.......SUNRISE   711 AM EST   SUNSET   432 PM EST
JANUARY 17 2017.......SUNRISE   710 AM EST   SUNSET   433 PM EST


-  INDICATES NEGATIVE NUMBERS.
R  INDICATES RECORD WAS SET OR TIED.
MM INDICATES DATA IS MISSING.
T  INDICATES TRACE AMOUNT.




$$
