000
CDUS46 KSGX 060018
CLIRAL


CLIMATE REPORT
NATIONAL WEATHER SERVICE SAN DIEGO, CA
518 PM PDT THU MAY 5 2016


...................................

...THE RIVERSIDE MUNI AIRPORT CA CLIMATE SUMMARY FOR MAY 5 2016...
VALID TODAY AS OF 0500 PM LOCAL TIME.

CLIMATE NORMAL PERIOD 1981 TO 2010
CLIMATE RECORD PERIOD 1893 TO 2016


WEATHER ITEM   OBSERVED TIME   RECORD YEAR NORMAL DEPARTURE LAST
                VALUE   (LST)  VALUE       VALUE  FROM      YEAR
                                                  NORMAL
..................................................................
TEMPERATURE (F)
 TODAY
  MAXIMUM         69    325 PM 103    1990  79    -10       72
  MINIMUM         56    418 AM  34    1950  54      2       55
  AVERAGE         63                        66     -3       64

PRECIPITATION (IN)
  TODAY            T             0.63 1930   0.02  -0.02     0.00
  MONTH TO DATE    T                         0.12  -0.12     0.00
  SINCE OCT 1      5.27                     11.72  -6.45     5.15
  SINCE JAN 1      4.10                      8.91  -4.81     1.92

DEGREE DAYS
 HEATING
  TODAY            2                         1      1        1
  MONTH TO DATE    3                         9     -6        1
  SINCE MAR 1    138                       321   -183      108
  SINCE JUL 1   1015                      1429   -414      715

 COOLING
  TODAY            0                         3     -3        0
  MONTH TO DATE   20                        15      5       26
  SINCE MAR 1    133                        69     64      233
  SINCE JAN 1    209                        78    131      257
..................................................................


WIND (MPH)
  RESULTANT WIND SPEED   4   RESULTANT WIND DIRECTION   W (270)
  HIGHEST WIND SPEED    17   HIGHEST WIND DIRECTION    SW (240)
  HIGHEST GUST SPEED    20   HIGHEST GUST DIRECTION    SW (240)
  AVERAGE WIND SPEED     4.9


SKY COVER
  POSSIBLE SUNSHINE  MM
  AVERAGE SKY COVER 1.0


WEATHER CONDITIONS
 THE FOLLOWING WEATHER WAS RECORDED TODAY.
  FOG
  HAZE


RELATIVE HUMIDITY (PERCENT)
 HIGHEST    86           400 AM
 LOWEST     42           400 PM
 AVERAGE    64

..........................................................


THE RIVERSIDE MUNI AIRPORT CA CLIMATE NORMALS FOR TOMORROW
                         NORMAL    RECORD    YEAR
 MAXIMUM TEMPERATURE (F)   79       103      1990
 MINIMUM TEMPERATURE (F)   54        36      1950


SUNRISE AND SUNSET
MAY  5 2016...........SUNRISE   556 AM PDT   SUNSET   737 PM PDT
MAY  6 2016...........SUNRISE   555 AM PDT   SUNSET   738 PM PDT


-  INDICATES NEGATIVE NUMBERS.
R  INDICATES RECORD WAS SET OR TIED.
MM INDICATES DATA IS MISSING.
T  INDICATES TRACE AMOUNT.




$$
