000
CDUS46 KSGX 250016
CLIRAL


CLIMATE REPORT
NATIONAL WEATHER SERVICE SAN DIEGO, CA
516 PM PDT THU APR 24 2014


...................................

...THE RIVERSIDE MUNI AIRPORT CA CLIMATE SUMMARY FOR APRIL 24 2014...
VALID TODAY AS OF 0500 PM LOCAL TIME.

CLIMATE NORMAL PERIOD 1981 TO 2010
CLIMATE RECORD PERIOD 1893 TO 2014


WEATHER ITEM   OBSERVED TIME   RECORD YEAR NORMAL DEPARTURE LAST
                VALUE   (LST)  VALUE       VALUE  FROM      YEAR
                                                  NORMAL
..................................................................
TEMPERATURE (F)
 TODAY
  MAXIMUM         83    152 PM 102    1910  77      6       68
  MINIMUM         52    536 AM  38    1963  52      0       55
                                      1961
                                      1937
  AVERAGE         68                        64      4       62

PRECIPITATION (IN)
  TODAY            0.00          0.25 2002   0.04  -0.04     0.00
  MONTH TO DATE    0.14                      0.64  -0.50      T
  SINCE JUL 1      2.65                     11.84  -9.19     4.02
  SINCE JAN 1      1.50                      8.63  -7.13     2.11

SNOWFALL (IN)
  TODAY            0.0
  MONTH TO DATE    0.0
  SINCE JAN 1      0.0
  SINCE JUL 1      0.0
  SNOW DEPTH       0

DEGREE DAYS
 HEATING
  TODAY            0                         3     -3        3
  MONTH TO DATE   46                        94    -48       45
  SINCE MAR 1    121                       299   -178      145
  SINCE JUL 1    783                      1407   -624     1161

 COOLING
  TODAY            3                         2      1        0
  MONTH TO DATE   72                        30     42       31
  SINCE MAR 1    102                        42     60       66
  SINCE JAN 1    131                        51     80       69
..................................................................


WIND (MPH)
  RESULTANT WIND SPEED   3   RESULTANT WIND DIRECTION   W (260)
  HIGHEST WIND SPEED    17   HIGHEST WIND DIRECTION     W (250)
  HIGHEST GUST SPEED    23   HIGHEST GUST DIRECTION     W (250)
  AVERAGE WIND SPEED     4.6


SKY COVER
  POSSIBLE SUNSHINE  MM
  AVERAGE SKY COVER 0.0


WEATHER CONDITIONS
 THE FOLLOWING WEATHER WAS RECORDED TODAY.
  NO SIGNIFICANT WEATHER WAS OBSERVED.


RELATIVE HUMIDITY (PERCENT)
 HIGHEST    66           300 AM
 LOWEST     23           100 PM
 AVERAGE    45

..........................................................


THE RIVERSIDE MUNI AIRPORT CA CLIMATE NORMALS FOR TOMORROW
                         NORMAL    RECORD    YEAR
 MAXIMUM TEMPERATURE (F)   77        98      2004
 MINIMUM TEMPERATURE (F)   52        37      1942


SUNRISE AND SUNSET
APRIL 24 2014.........SUNRISE   608 AM PDT   SUNSET   728 PM PDT
APRIL 25 2014.........SUNRISE   607 AM PDT   SUNSET   729 PM PDT


-  INDICATES NEGATIVE NUMBERS.
R  INDICATES RECORD WAS SET OR TIED.
MM INDICATES DATA IS MISSING.
T  INDICATES TRACE AMOUNT.




$$
