000
CDUS46 KSGX 251426
CLIRAL


CLIMATE REPORT
NATIONAL WEATHER SERVICE SAN DIEGO, CA
726 AM PDT SAT OCT 25 2014


...................................

...THE RIVERSIDE MUNI AIRPORT CA CLIMATE SUMMARY FOR OCTOBER 24 2014...

CLIMATE NORMAL PERIOD 1981 TO 2010
CLIMATE RECORD PERIOD 1893 TO 2014


WEATHER ITEM   OBSERVED TIME   RECORD YEAR NORMAL DEPARTURE LAST
                VALUE   (LST)  VALUE       VALUE  FROM      YEAR
                                                  NORMAL
..................................................................
TEMPERATURE (F)
 YESTERDAY
  MAXIMUM         94    140 PM 101    1909  80     14       68
  MINIMUM         58    449 AM  34    1906  53      5       54
  AVERAGE         76                        66     10       61

PRECIPITATION (IN)
  YESTERDAY        0.00          0.43 1907   0.01  -0.01     0.00
  MONTH TO DATE    0.00                      0.18  -0.18     0.30
  SINCE JUL 1      0.37                      0.58  -0.21     0.46
  SINCE JAN 1      2.09                      9.77  -7.68     2.67

SNOWFALL (IN)
  YESTERDAY        0.0
  MONTH TO DATE    0.0
  SINCE JAN 1      0.0
  SINCE JUL 1      0.0
  SNOW DEPTH       0

DEGREE DAYS
 HEATING
  YESTERDAY        0                         2     -2        4
  MONTH TO DATE    0                        16    -16       21
  SINCE SEP 1      0                        18    -18       21
  SINCE JUL 1      0                        18    -18       21

 COOLING
  YESTERDAY       11                         3      8        0
  MONTH TO DATE  220                       120    100       87
  SINCE SEP 1    672                       454    218      480
  SINCE JAN 1   2263                      1712    551     1949
..................................................................


WIND (MPH)
  RESULTANT WIND SPEED   1   RESULTANT WIND DIRECTION   N (0)
  HIGHEST WIND SPEED    15   HIGHEST WIND DIRECTION     W (280)
  HIGHEST GUST SPEED    21   HIGHEST GUST DIRECTION     W (270)
  AVERAGE WIND SPEED     4.3


SKY COVER
  POSSIBLE SUNSHINE  MM
  AVERAGE SKY COVER 0.0


WEATHER CONDITIONS
 THE FOLLOWING WEATHER WAS RECORDED YESTERDAY.
  NO SIGNIFICANT WEATHER WAS OBSERVED.


RELATIVE HUMIDITY (PERCENT)
 HIGHEST    60          1200 AM
 LOWEST     10           100 PM
 AVERAGE    35

..........................................................


THE RIVERSIDE MUNI AIRPORT CA CLIMATE NORMALS FOR TODAY
                         NORMAL    RECORD    YEAR
 MAXIMUM TEMPERATURE (F)   80       101      1926
 MINIMUM TEMPERATURE (F)   53        35      1935


SUNRISE AND SUNSET
OCTOBER 25 2014.......SUNRISE   703 AM PDT   SUNSET   604 PM PDT
OCTOBER 26 2014.......SUNRISE   704 AM PDT   SUNSET   603 PM PDT


-  INDICATES NEGATIVE NUMBERS.
R  INDICATES RECORD WAS SET OR TIED.
MM INDICATES DATA IS MISSING.
T  INDICATES TRACE AMOUNT.




$$
