000
CDUS43 KUNR 010834
CLIRAP


CLIMATE REPORT
NATIONAL WEATHER SERVICE RAPID CITY SD
234 AM MDT WED JUL 1 2015


...................................

...THE RAPID CITY AIRPORT SD CLIMATE SUMMARY FOR JUNE 30 2015...

CLIMATE NORMAL PERIOD 1981 TO 2010
CLIMATE RECORD PERIOD 1942 TO 2015


WEATHER ITEM   OBSERVED TIME   RECORD YEAR NORMAL DEPARTURE LAST
                VALUE   (LST)  VALUE       VALUE  FROM      YEAR
                                                  NORMAL
..................................................................
TEMPERATURE (F)
 YESTERDAY
  MAXIMUM         89    130 PM  99    2007  84      5       75
                                      1990
  MINIMUM         63    332 AM  38    1995  55      8       55
  AVERAGE         76                        69      7       65

PRECIPITATION (IN)
  YESTERDAY        0.05          1.59 1983   0.05   0.00     0.00
  MONTH TO DATE    7.12                      2.53   4.59     5.25
  SINCE JUN 1      7.12                      2.53   4.59     5.25
  SINCE JAN 1     15.17                      9.22   5.95    10.64

SNOWFALL (IN)
  YESTERDAY        0.0           0.0    MM   0.0    0.0      0.0
  MONTH TO DATE    0.0                       0.0    0.0      0.0
  SINCE JUN 1      0.0                       0.0    0.0      0.0
  SINCE JUL 1     49.2                      41.1    8.1     63.8
  SNOW DEPTH       0

DEGREE DAYS
 HEATING
  YESTERDAY        0                         1     -1        0
  MONTH TO DATE   27                        98    -71      128
  SINCE JUN 1     27                        99    -72      128
  SINCE JUL 1   6815                      7153   -338     7767

 COOLING
  YESTERDAY       11                         6      5        0
  MONTH TO DATE   96                        84     12       22
  SINCE JUN 1     96                        84     12       22
  SINCE JAN 1     96                        99     -3       42
..................................................................


WIND (MPH)
  HIGHEST WIND SPEED    16   HIGHEST WIND DIRECTION     N (10)
  HIGHEST GUST SPEED    20   HIGHEST GUST DIRECTION     N (20)
  AVERAGE WIND SPEED     5.1


SKY COVER
  AVERAGE SKY COVER 0.0


WEATHER CONDITIONS
 THE FOLLOWING WEATHER WAS RECORDED YESTERDAY.
  THUNDERSTORM
  LIGHT RAIN
  FOG


RELATIVE HUMIDITY (PERCENT)
 HIGHEST    90           800 PM
 LOWEST     55           100 PM
 AVERAGE    73

..........................................................


THE RAPID CITY AIRPORT SD CLIMATE NORMALS FOR TODAY
                         NORMAL    RECORD    YEAR
 MAXIMUM TEMPERATURE (F)   84       102      2007
 MINIMUM TEMPERATURE (F)   56        39      1959


SUNRISE AND SUNSET
JULY  1 2015..........SUNRISE   513 AM MDT   SUNSET   839 PM MDT
JULY  2 2015..........SUNRISE   514 AM MDT   SUNSET   839 PM MDT


-  INDICATES NEGATIVE NUMBERS.
R  INDICATES RECORD WAS SET OR TIED.
MM INDICATES DATA IS MISSING.
T  INDICATES TRACE AMOUNT.




$$
