000
CDUS43 KUNR 200214
CLIRAP


CLIMATE REPORT
NATIONAL WEATHER SERVICE RAPID CITY SD
814 PM MDT FRI SEP 19 2014


...................................

...THE RAPID CITY AIRPORT SD CLIMATE SUMMARY FOR SEPTEMBER 19 2014...
VALID TODAY AS OF 0500 PM LOCAL TIME.

CLIMATE NORMAL PERIOD 1981 TO 2010
CLIMATE RECORD PERIOD 1942 TO 2014


WEATHER ITEM   OBSERVED TIME   RECORD YEAR NORMAL DEPARTURE LAST
                VALUE   (LST)  VALUE       VALUE  FROM      YEAR
                                                  NORMAL
..................................................................
TEMPERATURE (F)
 TODAY
  MAXIMUM         85   1259 PM  93    1984  74     11       65
  MINIMUM         59    543 AM  22    1991  45     14       38
  AVERAGE         72                        59     13       52

PRECIPITATION (IN)
  TODAY            0.00          0.61 1950   0.04  -0.04     0.00
  MONTH TO DATE    0.52                      0.81  -0.29     0.55
  SINCE SEP 1      0.52                      0.81  -0.29     0.55
  SINCE JAN 1     17.12                     13.44   3.68    14.61

SNOWFALL (IN)
  TODAY            0.0                       0.1   -0.1      0.0
  MONTH TO DATE    T                         0.1   -0.1      0.0
  SINCE SEP 1      T                         0.1   -0.1      0.0
  SINCE JUL 1      T                         0.1   -0.1      0.0
  SNOW DEPTH       0

DEGREE DAYS
 HEATING
  TODAY            0                         7     -7       13
  MONTH TO DATE  163                        84     79       27
  SINCE SEP 1    163                        84     79       27
  SINCE JUL 1    199                       121     78       32

 COOLING
  TODAY            7                         1      6        0
  MONTH TO DATE   26                        52    -26      122
  SINCE SEP 1     26                        52    -26      122
  SINCE JAN 1    389                       624   -235      713
..................................................................


WIND (MPH)
  HIGHEST WIND SPEED    24   HIGHEST WIND DIRECTION     N (350)
  HIGHEST GUST SPEED    30   HIGHEST GUST DIRECTION     N (340)
  AVERAGE WIND SPEED    10.2


SKY COVER
  AVERAGE SKY COVER 0.2


WEATHER CONDITIONS
 THE FOLLOWING WEATHER WAS RECORDED TODAY.
  NO SIGNIFICANT WEATHER WAS OBSERVED.


RELATIVE HUMIDITY (PERCENT)
 HIGHEST    72           500 AM
 LOWEST     33           100 PM
 AVERAGE    53

..........................................................


THE RAPID CITY AIRPORT SD CLIMATE NORMALS FOR TOMORROW
                         NORMAL    RECORD    YEAR
 MAXIMUM TEMPERATURE (F)   73        93      1960
 MINIMUM TEMPERATURE (F)   44        29      1983


SUNRISE AND SUNSET
SEPTEMBER 19 2014.....SUNRISE   636 AM MDT   SUNSET   655 PM MDT
SEPTEMBER 20 2014.....SUNRISE   637 AM MDT   SUNSET   653 PM MDT


-  INDICATES NEGATIVE NUMBERS.
R  INDICATES RECORD WAS SET OR TIED.
MM INDICATES DATA IS MISSING.
T  INDICATES TRACE AMOUNT.




$$
