000
CDUS43 KUNR 010037
CLIRAP


CLIMATE REPORT
NATIONAL WEATHER SERVICE RAPID CITY SD
637 PM MDT THU JUL 31 2014


...................................

...THE RAPID CITY AIRPORT SD CLIMATE SUMMARY FOR JULY 31 2014...
VALID TODAY AS OF 0500 PM LOCAL TIME.

CLIMATE NORMAL PERIOD 1981 TO 2010
CLIMATE RECORD PERIOD 1942 TO 2014


WEATHER ITEM   OBSERVED TIME   RECORD YEAR NORMAL DEPARTURE LAST
                VALUE   (LST)  VALUE       VALUE  FROM      YEAR
                                                  NORMAL
..................................................................
TEMPERATURE (F)
 TODAY
  MAXIMUM         88    356 PM 104    1988  89     -1       86
  MINIMUM         54    422 AM  46    2009  59     -5       55
  AVERAGE         71                        74     -3       71

PRECIPITATION (IN)
  TODAY            0.00          2.00 1999   0.07  -0.07      T
  MONTH TO DATE    1.93                      1.85   0.08     1.87
  SINCE JUN 1      7.18                      4.38   2.80     4.03
  SINCE JAN 1     12.57                     11.07   1.50    11.65

SNOWFALL (IN)
  TODAY            0.0                       0.0    0.0      0.0
  MONTH TO DATE    0.0                       0.0    0.0      0.0
  SINCE JUN 1      0.0                       0.0    0.0      0.0
  SINCE JUL 1      0.0                       0.0    0.0      0.0
  SNOW DEPTH       0

DEGREE DAYS
 HEATING
  TODAY            0                         0      0        0
  MONTH TO DATE   22                        10     12        5
  SINCE JUN 1    150                       114     36       85
  SINCE JUL 1     22                        15      7        5

 COOLING
  TODAY            6                         9     -3        6
  MONTH TO DATE  167                       250    -83      268
  SINCE JUN 1    189                       334   -145      338
  SINCE JAN 1    209                       349   -140      346
..................................................................


WIND (MPH)
  HIGHEST WIND SPEED    20   HIGHEST WIND DIRECTION    SW (210)
  HIGHEST GUST SPEED    24   HIGHEST GUST DIRECTION    SW (220)
  AVERAGE WIND SPEED     6.2


SKY COVER
  AVERAGE SKY COVER 0.1


WEATHER CONDITIONS
 THE FOLLOWING WEATHER WAS RECORDED TODAY.
  NO SIGNIFICANT WEATHER WAS OBSERVED.


RELATIVE HUMIDITY (PERCENT)
 HIGHEST    72           100 AM
 LOWEST     24           300 PM
 AVERAGE    48

..........................................................


THE RAPID CITY AIRPORT SD CLIMATE NORMALS FOR TOMORROW
                         NORMAL    RECORD    YEAR
 MAXIMUM TEMPERATURE (F)   89       102      1964
                                             1955
 MINIMUM TEMPERATURE (F)   59        42      2009


SUNRISE AND SUNSET
JULY 31 2014..........SUNRISE   539 AM MDT   SUNSET   817 PM MDT
AUGUST  1 2014........SUNRISE   540 AM MDT   SUNSET   816 PM MDT


-  INDICATES NEGATIVE NUMBERS.
R  INDICATES RECORD WAS SET OR TIED.
MM INDICATES DATA IS MISSING.
T  INDICATES TRACE AMOUNT.




$$
