000
CDUS43 KUNR 011836
CLIRAP


CLIMATE REPORT
NATIONAL WEATHER SERVICE RAPID CITY SD
1135 AM MST SUN FEB 1 2015


...................................

...THE RAPID CITY AIRPORT SD CLIMATE SUMMARY FOR FEBRUARY 1 2015...
VALID AS OF 1100 AM LOCAL TIME.

CLIMATE NORMAL PERIOD 1981 TO 2010
CLIMATE RECORD PERIOD 1942 TO 2015


WEATHER ITEM   OBSERVED TIME   RECORD YEAR NORMAL DEPARTURE LAST
                VALUE   (LST)  VALUE       VALUE  FROM      YEAR
                                                  NORMAL
..................................................................
TEMPERATURE (F)
 TODAY
  MAXIMUM         10   1225 AM  68    1992  38    -28       20
  MINIMUM         -1    758 AM -25    1996  13    -14        0
  AVERAGE          5                        25    -20       10

PRECIPITATION (IN)
  TODAY            T             0.15 1989   0.01  -0.01      T
  MONTH TO DATE    T                         0.01  -0.01      T
  SINCE DEC 1      0.60                      0.73  -0.13     0.78
  SINCE JAN 1      0.18                      0.31  -0.13     0.22

SNOWFALL (IN)
  TODAY            T             3.1  1989   0.2   -0.2       T
  MONTH TO DATE    T                         0.2   -0.2       T
  SINCE DEC 1     13.0                      10.0    3.0     11.8
  SINCE JUL 1     28.5                      17.8   10.7     36.6
  SNOW DEPTH       1

DEGREE DAYS
 HEATING
  TODAY           60                        40     20       55
  MONTH TO DATE   60                        40     20       55
  SINCE DEC 1   2331                      2521   -190     2680
  SINCE JUL 1   4139                      4196    -57     4400

 COOLING
  TODAY            0                         0      0        0
  MONTH TO DATE    0                         0      0        0
  SINCE DEC 1      0                         0      0        0
  SINCE JAN 1      0                         0      0        0
..................................................................


WIND (MPH)
  HIGHEST WIND SPEED    24   HIGHEST WIND DIRECTION     N (350)
  HIGHEST GUST SPEED    29   HIGHEST GUST DIRECTION     N (350)
  AVERAGE WIND SPEED    17.5


SKY COVER
  AVERAGE SKY COVER 0.6


WEATHER CONDITIONS
 THE FOLLOWING WEATHER WAS RECORDED TODAY.
  LIGHT SNOW
  FOG
  BLOWING SNOW


RELATIVE HUMIDITY (PERCENT)
 HIGHEST    88           100 AM
 LOWEST     79           800 AM
 AVERAGE    84

..........................................................


THE RAPID CITY AIRPORT SD CLIMATE NORMALS FOR TOMORROW
                         NORMAL    RECORD    YEAR
 MAXIMUM TEMPERATURE (F)   38        64      1991
 MINIMUM TEMPERATURE (F)   13       -31      1996


SUNRISE AND SUNSET
FEBRUARY  1 2015......SUNRISE   710 AM MST   SUNSET   502 PM MST
FEBRUARY  2 2015......SUNRISE   709 AM MST   SUNSET   504 PM MST


-  INDICATES NEGATIVE NUMBERS.
R  INDICATES RECORD WAS SET OR TIED.
MM INDICATES DATA IS MISSING.
T  INDICATES TRACE AMOUNT.




$$
