000
CDUS43 KUNR 251842
CLIRAP


CLIMATE REPORT
NATIONAL WEATHER SERVICE RAPID CITY SD
1142 AM MST TUE NOV 25 2014


...................................

...THE RAPID CITY AIRPORT SD CLIMATE SUMMARY FOR NOVEMBER 25 2014...
VALID AS OF 1100 AM LOCAL TIME.

CLIMATE NORMAL PERIOD 1981 TO 2010
CLIMATE RECORD PERIOD 1942 TO 2014


WEATHER ITEM   OBSERVED TIME   RECORD YEAR NORMAL DEPARTURE LAST
                VALUE   (LST)  VALUE       VALUE  FROM      YEAR
                                                  NORMAL
..................................................................
TEMPERATURE (F)
 TODAY
  MAXIMUM         36   1059 AM  75    1960  42     -6       44
  MINIMUM         18    209 AM  -8    2010  18      0       28
  AVERAGE         27                        30     -3       36

PRECIPITATION (IN)
  TODAY            0.00          0.26 1976   0.01  -0.01     0.00
  MONTH TO DATE    0.78                      0.47   0.31     0.38
  SINCE SEP 1      4.49                      3.18   1.31     7.08
  SINCE JAN 1     21.09                     15.81   5.28    21.14

SNOWFALL (IN)
  TODAY            0.0           3.4  1975   0.1   -0.1      0.0
  MONTH TO DATE   15.0                       5.1    9.9      4.0
  SINCE SEP 1     15.0                       6.9    8.1     24.8
  SINCE JUL 1     15.0                       6.9    8.1     24.8
  SNOW DEPTH       2

DEGREE DAYS
 HEATING
  TODAY           38                        35      3       29
  MONTH TO DATE  954                       732    222      763
  SINCE SEP 1   1590                      1457    133     1553
  SINCE JUL 1   1626                      1494    132     1558

 COOLING
  TODAY            0                         0      0        0
  MONTH TO DATE    0                         0      0        0
  SINCE SEP 1     61                        64     -3      133
  SINCE JAN 1    424                       636   -212      724
..................................................................


WIND (MPH)
  HIGHEST WIND SPEED    15   HIGHEST WIND DIRECTION    NW (310)
  HIGHEST GUST SPEED    20   HIGHEST GUST DIRECTION     W (260)
  AVERAGE WIND SPEED     5.1


SKY COVER
  AVERAGE SKY COVER 0.6


WEATHER CONDITIONS
 THE FOLLOWING WEATHER WAS RECORDED TODAY.
  NO SIGNIFICANT WEATHER WAS OBSERVED.


RELATIVE HUMIDITY (PERCENT)
 HIGHEST    81           500 AM
 LOWEST     68           300 AM
 AVERAGE    75

..........................................................


THE RAPID CITY AIRPORT SD CLIMATE NORMALS FOR TOMORROW
                         NORMAL    RECORD    YEAR
 MAXIMUM TEMPERATURE (F)   42        71      1998
 MINIMUM TEMPERATURE (F)   18        -9      1985


SUNRISE AND SUNSET
NOVEMBER 25 2014......SUNRISE   700 AM MST   SUNSET   418 PM MST
NOVEMBER 26 2014......SUNRISE   701 AM MST   SUNSET   418 PM MST


-  INDICATES NEGATIVE NUMBERS.
R  INDICATES RECORD WAS SET OR TIED.
MM INDICATES DATA IS MISSING.
T  INDICATES TRACE AMOUNT.




$$
