000
CDUS43 KUNR 250041
CLIRAP


CLIMATE REPORT
NATIONAL WEATHER SERVICE RAPID CITY SD
540 PM MST TUE JAN 24 2017


...................................

...THE RAPID CITY AIRPORT SD CLIMATE SUMMARY FOR JANUARY 24 2017...
VALID TODAY AS OF 0500 PM LOCAL TIME.

CLIMATE NORMAL PERIOD 1981 TO 2010
CLIMATE RECORD PERIOD 1942 TO 2017


WEATHER ITEM   OBSERVED TIME   RECORD YEAR NORMAL DEPARTURE LAST
                VALUE   (LST)  VALUE       VALUE  FROM      YEAR
                                                  NORMAL
..................................................................
TEMPERATURE (F)
 TODAY
  MAXIMUM         23    227 AM  69    2005  37    -14       37
                                      1968
  MINIMUM         19    459 PM -22    1957  13      6       27
  AVERAGE         21                        25     -4       32

PRECIPITATION (IN)
  TODAY            0.13          0.21 1970   0.01   0.12     0.10
  MONTH TO DATE    0.24                      0.24   0.00     0.19
  SINCE DEC 1      1.01                      0.66   0.35     0.82
  SINCE JAN 1      0.24                      0.24   0.00     0.19

SNOWFALL (IN)
  TODAY            2.0 R         1.9  1957   0.1    1.9      1.0
  MONTH TO DATE    5.6                       3.4    2.2      2.3
  SINCE DEC 1     16.9                       8.8    8.1     14.8
  SINCE JUL 1     19.7                      16.6    3.1     21.4
  SNOW DEPTH       3

DEGREE DAYS
 HEATING
  TODAY           44                        40      4       33
  MONTH TO DATE 1161                       962    199     1013
  SINCE DEC 1   2655                      2203    452     2210
  SINCE JUL 1   3878                      3878      0     3655

 COOLING
  TODAY            0                         0      0        0
  MONTH TO DATE    0                         0      0        0
  SINCE DEC 1      0                         0      0        0
  SINCE JAN 1      0                         0      0        0
..................................................................


WIND (MPH)
  HIGHEST WIND SPEED    25   HIGHEST WIND DIRECTION     N (350)
  HIGHEST GUST SPEED    30   HIGHEST GUST DIRECTION     N (360)
  AVERAGE WIND SPEED    18.1


SKY COVER
  AVERAGE SKY COVER 1.0


WEATHER CONDITIONS
 THE FOLLOWING WEATHER WAS RECORDED TODAY.
  LT FREEZING RAIN
  SNOW
  LIGHT SNOW
  FOG


RELATIVE HUMIDITY (PERCENT)
 HIGHEST   100           300 AM
 LOWEST     84           700 AM
 AVERAGE    92

..........................................................


THE RAPID CITY AIRPORT SD CLIMATE NORMALS FOR TOMORROW
                         NORMAL    RECORD    YEAR
 MAXIMUM TEMPERATURE (F)   37        66      2006
 MINIMUM TEMPERATURE (F)   13       -21      1957


SUNRISE AND SUNSET
JANUARY 24 2017.......SUNRISE   717 AM MST   SUNSET   452 PM MST
JANUARY 25 2017.......SUNRISE   716 AM MST   SUNSET   453 PM MST


-  INDICATES NEGATIVE NUMBERS.
R  INDICATES RECORD WAS SET OR TIED.
MM INDICATES DATA IS MISSING.
T  INDICATES TRACE AMOUNT.




$$
