000
CDUS43 KUNR 270036
CLIRAP


CLIMATE REPORT
NATIONAL WEATHER SERVICE RAPID CITY SD
535 PM MST SUN FEB 26 2017


...................................

...THE RAPID CITY AIRPORT SD CLIMATE SUMMARY FOR FEBRUARY 26 2017...
VALID TODAY AS OF 0500 PM LOCAL TIME.

CLIMATE NORMAL PERIOD 1981 TO 2010
CLIMATE RECORD PERIOD 1942 TO 2017


WEATHER ITEM   OBSERVED TIME   RECORD YEAR NORMAL DEPARTURE LAST
                VALUE   (LST)  VALUE       VALUE  FROM      YEAR
                                                  NORMAL
..................................................................
TEMPERATURE (F)
 TODAY
  MAXIMUM         39   1253 PM  66    1976  42     -3       62
                                      1974
                                      1965
  MINIMUM         13    535 AM -10    2015  18     -5       25
  AVERAGE         26                        30     -4       44

PRECIPITATION (IN)
  TODAY            0.00          0.53 1987   0.03  -0.03     0.00
  MONTH TO DATE    0.46                      0.40   0.06     0.52
  SINCE DEC 1      1.58                      1.12   0.46     1.36
  SINCE JAN 1      0.81                      0.70   0.11     0.73

SNOWFALL (IN)
  TODAY            0.0           7.1  1987   0.3   -0.3      0.0
  MONTH TO DATE    6.8                       5.3    1.5      3.4
  SINCE DEC 1     26.6                      15.1   11.5     18.2
  SINCE JUL 1     29.4                      22.9    6.5     24.8
  SNOW DEPTH       1

DEGREE DAYS
 HEATING
  TODAY           39                        35      4       21
  MONTH TO DATE  850                       983   -133      758
  SINCE DEC 1   3756                      3464    292     3181
  SINCE JUL 1   4979                      5139   -160     4626

 COOLING
  TODAY            0                         0      0        0
  MONTH TO DATE    0                         0      0        0
  SINCE DEC 1      0                         0      0        0
  SINCE JAN 1      0                         0      0        0
..................................................................


WIND (MPH)
  HIGHEST WIND SPEED    13   HIGHEST WIND DIRECTION     W (270)
  HIGHEST GUST SPEED    15   HIGHEST GUST DIRECTION     W (270)
  AVERAGE WIND SPEED     6.6


SKY COVER
  AVERAGE SKY COVER 0.2


WEATHER CONDITIONS
 THE FOLLOWING WEATHER WAS RECORDED TODAY.
  NO SIGNIFICANT WEATHER WAS OBSERVED.


RELATIVE HUMIDITY (PERCENT)
 HIGHEST    74          1200 AM
 LOWEST     37           100 PM
 AVERAGE    56

..........................................................


THE RAPID CITY AIRPORT SD CLIMATE NORMALS FOR TOMORROW
                         NORMAL    RECORD    YEAR
 MAXIMUM TEMPERATURE (F)   42        75      1988
 MINIMUM TEMPERATURE (F)   18        -9      2015
                                             2001
                                             1962


SUNRISE AND SUNSET
FEBRUARY 26 2017......SUNRISE   634 AM MST   SUNSET   537 PM MST
FEBRUARY 27 2017......SUNRISE   632 AM MST   SUNSET   538 PM MST


-  INDICATES NEGATIVE NUMBERS.
R  INDICATES RECORD WAS SET OR TIED.
MM INDICATES DATA IS MISSING.
T  INDICATES TRACE AMOUNT.




$$
