000
CDUS43 KUNR 190036
CLIRAP


CLIMATE REPORT
NATIONAL WEATHER SERVICE RAPID CITY SD
636 PM MDT FRI AUG 18 2017


...................................

...THE RAPID CITY AIRPORT SD CLIMATE SUMMARY FOR AUGUST 18 2017...
VALID TODAY AS OF 0500 PM LOCAL TIME.

CLIMATE NORMAL PERIOD 1981 TO 2010
CLIMATE RECORD PERIOD 1942 TO 2017


WEATHER ITEM   OBSERVED TIME   RECORD YEAR NORMAL DEPARTURE LAST
                VALUE   (LST)  VALUE       VALUE  FROM      YEAR
                                                  NORMAL
..................................................................
TEMPERATURE (F)
 TODAY
  MAXIMUM         86    435 PM 104    1959  87     -1       76
  MINIMUM         58    506 AM  43    2002  57      1       60
  AVERAGE         72                        72      0       68

PRECIPITATION (IN)
  TODAY            0.00          0.62 1996   0.05  -0.05      T
  MONTH TO DATE    2.02                      1.01   1.01     1.09
  SINCE JUN 1      4.84                      5.39  -0.55     5.14
  SINCE JAN 1      9.11                     12.08  -2.97     9.78

SNOWFALL (IN)
  TODAY            0.0           0.0    MM   0.0    0.0      0.0
  MONTH TO DATE    0.0                       0.0    0.0      0.0
  SINCE JUN 1      0.0                       0.0    0.0      0.0
  SINCE JUL 1      0.0                       0.0    0.0      0.0
  SNOW DEPTH       0

DEGREE DAYS
 HEATING
  TODAY            0                         1     -1        0
  MONTH TO DATE    7                         2      5        0
  SINCE JUN 1     40                       116    -76       13
  SINCE JUL 1      7                        17    -10        3

 COOLING
  TODAY            7                         7      0        3
  MONTH TO DATE   49                       149   -100      133
  SINCE JUN 1    534                       483     51      574
  SINCE JAN 1    546                       498     48      574
..................................................................


WIND (MPH)
  HIGHEST WIND SPEED    21   HIGHEST WIND DIRECTION    NE (30)
  HIGHEST GUST SPEED    27   HIGHEST GUST DIRECTION    NE (30)
  AVERAGE WIND SPEED     9.5


SKY COVER
  AVERAGE SKY COVER 0.1


WEATHER CONDITIONS
 THE FOLLOWING WEATHER WAS RECORDED TODAY.
  NO SIGNIFICANT WEATHER WAS OBSERVED.


RELATIVE HUMIDITY (PERCENT)
 HIGHEST    62           500 AM
 LOWEST     20           300 PM
 AVERAGE    41

..........................................................


THE RAPID CITY AIRPORT SD CLIMATE NORMALS FOR TOMORROW
                         NORMAL    RECORD    YEAR
 MAXIMUM TEMPERATURE (F)   86       104      1986
 MINIMUM TEMPERATURE (F)   56        41      1978


SUNRISE AND SUNSET
AUGUST 18 2017........SUNRISE   600 AM MDT   SUNSET   751 PM MDT
AUGUST 19 2017........SUNRISE   601 AM MDT   SUNSET   750 PM MDT


-  INDICATES NEGATIVE NUMBERS.
R  INDICATES RECORD WAS SET OR TIED.
MM INDICATES DATA IS MISSING.
T  INDICATES TRACE AMOUNT.




$$
