168
CDUS46 KMFR 300836
CLIRBG


CLIMATE REPORT
NATIONAL WEATHER SERVICE MEDFORD, OR
136 AM PDT SAT JUL 30 2016


...................................

...THE ROSEBURG OR CLIMATE SUMMARY FOR JULY 29 2016...

CLIMATE NORMAL PERIOD 1981 TO 2010
CLIMATE RECORD PERIOD 1931 TO 2016


WEATHER ITEM   OBSERVED TIME   RECORD YEAR NORMAL DEPARTURE LAST
                VALUE   (LST)  VALUE       VALUE  FROM      YEAR
                                                  NORMAL
..................................................................
TEMPERATURE (F)
 YESTERDAY
  MAXIMUM         99    448 PM 106    2009  86     13      103
  MINIMUM         65    553 AM  43    1956  57      8       60
  AVERAGE         82                        72     10       82

PRECIPITATION (IN)
  YESTERDAY        0.00          0.41 1975   0.01  -0.01     0.00
  MONTH TO DATE    0.77                      0.40   0.37     0.01
  SINCE OCT 1     38.45                     34.81   3.64    24.95
  SINCE JAN 1     19.26                     19.16   0.10    10.67

SNOWFALL (IN)
  YESTERDAY       MM                        MM     MM       MM
  MONTH TO DATE   MM                        MM     MM        0.0
  SINCE JUL 1     MM                        MM     MM        0.0
  SNOW DEPTH      MM

DEGREE DAYS
 HEATING
  YESTERDAY        0                         0      0        0
  MONTH TO DATE    3                         8     -5        0
  SINCE JUN 1     67                        91    -24       12
  SINCE JUL 1      3                         8     -5        0

 COOLING
  YESTERDAY       17                         7     10       17
  MONTH TO DATE  174                       162     12      306
  SINCE JUN 1    310                       212     98      537
  SINCE JAN 1    353                       232    121      567
..................................................................


WIND (MPH)
  RESULTANT WIND SPEED   6   RESULTANT WIND DIRECTION   N (10)
  HIGHEST WIND SPEED    18   HIGHEST WIND DIRECTION     N (10)
  HIGHEST GUST SPEED    23   HIGHEST GUST DIRECTION    NW (330)
  AVERAGE WIND SPEED     7.1


SKY COVER
  POSSIBLE SUNSHINE  MM
  AVERAGE SKY COVER 0.0


WEATHER CONDITIONS
 THE FOLLOWING WEATHER WAS RECORDED YESTERDAY.
  NO SIGNIFICANT WEATHER WAS OBSERVED.


RELATIVE HUMIDITY (PERCENT)
 HIGHEST    78           600 AM
 LOWEST     15           500 PM
 AVERAGE    47

..........................................................


THE ROSEBURG OR CLIMATE NORMALS FOR TODAY
                         NORMAL    RECORD    YEAR
 MAXIMUM TEMPERATURE (F)   86       108      2015
 MINIMUM TEMPERATURE (F)   57        43      1956


SUNRISE AND SUNSET
JULY 30 2016..........SUNRISE   602 AM PDT   SUNSET   837 PM PDT
JULY 31 2016..........SUNRISE   603 AM PDT   SUNSET   836 PM PDT


-  INDICATES NEGATIVE NUMBERS.
R  INDICATES RECORD WAS SET OR TIED.
MM INDICATES DATA IS MISSING.
T  INDICATES TRACE AMOUNT.




$$
