000
CDUS46 KMFR 280836
CLIRBG


CLIMATE REPORT
NATIONAL WEATHER SERVICE MEDFORD, OR
1235 AM PST FRI NOV 28 2014


...................................

...THE ROSEBURG OR CLIMATE SUMMARY FOR NOVEMBER 27 2014...

CLIMATE NORMAL PERIOD 1981 TO 2010
CLIMATE RECORD PERIOD 1931 TO 2014


WEATHER ITEM   OBSERVED TIME   RECORD YEAR NORMAL DEPARTURE LAST
                VALUE   (LST)  VALUE       VALUE  FROM      YEAR
                                                  NORMAL
..................................................................
TEMPERATURE (F)
 YESTERDAY
  MAXIMUM         54   1159 PM  64    1932  50      4       47
  MINIMUM         49    427 AM  23    1976  39     10       33
  AVERAGE         52                        44      8       40

PRECIPITATION (IN)
  YESTERDAY        1.10          1.66 1971   0.24   0.86     0.00
  MONTH TO DATE    3.95                      5.64  -1.69     2.56
  SINCE SEP 1      9.41                      9.27   0.14     6.83
  SINCE JAN 1     26.06                     28.92  -2.86    15.37

SNOWFALL (IN)
  YESTERDAY       MM                        MM     MM       MM
  MONTH TO DATE   MM                        MM     MM       MM
  SINCE JUL 1     MM                        MM     MM        0.0
  SNOW DEPTH      MM

DEGREE DAYS
 HEATING
  YESTERDAY       13                        21     -8       25
  MONTH TO DATE  398                       480    -82      486
  SINCE SEP 1    524                       845   -321      884
  SINCE JUL 1    531                       866   -335      885

 COOLING
  YESTERDAY        0                         0      0        0
  MONTH TO DATE    0                         0      0        0
  SINCE SEP 1    181                        69    112      121
  SINCE JAN 1    914                       480    434      823
..................................................................


WIND (MPH)
  RESULTANT WIND SPEED   1   RESULTANT WIND DIRECTION  SE (150)
  HIGHEST WIND SPEED    13   HIGHEST WIND DIRECTION    SE (130)
  HIGHEST GUST SPEED    17   HIGHEST GUST DIRECTION    SE (130)
  AVERAGE WIND SPEED     1.6


SKY COVER
  POSSIBLE SUNSHINE  MM
  AVERAGE SKY COVER 0.9


WEATHER CONDITIONS
 THE FOLLOWING WEATHER WAS RECORDED YESTERDAY.
  HEAVY RAIN
  RAIN
  LIGHT RAIN
  FOG


RELATIVE HUMIDITY (PERCENT)
 HIGHEST    96           400 PM
 LOWEST     77           100 AM
 AVERAGE    87

..........................................................


THE ROSEBURG OR CLIMATE NORMALS FOR TODAY
                         NORMAL    RECORD    YEAR
 MAXIMUM TEMPERATURE (F)   50        67      1941
 MINIMUM TEMPERATURE (F)   38        21      1952


SUNRISE AND SUNSET
NOVEMBER 28 2014......SUNRISE   722 AM PST   SUNSET   440 PM PST
NOVEMBER 29 2014......SUNRISE   724 AM PST   SUNSET   440 PM PST


-  INDICATES NEGATIVE NUMBERS.
R  INDICATES RECORD WAS SET OR TIED.
MM INDICATES DATA IS MISSING.
T  INDICATES TRACE AMOUNT.




$$
