000
CDUS46 KMFR 220842
CLIRBG


CLIMATE REPORT
NATIONAL WEATHER SERVICE MEDFORD, OR
141 AM PDT FRI AUG 22 2014


...................................

...THE ROSEBURG OR CLIMATE SUMMARY FOR AUGUST 21 2014...

CLIMATE NORMAL PERIOD 1981 TO 2010
CLIMATE RECORD PERIOD 1931 TO 2014


WEATHER ITEM   OBSERVED TIME   RECORD YEAR NORMAL DEPARTURE LAST
                VALUE   (LST)  VALUE       VALUE  FROM      YEAR
                                                  NORMAL
..................................................................
TEMPERATURE (F)
 YESTERDAY
  MAXIMUM         88    428 PM 100    1961  84      4       90
  MINIMUM         54    559 AM  44    1966  55     -1       62
  AVERAGE         71                        70      1       76

PRECIPITATION (IN)
  YESTERDAY        0.00          0.97 1968   0.02  -0.02     0.00
  MONTH TO DATE    0.03                      0.23  -0.20     0.16
  SINCE SEP 1     24.19                     36.02 -11.83    26.71
  SINCE JAN 1     16.65                     19.41  -2.76     8.04

SNOWFALL (IN)
  YESTERDAY       MM                        MM     MM       MM
  MONTH TO DATE   MM                        MM     MM       MM
  SINCE JUL 1     MM                        MM     MM       MM
  SNOW DEPTH      MM

DEGREE DAYS
 HEATING
  YESTERDAY        0                         0      0        0
  MONTH TO DATE    0                         0      0        0
  SINCE JUN 1     42                        94    -52       35
  SINCE JUL 1      7                        11     -4        0

 COOLING
  YESTERDAY        6                         5      1       11
  MONTH TO DATE  221                       123     98      180
  SINCE JUN 1    600                       346    254      597
  SINCE JAN 1    645                       366    279      631
..................................................................


WIND (MPH)
  RESULTANT WIND SPEED   3   RESULTANT WIND DIRECTION   N (340)
  HIGHEST WIND SPEED    15   HIGHEST WIND DIRECTION     N (360)
  HIGHEST GUST SPEED    21   HIGHEST GUST DIRECTION    NW (320)
  AVERAGE WIND SPEED     3.6


SKY COVER
  POSSIBLE SUNSHINE  MM
  AVERAGE SKY COVER 0.0


WEATHER CONDITIONS
 THE FOLLOWING WEATHER WAS RECORDED YESTERDAY.
  NO SIGNIFICANT WEATHER WAS OBSERVED.


RELATIVE HUMIDITY (PERCENT)
 HIGHEST    83           600 AM
 LOWEST     15           200 PM
 AVERAGE    49

..........................................................


THE ROSEBURG OR CLIMATE NORMALS FOR TODAY
                         NORMAL    RECORD    YEAR
 MAXIMUM TEMPERATURE (F)   84       101      1934
 MINIMUM TEMPERATURE (F)   55        41      1955


SUNRISE AND SUNSET
AUGUST 22 2014........SUNRISE   627 AM PDT   SUNSET   805 PM PDT
AUGUST 23 2014........SUNRISE   628 AM PDT   SUNSET   803 PM PDT


-  INDICATES NEGATIVE NUMBERS.
R  INDICATES RECORD WAS SET OR TIED.
MM INDICATES DATA IS MISSING.
T  INDICATES TRACE AMOUNT.




$$
