000
CDUS46 KMFR 250837
CLIRBG


CLIMATE REPORT
NATIONAL WEATHER SERVICE MEDFORD, OR
137 AM PDT TUE APR 25 2017


...................................

...THE ROSEBURG OR CLIMATE SUMMARY FOR APRIL 24 2017...

CLIMATE NORMAL PERIOD 1981 TO 2010
CLIMATE RECORD PERIOD 1931 TO 2017


WEATHER ITEM   OBSERVED TIME   RECORD YEAR NORMAL DEPARTURE LAST
                VALUE   (LST)  VALUE       VALUE  FROM      YEAR
                                                  NORMAL
..................................................................
TEMPERATURE (F)
 YESTERDAY
  MAXIMUM         58    146 PM  82    1999  64     -6       53
  MINIMUM         47    606 AM  32    1960  43      4       41
                                      1955
                                      1954
  AVERAGE         53                        54     -1       47

PRECIPITATION (IN)
  YESTERDAY        0.21          1.19 2003   0.09   0.12     0.34
  MONTH TO DATE    2.03                      2.33  -0.30     2.16
  SINCE OCT 1     39.66                     30.52   9.14    35.81
  SINCE JAN 1     20.74                     14.87   5.87    16.62

SNOWFALL (IN)
  YESTERDAY       MM                        MM     MM       MM
  MONTH TO DATE   MM                        MM     MM        0.0
  SINCE JUL 1     MM                        MM     MM        0.0
  SNOW DEPTH       0

DEGREE DAYS
 HEATING
  YESTERDAY       12                        11      1       18
  MONTH TO DATE  281                       322    -41      148
  SINCE MAR 1    735                       832    -97      558
  SINCE JUL 1   3451                      3701   -250     2911

 COOLING
  YESTERDAY        0                         0      0        0
  MONTH TO DATE    0                         0      0       18
  SINCE MAR 1      0                         0      0       18
  SINCE JAN 1      0                         0      0       18
..................................................................


WIND (MPH)
  RESULTANT WIND SPEED   3   RESULTANT WIND DIRECTION  SW (210)
  HIGHEST WIND SPEED    20   HIGHEST WIND DIRECTION    SW (230)
  HIGHEST GUST SPEED    27   HIGHEST GUST DIRECTION    SW (210)
  AVERAGE WIND SPEED     5.4


SKY COVER
  POSSIBLE SUNSHINE  MM
  AVERAGE SKY COVER 0.9


WEATHER CONDITIONS
 THE FOLLOWING WEATHER WAS RECORDED YESTERDAY.
  LIGHT RAIN
  FOG


RELATIVE HUMIDITY (PERCENT)
 HIGHEST    93          1200 AM
 LOWEST     62           200 PM
 AVERAGE    78

..........................................................


THE ROSEBURG OR CLIMATE NORMALS FOR TODAY
                         NORMAL    RECORD    YEAR
 MAXIMUM TEMPERATURE (F)   65        84      2001
 MINIMUM TEMPERATURE (F)   43        29      1954


SUNRISE AND SUNSET
APRIL 25 2017.........SUNRISE   615 AM PDT   SUNSET   808 PM PDT
APRIL 26 2017.........SUNRISE   613 AM PDT   SUNSET   810 PM PDT


-  INDICATES NEGATIVE NUMBERS.
R  INDICATES RECORD WAS SET OR TIED.
MM INDICATES DATA IS MISSING.
T  INDICATES TRACE AMOUNT.




$$
