816
CDUS46 KSTO 130835
CLIRDD

CLIMATE REPORT
NATIONAL WEATHER SERVICE SACRAMENTO, CA
1234 AM PST SAT FEB 13 2016


...................................

...THE REDDING AIRPORT CA CLIMATE SUMMARY FOR FEBRUARY 12 2016...

CLIMATE NORMAL PERIOD 1981 TO 2010
CLIMATE RECORD PERIOD 1986 TO 2016


WEATHER ITEM   OBSERVED RECORD YEAR NORMAL DEPARTURE LAST
                VALUE   VALUE       VALUE  FROM      YEAR
                                           NORMAL
...........................................................
TEMPERATURE (F)
 YESTERDAY
  MAXIMUM         70     82    1996  59     11       73
  MINIMUM         44     27    1994  39      5       42
  AVERAGE         57

PRECIPITATION (IN)
  YESTERDAY        0.00   1.83 1992   0.20  -0.20     0.00
  MONTH TO DATE    0.09               2.40  -2.31     3.38
  SINCE OCT 1     22.63              21.21   1.42    19.89
  SINCE JAN 1     12.77               8.36   4.41     3.64

SNOWFALL (IN)
  YESTERDAY        0.0    0.0  2002  MM               0.0
  MONTH TO DATE    0.0               MM               0.0
  SINCE DEC 1      0.0               MM               0.0
  SINCE JUL 1      0.0               MM               0.0

DEGREE DAYS
 HEATING
  YESTERDAY        8

 COOLING
  YESTERDAY        0
...........................................................


WIND (MPH)
  RESULTANT WIND SPEED   0   RESULTANT WIND DIRECTION  NW (300)
  HIGHEST WIND SPEED     7   HIGHEST WIND DIRECTION    NW (300)
  HIGHEST GUST SPEED    11   HIGHEST GUST DIRECTION    NW (330)


SKY COVER
  POSSIBLE SUNSHINE  MM
  AVERAGE SKY COVER 0.0


WEATHER CONDITIONS
 THE FOLLOWING WEATHER WAS RECORDED YESTERDAY.
  HAZE


RELATIVE HUMIDITY (PERCENT)
 HIGHEST    89
 LOWEST     40
 AVERAGE    65

..........................................................


THE REDDING AIRPORT CA CLIMATE NORMALS FOR TODAY
                         NORMAL    RECORD    YEAR
 MAXIMUM TEMPERATURE (F)   59        77      2006
 MINIMUM TEMPERATURE (F)   39        25      1990


SUNRISE AND SUNSET
FEBRUARY 13 2016......SUNRISE   706 AM PST   SUNSET   542 PM PST
FEBRUARY 14 2016......SUNRISE   705 AM PST   SUNSET   543 PM PST


-  INDICATES NEGATIVE NUMBERS.
R  INDICATES RECORD WAS SET OR TIED.
MM INDICATES DATA IS MISSING.
T  INDICATES TRACE AMOUNT.

&&
....................................................................

REDDING CITY CLIMATE DATA FOR FEBRUARY 12

CLIMATE RECORD PERIOD 1897-1986

RECORD HIGH..............     80 IN 1971
RECORD LOW...............     26 IN 1949

RECORD RAINFALL..........   3.15 IN 1947

$$
