000
CDUS46 KSTO 230844
CLIRDD

CLIMATE REPORT
NATIONAL WEATHER SERVICE SACRAMENTO, CA
1243 AM PST THU NOV 23 2017


...................................

...THE REDDING AIRPORT CA CLIMATE SUMMARY FOR NOVEMBER 22 2017...

CLIMATE NORMAL PERIOD 1981 TO 2010
CLIMATE RECORD PERIOD 1986 TO 2017


WEATHER ITEM   OBSERVED RECORD YEAR NORMAL DEPARTURE LAST
                VALUE   VALUE       VALUE  FROM      YEAR
                                           NORMAL
...........................................................
TEMPERATURE (F)
 YESTERDAY
  MAXIMUM         71     74    2005  60     11       53
  MINIMUM         47     29    2003  39      8       40
                               1994
  AVERAGE         59

PRECIPITATION (IN)
  YESTERDAY        0.00   3.14 1988   0.17  -0.17     0.35
  MONTH TO DATE    4.66               2.99   1.67     3.53
  SINCE OCT 1      4.99               5.09  -0.10    11.31
  SINCE JAN 1     34.00              26.86   7.14    41.94

SNOWFALL (IN)
  YESTERDAY        0.0   MM      MM  MM              MM
  MONTH TO DATE    0.0               MM               0.0
  SINCE SEP 1      0.0               MM               0.0
  SINCE JUL 1      0.0               MM               0.0

DEGREE DAYS
 HEATING
  YESTERDAY        6

 COOLING
  YESTERDAY        0
...........................................................


WIND (MPH)
  RESULTANT WIND SPEED   0   RESULTANT WIND DIRECTION   N (10)
  HIGHEST WIND SPEED     7   HIGHEST WIND DIRECTION    NW (320)
  HIGHEST GUST SPEED     8   HIGHEST GUST DIRECTION    NW (310)


SKY COVER
  POSSIBLE SUNSHINE  MM
  AVERAGE SKY COVER 0.4


WEATHER CONDITIONS
 THE FOLLOWING WEATHER WAS RECORDED YESTERDAY.
  FOG
  FOG W/VISIBILITY <= 1/4 MILE


RELATIVE HUMIDITY (PERCENT)
 HIGHEST   100
 LOWEST     61
 AVERAGE    81

..........................................................


THE REDDING AIRPORT CA CLIMATE NORMALS FOR TODAY
                         NORMAL    RECORD    YEAR
 MAXIMUM TEMPERATURE (F)   59        77      1995
 MINIMUM TEMPERATURE (F)   39        23      1993


SUNRISE AND SUNSET
NOVEMBER 23 2017......SUNRISE   705 AM PST   SUNSET   446 PM PST
NOVEMBER 24 2017......SUNRISE   706 AM PST   SUNSET   446 PM PST


-  INDICATES NEGATIVE NUMBERS.
R  INDICATES RECORD WAS SET OR TIED.
MM INDICATES DATA IS MISSING.
T  INDICATES TRACE AMOUNT.

&&
....................................................................

REDDING CITY CLIMATE DATA FOR NOVEMBER 22

CLIMATE RECORD PERIOD 1897-1986

RECORD HIGH..............     84 IN 1933
RECORD LOW...............     24 IN 1985
RECORD RAINFALL..........   0.77 IN 1979

$$
