000
CDUS46 KSTO 240048
CLIRDD

CLIMATE REPORT
NATIONAL WEATHER SERVICE SACRAMENTO, CA
545 PM PDT FRI JUN 23 2017


...................................

...THE REDDING AIRPORT CA CLIMATE SUMMARY FOR JUNE 23 2017...
VALID TODAY AS OF 0500 PM LOCAL TIME.

CLIMATE NORMAL PERIOD 1981 TO 2010
CLIMATE RECORD PERIOD 1986 TO 2017


WEATHER ITEM   OBSERVED RECORD YEAR NORMAL DEPARTURE LAST
                VALUE   VALUE       VALUE  FROM      YEAR
                                           NORMAL
...........................................................
TEMPERATURE (F)
 TODAY
  MAXIMUM        110    111    2006  93     17       93
  MINIMUM         86     56    2012  63     23       59
                               2005
  AVERAGE         98

PRECIPITATION (IN)
  TODAY            0.00   0.71 1992   0.01  -0.01     0.00
  MONTH TO DATE    0.59               0.64  -0.05     2.46
  SINCE OCT 1     47.03              33.66  13.37    40.49
  SINCE JAN 1     28.30              20.81   7.49    30.63

SNOWFALL (IN)
  TODAY            0.0   MM      MM  MM               0.0
  MONTH TO DATE    0.0               MM               0.0
  SINCE JUN 1      0.0               MM               0.0
  SINCE JUL 1      3.0               MM               0.0

DEGREE DAYS
 HEATING
  TODAY            0

 COOLING
  TODAY           33
...........................................................


WIND (MPH)
  RESULTANT WIND SPEED  10   RESULTANT WIND DIRECTION   N (350)
  HIGHEST WIND SPEED    16   HIGHEST WIND DIRECTION     N (360)
  HIGHEST GUST SPEED    22   HIGHEST GUST DIRECTION     N (360)


SKY COVER
  POSSIBLE SUNSHINE  MM
  AVERAGE SKY COVER 0.0


WEATHER CONDITIONS
 THE FOLLOWING WEATHER WAS RECORDED TODAY.
  NO SIGNIFICANT WEATHER WAS OBSERVED.


RELATIVE HUMIDITY (PERCENT)
 HIGHEST    13
 LOWEST      9
 AVERAGE    11

..........................................................


THE REDDING AIRPORT CA CLIMATE NORMALS FOR TOMORROW
                         NORMAL    RECORD    YEAR
 MAXIMUM TEMPERATURE (F)   93       114      2006
 MINIMUM TEMPERATURE (F)   64        52      1996


SUNRISE AND SUNSET
JUNE 23 2017..........SUNRISE   539 AM PDT   SUNSET   844 PM PDT
JUNE 24 2017..........SUNRISE   540 AM PDT   SUNSET   844 PM PDT


-  INDICATES NEGATIVE NUMBERS.
R  INDICATES RECORD WAS SET OR TIED.
MM INDICATES DATA IS MISSING.
T  INDICATES TRACE AMOUNT.

&&
....................................................................

REDDING CITY CLIMATE DATA FOR JUNE 23

CLIMATE RECORD PERIOD 1897-1986

RECORD HIGH..............    109 IN 1925
RECORD LOW...............     49 IN 1923

RECORD RAINFALL..........   0.69 IN 1912

$$

NNNN
