000
CDUS46 KSTO 140313
CLIRDD

CLIMATE REPORT
NATIONAL WEATHER SERVICE SACRAMENTO, CA
534 PM PDT SUN JUL 13 2014


...................................

...THE REDDING AIRPORT CA CLIMATE SUMMARY FOR JULY 13 2014...
VALID TODAY AS OF 0500 PM LOCAL TIME.

CLIMATE NORMAL PERIOD 1981 TO 2010
CLIMATE RECORD PERIOD 1986 TO 2014


WEATHER ITEM   OBSERVED RECORD YEAR NORMAL DEPARTURE LAST
                VALUE   VALUE       VALUE  FROM      YEAR
                                           NORMAL
...........................................................
TEMPERATURE (F)
 TODAY
  MAXIMUM        105    111    1990  99      6       98
  MINIMUM         70     60    2004  66      4       65
  AVERAGE         88

PRECIPITATION (IN)
  TODAY            0.00   0.01 2011   0.00   0.00     0.00
  MONTH TO DATE    0.01               0.04  -0.03      T
  SINCE JUL 1      0.01               0.04  -0.03      T
  SINCE JAN 1     14.28              20.90  -6.62     9.30

SNOWFALL (IN)
  TODAY            0.0   MM      MM  MM               0.0
  MONTH TO DATE    0.0               MM               0.0
  SINCE JUN 1      0.0               MM               0.0
  SINCE JUL 1      0.0               MM               0.0

DEGREE DAYS
 HEATING
  TODAY            0

 COOLING
  TODAY           23
...........................................................


WIND (MPH)
  RESULTANT WIND SPEED   2   RESULTANT WIND DIRECTION   S (170)
  HIGHEST WIND SPEED    17   HIGHEST WIND DIRECTION     S (160)
  HIGHEST GUST SPEED    21   HIGHEST GUST DIRECTION    SE (150)


SKY COVER
  POSSIBLE SUNSHINE  MM
  AVERAGE SKY COVER 0.0


WEATHER CONDITIONS
 THE FOLLOWING WEATHER WAS RECORDED TODAY.
  NO SIGNIFICANT WEATHER WAS OBSERVED.


RELATIVE HUMIDITY (PERCENT)
 HIGHEST    66
 LOWEST     18
 AVERAGE    42

..........................................................


THE REDDING AIRPORT CA CLIMATE NORMALS FOR TOMORROW
                         NORMAL    RECORD    YEAR
 MAXIMUM TEMPERATURE (F)   99       114      1990
                                             1987
 MINIMUM TEMPERATURE (F)   66        59      2011
                                             2000


SUNRISE AND SUNSET
JULY 13 2014..........SUNRISE   550 AM PDT   SUNSET   839 PM PDT
JULY 14 2014..........SUNRISE   551 AM PDT   SUNSET   839 PM PDT


-  INDICATES NEGATIVE NUMBERS.
R  INDICATES RECORD WAS SET OR TIED.
MM INDICATES DATA IS MISSING.
T  INDICATES TRACE AMOUNT.






&&
....................................................................

REDDING CITY CLIMATE DATA FOR JULY 13

CLIMATE RECORD PERIOD 1897-1986

RECORD HIGH..............    112 IN 1972
RECORD LOW...............     56 IN 1980

RECORD RAINFALL..........   0.01 IN 1957, 2011

$$
