000
CDUS46 KSTO 020841
CLIRDD

CLIMATE REPORT
NATIONAL WEATHER SERVICE SACRAMENTO, CA
1238 AM PST FRI DEC 2 2016


.........................................................

...THE REDDING AIRPORT CA CLIMATE SUMMARY FOR DECEMBER 1 2016...

CLIMATE NORMAL PERIOD 1981 TO 2010
CLIMATE RECORD PERIOD 1986 TO 2016


WEATHER ITEM   OBSERVED RECORD YEAR NORMAL DEPARTURE LAST
                VALUE   VALUE       VALUE  FROM      YEAR
                                           NORMAL
...........................................................
TEMPERATURE (F)
 YESTERDAY
  MAXIMUM         58     70    1988  57      1       62
                               1986
  MINIMUM         44     24    2007  38      6       29
  AVERAGE         51

PRECIPITATION (IN)
  YESTERDAY        0.00   1.68 2005   0.18  -0.18      T
  MONTH TO DATE    0.00               0.18  -0.18      T
  SINCE OCT 1     12.70               6.76   5.94     1.65
  SINCE JAN 1     43.33              28.53  14.80     9.03

SNOWFALL (IN)
  YESTERDAY        0.0   MM      MM  MM               0.0
  MONTH TO DATE    0.0               MM               0.0
  SINCE DEC 1      0.0               MM               0.0
  SINCE JUL 1      0.0               MM               0.0

DEGREE DAYS
 HEATING
  YESTERDAY       14

 COOLING
  YESTERDAY        0
...........................................................


WIND (MPH)
  RESULTANT WIND SPEED  12   RESULTANT WIND DIRECTION   N (350)
  HIGHEST WIND SPEED    26   HIGHEST WIND DIRECTION     N (10)
  HIGHEST GUST SPEED    37   HIGHEST GUST DIRECTION     N (10)


SKY COVER
  POSSIBLE SUNSHINE  MM
  AVERAGE SKY COVER 0.0


WEATHER CONDITIONS
 THE FOLLOWING WEATHER WAS RECORDED YESTERDAY.
  NO SIGNIFICANT WEATHER WAS OBSERVED.


RELATIVE HUMIDITY (PERCENT)
 HIGHEST    65
 LOWEST     30
 AVERAGE    48

..........................................................


THE REDDING AIRPORT CA CLIMATE NORMALS FOR TODAY
                         NORMAL    RECORD    YEAR
 MAXIMUM TEMPERATURE (F)   57        70      2011
 MINIMUM TEMPERATURE (F)   37        26      1990


SUNRISE AND SUNSET
DECEMBER  2 2016......SUNRISE   715 AM PST   SUNSET   443 PM PST
DECEMBER  3 2016......SUNRISE   716 AM PST   SUNSET   443 PM PST


-  INDICATES NEGATIVE NUMBERS.
R  INDICATES RECORD WAS SET OR TIED.
MM INDICATES DATA IS MISSING.
T  INDICATES TRACE AMOUNT.

&&
....................................................................

REDDING CITY CLIMATE DATA FOR DECEMBER 01

CLIMATE RECORD PERIOD 1897-1986

RECORD HIGH..............     82 IN 1956
RECORD LOW...............     27 IN 1986

RECORD RAINFALL..........   3.90 IN 1960

$$

NNNN
