000
CDUS46 KSTO 300048
CLIRDD

CLIMATE REPORT
NATIONAL WEATHER SERVICE SACRAMENTO, CA
530 PM PDT TUE JUL 29 2014

............................................................

...THE REDDING AIRPORT CA CLIMATE SUMMARY FOR JULY 29 2014...
VALID TODAY AS OF 0500 PM LOCAL TIME.

CLIMATE NORMAL PERIOD 1981 TO 2010
CLIMATE RECORD PERIOD 1986 TO 2014


WEATHER ITEM   OBSERVED RECORD YEAR NORMAL DEPARTURE LAST
                VALUE   VALUE       VALUE  FROM      YEAR
                                           NORMAL
...........................................................
TEMPERATURE (F)
 TODAY
  MAXIMUM        104    116    2003 100      4       92
  MINIMUM         67     58    1999  66      1       67
  AVERAGE         86

PRECIPITATION (IN)
  TODAY            0.00   0.00 2007   0.00   0.00     0.00
                               2006
                               2005
  MONTH TO DATE    0.09               0.08   0.01      T
  SINCE JUL 1      0.09               0.08   0.01      T
  SINCE JAN 1     14.36              20.94  -6.58     9.30

SNOWFALL (IN)
  TODAY            0.0   MM      MM  MM               0.0
  MONTH TO DATE    0.0               MM               0.0
  SINCE JUN 1      0.0               MM               0.0
  SINCE JUL 1      0.0               MM               0.0

DEGREE DAYS
 HEATING
  TODAY            0

 COOLING
  TODAY           21
...........................................................


WIND (MPH)
  RESULTANT WIND SPEED   3   RESULTANT WIND DIRECTION   S (190)
  HIGHEST WIND SPEED    20   HIGHEST WIND DIRECTION     S (170)
  HIGHEST GUST SPEED    26   HIGHEST GUST DIRECTION    SE (150)


SKY COVER
  POSSIBLE SUNSHINE  MM
  AVERAGE SKY COVER 0.0


WEATHER CONDITIONS
 THE FOLLOWING WEATHER WAS RECORDED TODAY.
  NO SIGNIFICANT WEATHER WAS OBSERVED.


RELATIVE HUMIDITY (PERCENT)
 HIGHEST    52
 LOWEST      8
 AVERAGE    30

..........................................................


THE REDDING AIRPORT CA CLIMATE NORMALS FOR TOMORROW
                         NORMAL    RECORD    YEAR
 MAXIMUM TEMPERATURE (F)   99       110      1991
 MINIMUM TEMPERATURE (F)   66        58      1987


SUNRISE AND SUNSET
JULY 29 2014..........SUNRISE   604 AM PDT   SUNSET   827 PM PDT
JULY 30 2014..........SUNRISE   605 AM PDT   SUNSET   826 PM PDT


-  INDICATES NEGATIVE NUMBERS.
R  INDICATES RECORD WAS SET OR TIED.
MM INDICATES DATA IS MISSING.
T  INDICATES TRACE AMOUNT.

&&
....................................................................

REDDING CITY CLIMATE DATA FOR JULY 29

CLIMATE RECORD PERIOD 1897-1986

RECORD HIGH..............    108 IN 1952
RECORD LOW...............     54 IN 1919

RECORD RAINFALL..........  TRACE IN 1927

$$
POWELL
