000
CDUS46 KSTO 020857
CLIRDD

CLIMATE REPORT
NATIONAL WEATHER SERVICE SACRAMENTO, CA
154 AM PDT THU JUL 2 2015


...THE REDDING AIRPORT CA CLIMATE SUMMARY FOR JULY 1 2015...

CLIMATE NORMAL PERIOD 1981 TO 2010
CLIMATE RECORD PERIOD 1986 TO 2015


WEATHER ITEM   OBSERVED RECORD YEAR NORMAL DEPARTURE LAST
                VALUE   VALUE       VALUE  FROM      YEAR
                                           NORMAL
...........................................................
TEMPERATURE (F)
 YESTERDAY
  MAXIMUM        111R   110    2013  95     16      104
  MINIMUM         77     55    1989  65     12       71
  AVERAGE         94

PRECIPITATION (IN)
  YESTERDAY        0.00   0.01 1997   0.00   0.00     0.00
  MONTH TO DATE    0.00               0.00   0.00     0.00
  SINCE OCT 1     23.04              33.71 -10.67    16.38
  SINCE JAN 1      6.79              20.86 -14.07    14.27

SNOWFALL (IN)
  YESTERDAY        0.0   MM      MM  MM               0.0
  MONTH TO DATE    0.0               MM               0.0
  SINCE JUN 1      0.0               MM               0.0
  SINCE JUL 1      0.0               MM               0.0

DEGREE DAYS
 HEATING
  YESTERDAY        0

 COOLING
  YESTERDAY       29
...........................................................


WIND (MPH)
  RESULTANT WIND SPEED   3   RESULTANT WIND DIRECTION   S (200)
  HIGHEST WIND SPEED    30   HIGHEST WIND DIRECTION     S (170)
  HIGHEST GUST SPEED    35   HIGHEST GUST DIRECTION     S (170)


SKY COVER
  POSSIBLE SUNSHINE  MM
  AVERAGE SKY COVER 0.0


WEATHER CONDITIONS
 THE FOLLOWING WEATHER WAS RECORDED YESTERDAY.
  NO SIGNIFICANT WEATHER WAS OBSERVED.


RELATIVE HUMIDITY (PERCENT)
 HIGHEST    45
 LOWEST     13
 AVERAGE    29

..........................................................


THE REDDING AIRPORT CA CLIMATE NORMALS FOR TODAY
                         NORMAL    RECORD    YEAR
 MAXIMUM TEMPERATURE (F)   96       116      2013
 MINIMUM TEMPERATURE (F)   65        54      1989


SUNRISE AND SUNSET
JULY  2 2015..........SUNRISE   543 AM PDT   SUNSET   843 PM PDT
JULY  3 2015..........SUNRISE   543 AM PDT   SUNSET   843 PM PDT


-  INDICATES NEGATIVE NUMBERS.
R  INDICATES RECORD WAS SET OR TIED.
MM INDICATES DATA IS MISSING.
T  INDICATES TRACE AMOUNT.




&&
....................................................................

REDDING CITY CLIMATE DATA FOR JULY 01

CLIMATE RECORD PERIOD 1897-1986

RECORD HIGH..............    111 IN 1972
RECORD LOW...............     53 IN 1916

RECORD RAINFALL..........   1.63 IN 1916

$$

NNNN
