408
CDUS46 KSTO 290836
CLIRDD

CLIMATE REPORT
NATIONAL WEATHER SERVICE SACRAMENTO, CA
135 AM PDT THU SEP 29 2016


...................................

...THE REDDING AIRPORT CA CLIMATE SUMMARY FOR SEPTEMBER 28 2016...

CLIMATE NORMAL PERIOD 1981 TO 2010
CLIMATE RECORD PERIOD 1986 TO 2016


WEATHER ITEM   OBSERVED RECORD YEAR NORMAL DEPARTURE LAST
                VALUE   VALUE       VALUE  FROM      YEAR
                                           NORMAL
...........................................................
TEMPERATURE (F)
 YESTERDAY
  MAXIMUM         96    103    2010  87      9       94
  MINIMUM         59     46    1986  55      4       57
  AVERAGE         78

PRECIPITATION (IN)
  YESTERDAY        0.00   0.19 1994   0.03  -0.03     0.00
  MONTH TO DATE    0.00               0.58  -0.58     0.55
  SINCE OCT 1     40.49              34.56   5.93    23.63
  SINCE JAN 1     30.63              21.71   8.92     7.38

SNOWFALL (IN)
  YESTERDAY        0.0    0.0  2002  MM               0.0
                               2001
  MONTH TO DATE    0.0               MM               0.0
  SINCE SEP 1      0.0               MM               0.0
  SINCE JUL 1      0.0               MM               0.0

DEGREE DAYS
 HEATING
  YESTERDAY        0

 COOLING
  YESTERDAY       13
...........................................................


WIND (MPH)
  RESULTANT WIND SPEED   2   RESULTANT WIND DIRECTION  SE (130)
  HIGHEST WIND SPEED    12   HIGHEST WIND DIRECTION     S (170)
  HIGHEST GUST SPEED    15   HIGHEST GUST DIRECTION    SE (150)


SKY COVER
  POSSIBLE SUNSHINE  MM
  AVERAGE SKY COVER 0.0


WEATHER CONDITIONS
 THE FOLLOWING WEATHER WAS RECORDED YESTERDAY.
  NO SIGNIFICANT WEATHER WAS OBSERVED.


RELATIVE HUMIDITY (PERCENT)
 HIGHEST    69
 LOWEST     14
 AVERAGE    42

..........................................................


THE REDDING AIRPORT CA CLIMATE NORMALS FOR TODAY
                         NORMAL    RECORD    YEAR
 MAXIMUM TEMPERATURE (F)   86       106      2010
 MINIMUM TEMPERATURE (F)   55        44      2007


SUNRISE AND SUNSET
SEPTEMBER 29 2016.....SUNRISE   704 AM PDT   SUNSET   654 PM PDT
SEPTEMBER 30 2016.....SUNRISE   705 AM PDT   SUNSET   652 PM PDT


-  INDICATES NEGATIVE NUMBERS.
R  INDICATES RECORD WAS SET OR TIED.
MM INDICATES DATA IS MISSING.
T  INDICATES TRACE AMOUNT.




&&
....................................................................

REDDING CITY CLIMATE DATA FOR SEPTEMBER 28

CLIMATE RECORD PERIOD 1897-1986

RECORD HIGH..............    103 IN 1966
RECORD LOW...............     38 IN 1986

RECORD RAINFALL..........   1.07 IN 1977

$$

NNNN
