000
CDUS41 KPHI 270628
CLIRDG


CLIMATE REPORT
NATIONAL WEATHER SERVICE MOUNT HOLLY NJ
227 AM EDT THU APR 27 2017


...................................

...THE READING PA CLIMATE SUMMARY FOR APRIL 26 2017...

CLIMATE NORMAL PERIOD 1981 TO 2010
CLIMATE RECORD PERIOD 1869 TO 2017


WEATHER ITEM   OBSERVED TIME   RECORD YEAR NORMAL DEPARTURE LAST
                VALUE   (LST)  VALUE       VALUE  FROM      YEAR
                                                  NORMAL
..................................................................
TEMPERATURE (F)
 YESTERDAY
  MAXIMUM         71    523 PM  91    1990  66      5       84
  MINIMUM         53    519 AM  27    1972  44      9       53
  AVERAGE         62                        55      7       69

PRECIPITATION (IN)
  YESTERDAY        0.02          2.17 1953   0.10  -0.08     0.02
  MONTH TO DATE    2.09                      3.32  -1.23     1.49
  SINCE MAR 1      6.11                      6.80  -0.69     2.53
  SINCE JAN 1      9.50                     12.33  -2.83     9.34

DEGREE DAYS
 HEATING
  YESTERDAY        3                        10     -7        0
  MONTH TO DATE  231                       372   -141      363
  SINCE MAR 1   1025                      1115    -90      896
  SINCE JUL 1   4387                      5157   -770     4243

 COOLING
  YESTERDAY        0                         0      0        4
  MONTH TO DATE    7                         0      7       10
  SINCE MAR 1      7                         0      7       13
  SINCE JAN 1      7                         0      7       13
..................................................................


WIND (MPH)
  HIGHEST WIND SPEED    14   HIGHEST WIND DIRECTION    NE (50)
  HIGHEST GUST SPEED    21   HIGHEST GUST DIRECTION    NE (40)
  AVERAGE WIND SPEED     4.6


SKY COVER
  POSSIBLE SUNSHINE  MM
  AVERAGE SKY COVER 0.7


WEATHER CONDITIONS
 THE FOLLOWING WEATHER WAS RECORDED YESTERDAY.
  RAIN
  LIGHT RAIN
  FOG


RELATIVE HUMIDITY (PERCENT)
 HIGHEST   100           300 AM
 LOWEST     70           400 PM
 AVERAGE    85

..........................................................


THE READING PA CLIMATE NORMALS FOR TODAY
                         NORMAL    RECORD    YEAR
 MAXIMUM TEMPERATURE (F)   67        92      2009
                                             1915
 MINIMUM TEMPERATURE (F)   44        33      1987


SUNRISE AND SUNSET
APRIL 27 2017.........SUNRISE   608 AM EDT   SUNSET   756 PM EDT
APRIL 28 2017.........SUNRISE   607 AM EDT   SUNSET   757 PM EDT


-  INDICATES NEGATIVE NUMBERS.
R  INDICATES RECORD WAS SET OR TIED.
MM INDICATES DATA IS MISSING.
T  INDICATES TRACE AMOUNT.




$$
