000
CDUS41 KPHI 230629
CLIRDG


CLIMATE REPORT
NATIONAL WEATHER SERVICE MOUNT HOLLY NJ
128 AM EST MON JAN 23 2017


...................................

...THE READING PA CLIMATE SUMMARY FOR JANUARY 22 2017...

CLIMATE NORMAL PERIOD 1981 TO 2010
CLIMATE RECORD PERIOD 1869 TO 2017


WEATHER ITEM   OBSERVED TIME   RECORD YEAR NORMAL DEPARTURE LAST
                VALUE   (LST)  VALUE       VALUE  FROM      YEAR
                                                  NORMAL
..................................................................
TEMPERATURE (F)
 YESTERDAY
  MAXIMUM         50    924 PM  67    1959  38     12       25
                                      1906
  MINIMUM         41    957 AM -12    1984  21     20       16
  AVERAGE         46                        29     17       21

PRECIPITATION (IN)
  YESTERDAY        T             1.11 1891   0.08  -0.08     0.15
  MONTH TO DATE    1.81                      2.27  -0.46     1.53
  SINCE DEC 1      3.94                      5.56  -1.62     5.09
  SINCE JAN 1      1.81                      2.27  -0.46     1.53

DEGREE DAYS
 HEATING
  YESTERDAY       19                        36    -17       44
  MONTH TO DATE  673                       777   -104      760
  SINCE DEC 1   1589                      1741   -152     1325
  SINCE JUL 1   2443                      2808   -365     2144

 COOLING
  YESTERDAY        0                         0      0        0
  MONTH TO DATE    0                         0      0        0
  SINCE DEC 1      0                         0      0        0
  SINCE JAN 1      0                         0      0        0
..................................................................


WIND (MPH)
  HIGHEST WIND SPEED    16   HIGHEST WIND DIRECTION     E (90)
  HIGHEST GUST SPEED    25   HIGHEST GUST DIRECTION    SE (150)
  AVERAGE WIND SPEED     4.0


SKY COVER
  POSSIBLE SUNSHINE  MM
  AVERAGE SKY COVER 1.0


WEATHER CONDITIONS
 THE FOLLOWING WEATHER WAS RECORDED YESTERDAY.
  LIGHT RAIN
  FOG
  FOG W/VISIBILITY <= 1/4 MILE


RELATIVE HUMIDITY (PERCENT)
 HIGHEST   100          1200 AM
 LOWEST     93           600 PM
 AVERAGE    97

..........................................................


THE READING PA CLIMATE NORMALS FOR TODAY
                         NORMAL    RECORD    YEAR
 MAXIMUM TEMPERATURE (F)   38        68      1906
 MINIMUM TEMPERATURE (F)   21        -5      1936


SUNRISE AND SUNSET
JANUARY 23 2017.......SUNRISE   720 AM EST   SUNSET   512 PM EST
JANUARY 24 2017.......SUNRISE   720 AM EST   SUNSET   513 PM EST


-  INDICATES NEGATIVE NUMBERS.
R  INDICATES RECORD WAS SET OR TIED.
MM INDICATES DATA IS MISSING.
T  INDICATES TRACE AMOUNT.




$$
