981
CDUS41 KPHI 120629
CLIRDG


CLIMATE REPORT
NATIONAL WEATHER SERVICE MOUNT HOLLY NJ
128 AM EST FRI FEB 12 2016


...................................

...THE READING PA CLIMATE SUMMARY FOR FEBRUARY 11 2016...

CLIMATE NORMAL PERIOD 1981 TO 2010
CLIMATE RECORD PERIOD 1869 TO 2016


WEATHER ITEM   OBSERVED TIME   RECORD YEAR NORMAL DEPARTURE LAST
                VALUE   (LST)  VALUE       VALUE  FROM      YEAR
                                                  NORMAL
..................................................................
TEMPERATURE (F)
 YESTERDAY
  MAXIMUM         24   1224 AM  66    2009  40    -16       34
  MINIMUM         16   1134 PM  -9    1899  22     -6       18
  AVERAGE         20                        31    -11       26

PRECIPITATION (IN)
  YESTERDAY        T             1.26 1886   0.10  -0.10     0.00
  MONTH TO DATE    1.19                      0.93   0.26     0.87
  SINCE DEC 1      8.28                      7.27   1.01     6.08
  SINCE JAN 1      4.72                      3.98   0.74     3.18

SNOWFALL (IN)
  YESTERDAY       MM            MM      MM  MM     MM       MM
  MONTH TO DATE   MM                        MM     MM       MM
  SINCE DEC 1     MM                        MM     MM       MM
  SINCE JUL 1     MM                        MM     MM       MM
  SNOW DEPTH      MM

DEGREE DAYS
 HEATING
  YESTERDAY       45                        34     11       39
  MONTH TO DATE  326                       380    -54      419
  SINCE DEC 1   1978                      2438   -460     2468
  SINCE JUL 1   2797                      3505   -708     3483

 COOLING
  YESTERDAY        0                         0      0        0
  MONTH TO DATE    0                         0      0        0
  SINCE DEC 1      0                         0      0        0
  SINCE JAN 1      0                         0      0        0
..................................................................


WIND (MPH)
  HIGHEST WIND SPEED    26   HIGHEST WIND DIRECTION     W (280)
  HIGHEST GUST SPEED    35   HIGHEST GUST DIRECTION    NW (300)
  AVERAGE WIND SPEED    14.8


SKY COVER
  POSSIBLE SUNSHINE  MM
  AVERAGE SKY COVER 0.5


WEATHER CONDITIONS
 THE FOLLOWING WEATHER WAS RECORDED YESTERDAY.
  LIGHT SNOW
  BLOWING SNOW


RELATIVE HUMIDITY (PERCENT)
 HIGHEST    73           200 AM
 LOWEST     41          1100 AM
 AVERAGE    57

..........................................................


THE READING PA CLIMATE NORMALS FOR TODAY
                         NORMAL    RECORD    YEAR
 MAXIMUM TEMPERATURE (F)   41        72      1999
 MINIMUM TEMPERATURE (F)   22        -4      1934


SUNRISE AND SUNSET
FEBRUARY 12 2016......SUNRISE   702 AM EST   SUNSET   535 PM EST
FEBRUARY 13 2016......SUNRISE   700 AM EST   SUNSET   536 PM EST


-  INDICATES NEGATIVE NUMBERS.
R  INDICATES RECORD WAS SET OR TIED.
MM INDICATES DATA IS MISSING.
T  INDICATES TRACE AMOUNT.




$$
