000
CDUS41 KPHI 270628
CLIRDG


CLIMATE REPORT
NATIONAL WEATHER SERVICE MOUNT HOLLY NJ
128 AM EST MON FEB 27 2017


...................................

...THE READING PA CLIMATE SUMMARY FOR FEBRUARY 26 2017...

CLIMATE NORMAL PERIOD 1981 TO 2010
CLIMATE RECORD PERIOD 1869 TO 2017


WEATHER ITEM   OBSERVED TIME   RECORD YEAR NORMAL DEPARTURE LAST
                VALUE   (LST)  VALUE       VALUE  FROM      YEAR
                                                  NORMAL
..................................................................
TEMPERATURE (F)
 YESTERDAY
  MAXIMUM         42    352 PM  68    1976  44     -2       39
  MINIMUM         28   1137 PM   3    1914  26      2       27
  AVERAGE         35                        35      0       33

PRECIPITATION (IN)
  YESTERDAY        0.00          2.16 1894   0.09  -0.09      T
  MONTH TO DATE    1.03                      2.29  -1.26     3.26
  SINCE DEC 1      5.52                      8.63  -3.11    10.35
  SINCE JAN 1      3.39                      5.34  -1.95     6.79

DEGREE DAYS
 HEATING
  YESTERDAY       30                        30      0       32
  MONTH TO DATE  641                       858   -217      808
  SINCE DEC 1   2468                      2916   -448     2460
  SINCE JUL 1   3322                      3983   -661     3279

 COOLING
  YESTERDAY        0                         0      0        0
  MONTH TO DATE    0                         0      0        0
  SINCE DEC 1      0                         0      0        0
  SINCE JAN 1      0                         0      0        0
..................................................................


WIND (MPH)
  HIGHEST WIND SPEED    28   HIGHEST WIND DIRECTION     W (290)
  HIGHEST GUST SPEED    36   HIGHEST GUST DIRECTION    NW (300)
  AVERAGE WIND SPEED    12.6


SKY COVER
  POSSIBLE SUNSHINE  MM
  AVERAGE SKY COVER 0.6


WEATHER CONDITIONS
 THE FOLLOWING WEATHER WAS RECORDED YESTERDAY.
  NO SIGNIFICANT WEATHER WAS OBSERVED.


RELATIVE HUMIDITY (PERCENT)
 HIGHEST    69          1100 PM
 LOWEST     38           300 PM
 AVERAGE    54

..........................................................


THE READING PA CLIMATE NORMALS FOR TODAY
                         NORMAL    RECORD    YEAR
 MAXIMUM TEMPERATURE (F)   45        76      1997
 MINIMUM TEMPERATURE (F)   26         4      1934
                                             1900


SUNRISE AND SUNSET
FEBRUARY 27 2017......SUNRISE   640 AM EST   SUNSET   553 PM EST
FEBRUARY 28 2017......SUNRISE   639 AM EST   SUNSET   555 PM EST


-  INDICATES NEGATIVE NUMBERS.
R  INDICATES RECORD WAS SET OR TIED.
MM INDICATES DATA IS MISSING.
T  INDICATES TRACE AMOUNT.




$$
