000
CDUS41 KPHI 310633
CLIRDG


CLIMATE REPORT
NATIONAL WEATHER SERVICE MOUNT HOLLY NJ
232 AM EDT MON AUG 31 2015


...................................

...THE READING PA CLIMATE SUMMARY FOR AUGUST 30 2015...

CLIMATE NORMAL PERIOD 1981 TO 2010
CLIMATE RECORD PERIOD 1869 TO 2015


WEATHER ITEM   OBSERVED TIME   RECORD YEAR NORMAL DEPARTURE LAST
                VALUE   (LST)  VALUE       VALUE  FROM      YEAR
                                                  NORMAL
..................................................................
TEMPERATURE (F)
 YESTERDAY
  MAXIMUM         88    149 PM  99    1953  81      7       81
  MINIMUM         64    545 AM  42    1986  61      3       58
  AVERAGE         76                        71      5       70

PRECIPITATION (IN)
  YESTERDAY        0.00          0.81 1903   0.11  -0.11     0.00
  MONTH TO DATE    3.45                      3.53  -0.08     2.53
  SINCE JUN 1     13.47                     11.83   1.64    11.27
  SINCE JAN 1     25.38                     28.85  -3.47    30.09

SNOWFALL (IN)
  YESTERDAY       MM            MM      MM  MM     MM       MM
  MONTH TO DATE   MM                        MM     MM       MM
  SINCE JUN 1     MM                        MM     MM       MM
  SINCE JUL 1     MM                        MM     MM       MM
  SNOW DEPTH      MM

DEGREE DAYS
 HEATING
  YESTERDAY        0                         0      0        0
  MONTH TO DATE    0                         0      0        1
  SINCE JUN 1     21                        25     -4        2
  SINCE JUL 1      0                         1     -1        1

 COOLING
  YESTERDAY       11                         6      5        5
  MONTH TO DATE  270                       244     26      206
  SINCE JUN 1    821                       736     85      743
  SINCE JAN 1    980                       796    184      805
..................................................................


WIND (MPH)
  HIGHEST WIND SPEED    12   HIGHEST WIND DIRECTION     W (250)
  HIGHEST GUST SPEED    14   HIGHEST GUST DIRECTION    SW (220)
  AVERAGE WIND SPEED     3.1


SKY COVER
  POSSIBLE SUNSHINE  MM
  AVERAGE SKY COVER 0.1


WEATHER CONDITIONS
 THE FOLLOWING WEATHER WAS RECORDED YESTERDAY.
  HAZE


RELATIVE HUMIDITY (PERCENT)
 HIGHEST    87          1200 AM
 LOWEST     45           300 PM
 AVERAGE    66

..........................................................


THE READING PA CLIMATE NORMALS FOR TODAY
                         NORMAL    RECORD    YEAR
 MAXIMUM TEMPERATURE (F)   81       100      1953
 MINIMUM TEMPERATURE (F)   60        42      1986
                                             1976


SUNRISE AND SUNSET
AUGUST 31 2015........SUNRISE   630 AM EDT   SUNSET   738 PM EDT
SEPTEMBER  1 2015.....SUNRISE   631 AM EDT   SUNSET   736 PM EDT


-  INDICATES NEGATIVE NUMBERS.
R  INDICATES RECORD WAS SET OR TIED.
MM INDICATES DATA IS MISSING.
T  INDICATES TRACE AMOUNT.




$$
