000
CDUS41 KPHI 192127
CLIRDG


CLIMATE REPORT
NATIONAL WEATHER SERVICE MOUNT HOLLY NJ
527 PM EDT TUE SEP 19 2017


...................................

...THE READING PA CLIMATE SUMMARY FOR SEPTEMBER 19 2017...
VALID TODAY AS OF 0500 PM LOCAL TIME.

CLIMATE NORMAL PERIOD 1981 TO 2010
CLIMATE RECORD PERIOD 1869 TO 2017


WEATHER ITEM   OBSERVED TIME   RECORD YEAR NORMAL DEPARTURE LAST
                VALUE   (LST)  VALUE       VALUE  FROM      YEAR
                                                  NORMAL
..................................................................
TEMPERATURE (F)
 TODAY
  MAXIMUM         82    359 PM  95    1983  74      8       76
  MINIMUM         65   1239 AM  39    1943  54     11       69
  AVERAGE         74                        64     10       73

PRECIPITATION (IN)
  TODAY            0.00          2.32 2016   0.16  -0.16     2.32
  MONTH TO DATE    3.61                      2.50   1.11     2.47
  SINCE SEP 1      3.61                      2.50   1.11     2.47
  SINCE JAN 1     37.05                     31.46   5.59    26.98

DEGREE DAYS
 HEATING
  TODAY            0                         3     -3        0
  MONTH TO DATE   39                        21     18        0
  SINCE SEP 1     39                        21     18        0
  SINCE JUL 1     43                        26     17        0

 COOLING
  TODAY            9                         2      7        8
  MONTH TO DATE   59                        71    -12      161
  SINCE SEP 1     59                        71    -12      161
  SINCE JAN 1    948                       874     74     1303
..................................................................


WIND (MPH)
  HIGHEST WIND SPEED    15   HIGHEST WIND DIRECTION    NE (50)
  HIGHEST GUST SPEED    20   HIGHEST GUST DIRECTION    NE (60)
  AVERAGE WIND SPEED     6.7


SKY COVER
  POSSIBLE SUNSHINE  MM
  AVERAGE SKY COVER 0.7


WEATHER CONDITIONS
 THE FOLLOWING WEATHER WAS RECORDED TODAY.
  FOG


RELATIVE HUMIDITY (PERCENT)
 HIGHEST   100          1200 AM
 LOWEST     55           200 PM
 AVERAGE    78

..........................................................


THE READING PA CLIMATE NORMALS FOR TOMORROW
                         NORMAL    RECORD    YEAR
 MAXIMUM TEMPERATURE (F)   74        93      1983
 MINIMUM TEMPERATURE (F)   53        38      1993
                                             1979


SUNRISE AND SUNSET
SEPTEMBER 19 2017.....SUNRISE   649 AM EDT   SUNSET   706 PM EDT
SEPTEMBER 20 2017.....SUNRISE   650 AM EDT   SUNSET   704 PM EDT


-  INDICATES NEGATIVE NUMBERS.
R  INDICATES RECORD WAS SET OR TIED.
MM INDICATES DATA IS MISSING.
T  INDICATES TRACE AMOUNT.




$$
