000
CDUS41 KPHI 272139
CLIRDG


CLIMATE REPORT
NATIONAL WEATHER SERVICE MOUNT HOLLY NJ
438 PM EST TUE JAN 27 2015


...................................

...THE READING PA CLIMATE SUMMARY FOR JANUARY 27 2015...
VALID TODAY AS OF 0400 PM LOCAL TIME.

CLIMATE NORMAL PERIOD 1981 TO 2010
CLIMATE RECORD PERIOD 1869 TO 2015


WEATHER ITEM   OBSERVED TIME   RECORD YEAR NORMAL DEPARTURE LAST
                VALUE   (LST)  VALUE       VALUE  FROM      YEAR
                                                  NORMAL
..................................................................
TEMPERATURE (F)
 TODAY
  MAXIMUM         30    359 PM  71    1916  38     -8       39
  MINIMUM         24    823 AM  -2    1994  21      3       16
  AVERAGE         27                        30     -3       28

PRECIPITATION (IN)
  TODAY            T             2.04 1976   0.09  -0.09     0.00
  MONTH TO DATE    2.27                      2.73  -0.46     3.48
  SINCE DEC 1      5.17                      6.02  -0.85     6.69
  SINCE JAN 1      2.27                      2.73  -0.46     3.48

SNOWFALL (IN)
  TODAY           MM            MM      MM  MM     MM       MM
  MONTH TO DATE   MM                        MM     MM       MM
  SINCE DEC 1     MM                        MM     MM       MM
  SINCE JUL 1     MM                        MM     MM       MM
  SNOW DEPTH      MM

DEGREE DAYS
 HEATING
  TODAY           38                        35      3       37
  MONTH TO DATE 1018                       956     62     1065
  SINCE DEC 1   1873                      1920    -47     2004
  SINCE JUL 1   2888                      2987    -99     3053

 COOLING
  TODAY            0                         0      0        0
  MONTH TO DATE    0                         0      0        0
  SINCE DEC 1      0                         0      0        0
  SINCE JAN 1      0                         0      0        0
..................................................................


WIND (MPH)
  HIGHEST WIND SPEED    21   HIGHEST WIND DIRECTION    NW (310)
  HIGHEST GUST SPEED    23   HIGHEST GUST DIRECTION    NW (310)
  AVERAGE WIND SPEED    12.3


SKY COVER
  POSSIBLE SUNSHINE  MM
  AVERAGE SKY COVER 0.8


WEATHER CONDITIONS
 THE FOLLOWING WEATHER WAS RECORDED TODAY.
  LIGHT SNOW
  HAZE


RELATIVE HUMIDITY (PERCENT)
 HIGHEST    68          1200 AM
 LOWEST     46           100 PM
 AVERAGE    57

..........................................................


THE READING PA CLIMATE NORMALS FOR TOMORROW
                         NORMAL    RECORD    YEAR
 MAXIMUM TEMPERATURE (F)   38        63      1916
 MINIMUM TEMPERATURE (F)   21        -5      1988
                                             1987


SUNRISE AND SUNSET
JANUARY 27 2015.......SUNRISE   718 AM EST   SUNSET   516 PM EST
JANUARY 28 2015.......SUNRISE   717 AM EST   SUNSET   517 PM EST


-  INDICATES NEGATIVE NUMBERS.
R  INDICATES RECORD WAS SET OR TIED.
MM INDICATES DATA IS MISSING.
T  INDICATES TRACE AMOUNT.




$$
