000
CDUS41 KPHI 160640
CLIRDG


CLIMATE REPORT
NATIONAL WEATHER SERVICE MOUNT HOLLY NJ
233 AM EDT WED APR 16 2014


...................................

...THE READING PA CLIMATE SUMMARY FOR APRIL 15 2014...

CLIMATE NORMAL PERIOD 1981 TO 2010
CLIMATE RECORD PERIOD 1869 TO 2014


WEATHER ITEM   OBSERVED TIME   RECORD YEAR NORMAL DEPARTURE LAST
                VALUE   (LST)  VALUE       VALUE  FROM      YEAR
                                                  NORMAL
..................................................................
TEMPERATURE (F)
 YESTERDAY
  MAXIMUM         68    106 PM  86    1941  62      6       63
  MINIMUM         34    834 PM  27    1973  41     -7       47
  AVERAGE         51                        51      0       55

PRECIPITATION (IN)
  YESTERDAY        1.39          2.42 1921   0.13   1.26     0.01
  MONTH TO DATE    2.30                      1.98   0.32     1.16
  SINCE MAR 1      4.47                      5.46  -0.99     3.26
  SINCE JAN 1     11.15                     10.99   0.16     8.20

SNOWFALL (IN)
  YESTERDAY       MM            MM      MM  MM     MM       MM
  MONTH TO DATE   MM                        MM     MM       MM
  SINCE MAR 1     MM                        MM     MM       MM
  SINCE JUL 1     MM                        MM     MM       MM
  SNOW DEPTH      MM

DEGREE DAYS
 HEATING
  YESTERDAY       14                        14      0       10
  MONTH TO DATE  195                       241    -46      209
  SINCE MAR 1   1112                       984    128      985
  SINCE JUL 1   5422                      5026    396     4696

 COOLING
  YESTERDAY        0                         0      0        0
  MONTH TO DATE    9                         0      9       15
  SINCE MAR 1      9                         0      9       15
  SINCE JAN 1      9                         0      9       15
..................................................................


WIND (MPH)
  HIGHEST WIND SPEED    32   HIGHEST WIND DIRECTION    NW (310)
  HIGHEST GUST SPEED    42   HIGHEST GUST DIRECTION    SW (210)
  AVERAGE WIND SPEED    13.3


SKY COVER
  POSSIBLE SUNSHINE  MM
  AVERAGE SKY COVER 1.0


WEATHER CONDITIONS
 THE FOLLOWING WEATHER WAS RECORDED YESTERDAY.
  HEAVY RAIN
  RAIN
  LIGHT RAIN
  LIGHT SNOW
  FOG


RELATIVE HUMIDITY (PERCENT)
 HIGHEST    93           600 AM
 LOWEST     63          1200 AM
 AVERAGE    78

..........................................................


THE READING PA CLIMATE NORMALS FOR TODAY
                         NORMAL    RECORD    YEAR
 MAXIMUM TEMPERATURE (F)   63        90      2012
 MINIMUM TEMPERATURE (F)   41        26      1982
                                             1978


SUNRISE AND SUNSET
APRIL 16 2014.........SUNRISE   624 AM EDT   SUNSET   744 PM EDT
APRIL 17 2014.........SUNRISE   623 AM EDT   SUNSET   745 PM EDT


-  INDICATES NEGATIVE NUMBERS.
R  INDICATES RECORD WAS SET OR TIED.
MM INDICATES DATA IS MISSING.
T  INDICATES TRACE AMOUNT.




$$
