000
CDUS41 KPHI 270545
CLIRDG


CLIMATE REPORT
NATIONAL WEATHER SERVICE MOUNT HOLLY NJ
145 AM EDT THU JUL 27 2017


...................................

...THE READING PA CLIMATE SUMMARY FOR JULY 26 2017...

CLIMATE NORMAL PERIOD 1981 TO 2010
CLIMATE RECORD PERIOD 1869 TO 2017


WEATHER ITEM   OBSERVED TIME   RECORD YEAR NORMAL DEPARTURE LAST
                VALUE   (LST)  VALUE       VALUE  FROM      YEAR
                                                  NORMAL
..................................................................
TEMPERATURE (F)
 YESTERDAY
  MAXIMUM         80    344 PM  99    1940  85     -5       93
  MINIMUM         65    546 AM  52    1976  64      1       68
                                      1977
  AVERAGE         73                        75     -2       81

PRECIPITATION (IN)
  YESTERDAY        0.18          1.75 1873   0.16   0.02     0.00
  MONTH TO DATE    8.02                      3.84   4.18     2.05
  SINCE JUN 1     13.29                      7.62   5.67     3.87
  SINCE JAN 1     26.71                     24.64   2.07    17.87

DEGREE DAYS
 HEATING
  YESTERDAY        0                         0      0        0
  MONTH TO DATE    0                         0      0        0
  SINCE JUN 1     16                        24     -8        9
  SINCE JUL 1      0                         0      0        0

 COOLING
  YESTERDAY        8                        10     -2       16
  MONTH TO DATE  323                       257     66      352
  SINCE JUN 1    557                       446    111      578
  SINCE JAN 1    632                       506    126      672
..................................................................


WIND (MPH)
  HIGHEST WIND SPEED    12   HIGHEST WIND DIRECTION    SE (150)
  HIGHEST GUST SPEED    14   HIGHEST GUST DIRECTION    SE (140)
  AVERAGE WIND SPEED     3.9


SKY COVER
  POSSIBLE SUNSHINE  MM
  AVERAGE SKY COVER 0.7


WEATHER CONDITIONS
 THE FOLLOWING WEATHER WAS RECORDED YESTERDAY.
  HEAVY RAIN
  RAIN
  LIGHT RAIN
  FOG


RELATIVE HUMIDITY (PERCENT)
 HIGHEST    93           200 AM
 LOWEST     62           200 PM
 AVERAGE    78

..........................................................


THE READING PA CLIMATE NORMALS FOR TODAY
                         NORMAL    RECORD    YEAR
 MAXIMUM TEMPERATURE (F)   85        98      1955
 MINIMUM TEMPERATURE (F)   64        46      1977


SUNRISE AND SUNSET
JULY 27 2017..........SUNRISE   557 AM EDT   SUNSET   823 PM EDT
JULY 28 2017..........SUNRISE   558 AM EDT   SUNSET   822 PM EDT


-  INDICATES NEGATIVE NUMBERS.
R  INDICATES RECORD WAS SET OR TIED.
MM INDICATES DATA IS MISSING.
T  INDICATES TRACE AMOUNT.




$$
