000
CDUS41 KPHI 050635
CLIRDG


CLIMATE REPORT
NATIONAL WEATHER SERVICE MOUNT HOLLY NJ
134 AM EST THU MAR 5 2015


...................................

...THE READING PA CLIMATE SUMMARY FOR MARCH 4 2015...

CLIMATE NORMAL PERIOD 1981 TO 2010
CLIMATE RECORD PERIOD 1869 TO 2015


WEATHER ITEM   OBSERVED TIME   RECORD YEAR NORMAL DEPARTURE LAST
                VALUE   (LST)  VALUE       VALUE  FROM      YEAR
                                                  NORMAL
..................................................................
TEMPERATURE (F)
 YESTERDAY
  MAXIMUM         40    639 PM  74    1974  46     -6       29
  MINIMUM         33    840 AM   7    1943  28      5        8
                                      1913
  AVERAGE         37                        37      0       19

PRECIPITATION (IN)
  YESTERDAY        0.83          2.05 1881   0.08   0.75     0.00
  MONTH TO DATE    1.58                      0.32   1.26     0.03
  SINCE MAR 1      1.58                      0.32   1.26     0.03
  SINCE JAN 1      5.32                      5.85  -0.53     6.71

SNOWFALL (IN)
  YESTERDAY       MM            MM      MM  MM     MM       MM
  MONTH TO DATE   MM                        MM     MM       MM
  SINCE MAR 1     MM                        MM     MM       MM
  SINCE JUL 1     MM                        MM     MM       MM
  SNOW DEPTH      MM

DEGREE DAYS
 HEATING
  YESTERDAY       28                        28      0       46
  MONTH TO DATE  151                       114     37      165
  SINCE MAR 1    151                       114     37      165
  SINCE JUL 1   4456                      4156    300     4475

 COOLING
  YESTERDAY        0                         0      0        0
  MONTH TO DATE    0                         0      0        0
  SINCE MAR 1      0                         0      0        0
  SINCE JAN 1      0                         0      0        0
..................................................................


WIND (MPH)
  HIGHEST WIND SPEED     9   HIGHEST WIND DIRECTION    NW (300)
  HIGHEST GUST SPEED    12   HIGHEST GUST DIRECTION     W (280)
  AVERAGE WIND SPEED     2.2


SKY COVER
  POSSIBLE SUNSHINE  MM
  AVERAGE SKY COVER 1.0


WEATHER CONDITIONS
 THE FOLLOWING WEATHER WAS RECORDED YESTERDAY.
  RAIN
  LIGHT RAIN
  FOG
  FOG W/VISIBILITY <= 1/4 MILE


RELATIVE HUMIDITY (PERCENT)
 HIGHEST   100           900 AM
 LOWEST     82           100 AM
 AVERAGE    91

..........................................................


THE READING PA CLIMATE NORMALS FOR TODAY
                         NORMAL    RECORD    YEAR
 MAXIMUM TEMPERATURE (F)   47        74      1976
                                             1964
                                             1946
 MINIMUM TEMPERATURE (F)   28         5      1978


SUNRISE AND SUNSET
MARCH  5 2015.........SUNRISE   632 AM EST   SUNSET   600 PM EST
MARCH  6 2015.........SUNRISE   630 AM EST   SUNSET   601 PM EST


-  INDICATES NEGATIVE NUMBERS.
R  INDICATES RECORD WAS SET OR TIED.
MM INDICATES DATA IS MISSING.
T  INDICATES TRACE AMOUNT.




$$
