000
CDUS41 KPHI 222130
CLIRDG


CLIMATE REPORT
NATIONAL WEATHER SERVICE MOUNT HOLLY NJ
530 PM EDT MON SEP 22 2014


...................................

...THE READING PA CLIMATE SUMMARY FOR SEPTEMBER 22 2014...
VALID TODAY AS OF 0500 PM LOCAL TIME.

CLIMATE NORMAL PERIOD 1981 TO 2010
CLIMATE RECORD PERIOD 1869 TO 2014


WEATHER ITEM   OBSERVED TIME   RECORD YEAR NORMAL DEPARTURE LAST
                VALUE   (LST)  VALUE       VALUE  FROM      YEAR
                                                  NORMAL
..................................................................
TEMPERATURE (F)
 TODAY
  MAXIMUM         70    145 PM  94    1931  73     -3       68
  MINIMUM         58    613 AM  32    1904  53      5       53
  AVERAGE         64                        63      1       61

PRECIPITATION (IN)
  TODAY            0.00          2.44 1979   0.16  -0.16     0.00
  MONTH TO DATE    1.41                      2.98  -1.57     1.31
  SINCE SEP 1      1.41                      2.98  -1.57     1.31
  SINCE JAN 1     31.84                     31.94  -0.10    30.45

SNOWFALL (IN)
  TODAY           MM            MM      MM  MM     MM       MM
  MONTH TO DATE   MM                        MM     MM       MM
  SINCE SEP 1     MM                        MM     MM       MM
  SINCE JUL 1     MM                        MM     MM       MM
  SNOW DEPTH      MM

DEGREE DAYS
 HEATING
  TODAY            1                         4     -3        4
  MONTH TO DATE   31                        31      0       52
  SINCE SEP 1     31                        31      0       52
  SINCE JUL 1     32                        36     -4       52

 COOLING
  TODAY            0                         2     -2        0
  MONTH TO DATE  110                        77     33       98
  SINCE SEP 1    110                        77     33       98
  SINCE JAN 1    931                       880     51     1082
..................................................................


WIND (MPH)
  HIGHEST WIND SPEED    22   HIGHEST WIND DIRECTION    NW (320)
  HIGHEST GUST SPEED    29   HIGHEST GUST DIRECTION    NW (310)
  AVERAGE WIND SPEED    11.8


SKY COVER
  POSSIBLE SUNSHINE  MM
  AVERAGE SKY COVER 0.3


WEATHER CONDITIONS
 THE FOLLOWING WEATHER WAS RECORDED TODAY.
  NO SIGNIFICANT WEATHER WAS OBSERVED.


RELATIVE HUMIDITY (PERCENT)
 HIGHEST    87          1200 AM
 LOWEST     42           400 PM
 AVERAGE    65

..........................................................


THE READING PA CLIMATE NORMALS FOR TOMORROW
                         NORMAL    RECORD    YEAR
 MAXIMUM TEMPERATURE (F)   73        94      1970
 MINIMUM TEMPERATURE (F)   52        34      1904


SUNRISE AND SUNSET
SEPTEMBER 22 2014.....SUNRISE   651 AM EDT   SUNSET   701 PM EDT
SEPTEMBER 23 2014.....SUNRISE   652 AM EDT   SUNSET   659 PM EDT


-  INDICATES NEGATIVE NUMBERS.
R  INDICATES RECORD WAS SET OR TIED.
MM INDICATES DATA IS MISSING.
T  INDICATES TRACE AMOUNT.




$$
