000
CDUS41 KPHI 290628
CLIRDG


CLIMATE REPORT
NATIONAL WEATHER SERVICE MOUNT HOLLY NJ
227 AM EDT WED JUL 29 2015


...................................

...THE READING PA CLIMATE SUMMARY FOR JULY 28 2015...

CLIMATE NORMAL PERIOD 1981 TO 2010
CLIMATE RECORD PERIOD 1869 TO 2015


WEATHER ITEM   OBSERVED TIME   RECORD YEAR NORMAL DEPARTURE LAST
                VALUE   (LST)  VALUE       VALUE  FROM      YEAR
                                                  NORMAL
..................................................................
TEMPERATURE (F)
 YESTERDAY
  MAXIMUM         92    236 PM  99    1941  85      7       81
  MINIMUM         69    526 AM  46    1977  64      5       63
  AVERAGE         81                        74      7       72

PRECIPITATION (IN)
  YESTERDAY        0.00          3.57 1969   0.14  -0.14      T
  MONTH TO DATE    2.39                      4.12  -1.73     4.95
  SINCE JUN 1      8.61                      7.90   0.71     8.74
  SINCE JAN 1     20.52                     24.92  -4.40    27.56

SNOWFALL (IN)
  YESTERDAY       MM            MM      MM  MM     MM       MM
  MONTH TO DATE   MM                        MM     MM       MM
  SINCE JUN 1     MM                        MM     MM       MM
  SINCE JUL 1     MM                        MM     MM       MM
  SNOW DEPTH      MM

DEGREE DAYS
 HEATING
  YESTERDAY        0                         0      0        0
  MONTH TO DATE    0                         0      0        0
  SINCE JUN 1     21                        24     -3        1
  SINCE JUL 1      0                         0      0        0

 COOLING
  YESTERDAY       16                        10      6        7
  MONTH TO DATE  288                       277     11      298
  SINCE JUN 1    513                       466     47      526
  SINCE JAN 1    672                       526    146      588
..................................................................


WIND (MPH)
  HIGHEST WIND SPEED     9   HIGHEST WIND DIRECTION    NW (300)
  HIGHEST GUST SPEED    12   HIGHEST GUST DIRECTION    NW (300)
  AVERAGE WIND SPEED     2.4


SKY COVER
  POSSIBLE SUNSHINE  MM
  AVERAGE SKY COVER 0.2


WEATHER CONDITIONS
 THE FOLLOWING WEATHER WAS RECORDED YESTERDAY.
  FOG
  HAZE


RELATIVE HUMIDITY (PERCENT)
 HIGHEST    93           100 AM
 LOWEST     36           400 PM
 AVERAGE    65

..........................................................


THE READING PA CLIMATE NORMALS FOR TODAY
                         NORMAL    RECORD    YEAR
 MAXIMUM TEMPERATURE (F)   85        97      2002
                                             1954
                                             1913
 MINIMUM TEMPERATURE (F)   64        52      1997
                                             1972


SUNRISE AND SUNSET
JULY 29 2015..........SUNRISE   558 AM EDT   SUNSET   822 PM EDT
JULY 30 2015..........SUNRISE   559 AM EDT   SUNSET   821 PM EDT


-  INDICATES NEGATIVE NUMBERS.
R  INDICATES RECORD WAS SET OR TIED.
MM INDICATES DATA IS MISSING.
T  INDICATES TRACE AMOUNT.




$$
