000
CDUS41 KPHI 300628
CLIRDG


CLIMATE REPORT
NATIONAL WEATHER SERVICE MOUNT HOLLY NJ
228 AM EDT TUE SEP 30 2014


...................................

...THE READING PA CLIMATE SUMMARY FOR SEPTEMBER 29 2014...

CLIMATE NORMAL PERIOD 1981 TO 2010
CLIMATE RECORD PERIOD 1869 TO 2014


WEATHER ITEM   OBSERVED TIME   RECORD YEAR NORMAL DEPARTURE LAST
                VALUE   (LST)  VALUE       VALUE  FROM      YEAR
                                                  NORMAL
..................................................................
TEMPERATURE (F)
 YESTERDAY
  MAXIMUM         79   1200 PM  88    1921  70      9       74
  MINIMUM         59    527 AM  34    2000  49     10       47
  AVERAGE         69                        60      9       61

PRECIPITATION (IN)
  YESTERDAY        0.00          3.55 1934   0.17  -0.17     0.00
  MONTH TO DATE    1.80                      4.17  -2.37     1.31
  SINCE SEP 1      1.80                      4.17  -2.37     1.31
  SINCE JAN 1     32.23                     33.13  -0.90    30.45

SNOWFALL (IN)
  YESTERDAY       MM            MM      MM  MM     MM       MM
  MONTH TO DATE   MM                        MM     MM       MM
  SINCE SEP 1     MM                        MM     MM       MM
  SINCE JUL 1     MM                        MM     MM       MM
  SNOW DEPTH      MM

DEGREE DAYS
 HEATING
  YESTERDAY        0                         6     -6        4
  MONTH TO DATE   54                        66    -12       87
  SINCE SEP 1     54                        66    -12       87
  SINCE JUL 1     55                        71    -16       87

 COOLING
  YESTERDAY        4                         1      3        0
  MONTH TO DATE  120                        84     36       98
  SINCE SEP 1    120                        84     36       98
  SINCE JAN 1    941                       887     54     1082
..................................................................


WIND (MPH)
  HIGHEST WIND SPEED    10   HIGHEST WIND DIRECTION     S (160)
  HIGHEST GUST SPEED    13   HIGHEST GUST DIRECTION     S (170)
  AVERAGE WIND SPEED     2.3


SKY COVER
  POSSIBLE SUNSHINE  MM
  AVERAGE SKY COVER 0.0


WEATHER CONDITIONS
 THE FOLLOWING WEATHER WAS RECORDED YESTERDAY.
  FOG


RELATIVE HUMIDITY (PERCENT)
 HIGHEST    90           300 AM
 LOWEST     45          1200 PM
 AVERAGE    68

..........................................................


THE READING PA CLIMATE NORMALS FOR TODAY
                         NORMAL    RECORD    YEAR
 MAXIMUM TEMPERATURE (F)   70        92      1986
 MINIMUM TEMPERATURE (F)   49        34      1978


SUNRISE AND SUNSET
SEPTEMBER 30 2014.....SUNRISE   659 AM EDT   SUNSET   648 PM EDT
OCTOBER  1 2014.......SUNRISE   700 AM EDT   SUNSET   646 PM EDT


-  INDICATES NEGATIVE NUMBERS.
R  INDICATES RECORD WAS SET OR TIED.
MM INDICATES DATA IS MISSING.
T  INDICATES TRACE AMOUNT.




$$
