000
CDUS41 KPHI 260637
CLIRDG


CLIMATE REPORT
NATIONAL WEATHER SERVICE MOUNT HOLLY NJ
236 AM EDT TUE MAY 26 2015


...................................

...THE READING PA CLIMATE SUMMARY FOR MAY 25 2015...

CLIMATE NORMAL PERIOD 1981 TO 2010
CLIMATE RECORD PERIOD 1869 TO 2015


WEATHER ITEM   OBSERVED TIME   RECORD YEAR NORMAL DEPARTURE LAST
                VALUE   (LST)  VALUE       VALUE  FROM      YEAR
                                                  NORMAL
..................................................................
TEMPERATURE (F)
 YESTERDAY
  MAXIMUM         88    228 PM  93    1904  75     13       81
  MINIMUM         62    555 AM  38    1956  53      9       50
  AVERAGE         75                        64     11       66

PRECIPITATION (IN)
  YESTERDAY        0.00          1.20 1952   0.17  -0.17     0.00
  MONTH TO DATE    0.44                      3.24  -2.80     3.06
  SINCE MAR 1      6.95                     10.49  -3.54    11.70
  SINCE JAN 1     10.69                     16.02  -5.33    18.38

SNOWFALL (IN)
  YESTERDAY       MM            MM      MM  MM     MM       MM
  MONTH TO DATE   MM                        MM     MM       MM
  SINCE MAR 1     MM                        MM     MM       MM
  SINCE JUL 1     MM                        MM     MM       MM
  SNOW DEPTH      MM

DEGREE DAYS
 HEATING
  YESTERDAY        0                         4     -4        0
  MONTH TO DATE   68                       153    -85       96
  SINCE MAR 1   1357                      1309     48     1426
  SINCE JUL 1   5662                      5351    311     5736

 COOLING
  YESTERDAY       10                         2      8        1
  MONTH TO DATE   87                        35     52       32
  SINCE MAR 1     87                        44     43       41
  SINCE JAN 1     87                        44     43       41
..................................................................


WIND (MPH)
  HIGHEST WIND SPEED    22   HIGHEST WIND DIRECTION    SW (220)
  HIGHEST GUST SPEED    28   HIGHEST GUST DIRECTION    SW (220)
  AVERAGE WIND SPEED     8.6


SKY COVER
  POSSIBLE SUNSHINE  MM
  AVERAGE SKY COVER 0.0


WEATHER CONDITIONS
 THE FOLLOWING WEATHER WAS RECORDED YESTERDAY.
  NO SIGNIFICANT WEATHER WAS OBSERVED.


RELATIVE HUMIDITY (PERCENT)
 HIGHEST    78           300 AM
 LOWEST     29           100 PM
 AVERAGE    54

..........................................................


THE READING PA CLIMATE NORMALS FOR TODAY
                         NORMAL    RECORD    YEAR
 MAXIMUM TEMPERATURE (F)   75        94      1914
 MINIMUM TEMPERATURE (F)   53        38      1972


SUNRISE AND SUNSET
MAY 26 2015...........SUNRISE   539 AM EDT   SUNSET   823 PM EDT
MAY 27 2015...........SUNRISE   539 AM EDT   SUNSET   824 PM EDT


-  INDICATES NEGATIVE NUMBERS.
R  INDICATES RECORD WAS SET OR TIED.
MM INDICATES DATA IS MISSING.
T  INDICATES TRACE AMOUNT.




$$
