000
CDUS41 KPHI 210631
CLIRDG


CLIMATE REPORT
NATIONAL WEATHER SERVICE MOUNT HOLLY NJ
230 AM EDT THU AUG 21 2014


...................................

...THE READING PA CLIMATE SUMMARY FOR AUGUST 20 2014...

CLIMATE NORMAL PERIOD 1981 TO 2010
CLIMATE RECORD PERIOD 1869 TO 2014


WEATHER ITEM   OBSERVED TIME   RECORD YEAR NORMAL DEPARTURE LAST
                VALUE   (LST)  VALUE       VALUE  FROM      YEAR
                                                  NORMAL
..................................................................
TEMPERATURE (F)
 YESTERDAY
  MAXIMUM         85    201 PM  98    1983  83      2       86
  MINIMUM         67    428 AM  49    1998  62      5       61
  AVERAGE         76                        73      3       74

PRECIPITATION (IN)
  YESTERDAY        0.00          1.79 1894   0.13  -0.13     0.00
  MONTH TO DATE    1.57                      2.34  -0.77     3.55
  SINCE JUN 1     10.31                     10.64  -0.33    15.18
  SINCE JAN 1     29.13                     27.66   1.47    28.22

SNOWFALL (IN)
  YESTERDAY       MM            MM      MM  MM     MM       MM
  MONTH TO DATE   MM                        MM     MM       MM
  SINCE JUN 1     MM                        MM     MM       MM
  SINCE JUL 1     MM                        MM     MM       MM
  SNOW DEPTH      MM

DEGREE DAYS
 HEATING
  YESTERDAY        0                         0      0        0
  MONTH TO DATE    1                         0      1        0
  SINCE JUN 1      2                        25    -23        2
  SINCE JUL 1      1                         1      0        0

 COOLING
  YESTERDAY       11                         8      3        9
  MONTH TO DATE  140                       174    -34      130
  SINCE JUN 1    677                       666     11      780
  SINCE JAN 1    739                       726     13      879
..................................................................


WIND (MPH)
  HIGHEST WIND SPEED    13   HIGHEST WIND DIRECTION     S (160)
  HIGHEST GUST SPEED    19   HIGHEST GUST DIRECTION    SW (240)
  AVERAGE WIND SPEED     4.8


SKY COVER
  POSSIBLE SUNSHINE  MM
  AVERAGE SKY COVER 0.6


WEATHER CONDITIONS
 THE FOLLOWING WEATHER WAS RECORDED YESTERDAY.
  NO SIGNIFICANT WEATHER WAS OBSERVED.


RELATIVE HUMIDITY (PERCENT)
 HIGHEST    84           500 AM
 LOWEST     48           100 PM
 AVERAGE    66

..........................................................


THE READING PA CLIMATE NORMALS FOR TODAY
                         NORMAL    RECORD    YEAR
 MAXIMUM TEMPERATURE (F)   83        97      1899
 MINIMUM TEMPERATURE (F)   62        44      1977


SUNRISE AND SUNSET
AUGUST 21 2014........SUNRISE   621 AM EDT   SUNSET   753 PM EDT
AUGUST 22 2014........SUNRISE   622 AM EDT   SUNSET   751 PM EDT


-  INDICATES NEGATIVE NUMBERS.
R  INDICATES RECORD WAS SET OR TIED.
MM INDICATES DATA IS MISSING.
T  INDICATES TRACE AMOUNT.




$$
