000
CDUS46 KPDT 290910
CLIRDM

CLIMATE REPORT
NATIONAL WEATHER SERVICE PENDLETON OR
157 AM PDT FRI AUG 29 2014


...................................

...THE REDMOND OR CLIMATE SUMMARY FOR AUGUST 28 2014...

CLIMATE NORMAL PERIOD 1981 TO 2010
CLIMATE RECORD PERIOD 1949 TO 2014


WEATHER ITEM   OBSERVED TIME   RECORD YEAR NORMAL DEPARTURE LAST
                VALUE   (LST)  VALUE       VALUE  FROM      YEAR
                                                  NORMAL
..................................................................
TEMPERATURE (F)
 YESTERDAY
  MAXIMUM         89    240 PM 101    1998  82      7       89
  MINIMUM         47    503 AM  25    1960  43      4       50
  AVERAGE         68                        62      6       70

PRECIPITATION (IN)
  YESTERDAY        0.00          0.36 1953   0.02  -0.02     0.00
  MONTH TO DATE    0.94                      0.45   0.49     1.16
  SINCE OCT 1      5.69                      8.44  -2.75     6.99
  SINCE JAN 1      4.98                      5.68  -0.70     3.08

DEGREE DAYS
 HEATING
  YESTERDAY        0                         4     -4        0
  MONTH TO DATE   30                        68    -38       16
  SINCE JUN 1    284                       354    -70      221
  SINCE JUL 1     61                       137    -76       36

 COOLING
  YESTERDAY        3                         1      2        5
  MONTH TO DATE  103                        77     26       89
  SINCE JUN 1    297                       198     99      295
  SINCE JAN 1    297                       203     94      304
..................................................................


WIND (MPH)
  RESULTANT WIND SPEED   3   RESULTANT WIND DIRECTION  NW (320)
  HIGHEST WIND SPEED    20   HIGHEST WIND DIRECTION     W (290)
  HIGHEST GUST SPEED    26   HIGHEST GUST DIRECTION     W (290)
  AVERAGE WIND SPEED     5.2


SKY COVER
  POSSIBLE SUNSHINE  MM
  AVERAGE SKY COVER 0.0


WEATHER CONDITIONS
 THE FOLLOWING WEATHER WAS RECORDED YESTERDAY.
  HAZE


RELATIVE HUMIDITY (PERCENT)
 HIGHEST    80           500 AM
 LOWEST     15           200 PM
 AVERAGE    48

..........................................................


THE REDMOND OR CLIMATE NORMALS FOR TODAY
                         NORMAL    RECORD    YEAR
 MAXIMUM TEMPERATURE (F)   82       100      1998
 MINIMUM TEMPERATURE (F)   43        31      1969


SUNRISE AND SUNSET
AUGUST 29 2014........SUNRISE   624 AM PDT   SUNSET   746 PM PDT
AUGUST 30 2014........SUNRISE   625 AM PDT   SUNSET   744 PM PDT


-  INDICATES NEGATIVE NUMBERS.
R  INDICATES RECORD WAS SET OR TIED.
MM INDICATES DATA IS MISSING.
T  INDICATES TRACE AMOUNT.




$$
