000
CDUS46 KPDT 040040
CLIRDM

CLIMATE REPORT
NATIONAL WEATHER SERVICE PENDLETON OR
526 PM PDT MON AUG 3 2015


...................................

...THE REDMOND OR CLIMATE SUMMARY FOR AUGUST 3 2015...
VALID TODAY AS OF 0500 PM LOCAL TIME.

CLIMATE NORMAL PERIOD 1981 TO 2010
CLIMATE RECORD PERIOD 1949 TO 2015


WEATHER ITEM   OBSERVED TIME   RECORD YEAR NORMAL DEPARTURE LAST
                VALUE   (LST)  VALUE       VALUE  FROM      YEAR
                                                  NORMAL
..................................................................
TEMPERATURE (F)
 TODAY
  MAXIMUM         88    307 PM 103    1998  87      1       88
  MINIMUM         63    325 AM  35    1956  47     16       54
  AVERAGE         76                        67      9       71

PRECIPITATION (IN)
  TODAY            0.01          0.15 1948   0.02  -0.01     0.00
  MONTH TO DATE    0.01                      0.05  -0.04     0.18
  SINCE OCT 1      8.76                      8.04   0.72     4.93
  SINCE JAN 1      4.48                      5.28  -0.80     4.22

DEGREE DAYS
 HEATING
  TODAY            0                         1     -1        0
  MONTH TO DATE    0                         3     -3        0
  SINCE JUN 1    125                       289   -164      254
  SINCE JUL 1     48                        72    -24       31

 COOLING
  TODAY           11                         4      7        6
  MONTH TO DATE   36                        12     24       28
  SINCE JUN 1    277                       133    144      222
  SINCE JAN 1    286                       138    148      222
..................................................................


WIND (MPH)
  RESULTANT WIND SPEED   2   RESULTANT WIND DIRECTION   W (270)
  HIGHEST WIND SPEED    14   HIGHEST WIND DIRECTION     N (340)
  HIGHEST GUST SPEED    20   HIGHEST GUST DIRECTION    SW (240)
  AVERAGE WIND SPEED     6.4


SKY COVER
  POSSIBLE SUNSHINE  MM
  AVERAGE SKY COVER 0.5


WEATHER CONDITIONS
 THE FOLLOWING WEATHER WAS RECORDED TODAY.
  LIGHT RAIN


RELATIVE HUMIDITY (PERCENT)
 HIGHEST    49          1000 AM
 LOWEST     24           300 PM
 AVERAGE    37

..........................................................


THE REDMOND OR CLIMATE NORMALS FOR TOMORROW
                         NORMAL    RECORD    YEAR
 MAXIMUM TEMPERATURE (F)   87       107      1998
 MINIMUM TEMPERATURE (F)   47        37      1950


SUNRISE AND SUNSET
AUGUST  3 2015........SUNRISE   554 AM PDT   SUNSET   827 PM PDT
AUGUST  4 2015........SUNRISE   555 AM PDT   SUNSET   825 PM PDT


-  INDICATES NEGATIVE NUMBERS.
R  INDICATES RECORD WAS SET OR TIED.
MM INDICATES DATA IS MISSING.
T  INDICATES TRACE AMOUNT.




$$
