000
CDUS46 KPDT 260845
CLIRDM

CLIMATE REPORT
NATIONAL WEATHER SERVICE PENDLETON OR
126 AM PDT SAT JUL 26 2014


...................................

...THE REDMOND OR CLIMATE SUMMARY FOR JULY 25 2014...

CLIMATE NORMAL PERIOD 1981 TO 2010
CLIMATE RECORD PERIOD 1949 TO 2014


WEATHER ITEM   OBSERVED TIME   RECORD YEAR NORMAL DEPARTURE LAST
                VALUE   (LST)  VALUE       VALUE  FROM      YEAR
                                                  NORMAL
..................................................................
TEMPERATURE (F)
 YESTERDAY
  MAXIMUM         82    504 PM 103    1978  88     -6       99
  MINIMUM         38    452 AM  32    1963  47     -9       51
  AVERAGE         60                        68     -8       75

PRECIPITATION (IN)
  YESTERDAY        0.00          0.47 1965   0.02  -0.02     0.00
  MONTH TO DATE    0.29                      0.45  -0.16     0.00
  SINCE OCT 1      4.75                      7.89  -3.14     5.83
  SINCE JAN 1      4.04                      5.13  -1.09     1.92

DEGREE DAYS
 HEATING
  YESTERDAY        5                         1      4        0
  MONTH TO DATE   31                        62    -31       16
  SINCE JUN 1    254                       279    -25      201
  SINCE JUL 1     31                        62    -31       16

 COOLING
  YESTERDAY        0                         4     -4       10
  MONTH TO DATE  144                        76     68      145
  SINCE JUN 1    145                       100     45      184
  SINCE JAN 1    145                       105     40      193
..................................................................


WIND (MPH)
  RESULTANT WIND SPEED   3   RESULTANT WIND DIRECTION  NW (330)
  HIGHEST WIND SPEED    15   HIGHEST WIND DIRECTION     N (340)
  HIGHEST GUST SPEED    21   HIGHEST GUST DIRECTION     N (350)
  AVERAGE WIND SPEED     6.1


SKY COVER
  POSSIBLE SUNSHINE  MM
  AVERAGE SKY COVER 0.0


WEATHER CONDITIONS
 THE FOLLOWING WEATHER WAS RECORDED YESTERDAY.
  NO SIGNIFICANT WEATHER WAS OBSERVED.


RELATIVE HUMIDITY (PERCENT)
 HIGHEST    92           400 AM
 LOWEST     18           300 PM
 AVERAGE    55

..........................................................


THE REDMOND OR CLIMATE NORMALS FOR TODAY
                         NORMAL    RECORD    YEAR
 MAXIMUM TEMPERATURE (F)   88       101      1998
 MINIMUM TEMPERATURE (F)   47        38      1963


SUNRISE AND SUNSET
JULY 26 2014..........SUNRISE   546 AM PDT   SUNSET   836 PM PDT
JULY 27 2014..........SUNRISE   547 AM PDT   SUNSET   835 PM PDT


-  INDICATES NEGATIVE NUMBERS.
R  INDICATES RECORD WAS SET OR TIED.
MM INDICATES DATA IS MISSING.
T  INDICATES TRACE AMOUNT.




$$
