000
CDUS46 KPDT 190840
CLIRDM

CLIMATE REPORT
NATIONAL WEATHER SERVICE PENDLETON OR
1240 AM PST MON FEB 19 2018


...................................

...THE REDMOND OR CLIMATE SUMMARY FOR FEBRUARY 18 2018...

CLIMATE NORMAL PERIOD 1981 TO 2010
CLIMATE RECORD PERIOD 1949 TO 2018


WEATHER ITEM   OBSERVED TIME   RECORD YEAR NORMAL DEPARTURE LAST
                VALUE   (LST)  VALUE       VALUE  FROM      YEAR
                                                  NORMAL
..................................................................
TEMPERATURE (F)
 YESTERDAY
  MAXIMUM         40    201 PM  70    1965  47     -7       48
  MINIMUM         21   1159 PM   3    2006  24     -3       34
  AVERAGE         31                        36     -5       41

PRECIPITATION (IN)
  YESTERDAY        0.01          0.46 1986   0.02  -0.01     0.02
  MONTH TO DATE    0.02                      0.43  -0.41     0.71
  SINCE OCT 1      1.30                      4.16  -2.86     6.08
  SINCE JAN 1      0.19                      1.40  -1.21     2.33

DEGREE DAYS
 HEATING
  YESTERDAY       34                        30      4       24
  MONTH TO DATE  457                       547    -90      516
  SINCE DEC 1   2460                      2613   -153     3095
  SINCE JUL 1   4039                      4387   -348     4559

 COOLING
  YESTERDAY        0                         0      0        0
  MONTH TO DATE    0                         0      0        0
  SINCE DEC 1      0                         0      0        0
  SINCE JAN 1      0                         0      0        0
..................................................................


WIND (MPH)
  RESULTANT WIND SPEED  10   RESULTANT WIND DIRECTION   W (270)
  HIGHEST WIND SPEED    25   HIGHEST WIND DIRECTION     W (250)
  HIGHEST GUST SPEED    32   HIGHEST GUST DIRECTION     W (250)
  AVERAGE WIND SPEED    11.6


SKY COVER
  POSSIBLE SUNSHINE  MM
  AVERAGE SKY COVER 0.5


WEATHER CONDITIONS
 THE FOLLOWING WEATHER WAS RECORDED YESTERDAY.
  SNOW
  LIGHT SNOW
  FOG
  HAZE


RELATIVE HUMIDITY (PERCENT)
 HIGHEST    85           800 AM
 LOWEST     34           200 PM
 AVERAGE    60

..........................................................


THE REDMOND OR CLIMATE NORMALS FOR TODAY
                         NORMAL    RECORD    YEAR
 MAXIMUM TEMPERATURE (F)   48        69      1995
 MINIMUM TEMPERATURE (F)   24        -5      2006


SUNRISE AND SUNSET
FEBRUARY 19 2018......SUNRISE   658 AM PST   SUNSET   540 PM PST
FEBRUARY 20 2018......SUNRISE   656 AM PST   SUNSET   541 PM PST


-  INDICATES NEGATIVE NUMBERS.
R  INDICATES RECORD WAS SET OR TIED.
MM INDICATES DATA IS MISSING.
T  INDICATES TRACE AMOUNT.


$$
