000
CDUS46 KPDT 280827
CLIRDM

CLIMATE REPORT
NATIONAL WEATHER SERVICE PENDLETON OR
1227 AM PST FRI NOV 28 2014


...................................

...THE REDMOND OR CLIMATE SUMMARY FOR NOVEMBER 27 2014...

CLIMATE NORMAL PERIOD 1981 TO 2010
CLIMATE RECORD PERIOD 1949 TO 2014


WEATHER ITEM   OBSERVED TIME   RECORD YEAR NORMAL DEPARTURE LAST
                VALUE   (LST)  VALUE       VALUE  FROM      YEAR
                                                  NORMAL
..................................................................
TEMPERATURE (F)
 YESTERDAY
  MAXIMUM         55    359 AM  62    2011  44     11       42
                                      1980
  MINIMUM         48    952 PM   4    1976  23     25       17
  AVERAGE         52                        34     18       30

PRECIPITATION (IN)
  YESTERDAY        0.04          0.69 1949   0.04   0.00     0.00
  MONTH TO DATE    1.90                      0.86   1.04     0.20
  SINCE OCT 1      2.56                      1.50   1.06     0.34
  SINCE JAN 1      7.98                      7.64   0.34     4.43

DEGREE DAYS
 HEATING
  YESTERDAY       13                        31    -18       35
  MONTH TO DATE  857                       733    124      775
  SINCE SEP 1   1417                      1529   -112     1668
  SINCE JUL 1   1491                      1678   -187     1704

 COOLING
  YESTERDAY        0                         0      0        0
  MONTH TO DATE    0                         0      0        0
  SINCE SEP 1     14                        16     -2       36
  SINCE JAN 1    311                       222     89      350
..................................................................


WIND (MPH)
  RESULTANT WIND SPEED  15   RESULTANT WIND DIRECTION   S (180)
  HIGHEST WIND SPEED    30   HIGHEST WIND DIRECTION     S (200)
  HIGHEST GUST SPEED    42   HIGHEST GUST DIRECTION     S (200)
  AVERAGE WIND SPEED    16.2


SKY COVER
  POSSIBLE SUNSHINE  MM
  AVERAGE SKY COVER 0.4


WEATHER CONDITIONS
 THE FOLLOWING WEATHER WAS RECORDED YESTERDAY.
  LIGHT RAIN


RELATIVE HUMIDITY (PERCENT)
 HIGHEST    74           100 PM
 LOWEST     41           200 AM
 AVERAGE    58

..........................................................


THE REDMOND OR CLIMATE NORMALS FOR TODAY
                         NORMAL    RECORD    YEAR
 MAXIMUM TEMPERATURE (F)   44        58      1980
 MINIMUM TEMPERATURE (F)   23         6      1952


SUNRISE AND SUNSET
NOVEMBER 28 2014......SUNRISE   717 AM PST   SUNSET   428 PM PST
NOVEMBER 29 2014......SUNRISE   718 AM PST   SUNSET   428 PM PST


-  INDICATES NEGATIVE NUMBERS.
R  INDICATES RECORD WAS SET OR TIED.
MM INDICATES DATA IS MISSING.
T  INDICATES TRACE AMOUNT.




$$
