963
CDUS46 KPDT 260841
CLIRDM

CLIMATE REPORT
NATIONAL WEATHER SERVICE PENDLETON OR

129 AM PDT TUE JUL 26 2016


...................................

...THE REDMOND OR CLIMATE SUMMARY FOR JULY 25 2016...

CLIMATE NORMAL PERIOD 1981 TO 2010
CLIMATE RECORD PERIOD 1949 TO 2016


WEATHER ITEM   OBSERVED TIME   RECORD YEAR NORMAL DEPARTURE LAST
                VALUE   (LST)  VALUE       VALUE  FROM      YEAR
                                                  NORMAL
..................................................................
TEMPERATURE (F)
 YESTERDAY
  MAXIMUM         94    500 PM 103    1978  88      6       77
  MINIMUM         53    517 AM  32    1963  47      6       46
  AVERAGE         74                        68      6       62

PRECIPITATION (IN)
  YESTERDAY        0.00          0.47 1965   0.02  -0.02     0.00
  MONTH TO DATE    0.64                      0.45   0.19     0.44
  SINCE OCT 1      9.04                      7.89   1.15     8.75
  SINCE JAN 1      5.47                      5.13   0.34     4.47

DEGREE DAYS
 HEATING
  YESTERDAY        0                         1     -1        3
  MONTH TO DATE   49                        62    -13       28
  SINCE JUN 1    226                       279    -53      105
  SINCE JUL 1     49                        62    -13       28

 COOLING
  YESTERDAY        9                         4      5        0
  MONTH TO DATE   31                        76    -45      108
  SINCE JUN 1     95                       100     -5      215
  SINCE JAN 1     98                       105     -7      224
..................................................................


WIND (MPH)
  RESULTANT WIND SPEED   4   RESULTANT WIND DIRECTION  NW (320)
  HIGHEST WIND SPEED    21   HIGHEST WIND DIRECTION     W (290)
  HIGHEST GUST SPEED    25   HIGHEST GUST DIRECTION    NW (310)
  AVERAGE WIND SPEED     6.2


SKY COVER
  POSSIBLE SUNSHINE  MM
  AVERAGE SKY COVER 0.0


WEATHER CONDITIONS
 THE FOLLOWING WEATHER WAS RECORDED YESTERDAY.
  NO SIGNIFICANT WEATHER WAS OBSERVED.


RELATIVE HUMIDITY (PERCENT)
 HIGHEST    54           400 AM
 LOWEST     11           200 PM
 AVERAGE    33

..........................................................


THE REDMOND OR CLIMATE NORMALS FOR TODAY
                         NORMAL    RECORD    YEAR
 MAXIMUM TEMPERATURE (F)   88       101      1998
 MINIMUM TEMPERATURE (F)   47        38      1963


SUNRISE AND SUNSET
JULY 26 2016..........SUNRISE   546 AM PDT   SUNSET   835 PM PDT
JULY 27 2016..........SUNRISE   547 AM PDT   SUNSET   834 PM PDT


-  INDICATES NEGATIVE NUMBERS.
R  INDICATES RECORD WAS SET OR TIED.
MM INDICATES DATA IS MISSING.
T  INDICATES TRACE AMOUNT.




$$
