642
CDUS46 KPDT 240841 RRA
CLIRDM

CLIMATE REPORT
NATIONAL WEATHER SERVICE PENDLETON OR
1238 AM PST TUE JAN 24 2017


...................................

...THE REDMOND OR CLIMATE SUMMARY FOR JANUARY 23 2017...

CLIMATE NORMAL PERIOD 1981 TO 2010
CLIMATE RECORD PERIOD 1949 TO 2017


WEATHER ITEM   OBSERVED TIME   RECORD YEAR NORMAL DEPARTURE LAST
                VALUE   (LST)  VALUE       VALUE  FROM      YEAR
                                                  NORMAL
..................................................................
TEMPERATURE (F)
 YESTERDAY
  MAXIMUM         38    205 PM  63    1953  43     -5       48
  MINIMUM         23    653 PM -11    1969  24     -1       32
  AVERAGE         31                        34     -3       40

PRECIPITATION (IN)
  YESTERDAY        0.05          0.47 1970   0.03   0.02     0.15
  MONTH TO DATE    1.59                      0.76   0.83     1.01
  SINCE OCT 1      5.34                      3.52   1.82     4.58
  SINCE JAN 1      1.59                      0.76   0.83     1.01

DEGREE DAYS
 HEATING
  YESTERDAY       34                        31      3       25
  MONTH TO DATE 1044                       751    293      729
  SINCE DEC 1   2303                      1817    486     1510
  SINCE JUL 1   3767                      3591    176     3228

 COOLING
  YESTERDAY        0                         0      0        0
  MONTH TO DATE    0                         0      0        0
  SINCE DEC 1      0                         0      0        0
  SINCE JAN 1      0                         0      0        0
..................................................................


WIND (MPH)
  RESULTANT WIND SPEED   1   RESULTANT WIND DIRECTION   W (260)
  HIGHEST WIND SPEED     9   HIGHEST WIND DIRECTION    NW (310)
  HIGHEST GUST SPEED    11   HIGHEST GUST DIRECTION     S (160)
  AVERAGE WIND SPEED     2.8


SKY COVER
  POSSIBLE SUNSHINE  MM
  AVERAGE SKY COVER 0.7


WEATHER CONDITIONS
 THE FOLLOWING WEATHER WAS RECORDED YESTERDAY.
  LIGHT SNOW
  FOG
  FOG W/VISIBILITY <= 1/4 MILE


RELATIVE HUMIDITY (PERCENT)
 HIGHEST    92           900 AM
 LOWEST     56           200 AM
 AVERAGE    74

..........................................................


THE REDMOND OR CLIMATE NORMALS FOR TODAY
                         NORMAL    RECORD    YEAR
 MAXIMUM TEMPERATURE (F)   43        67      2015
 MINIMUM TEMPERATURE (F)   24        -1      2008


SUNRISE AND SUNSET
JANUARY 24 2017.......SUNRISE   730 AM PST   SUNSET   504 PM PST
JANUARY 25 2017.......SUNRISE   729 AM PST   SUNSET   505 PM PST


-  INDICATES NEGATIVE NUMBERS.
R  INDICATES RECORD WAS SET OR TIED.
MM INDICATES DATA IS MISSING.
T  INDICATES TRACE AMOUNT.




$$
