971
CDUS46 KPDT 290832 RRA
CLIRDM

CLIMATE REPORT
NATIONAL WEATHER SERVICE PENDLETON OR
131 AM PDT SUN MAY 29 2016


...................................

...THE REDMOND OR CLIMATE SUMMARY FOR MAY 28 2016...

CLIMATE NORMAL PERIOD 1981 TO 2010
CLIMATE RECORD PERIOD 1949 TO 2016


WEATHER ITEM   OBSERVED TIME   RECORD YEAR NORMAL DEPARTURE LAST
                VALUE   (LST)  VALUE       VALUE  FROM      YEAR
                                                  NORMAL
..................................................................
TEMPERATURE (F)
 YESTERDAY
  MAXIMUM         74    450 PM  94    1983  71      3       82
  MINIMUM         33    327 AM  26    2007  38     -5       46
                                      1989
  AVERAGE         54                        54      0       64

PRECIPITATION (IN)
  YESTERDAY        0.00          0.26 1985   0.03  -0.03     0.00
  MONTH TO DATE    1.98                      0.91   1.07     2.39
  SINCE OCT 1      7.75                      6.68   1.07     8.20
  SINCE JAN 1      4.18                      3.92   0.26     3.92

DEGREE DAYS
 HEATING
  YESTERDAY       11                        11      0        1
  MONTH TO DATE  292                       395   -103      359
  SINCE MAR 1   1462                      1793   -331     1637
  SINCE JUL 1   5593                      6466   -873     5670

 COOLING
  YESTERDAY        0                         0      0        0
  MONTH TO DATE    3                         0      3        0
  SINCE MAR 1      3                         0      3        0
  SINCE JAN 1      3                         0      3        0
..................................................................


WIND (MPH)
  RESULTANT WIND SPEED   2   RESULTANT WIND DIRECTION  NE (30)
  HIGHEST WIND SPEED    20   HIGHEST WIND DIRECTION     N (340)
  HIGHEST GUST SPEED    25   HIGHEST GUST DIRECTION     N (340)
  AVERAGE WIND SPEED     5.7


SKY COVER
  POSSIBLE SUNSHINE  MM
  AVERAGE SKY COVER 0.0


WEATHER CONDITIONS
 THE FOLLOWING WEATHER WAS RECORDED YESTERDAY.
  NO SIGNIFICANT WEATHER WAS OBSERVED.


RELATIVE HUMIDITY (PERCENT)
 HIGHEST    82           300 AM
 LOWEST     22           200 PM
 AVERAGE    52

..........................................................


THE REDMOND OR CLIMATE NORMALS FOR TODAY
                         NORMAL    RECORD    YEAR
 MAXIMUM TEMPERATURE (F)   71        94      1986
 MINIMUM TEMPERATURE (F)   38        26      1979


SUNRISE AND SUNSET
MAY 29 2016...........SUNRISE   525 AM PDT   SUNSET   839 PM PDT
MAY 30 2016...........SUNRISE   525 AM PDT   SUNSET   840 PM PDT


-  INDICATES NEGATIVE NUMBERS.
R  INDICATES RECORD WAS SET OR TIED.
MM INDICATES DATA IS MISSING.
T  INDICATES TRACE AMOUNT.

$$
