000
CDUS46 KPDT 280032
CLIRDM

CLIMATE REPORT
NATIONAL WEATHER SERVICE PENDLETON OR
531 PM PDT FRI MAR 27 2015


...................................

...THE REDMOND OR CLIMATE SUMMARY FOR MARCH 27 2015...
VALID TODAY AS OF 0500 PM LOCAL TIME.

CLIMATE NORMAL PERIOD 1981 TO 2010
CLIMATE RECORD PERIOD 1949 TO 2015


WEATHER ITEM   OBSERVED TIME   RECORD YEAR NORMAL DEPARTURE LAST
                VALUE   (LST)  VALUE       VALUE  FROM      YEAR
                                                  NORMAL
..................................................................
TEMPERATURE (F)
 TODAY
  MAXIMUM         77R   221 PM  75    1966  56     21       52
  MINIMUM         35    504 AM  12    2008  27      8       31
  AVERAGE         56                        42     14       42

PRECIPITATION (IN)
  TODAY            0.00          0.20 1979   0.02  -0.02     0.01
  MONTH TO DATE    0.40                      0.57  -0.17     0.54
  SINCE OCT 1      5.66                      4.95   0.71     3.16
  SINCE JAN 1      1.38                      2.19  -0.81     2.45

DEGREE DAYS
 HEATING
  TODAY            9                        23    -14       23
  MONTH TO DATE  548                       685   -137      624
  SINCE MAR 1    548                       685   -137      624
  SINCE JUL 1   4581                      5358   -777     5417

 COOLING
  TODAY            0                         0      0        0
  MONTH TO DATE    0                         0      0        0
  SINCE MAR 1      0                         0      0        0
  SINCE JAN 1      0                         0      0        0
..................................................................


WIND (MPH)
  RESULTANT WIND SPEED   4   RESULTANT WIND DIRECTION   S (170)
  HIGHEST WIND SPEED    20   HIGHEST WIND DIRECTION    SW (230)
  HIGHEST GUST SPEED    24   HIGHEST GUST DIRECTION    SW (210)
  AVERAGE WIND SPEED     6.6


SKY COVER
  POSSIBLE SUNSHINE  MM
  AVERAGE SKY COVER 0.1


WEATHER CONDITIONS
 THE FOLLOWING WEATHER WAS RECORDED TODAY.
  NO SIGNIFICANT WEATHER WAS OBSERVED.


RELATIVE HUMIDITY (PERCENT)
 HIGHEST   100           400 AM
 LOWEST     25          1200 PM
 AVERAGE    63

..........................................................


THE REDMOND OR CLIMATE NORMALS FOR TOMORROW
                         NORMAL    RECORD    YEAR
 MAXIMUM TEMPERATURE (F)   56        77      1994
 MINIMUM TEMPERATURE (F)   27        12      1975


SUNRISE AND SUNSET
MARCH 27 2015.........SUNRISE   655 AM PDT   SUNSET   726 PM PDT
MARCH 28 2015.........SUNRISE   653 AM PDT   SUNSET   727 PM PDT


-  INDICATES NEGATIVE NUMBERS.
R  INDICATES RECORD WAS SET OR TIED.
MM INDICATES DATA IS MISSING.
T  INDICATES TRACE AMOUNT.

$$
