000
CDUS46 KPDT 271051
CLIRDM

PDTCLIRDM 000
TTAA00 KPDT 270845

CLIMATE REPORT
NATIONAL WEATHER SERVICE PENDLETON OR
351 AM PDT WED MAY 27 2015

...................................

...THE REDMOND OR CLIMATE SUMMARY FOR MAY 26 2015...

CLIMATE NORMAL PERIOD 1981 TO 2010
CLIMATE RECORD PERIOD 1949 TO 2015


WEATHER ITEM   OBSERVED TIME   RECORD YEAR NORMAL DEPARTURE LAST
                VALUE   (LST)  VALUE       VALUE  FROM      YEAR
                                                  NORMAL
..................................................................
TEMPERATURE (F)
 YESTERDAY
  MAXIMUM         73    430 PM  88    1950  70      3       69
  MINIMUM         39    335 AM  22    1964  38      1       41
  AVERAGE         56                        54      2       55

PRECIPITATION (IN)
  YESTERDAY        0.00          0.29 1953   0.04  -0.04     0.00
  MONTH TO DATE    2.39                      0.84   1.55     0.36
  SINCE OCT 1      8.20                      6.61   1.59     4.16
  SINCE JAN 1      3.92                      3.85   0.07     3.45

DEGREE DAYS
 HEATING
  YESTERDAY        9                        11     -2       10
  MONTH TO DATE  351                       373    -22      305
  SINCE MAR 1   1629                      1771   -142     1607
  SINCE JUL 1   5662                      6444   -782     6400

 COOLING
  YESTERDAY        0                         0      0        0
  MONTH TO DATE    0                         0      0        0
  SINCE MAR 1      0                         0      0        0
  SINCE JAN 1      0                         0      0        0
..................................................................


WIND (MPH)
  RESULTANT WIND SPEED   2   RESULTANT WIND DIRECTION   N (350)
  HIGHEST WIND SPEED    16   HIGHEST WIND DIRECTION     N (340)
  HIGHEST GUST SPEED    21   HIGHEST GUST DIRECTION    NW (320)
  AVERAGE WIND SPEED     6.0

SKY COVER
  POSSIBLE SUNSHINE  MM
  AVERAGE SKY COVER 0.0

WEATHER CONDITIONS
 THE FOLLOWING WEATHER WAS RECORDED YESTERDAY.
  NO SIGNIFICANT WEATHER WAS OBSERVED.


RELATIVE HUMIDITY (PERCENT)
 HIGHEST    92           500 AM
 LOWEST     26           100 PM
 AVERAGE    59

..........................................................


THE REDMOND OR CLIMATE NORMALS FOR TODAY
                         NORMAL    RECORD    YEAR
 MAXIMUM TEMPERATURE (F)   71        94      1983
 MINIMUM TEMPERATURE (F)   38        25      1954


SUNRISE AND SUNSET
MAY 27 2015...........SUNRISE   527 AM PDT   SUNSET   837 PM PDT
MAY 28 2015...........SUNRISE   526 AM PDT   SUNSET   838 PM PDT


-  INDICATES NEGATIVE NUMBERS.
R  INDICATES RECORD WAS SET OR TIED.
MM INDICATES DATA IS MISSING.
T  INDICATES TRACE AMOUNT.

$$
