000
CDUS46 KPDT 280836
CLIRDM

CLIMATE REPORT
NATIONAL WEATHER SERVICE PENDLETON OR
136 AM PDT FRI AUG 28 2015


...................................

...THE REDMOND OR CLIMATE SUMMARY FOR AUGUST 27 2015...

CLIMATE NORMAL PERIOD 1981 TO 2010
CLIMATE RECORD PERIOD 1949 TO 2015


WEATHER ITEM   OBSERVED TIME   RECORD YEAR NORMAL DEPARTURE LAST
                VALUE   (LST)  VALUE       VALUE  FROM      YEAR
                                                  NORMAL
..................................................................
TEMPERATURE (F)
 YESTERDAY
  MAXIMUM         90    309 PM  98    1972  82      8       93
  MINIMUM         51    524 AM  33    1964  43      8       45
  AVERAGE         71                        63      8       69

PRECIPITATION (IN)
  YESTERDAY        0.00          0.46 1975   0.02  -0.02     0.00
  MONTH TO DATE    0.01                      0.43  -0.42     0.94
  SINCE OCT 1      8.76                      8.42   0.34     5.69
  SINCE JAN 1      4.48                      5.66  -1.18     4.98

DEGREE DAYS
 HEATING
  YESTERDAY        0                         4     -4        0
  MONTH TO DATE   27                        64    -37       30
  SINCE JUN 1    152                       350   -198      284
  SINCE JUL 1     75                       133    -58       61

 COOLING
  YESTERDAY        6                         1      5        4
  MONTH TO DATE  100                        76     24      100
  SINCE JUN 1    341                       197    144      294
  SINCE JAN 1    350                       202    148      294
..................................................................


WIND (MPH)
  RESULTANT WIND SPEED   2   RESULTANT WIND DIRECTION  NW (330)
  HIGHEST WIND SPEED    17   HIGHEST WIND DIRECTION    NW (310)
  HIGHEST GUST SPEED    22   HIGHEST GUST DIRECTION    NW (330)
  AVERAGE WIND SPEED     7.1


SKY COVER
  POSSIBLE SUNSHINE  MM
  AVERAGE SKY COVER 0.1


WEATHER CONDITIONS
 THE FOLLOWING WEATHER WAS RECORDED YESTERDAY.
  HAZE


RELATIVE HUMIDITY (PERCENT)
 HIGHEST    63           600 AM
 LOWEST     16          1200 PM
 AVERAGE    40

..........................................................


THE REDMOND OR CLIMATE NORMALS FOR TODAY
                         NORMAL    RECORD    YEAR
 MAXIMUM TEMPERATURE (F)   82       101      1998
 MINIMUM TEMPERATURE (F)   43        25      1960


SUNRISE AND SUNSET
AUGUST 28 2015........SUNRISE   623 AM PDT   SUNSET   748 PM PDT
AUGUST 29 2015........SUNRISE   624 AM PDT   SUNSET   746 PM PDT


-  INDICATES NEGATIVE NUMBERS.
R  INDICATES RECORD WAS SET OR TIED.
MM INDICATES DATA IS MISSING.
T  INDICATES TRACE AMOUNT.


$$
