000
CDUS46 KPDT 300102 RRA
CLIRDM

CLIMATE REPORT
NATIONAL WEATHER SERVICE PENDLETON OR
601 PM PDT MON MAY 29 2017


...................................

...THE REDMOND OR CLIMATE SUMMARY FOR MAY 29 2017...
VALID TODAY AS OF 0500 PM LOCAL TIME.

CLIMATE NORMAL PERIOD 1981 TO 2010
CLIMATE RECORD PERIOD 1949 TO 2017


WEATHER ITEM   OBSERVED TIME   RECORD YEAR NORMAL DEPARTURE LAST
                VALUE   (LST)  VALUE       VALUE  FROM      YEAR
                                                  NORMAL
..................................................................
TEMPERATURE (F)
 TODAY
  MAXIMUM         91    212 PM  94    1986  71     20       74
  MINIMUM         45    433 AM  26    1979  38      7       41
  AVERAGE         68                        55     13       58

PRECIPITATION (IN)
  TODAY            0.00          1.12 1998   0.04  -0.04     0.00
  MONTH TO DATE    0.13                      0.95  -0.82     1.98
  SINCE OCT 1      8.10                      6.72   1.38     7.75
  SINCE JAN 1      4.35                      3.96   0.39     4.18

DEGREE DAYS
 HEATING
  TODAY            0                        11    -11        7
  MONTH TO DATE  348                       406    -58      299
  SINCE MAR 1   1668                      1804   -136     1469
  SINCE JUL 1   6545                      6477     68     5600

 COOLING
  TODAY            3                         0      3        0
  MONTH TO DATE    8                         0      8        3
  SINCE MAR 1      8                         0      8        3
  SINCE JAN 1      8                         0      8        3
..................................................................


WIND (MPH)
  RESULTANT WIND SPEED   1   RESULTANT WIND DIRECTION  NE (40)
  HIGHEST WIND SPEED    20   HIGHEST WIND DIRECTION     E (100)
  HIGHEST GUST SPEED    27   HIGHEST GUST DIRECTION    SE (140)
  AVERAGE WIND SPEED     5.2


SKY COVER
  POSSIBLE SUNSHINE  MM
  AVERAGE SKY COVER 0.0


WEATHER CONDITIONS
 THE FOLLOWING WEATHER WAS RECORDED TODAY.
  NO SIGNIFICANT WEATHER WAS OBSERVED.


RELATIVE HUMIDITY (PERCENT)
 HIGHEST    66           500 AM
 LOWEST     10           200 PM
 AVERAGE    38

..........................................................


THE REDMOND OR CLIMATE NORMALS FOR TOMORROW
                         NORMAL    RECORD    YEAR
 MAXIMUM TEMPERATURE (F)   71        99      1986
 MINIMUM TEMPERATURE (F)   38        25      1988


SUNRISE AND SUNSET
MAY 29 2017...........SUNRISE   525 AM PDT   SUNSET   839 PM PDT
MAY 30 2017...........SUNRISE   525 AM PDT   SUNSET   840 PM PDT


-  INDICATES NEGATIVE NUMBERS.
R  INDICATES RECORD WAS SET OR TIED.
MM INDICATES DATA IS MISSING.
T  INDICATES TRACE AMOUNT.




$$
