000
CDUS46 KPDT 300858
CLIRDM

CLIMATE REPORT
NATIONAL WEATHER SERVICE PENDLETON OR
1255 AM PST FRI JAN 30 2015


...................................

...THE REDMOND OR CLIMATE SUMMARY FOR JANUARY 29 2015...

CLIMATE NORMAL PERIOD 1981 TO 2010
CLIMATE RECORD PERIOD 1949 TO 2015


WEATHER ITEM   OBSERVED TIME   RECORD YEAR NORMAL DEPARTURE LAST
                VALUE   (LST)  VALUE       VALUE  FROM      YEAR
                                                  NORMAL
..................................................................
TEMPERATURE (F)
 YESTERDAY
  MAXIMUM         41    219 PM  65    1971  44     -3       49
  MINIMUM         30   1227 AM -15    1950  24      6       37
  AVERAGE         36                        34      2       43

PRECIPITATION (IN)
  YESTERDAY        0.00          0.27 1958   0.03  -0.03     0.03
  MONTH TO DATE    0.28                      0.92  -0.64     0.52
  SINCE OCT 1      4.56                      3.68   0.88     1.23
  SINCE JAN 1      0.28                      0.92  -0.64     0.52

DEGREE DAYS
 HEATING
  YESTERDAY       29                        31     -2       22
  MONTH TO DATE  784                       937   -153      870
  SINCE DEC 1   1706                      2003   -297     1979
  SINCE JUL 1   3293                      3777   -484     3765

 COOLING
  YESTERDAY        0                         0      0        0
  MONTH TO DATE    0                         0      0        0
  SINCE DEC 1      0                         0      0        0
  SINCE JAN 1      0                         0      0        0
..................................................................


WIND (MPH)
  RESULTANT WIND SPEED   2   RESULTANT WIND DIRECTION  NW (320)
  HIGHEST WIND SPEED     9   HIGHEST WIND DIRECTION    NW (330)
  HIGHEST GUST SPEED    12   HIGHEST GUST DIRECTION     N (350)
  AVERAGE WIND SPEED     2.8


SKY COVER
  POSSIBLE SUNSHINE  MM
  AVERAGE SKY COVER 1.0


WEATHER CONDITIONS
THE FOLLOWING WEATHER WAS RECORDED YESTERDAY.
  FOG
  FOG W/VISIBILITY <= 1/4 MILE


RELATIVE HUMIDITY (PERCENT)
 HIGHEST   100           200 AM
 LOWEST     85          1200 PM
 AVERAGE    93

..........................................................


THE REDMOND OR CLIMATE NORMALS FOR TODAY
                         NORMAL    RECORD    YEAR
 MAXIMUM TEMPERATURE (F)   44        67      1989
 MINIMUM TEMPERATURE (F)   24       -22      1950


SUNRISE AND SUNSET
JANUARY 30 2015.......SUNRISE   725 AM PST   SUNSET   511 PM PST
JANUARY 31 2015.......SUNRISE   724 AM PST   SUNSET   513 PM PST


-  INDICATES NEGATIVE NUMBERS.
R  INDICATES RECORD WAS SET OR TIED.
MM INDICATES DATA IS MISSING.
T  INDICATES TRACE AMOUNT.




$$
