000
CDUS42 KRAH 300726
CLIRDU


CLIMATE REPORT
NATIONAL WEATHER SERVICE RALEIGH NC
325 AM EDT SUN AUG 30 2015


...................................

...THE RALEIGH-DURHAM INTL AIRPORT NC CLIMATE SUMMARY FOR AUGUST 29 2015...

CLIMATE NORMAL PERIOD 1981 TO 2010
CLIMATE RECORD PERIOD 1887 TO 2015


WEATHER ITEM   OBSERVED TIME   RECORD YEAR NORMAL DEPARTURE LAST
                VALUE   (LST)  VALUE       VALUE  FROM      YEAR
                                                  NORMAL
..................................................................
TEMPERATURE (F)
 YESTERDAY
  MAXIMUM         86    350 PM 100    1948  87     -1       82
  MINIMUM         60    552 AM  49    1986  67     -7       72
  AVERAGE         73                        77     -4       77

PRECIPITATION (IN)
  YESTERDAY        0.00          2.25 1890   0.15  -0.15     0.07
  MONTH TO DATE    3.07                      3.99  -0.92     6.87
  SINCE JUN 1     14.43                     12.24   2.19    19.14
  SINCE JAN 1     32.27                     29.27   3.00    38.41

DEGREE DAYS
 HEATING
  YESTERDAY        0                         0      0        0
  MONTH TO DATE    0                         0      0        0
  SINCE JUN 1      0                         4     -4        0
  SINCE JUL 1      0                         0      0        0

 COOLING
  YESTERDAY        8                        12     -4       12
  MONTH TO DATE  392                       396     -4      312
  SINCE JUN 1   1301                      1209     92     1112
  SINCE JAN 1   1571                      1418    153     1325
..................................................................


WIND (MPH)
  HIGHEST WIND SPEED    12   HIGHEST WIND DIRECTION     E (110)
  HIGHEST GUST SPEED    16   HIGHEST GUST DIRECTION    SE (140)
  AVERAGE WIND SPEED     1.9


SKY COVER
  POSSIBLE SUNSHINE  MM
  AVERAGE SKY COVER 0.8


WEATHER CONDITIONS
 THE FOLLOWING WEATHER WAS RECORDED YESTERDAY.
  NO SIGNIFICANT WEATHER WAS OBSERVED.


RELATIVE HUMIDITY (PERCENT)
 HIGHEST    97           600 AM
 LOWEST     40           200 PM
 AVERAGE    69

..........................................................


THE RALEIGH-DURHAM INTL AIRPORT NC CLIMATE NORMALS FOR TODAY
                         NORMAL    RECORD    YEAR
 MAXIMUM TEMPERATURE (F)   87       103      1932
 MINIMUM TEMPERATURE (F)   67        46      1965


SUNRISE AND SUNSET
AUGUST 30 2015........SUNRISE   645 AM EDT   SUNSET   746 PM EDT
AUGUST 31 2015........SUNRISE   646 AM EDT   SUNSET   744 PM EDT


-  INDICATES NEGATIVE NUMBERS.
R  INDICATES RECORD WAS SET OR TIED.
MM INDICATES DATA IS MISSING.
T  INDICATES TRACE AMOUNT.

&&

CLIMATE REPORT NWS FORECAST OFFICE
NCSU CENTENNIAL CAMPUS
RALEIGH, NC

MAXIMUM TEMPERATURE... 84

MINIMUM TEMPERATURE... 62

PRECIPITATION...0.00

$$
