215
CDUS42 KRAH 290646
CLIRDU


CLIMATE REPORT
NATIONAL WEATHER SERVICE RALEIGH NC
244 AM EDT MON MAY 29 2017


...................................

...THE RALEIGH-DURHAM INTL AIRPORT NC CLIMATE SUMMARY FOR MAY 28 2017...

CLIMATE NORMAL PERIOD 1981 TO 2010
CLIMATE RECORD PERIOD 1887 TO 2017


WEATHER ITEM   OBSERVED TIME   RECORD YEAR NORMAL DEPARTURE LAST
                VALUE   (LST)  VALUE       VALUE  FROM      YEAR
                                                  NORMAL
..................................................................
TEMPERATURE (F)
 YESTERDAY
  MAXIMUM         86    247 PM  99    1941  83      3       87
  MINIMUM         67    342 AM  37    1961  60      7       59
  AVERAGE         77                        71      6       73

PRECIPITATION (IN)
  YESTERDAY        0.08          1.37 1971   0.12  -0.04     0.00
  MONTH TO DATE    5.50                      2.90   2.60     3.73
  SINCE MAR 1     17.29                      9.93   7.36    10.75
  SINCE JAN 1     21.72                     16.66   5.06    17.16

DEGREE DAYS
 HEATING
  YESTERDAY        0                         1     -1        0
  MONTH TO DATE   45                        52     -7       52
  SINCE MAR 1    533                       669   -136      466
  SINCE JUL 1   2506                      3241   -735     2609

 COOLING
  YESTERDAY       12                         7      5        8
  MONTH TO DATE  154                       126     28      112
  SINCE MAR 1    298                       186    112      207
  SINCE JAN 1    306                       187    119      207
..................................................................


WIND (MPH)
  HIGHEST WIND SPEED    17   HIGHEST WIND DIRECTION     W (270)
  HIGHEST GUST SPEED    25   HIGHEST GUST DIRECTION    SW (240)
  AVERAGE WIND SPEED     6.7


SKY COVER
  POSSIBLE SUNSHINE  MM
  AVERAGE SKY COVER 0.8


WEATHER CONDITIONS
 THE FOLLOWING WEATHER WAS RECORDED YESTERDAY.
  LIGHT RAIN
  FOG


RELATIVE HUMIDITY (PERCENT)
 HIGHEST   100           300 AM
 LOWEST     55           200 PM
 AVERAGE    78

..........................................................


THE RALEIGH-DURHAM INTL AIRPORT NC CLIMATE NORMALS FOR TODAY
                         NORMAL    RECORD    YEAR
 MAXIMUM TEMPERATURE (F)   83        98      1941
 MINIMUM TEMPERATURE (F)   61        47      1968
                                             1926
                                             1922


SUNRISE AND SUNSET
MAY 29 2017...........SUNRISE   601 AM EDT   SUNSET   824 PM EDT
MAY 30 2017...........SUNRISE   601 AM EDT   SUNSET   825 PM EDT


-  INDICATES NEGATIVE NUMBERS.
R  INDICATES RECORD WAS SET OR TIED.
MM INDICATES DATA IS MISSING.
T  INDICATES TRACE AMOUNT.

&&

CLIMATE REPORT
NWS FORECAST OFFICE
NCSU CENTENNIAL CAMPUS
RALEIGH NC

MAXIMUM TEMPERATURE... 87

MINIMUM TEMPERATURE... 69

PRECIPITATION... 0.02

$$
