000
CDUS42 KRAH 310646
CLIRDU


CLIMATE REPORT
NATIONAL WEATHER SERVICE RALEIGH NC
143 AM EST SAT JAN 31 2015


...................................

...THE RALEIGH-DURHAM INTL AIRPORT NC CLIMATE SUMMARY FOR JANUARY 30 2015...

CLIMATE NORMAL PERIOD 1981 TO 2010
CLIMATE RECORD PERIOD 1887 TO 2015


WEATHER ITEM   OBSERVED TIME   RECORD YEAR NORMAL DEPARTURE LAST
                VALUE   (LST)  VALUE       VALUE  FROM      YEAR
                                                  NORMAL
..................................................................
TEMPERATURE (F)
 YESTERDAY
  MAXIMUM         48    329 PM  80    2002  52     -4       38
  MINIMUM         29   1159 PM   7    2014  32     -3        7
                                      1977
  AVERAGE         39                        42     -3       23

PRECIPITATION (IN)
  YESTERDAY        T             1.09 2000   0.11  -0.11     0.00
  MONTH TO DATE    3.35                      3.38  -0.03     1.96
  SINCE DEC 1      8.32                      6.45   1.87     7.87
  SINCE JAN 1      3.35                      3.38  -0.03     1.96

SNOWFALL (IN)
  YESTERDAY        0.0           3.8  1965   0.1   -0.1      0.0
  MONTH TO DATE    T                         2.8   -2.8      1.9
  SINCE DEC 1      T                         3.4   -3.4      1.9
  SINCE JUL 1      T                         3.5   -3.5      1.9
  SNOW DEPTH       0

DEGREE DAYS
 HEATING
  YESTERDAY       26                        23      3       42
  MONTH TO DATE  745                       721     24      841
  SINCE DEC 1   1367                      1391    -24     1421
  SINCE JUL 1   2031                      1972     59     2073

 COOLING
  YESTERDAY        0                         0      0        0
  MONTH TO DATE    0                         0      0        0
  SINCE DEC 1      0                         2     -2       13
  SINCE JAN 1      0                         0      0        0
..................................................................


WIND (MPH)
  HIGHEST WIND SPEED    18   HIGHEST WIND DIRECTION    NW (300)
  HIGHEST GUST SPEED    31   HIGHEST GUST DIRECTION    NW (310)
  AVERAGE WIND SPEED     8.0


SKY COVER
  POSSIBLE SUNSHINE  MM
  AVERAGE SKY COVER 0.4


WEATHER CONDITIONS
 THE FOLLOWING WEATHER WAS RECORDED YESTERDAY.
  LIGHT RAIN


RELATIVE HUMIDITY (PERCENT)
 HIGHEST    64           300 AM
 LOWEST     25           400 PM
 AVERAGE    45

..........................................................


THE RALEIGH-DURHAM INTL AIRPORT NC CLIMATE NORMALS FOR TODAY
                         NORMAL    RECORD    YEAR
 MAXIMUM TEMPERATURE (F)   52        77      1950
 MINIMUM TEMPERATURE (F)   32         3      1966


SUNRISE AND SUNSET
JANUARY 31 2015.......SUNRISE   716 AM EST   SUNSET   541 PM EST
FEBRUARY  1 2015......SUNRISE   716 AM EST   SUNSET   542 PM EST


-  INDICATES NEGATIVE NUMBERS.
R  INDICATES RECORD WAS SET OR TIED.
MM INDICATES DATA IS MISSING.
T  INDICATES TRACE AMOUNT.

&&

CLIMATE REPORT NWS FORECAST OFFICE
NCSU CENTENNIAL CAMPUS
RALEIGH, NC

MAXIMUM TEMPERATURE... 47

MINIMUM TEMPERATURE... 29

PRECIPITATION... T



$$
