000
CDUS42 KRAH 240532
CLIRDU


CLIMATE REPORT
NATIONAL WEATHER SERVICE RALEIGH NC
130 AM EDT FRI OCT 24 2014


...................................

...THE RALEIGH-DURHAM INTL AIRPORT NC CLIMATE SUMMARY FOR OCTOBER 23 2014...

CLIMATE NORMAL PERIOD 1981 TO 2010
CLIMATE RECORD PERIOD 1887 TO 2014


WEATHER ITEM   OBSERVED TIME   RECORD YEAR NORMAL DEPARTURE LAST
                VALUE   (LST)  VALUE       VALUE  FROM      YEAR
                                                  NORMAL
..................................................................
TEMPERATURE (F)
 YESTERDAY
  MAXIMUM         70    301 PM  88    1941  71     -1       67
  MINIMUM         42    631 AM  29    1998  47     -5       46
                                      1987
  AVERAGE         56                        59     -3       57

PRECIPITATION (IN)
  YESTERDAY        0.00          1.89 1990   0.10  -0.10      T
  MONTH TO DATE    2.00                      2.45  -0.45     1.41
  SINCE SEP 1      7.91                      6.81   1.10     4.32
  SINCE JAN 1     46.32                     36.35   9.97    41.79

DEGREE DAYS
 HEATING
  YESTERDAY        9                         7      2        8
  MONTH TO DATE   68                       104    -36       67
  SINCE SEP 1     78                       124    -46       78
  SINCE JUL 1     78                       125    -47       78

 COOLING
  YESTERDAY        0                         1     -1        0
  MONTH TO DATE   60                        45     15       53
  SINCE SEP 1    294                       272     22      242
  SINCE JAN 1   1652                      1713    -61     1548
..................................................................


WIND (MPH)
  HIGHEST WIND SPEED    13   HIGHEST WIND DIRECTION     W (290)
  HIGHEST GUST SPEED    21   HIGHEST GUST DIRECTION     W (270)
  AVERAGE WIND SPEED     4.3


SKY COVER
  POSSIBLE SUNSHINE  MM
  AVERAGE SKY COVER 0.0


WEATHER CONDITIONS
 THE FOLLOWING WEATHER WAS RECORDED YESTERDAY.
  NO SIGNIFICANT WEATHER WAS OBSERVED.


RELATIVE HUMIDITY (PERCENT)
 HIGHEST    83           200 AM
 LOWEST     39           200 PM
 AVERAGE    61

..........................................................


THE RALEIGH-DURHAM INTL AIRPORT NC CLIMATE NORMALS FOR TODAY
                         NORMAL    RECORD    YEAR
 MAXIMUM TEMPERATURE (F)   71        87      2001
 MINIMUM TEMPERATURE (F)   47        26      1969


SUNRISE AND SUNSET
OCTOBER 24 2014.......SUNRISE   730 AM EDT   SUNSET   628 PM EDT
OCTOBER 25 2014.......SUNRISE   731 AM EDT   SUNSET   627 PM EDT


-  INDICATES NEGATIVE NUMBERS.
R  INDICATES RECORD WAS SET OR TIED.
MM INDICATES DATA IS MISSING.
T  INDICATES TRACE AMOUNT.

&&

CLIMATE REPORT NWS FORECAST OFFICE
NCSU CENTENNIAL CAMPUS
RALEIGH NC

MAX TEMPERATURE...69
MIN TEMPERATURES..45
PRECIPITATION.....0


$$
