000
CDUS42 KRAH 280523
CLIRDU


CLIMATE REPORT
NATIONAL WEATHER SERVICE RALEIGH NC
122 AM EDT THU JUL 28 2016


...................................

...THE RALEIGH-DURHAM INTL AIRPORT NC CLIMATE SUMMARY FOR JULY 27 2016...

CLIMATE NORMAL PERIOD 1981 TO 2010
CLIMATE RECORD PERIOD 1887 TO 2016


WEATHER ITEM   OBSERVED TIME   RECORD YEAR NORMAL DEPARTURE LAST
                VALUE   (LST)  VALUE       VALUE  FROM      YEAR
                                                  NORMAL
..................................................................
TEMPERATURE (F)
 YESTERDAY
  MAXIMUM         95   1253 PM 104    1940  90      5       90
  MINIMUM         76   1146 PM  55    1962  70      6       72
  AVERAGE         86                        80      6       81

PRECIPITATION (IN)
  YESTERDAY        0.00          2.45 2001   0.15  -0.15      T
  MONTH TO DATE    7.95                      4.09   3.86     5.01
  SINCE JUN 1     13.97                      7.61   6.36    11.36
  SINCE JAN 1     33.58                     24.64   8.94    29.20

DEGREE DAYS
 HEATING
  YESTERDAY        0                         0      0        0
  MONTH TO DATE    0                         0      0        0
  SINCE JUN 1      0                         4     -4        0
  SINCE JUL 1      0                         0      0        0

 COOLING
  YESTERDAY       21                        15      6       16
  MONTH TO DATE  457                       405     52      402
  SINCE JUN 1    816                       752     64      839
  SINCE JAN 1   1052                       961     91     1109
..................................................................


WIND (MPH)
  HIGHEST WIND SPEED    10   HIGHEST WIND DIRECTION    NE (40)
  HIGHEST GUST SPEED    20   HIGHEST GUST DIRECTION     N (350)
  AVERAGE WIND SPEED     2.0


SKY COVER
  POSSIBLE SUNSHINE  MM
  AVERAGE SKY COVER 0.7


WEATHER CONDITIONS
 THE FOLLOWING WEATHER WAS RECORDED YESTERDAY.
  FOG


RELATIVE HUMIDITY (PERCENT)
 HIGHEST   100           300 AM
 LOWEST     49           100 PM
 AVERAGE    75

..........................................................


THE RALEIGH-DURHAM INTL AIRPORT NC CLIMATE NORMALS FOR TODAY
                         NORMAL    RECORD    YEAR
 MAXIMUM TEMPERATURE (F)   90       104      1952
 MINIMUM TEMPERATURE (F)   70        52      1962


SUNRISE AND SUNSET
JULY 28 2016..........SUNRISE   620 AM EDT   SUNSET   823 PM EDT
JULY 29 2016..........SUNRISE   621 AM EDT   SUNSET   822 PM EDT


-  INDICATES NEGATIVE NUMBERS.
R  INDICATES RECORD WAS SET OR TIED.
MM INDICATES DATA IS MISSING.
T  INDICATES TRACE AMOUNT.




$$
