000
CDUS42 KRAH 230958
CLIRDU


CLIMATE REPORT
NATIONAL WEATHER SERVICE RALEIGH NC
556 AM EDT WED APR 23 2014


...................................

...THE RALEIGH-DURHAM INTL AIRPORT NC CLIMATE SUMMARY FOR APRIL 22 2014...

CLIMATE NORMAL PERIOD 1981 TO 2010
CLIMATE RECORD PERIOD 1887 TO 2014


WEATHER ITEM   OBSERVED TIME   RECORD YEAR NORMAL DEPARTURE LAST
                VALUE   (LST)  VALUE       VALUE  FROM      YEAR
                                                  NORMAL
..................................................................
TEMPERATURE (F)
 YESTERDAY
  MAXIMUM         83   1251 PM  92    1985  74      9       61
  MINIMUM         47    114 AM  32    1978  50     -3       35
  AVERAGE         65                        62      3       48

PRECIPITATION (IN)
  YESTERDAY        T             1.93 1912   0.10  -0.10     0.01
  MONTH TO DATE    3.59                      2.20   1.39     2.42
  SINCE MAR 1      8.65                      6.31   2.34     5.37
  SINCE JAN 1     13.61                     13.04   0.57    12.55

SNOWFALL (IN)
  YESTERDAY        0.0           0.0  2002   0.0    0.0      0.0
                                      2001
  MONTH TO DATE    0.0                       0.1   -0.1       T
  SINCE MAR 1      0.2                       0.6   -0.4       T
  SINCE JUL 1      5.8                       6.1   -0.3      1.7
  SNOW DEPTH       0

DEGREE DAYS
 HEATING
  YESTERDAY        0                         5     -5       17
  MONTH TO DATE  143                       157    -14      143
  SINCE MAR 1    726                       581    145      758
  SINCE JUL 1   3427                      3153    274     3204

 COOLING
  YESTERDAY        0                         2     -2        0
  MONTH TO DATE   22                        31     -9       48
  SINCE MAR 1     22                        42    -20       48
  SINCE JAN 1     22                        43    -21       50
..................................................................


WIND (MPH)
  HIGHEST WIND SPEED    17   HIGHEST WIND DIRECTION    SW (230)
  HIGHEST GUST SPEED    28   HIGHEST GUST DIRECTION     W (260)
  AVERAGE WIND SPEED     5.8


SKY COVER
  POSSIBLE SUNSHINE  MM
  AVERAGE SKY COVER 0.7


WEATHER CONDITIONS
 THE FOLLOWING WEATHER WAS RECORDED YESTERDAY.
  NO SIGNIFICANT WEATHER WAS OBSERVED.


RELATIVE HUMIDITY (PERCENT)
 HIGHEST    72          1100 PM
 LOWEST     30           200 PM
 AVERAGE    51

..........................................................


THE RALEIGH-DURHAM INTL AIRPORT NC CLIMATE NORMALS FOR TODAY
                         NORMAL    RECORD    YEAR
 MAXIMUM TEMPERATURE (F)   74        95      1980
 MINIMUM TEMPERATURE (F)   50        33      1986
                                             1971


SUNRISE AND SUNSET
APRIL 23 2014.........SUNRISE   632 AM EDT   SUNSET   755 PM EDT
APRIL 24 2014.........SUNRISE   631 AM EDT   SUNSET   756 PM EDT


-  INDICATES NEGATIVE NUMBERS.
R  INDICATES RECORD WAS SET OR TIED.
MM INDICATES DATA IS MISSING.
T  INDICATES TRACE AMOUNT.


&&

CLIMATE REPORT NWS FORECAST OFFICE
NCSU CENTENNIAL CAMPUS
RALEIGH, NC

MAXIMUM TEMPERATURE...83

MINIMUM TEMPERATURE...48

PRECIPITATION...TRACE


$$
