000
CDUS42 KRAH 191158
CLIRDU

CLIMATE REPORT... CORRECTED
NATIONAL WEATHER SERVICE RALEIGH NC
658 AM EST FRI JAN 19 2018


...................................

...THE RALEIGH-DURHAM INTL AIRPORT NC CLIMATE SUMMARY FOR JANUARY 18 2018...

CLIMATE NORMAL PERIOD 1981 TO 2010
CLIMATE RECORD PERIOD 1887 TO 2018


WEATHER ITEM   OBSERVED TIME   RECORD YEAR NORMAL DEPARTURE LAST
                VALUE   (LST)  VALUE       VALUE  FROM      YEAR
                                                  NORMAL
..................................................................
TEMPERATURE (F)
 YESTERDAY
  MAXIMUM         34    415 PM  77    1937  51    -17       70
  MINIMUM         10    739 AM   3    1977  31    -21       45
  AVERAGE         22                        41    -19       58

PRECIPITATION (IN)
  YESTERDAY        T             1.90 1943   0.11  -0.11     0.00
  MONTH TO DATE    1.16                      2.04  -0.88     2.85
  SINCE DEC 1      3.45                      5.11  -1.66     5.04
  SINCE JAN 1      1.16                      2.04  -0.88     2.85

SNOWFALL (IN)
  YESTERDAY        0.2           3.0  2000   0.1    0.1      0.0
  MONTH TO DATE    7.0                       1.6    5.4      0.5
  SINCE DEC 1      7.3                       2.2    5.1      0.5
  SINCE JUL 1      7.3                       2.3    5.0      0.5
  SNOW DEPTH       6

DEGREE DAYS
 HEATING
  YESTERDAY       43                        24     19        7
  MONTH TO DATE  591                       438    153      357
  SINCE DEC 1   1288                      1108    180      984
  SINCE JUL 1   1870                      1689    181     1439

 COOLING
  YESTERDAY        0                         0      0        0
  MONTH TO DATE    0                         0      0        0
  SINCE DEC 1      0                         2     -2        0
  SINCE JAN 1      0                         0      0        0
..................................................................


WIND (MPH)
  HIGHEST WIND SPEED    13   HIGHEST WIND DIRECTION     W (270)
  HIGHEST GUST SPEED    19   HIGHEST GUST DIRECTION    NW (320)
  AVERAGE WIND SPEED     5.5


SKY COVER
  POSSIBLE SUNSHINE  MM
  AVERAGE SKY COVER 0.2


WEATHER CONDITIONS
 THE FOLLOWING WEATHER WAS RECORDED YESTERDAY.
  LIGHT SNOW


RELATIVE HUMIDITY (PERCENT)
 HIGHEST    92           800 AM
 LOWEST     56           300 PM
 AVERAGE    74

..........................................................


THE RALEIGH-DURHAM INTL AIRPORT NC CLIMATE NORMALS FOR TODAY
                         NORMAL    RECORD    YEAR
 MAXIMUM TEMPERATURE (F)   51        73      2001
 MINIMUM TEMPERATURE (F)   31         2      1994


SUNRISE AND SUNSET
JANUARY 19 2018.......SUNRISE   723 AM EST   SUNSET   529 PM EST
JANUARY 20 2018.......SUNRISE   723 AM EST   SUNSET   530 PM EST


-  INDICATES NEGATIVE NUMBERS.
R  INDICATES RECORD WAS SET OR TIED.
MM INDICATES DATA IS MISSING.
T  INDICATES TRACE AMOUNT.

&&

CLIMATE REPORT
NWS FORECAST OFFICE
NCSU CENTENNIAL CAMPUS
RALEIGH NC

MAXIMUM TEMPERATURE...36

MINIMUM TEMPERATURE...14

PRECIPITATION...TRACE

SNOWFALL...TRACE

12Z SNOW DEPTH...5

$$
