000
CDUS46 KBOI 250930
CLIREO


CLIMATE REPORT
NATIONAL WEATHER SERVICE BOISE ID
330 AM MDT MON MAY 25 2015


...................................

...THE ROME OR CLIMATE SUMMARY FOR MAY 24 2015...

CLIMATE NORMAL PERIOD 1981 TO 2010
CLIMATE RECORD PERIOD 9999 TO 9999


WEATHER ITEM   OBSERVED TIME   NORMAL DEPARTURE LAST
                VALUE   (LST)  VALUE  FROM      YEAR
                                      NORMAL
......................................................
TEMPERATURE (F)
 YESTERDAY
  MAXIMUM         76    325 PM  72      4       80
  MINIMUM         46    440 AM  39      7       52
  AVERAGE         61            56      5       66

PRECIPITATION (IN)
  YESTERDAY        0.00          0.05  -0.05     0.00
  MONTH TO DATE    2.91          1.10   1.81     0.11
  SINCE OCT 1      6.53          6.66  -0.13     1.91
  SINCE JAN 1      4.53          4.47   0.06     1.72

DEGREE DAYS
 HEATING
  YESTERDAY        4            10     -6        0
  MONTH TO DATE  217           300    -83      210
  SINCE MAR 1   1327          1660   -333     1387
  SINCE JUL 1   5134          6394  -1260     5809

 COOLING
  YESTERDAY        0             0      0        1
  MONTH TO DATE    0             0      0        6
  SINCE MAR 1      0             0      0        6
  SINCE JAN 1      0             0      0        6
......................................................


WIND (MPH)
  RESULTANT WIND SPEED   1   RESULTANT WIND DIRECTION  NW (300)
  HIGHEST WIND SPEED    16   HIGHEST WIND DIRECTION     N (10)
  HIGHEST GUST SPEED    23   HIGHEST GUST DIRECTION     N (340)
  AVERAGE WIND SPEED     7.0


SKY COVER
  AVERAGE SKY COVER 0.0


WEATHER CONDITIONS
 THE FOLLOWING WEATHER WAS RECORDED YESTERDAY.
  NO SIGNIFICANT WEATHER WAS OBSERVED.


RELATIVE HUMIDITY (PERCENT)
 HIGHEST    86           300 AM
 LOWEST     25           600 PM
 AVERAGE    56

..........................................................


THE ROME OR CLIMATE NORMALS FOR TODAY
                         NORMAL    RECORD    YEAR
 MAXIMUM TEMPERATURE (F)   72        MM        MM
 MINIMUM TEMPERATURE (F)   40        MM        MM


SUNRISE AND SUNSET
MAY 25 2015...........SUNRISE   521 AM PDT   SUNSET   816 PM PDT
MAY 26 2015...........SUNRISE   520 AM PDT   SUNSET   817 PM PDT


-  INDICATES NEGATIVE NUMBERS.
R  INDICATES RECORD WAS SET OR TIED.
MM INDICATES DATA IS MISSING.
T  INDICATES TRACE AMOUNT.




$$
