000
CDUS46 KBOI 300931
CLIREO


CLIMATE REPORT
NATIONAL WEATHER SERVICE BOISE ID
331 AM MDT MON MAY 30 2016


...................................

...THE ROME OR CLIMATE SUMMARY FOR MAY 29 2016...

CLIMATE NORMAL PERIOD 1981 TO 2010
CLIMATE RECORD PERIOD 9999 TO 9999


WEATHER ITEM   OBSERVED TIME   NORMAL DEPARTURE LAST
                VALUE   (LST)  VALUE  FROM      YEAR
                                      NORMAL
......................................................
TEMPERATURE (F)
 YESTERDAY
  MAXIMUM         82    312 PM  74      8       85
  MINIMUM         38    436 AM  40     -2       46
  AVERAGE         60            57      3       66

PRECIPITATION (IN)
  YESTERDAY        0.00          0.05  -0.05     0.00
  MONTH TO DATE    1.39          1.34   0.05     3.48
  SINCE OCT 1      7.84          6.90   0.94     7.10
  SINCE JAN 1      3.41          4.71  -1.30     5.10

DEGREE DAYS
 HEATING
  YESTERDAY        5             9     -4        0
  MONTH TO DATE  257           346    -89      231
  SINCE MAR 1   1260          1706   -446     1341
  SINCE JUL 1   5356          6440  -1084     5148

 COOLING
  YESTERDAY        0             1     -1        1
  MONTH TO DATE    6             3      3        1
  SINCE MAR 1      6             3      3        1
  SINCE JAN 1      6             3      3        1
......................................................


WIND (MPH)
  RESULTANT WIND SPEED   4   RESULTANT WIND DIRECTION   W (250)
  HIGHEST WIND SPEED    21   HIGHEST WIND DIRECTION     W (260)
  HIGHEST GUST SPEED    30   HIGHEST GUST DIRECTION    SW (240)
  AVERAGE WIND SPEED     8.2


SKY COVER
  AVERAGE SKY COVER 0.0


WEATHER CONDITIONS
 THE FOLLOWING WEATHER WAS RECORDED YESTERDAY.
  NO SIGNIFICANT WEATHER WAS OBSERVED.


RELATIVE HUMIDITY (PERCENT)
 HIGHEST    70           400 AM
 LOWEST     13          1200 PM
 AVERAGE    42

..........................................................


THE ROME OR CLIMATE NORMALS FOR TODAY
                         NORMAL    RECORD    YEAR
 MAXIMUM TEMPERATURE (F)   74        MM        MM
 MINIMUM TEMPERATURE (F)   41        MM        MM


SUNRISE AND SUNSET
MAY 30 2016...........SUNRISE   517 AM PDT   SUNSET   821 PM PDT
MAY 31 2016...........SUNRISE   517 AM PDT   SUNSET   822 PM PDT


-  INDICATES NEGATIVE NUMBERS.
R  INDICATES RECORD WAS SET OR TIED.
MM INDICATES DATA IS MISSING.
T  INDICATES TRACE AMOUNT.




$$
