435
CDUS46 KBOI 240932
CLIREO


CLIMATE REPORT
NATIONAL WEATHER SERVICE BOISE ID
232 AM MST SAT FEB 24 2018


...................................

...THE ROME OR CLIMATE SUMMARY FOR FEBRUARY 23 2018...

CLIMATE NORMAL PERIOD 1981 TO 2010
CLIMATE RECORD PERIOD 9999 TO 9999


WEATHER ITEM   OBSERVED TIME   NORMAL DEPARTURE LAST
                VALUE   (LST)  VALUE  FROM      YEAR
                                      NORMAL
......................................................
TEMPERATURE (F)
 YESTERDAY
  MAXIMUM         32    421 PM  48    -16       32
  MINIMUM          9    749 AM  23    -14        7
  AVERAGE         21            35    -14       20

PRECIPITATION (IN)
  YESTERDAY        0.00          0.03  -0.03     0.00
  MONTH TO DATE    0.16          0.62  -0.46     1.42
  SINCE OCT 1      2.54          3.46  -0.92     5.64
  SINCE JAN 1      0.66          1.27  -0.61     3.26

DEGREE DAYS
 HEATING
  YESTERDAY       44            30     14       45
  MONTH TO DATE  677           739    -62      597
  SINCE DEC 1   2721          2975   -254     3140
  SINCE JUL 1   4143          4588   -445     4375

 COOLING
  YESTERDAY        0             0      0        0
  MONTH TO DATE    0             0      0        0
  SINCE DEC 1      0             0      0        0
  SINCE JAN 1      0             0      0        0
......................................................


WIND (MPH)
  RESULTANT WIND SPEED   2   RESULTANT WIND DIRECTION  SW (230)
  HIGHEST WIND SPEED    16   HIGHEST WIND DIRECTION    SW (210)
  HIGHEST GUST SPEED    20   HIGHEST GUST DIRECTION    SW (210)
  AVERAGE WIND SPEED     8.1


SKY COVER
  AVERAGE SKY COVER 0.0


WEATHER CONDITIONS
 THE FOLLOWING WEATHER WAS RECORDED YESTERDAY.
  NO SIGNIFICANT WEATHER WAS OBSERVED.


RELATIVE HUMIDITY (PERCENT)
 HIGHEST    88          1200 AM
 LOWEST     28           400 PM
 AVERAGE    58

..........................................................


THE ROME OR CLIMATE NORMALS FOR TODAY
                         NORMAL    RECORD    YEAR
 MAXIMUM TEMPERATURE (F)   48        MM        MM
 MINIMUM TEMPERATURE (F)   23        MM        MM


SUNRISE AND SUNSET
FEBRUARY 24 2018......SUNRISE   635 AM PST   SUNSET   535 PM PST
FEBRUARY 25 2018......SUNRISE   633 AM PST   SUNSET   536 PM PST


-  INDICATES NEGATIVE NUMBERS.
R  INDICATES RECORD WAS SET OR TIED.
MM INDICATES DATA IS MISSING.
T  INDICATES TRACE AMOUNT.




$$
