000
CDUS46 KBOI 190937
CLIREO


CLIMATE REPORT
NATIONAL WEATHER SERVICE BOISE ID
337 AM MDT THU OCT 19 2017


...................................

...THE ROME OR CLIMATE SUMMARY FOR OCTOBER 18 2017...

CLIMATE NORMAL PERIOD 1981 TO 2010
CLIMATE RECORD PERIOD 9999 TO 9999


WEATHER ITEM   OBSERVED TIME   NORMAL DEPARTURE LAST
                VALUE   (LST)  VALUE  FROM      YEAR
                                      NORMAL
......................................................
TEMPERATURE (F)
 YESTERDAY
  MAXIMUM         80        MM  64     16       53
  MINIMUM         32        MM  31      1       36
  AVERAGE         56            47      9       45

PRECIPITATION (IN)
  YESTERDAY        0.00          0.03  -0.03     0.17
  MONTH TO DATE    0.12          0.40  -0.28     0.32
  SINCE OCT 1      0.12          0.40  -0.28     0.32
  SINCE JAN 1      7.24          7.13   0.11     4.63

DEGREE DAYS
 HEATING
  YESTERDAY        9            18     -9       20
  MONTH TO DATE  341           269     72      221
  SINCE SEP 1    534           452     82      376
  SINCE JUL 1    534           493     41      397

 COOLING
  YESTERDAY        0             0      0        0
  MONTH TO DATE    0             0      0        0
  SINCE SEP 1    132            40     92       36
  SINCE JAN 1   1037           506    531      697
......................................................


WIND (MPH)
  RESULTANT WIND SPEED   6   RESULTANT WIND DIRECTION   S (170)
  HIGHEST WIND SPEED    15   HIGHEST WIND DIRECTION    SE (140)
  HIGHEST GUST SPEED    23   HIGHEST GUST DIRECTION    SW (230)
  AVERAGE WIND SPEED     7.8


SKY COVER
  AVERAGE SKY COVER 0.0


WEATHER CONDITIONS
 THE FOLLOWING WEATHER WAS RECORDED YESTERDAY.
  NO SIGNIFICANT WEATHER WAS OBSERVED.


RELATIVE HUMIDITY (PERCENT)
 HIGHEST    61           200 AM
 LOWEST      9           200 PM
 AVERAGE    35

..........................................................


THE ROME OR CLIMATE NORMALS FOR TODAY
                         NORMAL    RECORD    YEAR
 MAXIMUM TEMPERATURE (F)   63        MM        MM
 MINIMUM TEMPERATURE (F)   30        MM        MM


SUNRISE AND SUNSET
OCTOBER 19 2017.......SUNRISE   710 AM PDT   SUNSET   602 PM PDT
OCTOBER 20 2017.......SUNRISE   711 AM PDT   SUNSET   601 PM PDT


-  INDICATES NEGATIVE NUMBERS.
R  INDICATES RECORD WAS SET OR TIED.
MM INDICATES DATA IS MISSING.
T  INDICATES TRACE AMOUNT.




$$
