000
CDUS46 KBOI 190932
CLIREO


CLIMATE REPORT
NATIONAL WEATHER SERVICE BOISE ID
231 AM MST SUN FEB 19 2017


...................................

...THE ROME OR CLIMATE SUMMARY FOR FEBRUARY 18 2017...

CLIMATE NORMAL PERIOD 1981 TO 2010
CLIMATE RECORD PERIOD 9999 TO 9999


WEATHER ITEM   OBSERVED TIME   NORMAL DEPARTURE LAST
                VALUE   (LST)  VALUE  FROM      YEAR
                                      NORMAL
......................................................
TEMPERATURE (F)
 YESTERDAY
  MAXIMUM         54    357 PM  46      8       51
  MINIMUM         34    706 AM  22     12       36
  AVERAGE         44            34     10       44

PRECIPITATION (IN)
  YESTERDAY        0.00          0.02  -0.02     0.05
  MONTH TO DATE    0.75          0.47   0.28     0.11
  SINCE OCT 1      4.97          3.31   1.66     5.16
  SINCE JAN 1      2.59          1.12   1.47     0.73

DEGREE DAYS
 HEATING
  YESTERDAY       21            31    -10       21
  MONTH TO DATE  453           588   -135      461
  SINCE DEC 1   2996          2824    172     2578
  SINCE JUL 1   4231          4437   -206     3834

 COOLING
  YESTERDAY        0             0      0        0
  MONTH TO DATE    0             0      0        0
  SINCE DEC 1      0             0      0        0
  SINCE JAN 1      0             0      0        0
......................................................


WIND (MPH)
  RESULTANT WIND SPEED   8   RESULTANT WIND DIRECTION   S (180)
  HIGHEST WIND SPEED    29   HIGHEST WIND DIRECTION     S (190)
  HIGHEST GUST SPEED    41   HIGHEST GUST DIRECTION     S (180)
  AVERAGE WIND SPEED     9.2


SKY COVER
  AVERAGE SKY COVER 0.0


WEATHER CONDITIONS
 THE FOLLOWING WEATHER WAS RECORDED YESTERDAY.
  NO SIGNIFICANT WEATHER WAS OBSERVED.


RELATIVE HUMIDITY (PERCENT)
 HIGHEST   100           600 AM
 LOWEST     50           400 PM
 AVERAGE    75

..........................................................


THE ROME OR CLIMATE NORMALS FOR TODAY
                         NORMAL    RECORD    YEAR
 MAXIMUM TEMPERATURE (F)   46        MM        MM
 MINIMUM TEMPERATURE (F)   22        MM        MM


SUNRISE AND SUNSET
FEBRUARY 19 2017......SUNRISE   642 AM PST   SUNSET   529 PM PST
FEBRUARY 20 2017......SUNRISE   641 AM PST   SUNSET   530 PM PST


-  INDICATES NEGATIVE NUMBERS.
R  INDICATES RECORD WAS SET OR TIED.
MM INDICATES DATA IS MISSING.
T  INDICATES TRACE AMOUNT.




$$
