000
CDUS46 KBOI 010931
CLIREO


CLIMATE REPORT
NATIONAL WEATHER SERVICE BOISE ID
330 AM MDT SAT OCT 1 2016


...................................

...THE ROME OR CLIMATE SUMMARY FOR SEPTEMBER 30 2016...

CLIMATE NORMAL PERIOD 1981 TO 2010
CLIMATE RECORD PERIOD 9999 TO 9999


WEATHER ITEM   OBSERVED TIME   NORMAL DEPARTURE LAST
                VALUE   (LST)  VALUE  FROM      YEAR
                                      NORMAL
......................................................
TEMPERATURE (F)
 YESTERDAY
  MAXIMUM         84    218 PM  73     11       80
  MINIMUM         50    516 AM  35     15       46
  AVERAGE         67            54     13       63

PRECIPITATION (IN)
  YESTERDAY        0.00          0.02  -0.02     0.00
  MONTH TO DATE    0.64          0.40   0.24     0.31
  SINCE OCT 1      8.74          8.92  -0.18     7.98
  SINCE JAN 1      4.31          6.73  -2.42     5.98

DEGREE DAYS
 HEATING
  YESTERDAY        0            11    -11        2
  MONTH TO DATE  155           183    -28      101
  SINCE SEP 1    155           183    -28      101
  SINCE JUL 1    176           224    -48      108

 COOLING
  YESTERDAY        2             0      2        0
  MONTH TO DATE   36            40     -4       78
  SINCE SEP 1     36            40     -4       78
  SINCE JAN 1    697           506    191      863
......................................................


WIND (MPH)
  RESULTANT WIND SPEED  12   RESULTANT WIND DIRECTION   S (190)
  HIGHEST WIND SPEED    29   HIGHEST WIND DIRECTION     S (200)
  HIGHEST GUST SPEED    37   HIGHEST GUST DIRECTION     S (180)
  AVERAGE WIND SPEED    12.5


SKY COVER
  AVERAGE SKY COVER 0.0


WEATHER CONDITIONS
 THE FOLLOWING WEATHER WAS RECORDED YESTERDAY.
  NO SIGNIFICANT WEATHER WAS OBSERVED.


RELATIVE HUMIDITY (PERCENT)
 HIGHEST    38           400 AM
 LOWEST     11           200 PM
 AVERAGE    25

..........................................................


THE ROME OR CLIMATE NORMALS FOR TODAY
                         NORMAL    RECORD    YEAR
 MAXIMUM TEMPERATURE (F)   72        MM        MM
 MINIMUM TEMPERATURE (F)   35        MM        MM


SUNRISE AND SUNSET
OCTOBER  1 2016.......SUNRISE   649 AM PDT   SUNSET   632 PM PDT
OCTOBER  2 2016.......SUNRISE   650 AM PDT   SUNSET   630 PM PDT


-  INDICATES NEGATIVE NUMBERS.
R  INDICATES RECORD WAS SET OR TIED.
MM INDICATES DATA IS MISSING.
T  INDICATES TRACE AMOUNT.




$$
