000
CDUS46 KBOI 260932
CLIREO


CLIMATE REPORT
NATIONAL WEATHER SERVICE BOISE ID
332 AM MDT SUN OCT 26 2014


...................................

...THE ROME OR CLIMATE SUMMARY FOR OCTOBER 25 2014...

CLIMATE NORMAL PERIOD 1981 TO 2010
CLIMATE RECORD PERIOD 9999 TO 9999


WEATHER ITEM   OBSERVED TIME   NORMAL DEPARTURE LAST
                VALUE   (LST)  VALUE  FROM      YEAR
                                      NORMAL
......................................................
TEMPERATURE (F)
 YESTERDAY
  MAXIMUM         74   1130 AM  60     14       70
  MINIMUM         32    503 AM  29      3       31
  AVERAGE         53            45      8       51

PRECIPITATION (IN)
  YESTERDAY        0.00          0.03  -0.03     0.00
  MONTH TO DATE    0.17          0.58  -0.41     0.04
  SINCE OCT 1      0.17          0.58  -0.41     0.04
  SINCE JAN 1      3.57          7.31  -3.74     5.14

DEGREE DAYS
 HEATING
  YESTERDAY       12            20     -8       14
  MONTH TO DATE  223           404   -181      446
  SINCE SEP 1    331           587   -256      596
  SINCE JUL 1    341           628   -287      596

 COOLING
  YESTERDAY        0             0      0        0
  MONTH TO DATE    2             0      2        0
  SINCE SEP 1     64            40     24       78
  SINCE JAN 1    690           506    184      878
......................................................


WIND (MPH)
  RESULTANT WIND SPEED  14   RESULTANT WIND DIRECTION   S (200)
  HIGHEST WIND SPEED    44   HIGHEST WIND DIRECTION     S (200)
  HIGHEST GUST SPEED    57   HIGHEST GUST DIRECTION     S (180)
  AVERAGE WIND SPEED    17.1


SKY COVER
  AVERAGE SKY COVER 0.0


WEATHER CONDITIONS
 THE FOLLOWING WEATHER WAS RECORDED YESTERDAY.
  NO SIGNIFICANT WEATHER WAS OBSERVED.


RELATIVE HUMIDITY (PERCENT)
 HIGHEST    96           400 AM
 LOWEST     14          1100 AM
 AVERAGE    55

..........................................................


THE ROME OR CLIMATE NORMALS FOR TODAY
                         NORMAL    RECORD    YEAR
 MAXIMUM TEMPERATURE (F)   60        MM        MM
 MINIMUM TEMPERATURE (F)   29        MM        MM


SUNRISE AND SUNSET
OCTOBER 26 2014.......SUNRISE   718 AM PDT   SUNSET   552 PM PDT
OCTOBER 27 2014.......SUNRISE   719 AM PDT   SUNSET   551 PM PDT


-  INDICATES NEGATIVE NUMBERS.
R  INDICATES RECORD WAS SET OR TIED.
MM INDICATES DATA IS MISSING.
T  INDICATES TRACE AMOUNT.




$$
