000
CDUS43 KGRB 260719
CLIRHI

CLIMATE REPORT
NATIONAL WEATHER SERVICE GREEN BAY
117 AM CST FRI DEC 26 2014

...................................

...THE RHINELANDER WI CLIMATE SUMMARY FOR DECEMBER 25 2014...

CLIMATE NORMAL PERIOD 1981 TO 2010
CLIMATE RECORD PERIOD 1908 TO 2014

WEATHER ITEM   OBSERVED TIME   RECORD YEAR NORMAL DEPARTURE LAST
                VALUE   (LST)  VALUE       VALUE  FROM      YEAR
                                                  NORMAL
..................................................................
TEMPERATURE (F)
 YESTERDAY
  MAXIMUM         31   1205 PM  45    1994  23      8       13
  MINIMUM         27   1159 PM -31    1933   5     22        6
  AVERAGE         29                        14     15       10

PRECIPITATION (IN)
  YESTERDAY        0.07          0.86 1945   0.04   0.03     0.11
  MONTH TO DATE    1.34                      1.19   0.15     1.65
  SINCE DEC 1      1.34                      1.19   0.15     1.65
  SINCE JAN 1     40.94                     31.15   9.79    36.86

SNOWFALL (IN)
  YESTERDAY        0.2           9.2  1945  MM     MM        3.4
  MONTH TO DATE   11.6                      MM     MM       22.7
  SINCE DEC 1     11.6                      MM     MM       22.7
  SINCE JUL 1     46.7                      MM     MM       32.5
  SNOW DEPTH       9

DEGREE DAYS
 HEATING
  YESTERDAY       36                        51    -15       55
  MONTH TO DATE 1075                      1184   -109     1427
  SINCE DEC 1   1075                      1184   -109     1427
  SINCE JUL 1   3596                      3318    278     3654

COOLING
  YESTERDAY        0                         0      0        0
  MONTH TO DATE    0                         0      0        0
  SINCE DEC 1      0                         0      0        0
  SINCE JAN 1    148                       261   -113      281
..................................................................

WIND (MPH)
  HIGHEST WIND SPEED    17   HIGHEST WIND DIRECTION    SW (220)
  HIGHEST GUST SPEED    23   HIGHEST GUST DIRECTION    SW (220)
  AVERAGE WIND SPEED     7.8

SKY COVER
  POSSIBLE SUNSHINE  MM
  AVERAGE SKY COVER 1.0

WEATHER CONDITIONS
 THE FOLLOWING WEATHER WAS RECORDED YESTERDAY.
  LIGHT SNOW
  FOG

RELATIVE HUMIDITY (PERCENT)
 HIGHEST   100           800 PM
 LOWEST     85           200 AM
 AVERAGE    93
..........................................................

THE RHINELANDER WI CLIMATE NORMALS FOR TODAY
                         NORMAL    RECORD    YEAR
 MAXIMUM TEMPERATURE (F)   23        48      1936
 MINIMUM TEMPERATURE (F)    5       -26      1933

SUNRISE AND SUNSET
DECEMBER 26 2014......SUNRISE   737 AM CST   SUNSET   420 PM CST
DECEMBER 27 2014......SUNRISE   738 AM CST   SUNSET   420 PM CST

-  INDICATES NEGATIVE NUMBERS.
R  INDICATES RECORD WAS SET OR TIED.
MM INDICATES DATA IS MISSING.
T  INDICATES TRACE AMOUNT.

$$
