000
CDUS43 KGRB 060752
CLIRHI


CLIMATE REPORT
NATIONAL WEATHER SERVICE GREEN BAY
150 AM CST FRI MAR 6 2015


...................................

...THE RHINELANDER WI CLIMATE SUMMARY FOR MARCH 5 2015...

CLIMATE NORMAL PERIOD 1981 TO 2010
CLIMATE RECORD PERIOD 1908 TO 2015


WEATHER ITEM   OBSERVED TIME   RECORD YEAR NORMAL DEPARTURE LAST
                VALUE   (LST)  VALUE       VALUE  FROM      YEAR
                                                  NORMAL
..................................................................
TEMPERATURE (F)
 YESTERDAY
  MAXIMUM         12    422 PM  60    2000  32    -20       19
  MINIMUM        -20    655 AM -31    1917  13    -33      -17
  AVERAGE         -4                        22    -26        1

PRECIPITATION (IN)
  YESTERDAY        0.00          0.88 2004   0.05  -0.05     0.00
  MONTH TO DATE    0.13                      0.22  -0.09     0.06
  SINCE MAR 1      0.13                      0.22  -0.09     0.06
  SINCE JAN 1      1.02                      2.26  -1.24     2.67

SNOWFALL (IN)
  YESTERDAY        0.0           6.0  2004  MM     MM        0.0
  MONTH TO DATE    2.5                      MM     MM        1.5
  SINCE MAR 1      2.5                      MM     MM        1.5
  SINCE JUL 1     71.4                      MM     MM       74.0
  SNOW DEPTH      19

DEGREE DAYS
 HEATING
  YESTERDAY       69                        43     26       64
  MONTH TO DATE  282                       217     65      327
  SINCE MAR 1    282                       217     65      327
  SINCE JUL 1   7623                      6839    784     7956

 COOLING
  YESTERDAY        0                         0      0        0
  MONTH TO DATE    0                         0      0        0
  SINCE MAR 1      0                         0      0        0
  SINCE JAN 1      0                         0      0        0
..................................................................


WIND (MPH)
  HIGHEST WIND SPEED    15   HIGHEST WIND DIRECTION     W (260)
  HIGHEST GUST SPEED    19   HIGHEST GUST DIRECTION     W (260)
  AVERAGE WIND SPEED     7.3


SKY COVER
  POSSIBLE SUNSHINE  MM
  AVERAGE SKY COVER 0.0


WEATHER CONDITIONS
 THE FOLLOWING WEATHER WAS RECORDED YESTERDAY.
  HAZE


RELATIVE HUMIDITY (PERCENT)
 HIGHEST    78           600 AM
 LOWEST     38           400 PM
 AVERAGE    58

..........................................................


THE RHINELANDER WI CLIMATE NORMALS FOR TODAY
                         NORMAL    RECORD    YEAR
 MAXIMUM TEMPERATURE (F)   33        66      2000
 MINIMUM TEMPERATURE (F)   13       -26      1917


SUNRISE AND SUNSET
MARCH  6 2015.........SUNRISE   628 AM CST   SUNSET   551 PM CST
MARCH  7 2015.........SUNRISE   626 AM CST   SUNSET   553 PM CST


-  INDICATES NEGATIVE NUMBERS.
R  INDICATES RECORD WAS SET OR TIED.
MM INDICATES DATA IS MISSING.
T  INDICATES TRACE AMOUNT.

$$
