000
CDUS43 KGRB 172133
CLIRHI


CLIMATE REPORT
NATIONAL WEATHER SERVICE GREEN BAY
432 PM CDT WED SEP 17 2014


...................................

...THE RHINELANDER WI CLIMATE SUMMARY FOR SEPTEMBER 17 2014...
VALID TODAY AS OF 0400 PM LOCAL TIME.

CLIMATE NORMAL PERIOD 1981 TO 2010
CLIMATE RECORD PERIOD 1908 TO 2014


WEATHER ITEM   OBSERVED TIME   RECORD YEAR NORMAL DEPARTURE LAST
                VALUE   (LST)  VALUE       VALUE  FROM      YEAR
                                                  NORMAL
..................................................................
TEMPERATURE (F)
 TODAY
  MAXIMUM         69    250 PM  87    1998  66      3       66
  MINIMUM         40    219 AM  28    1943  44     -4       32
                                      1916
  AVERAGE         55                        55      0       49

PRECIPITATION (IN)
  TODAY            0.00          0.88 1955   0.14  -0.14      T
  MONTH TO DATE    5.67                      2.35   3.32     0.53
  SINCE SEP 1      5.67                      2.35   3.32     0.53
  SINCE JAN 1     32.13                     23.23   8.90    27.37

SNOWFALL (IN)
  TODAY            0.0           0.0    MM  MM     MM        0.0
  MONTH TO DATE    T                        MM     MM        0.0
  SINCE SEP 1      T                        MM     MM        0.0
  SINCE JUL 1      T                        MM     MM        0.0
  SNOW DEPTH       0

DEGREE DAYS
 HEATING
  TODAY           10                        11     -1       16
  MONTH TO DATE  183                       131     52      137
  SINCE SEP 1    183                       131     52      137
  SINCE JUL 1    383                       258    125      327

 COOLING
  TODAY            0                         0      0        0
  MONTH TO DATE    1                        16    -15       15
  SINCE SEP 1      1                        16    -15       15
  SINCE JAN 1    148                       257   -109      279
..................................................................


WIND (MPH)
  HIGHEST WIND SPEED    13   HIGHEST WIND DIRECTION     W (290)
  HIGHEST GUST SPEED    18   HIGHEST GUST DIRECTION    NW (300)
  AVERAGE WIND SPEED     6.4


SKY COVER
  POSSIBLE SUNSHINE  MM
  AVERAGE SKY COVER 0.0


WEATHER CONDITIONS
 THE FOLLOWING WEATHER WAS RECORDED TODAY.
  NO SIGNIFICANT WEATHER WAS OBSERVED.


RELATIVE HUMIDITY (PERCENT)
 HIGHEST    93           300 AM
 LOWEST     42           100 PM
 AVERAGE    68

..........................................................


THE RHINELANDER WI CLIMATE NORMALS FOR TOMORROW
                         NORMAL    RECORD    YEAR
 MAXIMUM TEMPERATURE (F)   65        87      1908
 MINIMUM TEMPERATURE (F)   43        28      2012
                                             1916


SUNRISE AND SUNSET
SEPTEMBER 17 2014.....SUNRISE   639 AM CDT   SUNSET   705 PM CDT
SEPTEMBER 18 2014.....SUNRISE   640 AM CDT   SUNSET   703 PM CDT


-  INDICATES NEGATIVE NUMBERS.
R  INDICATES RECORD WAS SET OR TIED.
MM INDICATES DATA IS MISSING.
T  INDICATES TRACE AMOUNT.




$$
