000
CDUS43 KGRB 230912
CLIRHI


CLIMATE REPORT
NATIONAL WEATHER SERVICE GREEN BAY
411 AM CDT THU OCT 23 2014


...................................

...THE RHINELANDER WI CLIMATE SUMMARY FOR OCTOBER 22 2014...

CLIMATE NORMAL PERIOD 1981 TO 2010
CLIMATE RECORD PERIOD 1908 TO 2014


WEATHER ITEM   OBSERVED TIME   RECORD YEAR NORMAL DEPARTURE LAST
                VALUE   (LST)  VALUE       VALUE  FROM      YEAR
                                                  NORMAL
..................................................................
TEMPERATURE (F)
 YESTERDAY
  MAXIMUM         54    312 PM  78    1947  51      3       38
  MINIMUM         24    638 AM  14    1930  32     -8       30
  AVERAGE         39                        42     -3       34

PRECIPITATION (IN)
  YESTERDAY        0.00          2.47 1979   0.09  -0.09     0.03
  MONTH TO DATE    2.89                      2.37   0.52     3.78
  SINCE SEP 1      9.27                      6.57   2.70     5.90
  SINCE JAN 1     35.73                     27.45   8.28    32.74

SNOWFALL (IN)
  YESTERDAY        0.0           4.0  1938  MM     MM        0.7
  MONTH TO DATE    T                        MM     MM        2.1
  SINCE SEP 1      T                        MM     MM        2.1
  SINCE JUL 1      T                        MM     MM        2.1
  SNOW DEPTH       0

DEGREE DAYS
 HEATING
  YESTERDAY       26                        23      3       31
  MONTH TO DATE  478                       435     43      394
  SINCE SEP 1    792                       740     52      656
  SINCE JUL 1    992                       867    125      846

 COOLING
  YESTERDAY        0                         0      0        0
  MONTH TO DATE    0                         0      0        0
  SINCE SEP 1      1                        18    -17       17
  SINCE JAN 1    148                       259   -111      281
..................................................................


WIND (MPH)
  HIGHEST WIND SPEED    14   HIGHEST WIND DIRECTION     S (180)
  HIGHEST GUST SPEED    19   HIGHEST GUST DIRECTION     S (180)
  AVERAGE WIND SPEED     6.1


SKY COVER
  POSSIBLE SUNSHINE  MM
  AVERAGE SKY COVER 0.1


WEATHER CONDITIONS
 THE FOLLOWING WEATHER WAS RECORDED YESTERDAY.
  FOG


RELATIVE HUMIDITY (PERCENT)
 HIGHEST   100           500 AM
 LOWEST     35           100 PM
 AVERAGE    68

..........................................................


THE RHINELANDER WI CLIMATE NORMALS FOR TODAY
                         NORMAL    RECORD    YEAR
 MAXIMUM TEMPERATURE (F)   51        77      1963
 MINIMUM TEMPERATURE (F)   32        11      1936


SUNRISE AND SUNSET
OCTOBER 23 2014.......SUNRISE   725 AM CDT   SUNSET   559 PM CDT
OCTOBER 24 2014.......SUNRISE   726 AM CDT   SUNSET   557 PM CDT


-  INDICATES NEGATIVE NUMBERS.
R  INDICATES RECORD WAS SET OR TIED.
MM INDICATES DATA IS MISSING.
T  INDICATES TRACE AMOUNT.




$$
