000
CDUS43 KGRB 290636
CLIRHI


CLIMATE REPORT
NATIONAL WEATHER SERVICE GREEN BAY
1235 AM CST THU JAN 29 2015


...................................

...THE RHINELANDER WI CLIMATE SUMMARY FOR JANUARY 28 2015...

CLIMATE NORMAL PERIOD 1981 TO 2010
CLIMATE RECORD PERIOD 1908 TO 2015


WEATHER ITEM   OBSERVED TIME   RECORD YEAR NORMAL DEPARTURE LAST
                VALUE   (LST)  VALUE       VALUE  FROM      YEAR
                                                  NORMAL
..................................................................
TEMPERATURE (F)
 YESTERDAY
  MAXIMUM         29    212 PM  45    1919  22      7       -4
  MINIMUM         22    925 AM -41    1915   3     19      -23
  AVERAGE         26                        12     14      -13

PRECIPITATION (IN)
  YESTERDAY        T             0.37 1956   0.04  -0.04     0.00
  MONTH TO DATE    0.67                      1.01  -0.34     0.95
  SINCE DEC 1      2.69                      2.45   0.24     2.61
  SINCE JAN 1      0.67                      1.01  -0.34     0.95

SNOWFALL (IN)
  YESTERDAY        T             3.0  1973  MM     MM        0.0
                                      1969
                                      1956
  MONTH TO DATE    9.3                      MM     MM       16.7
  SINCE DEC 1     28.3                      MM     MM       39.8
  SINCE JUL 1     63.4                      MM     MM       49.6
  SNOW DEPTH      15

DEGREE DAYS
 HEATING
  YESTERDAY       39                        53    -14       78
  MONTH TO DATE 1515                      1479     36     1748
  SINCE DEC 1   2947                      2971    -24     3526
  SINCE JUL 1   5468                      5105    363     5753

 COOLING
  YESTERDAY        0                         0      0        0
  MONTH TO DATE    0                         0      0        0
  SINCE DEC 1      0                         0      0        0
  SINCE JAN 1      0                         0      0        0
..................................................................


WIND (MPH)
  HIGHEST WIND SPEED    15   HIGHEST WIND DIRECTION    SE (150)
  HIGHEST GUST SPEED    20   HIGHEST GUST DIRECTION     S (170)
  AVERAGE WIND SPEED     8.1


SKY COVER
  POSSIBLE SUNSHINE  MM
  AVERAGE SKY COVER 0.7


WEATHER CONDITIONS
 THE FOLLOWING WEATHER WAS RECORDED YESTERDAY.
  LIGHT SNOW
  FOG
  HAZE


RELATIVE HUMIDITY (PERCENT)
 HIGHEST    92           200 AM
 LOWEST     69           200 PM
 AVERAGE    81

..........................................................


THE RHINELANDER WI CLIMATE NORMALS FOR TODAY
                         NORMAL    RECORD    YEAR
 MAXIMUM TEMPERATURE (F)   22        41      1927
                                             1914
 MINIMUM TEMPERATURE (F)    3       -33      1951


SUNRISE AND SUNSET
JANUARY 29 2015.......SUNRISE   723 AM CST   SUNSET   459 PM CST
JANUARY 30 2015.......SUNRISE   722 AM CST   SUNSET   501 PM CST


-  INDICATES NEGATIVE NUMBERS.
R  INDICATES RECORD WAS SET OR TIED.
MM INDICATES DATA IS MISSING.
T  INDICATES TRACE AMOUNT.




$$
