000
CDUS41 KAKQ 270529
CLIRIC


CLIMATE REPORT
NATIONAL WEATHER SERVICE WAKEFIELD, VA
128 AM EDT FRI MAY 27 2016


...................................

...THE RICHMOND VA CLIMATE SUMMARY FOR MAY 26 2016...

CLIMATE NORMAL PERIOD 1981 TO 2010
CLIMATE RECORD PERIOD 1871 TO 2016


WEATHER ITEM   OBSERVED TIME   RECORD YEAR NORMAL DEPARTURE LAST
                VALUE   (LST)  VALUE       VALUE  FROM      YEAR
                                                  NORMAL
..................................................................
TEMPERATURE (F)
 YESTERDAY
  MAXIMUM         89    233 PM  94    1991  80      9       87
                                      1984
                                      1953
  MINIMUM         61    537 AM  42    1925  58      3       63
  AVERAGE         75                        69      6       75

PRECIPITATION (IN)
  YESTERDAY        0.00          1.93 1945   0.13  -0.13     0.00
  MONTH TO DATE    8.41                      3.13   5.28     1.61
  SINCE MAR 1     11.60                     10.44   1.16    10.72
  SINCE JAN 1     19.25                     16.24   3.01    17.98

SNOWFALL (IN)
  YESTERDAY        0.0           0.0  2002   0.0    0.0
                                      2001
  MONTH TO DATE    0.0                       0.0    0.0
  SINCE NOV 1     15.1                      10.3    4.8
  SINCE JUL 1     15.1                      10.3    4.8
  SNOW DEPTH       0

DEGREE DAYS
 HEATING
  YESTERDAY        0                         1     -1        0
  MONTH TO DATE  110                        69     41       28
  SINCE MAR 1    737                       825    -88      744
  SINCE JUL 1   3325                      3761   -436     3846

 COOLING
  YESTERDAY       10                         5      5       10
  MONTH TO DATE   34                        86    -52      165
  SINCE MAR 1     64                       128    -64      190
  SINCE JAN 1     64                       128    -64      190
..................................................................


WIND (MPH)
  HIGHEST WIND SPEED    17   HIGHEST WIND DIRECTION    SW (240)
  HIGHEST GUST SPEED    22   HIGHEST GUST DIRECTION    SW (220)
  AVERAGE WIND SPEED     7.0


SKY COVER
  POSSIBLE SUNSHINE  MM
  AVERAGE SKY COVER 0.4


WEATHER CONDITIONS
 THE FOLLOWING WEATHER WAS RECORDED YESTERDAY.
  FOG
  HAZE


RELATIVE HUMIDITY (PERCENT)
 HIGHEST    93           600 AM
 LOWEST     39           400 PM
 AVERAGE    66

..........................................................


THE RICHMOND VA CLIMATE NORMALS FOR TODAY
                         NORMAL    RECORD    YEAR
 MAXIMUM TEMPERATURE (F)   81        97      1941
 MINIMUM TEMPERATURE (F)   59        41      1961


SUNRISE AND SUNSET
MAY 27 2016...........SUNRISE   552 AM EDT   SUNSET   822 PM EDT
MAY 28 2016...........SUNRISE   551 AM EDT   SUNSET   822 PM EDT


-  INDICATES NEGATIVE NUMBERS.
R  INDICATES RECORD WAS SET OR TIED.
MM INDICATES DATA IS MISSING.
T  INDICATES TRACE AMOUNT.




$$
