000
CDUS41 KAKQ 260545
CLIRIC


CLIMATE REPORT
NATIONAL WEATHER SERVICE WAKEFIELD, VA
145 AM EDT MON JUN 26 2017


...................................

...THE RICHMOND VA CLIMATE SUMMARY FOR JUNE 25 2017...

CLIMATE NORMAL PERIOD 1981 TO 2010
CLIMATE RECORD PERIOD 1871 TO 2017


WEATHER ITEM   OBSERVED TIME   RECORD YEAR NORMAL DEPARTURE LAST
                VALUE   (LST)  VALUE       VALUE  FROM      YEAR
                                                  NORMAL
..................................................................
TEMPERATURE (F)
 YESTERDAY
  MAXIMUM         86    408 PM 100    1952  89     -3       82
  MINIMUM         69   1159 PM  51    1979  67      2       66
  AVERAGE         78                        78      0       74

PRECIPITATION (IN)
  YESTERDAY        0.00          2.06 1967   0.13  -0.13     0.00
  MONTH TO DATE    2.33                      3.28  -0.95     6.92
  SINCE JUN 1      2.33                      3.28  -0.95     6.92
  SINCE JAN 1     20.86                     20.17   0.69    27.55

SNOWFALL (IN)
  YESTERDAY        0.0           0.0  2002   0.0    0.0
                                      2001
  MONTH TO DATE    0.0                       0.0    0.0
  SINCE NOV 1      7.1                      10.3   -3.2
  SINCE JUL 1      7.1                      10.3   -3.2
  SNOW DEPTH       0

DEGREE DAYS
 HEATING
  YESTERDAY        0                         0      0        0
  MONTH TO DATE    2                         5     -3        0
  SINCE JUN 1      2                         5     -3        0
  SINCE JUL 1   3171                      3771   -600     3325

 COOLING
  YESTERDAY       13                        13      0        9
  MONTH TO DATE  272                       249     23      244
  SINCE JUN 1    272                       249     23      244
  SINCE JAN 1    495                       410     85      353
..................................................................


WIND (MPH)
  HIGHEST WIND SPEED    16   HIGHEST WIND DIRECTION     W (270)
  HIGHEST GUST SPEED    19   HIGHEST GUST DIRECTION     W (250)
  AVERAGE WIND SPEED     7.2


SKY COVER
  POSSIBLE SUNSHINE  MM
  AVERAGE SKY COVER 0.5


WEATHER CONDITIONS
 THE FOLLOWING WEATHER WAS RECORDED YESTERDAY.
  NO SIGNIFICANT WEATHER WAS OBSERVED.


RELATIVE HUMIDITY (PERCENT)
 HIGHEST   100           400 AM
 LOWEST     43           400 PM
 AVERAGE    72

..........................................................


THE RICHMOND VA CLIMATE NORMALS FOR TODAY
                         NORMAL    RECORD    YEAR
 MAXIMUM TEMPERATURE (F)   89       104      1952
 MINIMUM TEMPERATURE (F)   67        51      1979


SUNRISE AND SUNSET
JUNE 26 2017..........SUNRISE   550 AM EDT   SUNSET   834 PM EDT
JUNE 27 2017..........SUNRISE   550 AM EDT   SUNSET   834 PM EDT


-  INDICATES NEGATIVE NUMBERS.
R  INDICATES RECORD WAS SET OR TIED.
MM INDICATES DATA IS MISSING.
T  INDICATES TRACE AMOUNT.




$$
