000
CDUS41 KAKQ 300845
CLIRIC


CLIMATE REPORT
NATIONAL WEATHER SERVICE WAKEFIELD, VA
445 AM EDT THU OCT 30 2014


...................................

...THE RICHMOND VA CLIMATE SUMMARY FOR OCTOBER 29 2014...

CLIMATE NORMAL PERIOD 1981 TO 2010
CLIMATE RECORD PERIOD 1871 TO 2014


WEATHER ITEM   OBSERVED TIME   RECORD YEAR NORMAL DEPARTURE LAST
                VALUE   (LST)  VALUE       VALUE  FROM      YEAR
                                                  NORMAL
..................................................................
TEMPERATURE (F)
 YESTERDAY
  MAXIMUM         78    128 PM  86    1984  67     11       72
  MINIMUM         53   1144 PM  22    1976  44      9       50
  AVERAGE         66                        56     10       61

PRECIPITATION (IN)
  YESTERDAY        0.01          1.96 2012   0.10  -0.09     0.00
  MONTH TO DATE    2.63                      2.77  -0.14     4.24
  SINCE SEP 1      3.98                      6.90  -2.92     5.63
  SINCE JAN 1     29.65                     36.89  -7.24    44.50

SNOWFALL (IN)
  YESTERDAY        0.0           0.0  2002   0.0    0.0
                                      2001
  MONTH TO DATE    0.0                       0.0    0.0
  SINCE NOV 1     14.5                      10.3    4.2
  SINCE JUL 1      0.0                       0.0    0.0
  SNOW DEPTH       0

DEGREE DAYS
 HEATING
  YESTERDAY        0                        10    -10        4
  MONTH TO DATE  105                       184    -79      131
  SINCE SEP 1    112                       212   -100      144
  SINCE JUL 1    112                       213   -101      144

 COOLING
  YESTERDAY        1                         0      1        0
  MONTH TO DATE   52                        40     12       71
  SINCE SEP 1    296                       237     59      265
  SINCE JAN 1   1676                      1544    132     1670
..................................................................


WIND (MPH)
  HIGHEST WIND SPEED    17   HIGHEST WIND DIRECTION     N (360)
  HIGHEST GUST SPEED    23   HIGHEST GUST DIRECTION     W (250)
  AVERAGE WIND SPEED     7.6


SKY COVER
  POSSIBLE SUNSHINE  MM
  AVERAGE SKY COVER 0.9


WEATHER CONDITIONS
 THE FOLLOWING WEATHER WAS RECORDED YESTERDAY.
  LIGHT RAIN


RELATIVE HUMIDITY (PERCENT)
 HIGHEST    93          1100 PM
 LOWEST     54          1200 PM
 AVERAGE    74

..........................................................


THE RICHMOND VA CLIMATE NORMALS FOR TODAY
                         NORMAL    RECORD    YEAR
 MAXIMUM TEMPERATURE (F)   67        86      1946
 MINIMUM TEMPERATURE (F)   44        23      1965


SUNRISE AND SUNSET
OCTOBER 30 2014.......SUNRISE   732 AM EDT   SUNSET   613 PM EDT
OCTOBER 31 2014.......SUNRISE   733 AM EDT   SUNSET   612 PM EDT


-  INDICATES NEGATIVE NUMBERS.
R  INDICATES RECORD WAS SET OR TIED.
MM INDICATES DATA IS MISSING.
T  INDICATES TRACE AMOUNT.




$$
