000
CDUS41 KAKQ 042232
CLIRIC


CLIMATE REPORT
NATIONAL WEATHER SERVICE WAKEFIELD, VA
532 PM EST WED MAR 4 2015


...................................

...THE RICHMOND VA CLIMATE SUMMARY FOR MARCH 4 2015...
VALID TODAY AS OF 0500 PM LOCAL TIME.

CLIMATE NORMAL PERIOD 1981 TO 2010
CLIMATE RECORD PERIOD 1871 TO 2015


WEATHER ITEM   OBSERVED TIME   RECORD YEAR NORMAL DEPARTURE LAST
                VALUE   (LST)  VALUE       VALUE  FROM      YEAR
                                                  NORMAL
..................................................................
TEMPERATURE (F)
 TODAY
  MAXIMUM         62    354 PM  82    2004  56      6       34
  MINIMUM         40   1224 AM  10    2009  34      6       11
  AVERAGE         51

PRECIPITATION (IN)
  TODAY            0.08          1.84 1993   0.11  -0.03     0.00
  MONTH TO DATE    0.24                      0.45  -0.21     0.55
  SINCE MAR 1      0.24                      0.45  -0.21     0.55
  SINCE JAN 1      7.50                      6.25   1.25     6.86

SNOWFALL (IN)
  TODAY            0.0
  MONTH TO DATE    0.0
  SINCE NOV 1     12.5
  SINCE JUL 1     12.5
  SNOW DEPTH       0

DEGREE DAYS
 HEATING
  TODAY           14                        20     -6       42
  MONTH TO DATE  105                        83     22      118
  SINCE MAR 1    105                        83     22      118
  SINCE JUL 1   3207                      3019    188     3071

 COOLING
  TODAY            0                         0      0        0
  MONTH TO DATE    0                         0      0        0
  SINCE MAR 1      0                         0      0        0
  SINCE JAN 1      0                         0      0        0
..................................................................


WIND (MPH)
  RESULTANT WIND SPEED   8   RESULTANT WIND DIRECTION  SW (220)
  HIGHEST WIND SPEED    20   HIGHEST WIND DIRECTION    SW (240)
  HIGHEST GUST SPEED    25   HIGHEST GUST DIRECTION    SW (240)


SKY COVER
  POSSIBLE SUNSHINE  MM
  AVERAGE SKY COVER 1.0


WEATHER CONDITIONS
 THE FOLLOWING WEATHER WAS RECORDED TODAY.
  LIGHT RAIN
  FOG


RELATIVE HUMIDITY (PERCENT)
 HIGHEST    93
 LOWEST     67
 AVERAGE    80

..........................................................


THE RICHMOND VA CLIMATE NORMALS FOR TOMORROW
                         NORMAL    RECORD    YEAR
 MAXIMUM TEMPERATURE (F)   56        84      1976
                                             1961
 MINIMUM TEMPERATURE (F)   34        14      2002
                                             1960


SUNRISE AND SUNSET
MARCH  4 2015.........SUNRISE   637 AM EST   SUNSET   606 PM EST
MARCH  5 2015.........SUNRISE   635 AM EST   SUNSET   607 PM EST


-  INDICATES NEGATIVE NUMBERS.
R  INDICATES RECORD WAS SET OR TIED.
MM INDICATES DATA IS MISSING.
T  INDICATES TRACE AMOUNT.




$$
