000
CDUS41 KAKQ 252236
CLIRIC


CLIMATE REPORT
NATIONAL WEATHER SERVICE WAKEFIELD, VA
536 PM EST THU DEC 25 2014


...................................

...THE RICHMOND VA CLIMATE SUMMARY FOR DECEMBER 25 2014...
VALID TODAY AS OF 0500 PM LOCAL TIME.

CLIMATE NORMAL PERIOD 1981 TO 2010
CLIMATE RECORD PERIOD 1871 TO 2014


WEATHER ITEM   OBSERVED TIME   RECORD YEAR NORMAL DEPARTURE LAST
                VALUE   (LST)  VALUE       VALUE  FROM      YEAR
                                                  NORMAL
..................................................................
TEMPERATURE (F)
 TODAY
  MAXIMUM         66   1224 AM  74    1955  48     18       35
  MINIMUM         52    922 AM   3    1983  30     22       22
                                      1935
  AVERAGE         59

PRECIPITATION (IN)
  TODAY            0.02          1.70 2005   0.10  -0.08     0.00
  MONTH TO DATE    2.67                      2.69  -0.02     4.76
  SINCE DEC 1      2.67                      2.69  -0.02     4.76
  SINCE JAN 1     35.27                     43.03  -7.76    52.33

SNOWFALL (IN)
  TODAY            0.0
  MONTH TO DATE    0.0
  SINCE NOV 1      T
  SINCE JUL 1      T
  SNOW DEPTH       0

DEGREE DAYS
 HEATING
  TODAY            6                        26    -20       36
  MONTH TO DATE  513                       585    -72      519
  SINCE DEC 1    513                       585    -72      519
  SINCE JUL 1   1183                      1261    -78     1159

 COOLING
  TODAY            0                         0      0        0
  MONTH TO DATE    0                         0      0        4
  SINCE DEC 1      0                         0      0        4
  SINCE JAN 1   1679                      1548    131     1682
..................................................................


WIND (MPH)
  RESULTANT WIND SPEED  10   RESULTANT WIND DIRECTION   W (280)
  HIGHEST WIND SPEED    22   HIGHEST WIND DIRECTION     W (260)
  HIGHEST GUST SPEED    30   HIGHEST GUST DIRECTION     W (250)


SKY COVER
  POSSIBLE SUNSHINE  MM
  AVERAGE SKY COVER 0.7


WEATHER CONDITIONS
 THE FOLLOWING WEATHER WAS RECORDED TODAY.
  LIGHT RAIN


RELATIVE HUMIDITY (PERCENT)
 HIGHEST    87
 LOWEST     36
 AVERAGE    62

..........................................................


THE RICHMOND VA CLIMATE NORMALS FOR TOMORROW
                         NORMAL    RECORD    YEAR
 MAXIMUM TEMPERATURE (F)   48        74      1982
 MINIMUM TEMPERATURE (F)   29         5      1980
                                             1935


SUNRISE AND SUNSET
DECEMBER 25 2014......SUNRISE   722 AM EST   SUNSET   457 PM EST
DECEMBER 26 2014......SUNRISE   722 AM EST   SUNSET   458 PM EST


-  INDICATES NEGATIVE NUMBERS.
R  INDICATES RECORD WAS SET OR TIED.
MM INDICATES DATA IS MISSING.
T  INDICATES TRACE AMOUNT.




$$
