000
CDUS41 KAKQ 010827
CLIRIC


CLIMATE REPORT
NATIONAL WEATHER SERVICE WAKEFIELD, VA
426 AM EDT WED OCT 1 2014


...................................

...THE RICHMOND VA CLIMATE SUMMARY FOR SEPTEMBER 30 2014...

CLIMATE NORMAL PERIOD 1981 TO 2010
CLIMATE RECORD PERIOD 1871 TO 2014


WEATHER ITEM   OBSERVED TIME   RECORD YEAR NORMAL DEPARTURE LAST
                VALUE   (LST)  VALUE       VALUE  FROM      YEAR
                                                  NORMAL
..................................................................
TEMPERATURE (F)
 YESTERDAY
  MAXIMUM         75    344 PM  91    1986  76     -1       78
                                      1954
  MINIMUM         61   1010 PM  39    1961  54      7       54
  AVERAGE         68                        65      3       66

PRECIPITATION (IN)
  YESTERDAY        0.00          3.69 2010   0.12  -0.12     0.00
  MONTH TO DATE    1.35                      4.13  -2.78     1.39
  SINCE SEP 1      1.35                      4.13  -2.78     1.39
  SINCE JAN 1     27.02                     34.12  -7.10    40.26

SNOWFALL (IN)
  YESTERDAY        0.0           0.0  2002   0.0    0.0
                                      2001
  MONTH TO DATE    0.0                       0.0    0.0
  SINCE NOV 1     14.5                      10.3    4.2
  SINCE JUL 1      0.0                       0.0    0.0
  SNOW DEPTH       0

DEGREE DAYS
 HEATING
  YESTERDAY        0                         3     -3        0
  MONTH TO DATE    7                        26    -19       13
  SINCE SEP 1      7                        28    -21       13
  SINCE JUL 1      7                        29    -22       13

 COOLING
  YESTERDAY        3                         3      0        1
  MONTH TO DATE  244                       197     47      194
  SINCE SEP 1    244                       197     47      194
  SINCE JAN 1   1624                      1504    120     1599
..................................................................


WIND (MPH)
  HIGHEST WIND SPEED     8   HIGHEST WIND DIRECTION     E (90)
  HIGHEST GUST SPEED    10   HIGHEST GUST DIRECTION     E (90)
  AVERAGE WIND SPEED     1.9


SKY COVER
  POSSIBLE SUNSHINE  MM
  AVERAGE SKY COVER 0.7


WEATHER CONDITIONS
 THE FOLLOWING WEATHER WAS RECORDED YESTERDAY.
  FOG


RELATIVE HUMIDITY (PERCENT)
 HIGHEST    97          1000 PM
 LOWEST     68          1100 AM
 AVERAGE    83

..........................................................


THE RICHMOND VA CLIMATE NORMALS FOR TODAY
                         NORMAL    RECORD    YEAR
 MAXIMUM TEMPERATURE (F)   76        94      1954
 MINIMUM TEMPERATURE (F)   54        35      1947


SUNRISE AND SUNSET
OCTOBER  1 2014.......SUNRISE   705 AM EDT   SUNSET   652 PM EDT
OCTOBER  2 2014.......SUNRISE   706 AM EDT   SUNSET   651 PM EDT


-  INDICATES NEGATIVE NUMBERS.
R  INDICATES RECORD WAS SET OR TIED.
MM INDICATES DATA IS MISSING.
T  INDICATES TRACE AMOUNT.




$$
