000
CDUS41 KAKQ 170533
CLIRIC


CLIMATE REPORT
NATIONAL WEATHER SERVICE WAKEFIELD, VA
133 AM EDT TUE OCT 17 2017


...................................

...THE RICHMOND VA CLIMATE SUMMARY FOR OCTOBER 16 2017...

CLIMATE NORMAL PERIOD 1981 TO 2010
CLIMATE RECORD PERIOD 1871 TO 2017


WEATHER ITEM   OBSERVED TIME   RECORD YEAR NORMAL DEPARTURE LAST
                VALUE   (LST)  VALUE       VALUE  FROM      YEAR
                                                  NORMAL
..................................................................
TEMPERATURE (F)
 YESTERDAY
  MAXIMUM         72    314 AM  90    1897  71      1       75
  MINIMUM         47   1159 PM  32    1939  48     -1       48
                                      1937
  AVERAGE         60                        60      0       62

PRECIPITATION (IN)
  YESTERDAY        0.21          0.85 1964   0.09   0.12     0.00
  MONTH TO DATE    2.64                      1.54   1.10     4.17
  SINCE SEP 1      4.12                      5.67  -1.55    15.36
  SINCE JAN 1     33.17                     35.66  -2.49    48.80

SNOWFALL (IN)
  YESTERDAY       MM             0.0  2002   0.0   MM
                                      2001
  MONTH TO DATE    0.0                       0.0    0.0
  SINCE NOV 1      7.1                      10.3   -3.2
  SINCE JUL 1      0.0                       0.0    0.0
  SNOW DEPTH       0

DEGREE DAYS
 HEATING
  YESTERDAY        5                         7     -2        3
  MONTH TO DATE   17                        76    -59       50
  SINCE SEP 1     29                       104    -75       50
  SINCE JUL 1     29                       105    -76       50

 COOLING
  YESTERDAY        0                         1     -1        0
  MONTH TO DATE   83                        29     54       24
  SINCE SEP 1    285                       226     59      303
  SINCE JAN 1   1698                      1533    165     1657
..................................................................


WIND (MPH)
  HIGHEST WIND SPEED    26   HIGHEST WIND DIRECTION     N (10)
  HIGHEST GUST SPEED    36   HIGHEST GUST DIRECTION     N (20)
  AVERAGE WIND SPEED     9.5


SKY COVER
  POSSIBLE SUNSHINE  MM
  AVERAGE SKY COVER 0.7


WEATHER CONDITIONS
 THE FOLLOWING WEATHER WAS RECORDED YESTERDAY.
  LIGHT RAIN
  FOG


RELATIVE HUMIDITY (PERCENT)
 HIGHEST    93           700 AM
 LOWEST     44           200 PM
 AVERAGE    69

..........................................................


THE RICHMOND VA CLIMATE NORMALS FOR TODAY
                         NORMAL    RECORD    YEAR
 MAXIMUM TEMPERATURE (F)   71        86      1925
 MINIMUM TEMPERATURE (F)   48        32      1937
                                             1935


SUNRISE AND SUNSET
OCTOBER 17 2017.......SUNRISE   720 AM EDT   SUNSET   629 PM EDT
OCTOBER 18 2017.......SUNRISE   721 AM EDT   SUNSET   628 PM EDT


-  INDICATES NEGATIVE NUMBERS.
R  INDICATES RECORD WAS SET OR TIED.
MM INDICATES DATA IS MISSING.
T  INDICATES TRACE AMOUNT.




$$
