000
CDUS41 KAKQ 310529
CLIRIC


CLIMATE REPORT
NATIONAL WEATHER SERVICE WAKEFIELD, VA
128 AM EDT WED AUG 31 2016


...................................

...THE RICHMOND VA CLIMATE SUMMARY FOR AUGUST 30 2016...

CLIMATE NORMAL PERIOD 1981 TO 2010
CLIMATE RECORD PERIOD 1871 TO 2016


WEATHER ITEM   OBSERVED TIME   RECORD YEAR NORMAL DEPARTURE LAST
                VALUE   (LST)  VALUE       VALUE  FROM      YEAR
                                                  NORMAL
..................................................................
TEMPERATURE (F)
 YESTERDAY
  MAXIMUM         94    146 PM 101    1953  86      8       90
  MINIMUM         69    600 AM  47    1965  65      4       66
  AVERAGE         82                        76      6       78

PRECIPITATION (IN)
  YESTERDAY        0.00          6.68 2004   0.13  -0.13      T
  MONTH TO DATE    0.53                      4.53  -4.00     2.77
  SINCE JUN 1     12.81                     12.97  -0.16    14.57
  SINCE JAN 1     33.44                     29.86   3.58    32.55

SNOWFALL (IN)
  YESTERDAY        0.0           0.0  2002   0.0    0.0
                                      2001
  MONTH TO DATE    0.0                       0.0    0.0
  SINCE NOV 1     15.1                      10.3    4.8
  SINCE JUL 1      0.0                       0.0    0.0
  SNOW DEPTH       0

DEGREE DAYS
 HEATING
  YESTERDAY        0                         0      0        0
  MONTH TO DATE    0                         0      0        0
  SINCE JUN 1      0                         7     -7        6
  SINCE JUL 1      0                         0      0        0

 COOLING
  YESTERDAY       17                        11      6       13
  MONTH TO DATE  467                       377     90      381
  SINCE JUN 1   1230                      1135     95     1231
  SINCE JAN 1   1339                      1296     43     1493
..................................................................


WIND (MPH)
  HIGHEST WIND SPEED    14   HIGHEST WIND DIRECTION     E (110)
  HIGHEST GUST SPEED    18   HIGHEST GUST DIRECTION     N (360)
  AVERAGE WIND SPEED     5.0


SKY COVER
  POSSIBLE SUNSHINE  MM
  AVERAGE SKY COVER 0.3


WEATHER CONDITIONS
 THE FOLLOWING WEATHER WAS RECORDED YESTERDAY.
  NO SIGNIFICANT WEATHER WAS OBSERVED.


RELATIVE HUMIDITY (PERCENT)
 HIGHEST    84           100 AM
 LOWEST     41           100 PM
 AVERAGE    63

..........................................................


THE RICHMOND VA CLIMATE NORMALS FOR TODAY
                         NORMAL    RECORD    YEAR
 MAXIMUM TEMPERATURE (F)   86       102      1953
 MINIMUM TEMPERATURE (F)   65        46      1934


SUNRISE AND SUNSET
AUGUST 31 2016........SUNRISE   639 AM EDT   SUNSET   739 PM EDT
SEPTEMBER  1 2016.....SUNRISE   640 AM EDT   SUNSET   738 PM EDT


-  INDICATES NEGATIVE NUMBERS.
R  INDICATES RECORD WAS SET OR TIED.
MM INDICATES DATA IS MISSING.
T  INDICATES TRACE AMOUNT.




$$
