000
CDUS41 KAKQ 020827
CLIRIC


CLIMATE REPORT
NATIONAL WEATHER SERVICE WAKEFIELD, VA
426 AM EDT SAT AUG 2 2014


...................................

...THE RICHMOND VA CLIMATE SUMMARY FOR AUGUST 1 2014...

CLIMATE NORMAL PERIOD 1981 TO 2010
CLIMATE RECORD PERIOD 1871 TO 2014


WEATHER ITEM   OBSERVED TIME   RECORD YEAR NORMAL DEPARTURE LAST
                VALUE   (LST)  VALUE       VALUE  FROM      YEAR
                                                  NORMAL
..................................................................
TEMPERATURE (F)
 YESTERDAY
  MAXIMUM         79   1208 PM  99    2002  89    -10       84
                                      1999
                                      1980
  MINIMUM         64   1053 PM  53    1936  69     -5       69
  AVERAGE         72                        79     -7       77

PRECIPITATION (IN)
  YESTERDAY        1.15          2.39 1915   0.16   0.99     0.76
  MONTH TO DATE    1.15                      0.16   0.99     0.76
  SINCE JUN 1      7.17                      8.60  -1.43    13.14
  SINCE JAN 1     23.21                     25.49  -2.28    32.02

SNOWFALL (IN)
  YESTERDAY        0.0           0.0  2002   0.0    0.0
                                      2001
  MONTH TO DATE    0.0                       0.0    0.0
  SINCE NOV 1     14.5                      10.3    4.2
  SINCE JUL 1      0.0                       0.0    0.0
  SNOW DEPTH       0

DEGREE DAYS
 HEATING
  YESTERDAY        0                         0      0        0
  MONTH TO DATE    0                         0      0        0
  SINCE JUN 1      0                         7     -7        0
  SINCE JUL 1      0                         0      0        0

 COOLING
  YESTERDAY        7                        14     -7       12
  MONTH TO DATE    7                        14     -7       12
  SINCE JUN 1    821                       772     49      860
  SINCE JAN 1   1029                       933     96     1073
..................................................................


WIND (MPH)
  HIGHEST WIND SPEED    14   HIGHEST WIND DIRECTION     E (110)
  HIGHEST GUST SPEED    17   HIGHEST GUST DIRECTION     E (110)
  AVERAGE WIND SPEED     4.4


SKY COVER
  POSSIBLE SUNSHINE  MM
  AVERAGE SKY COVER 1.0


WEATHER CONDITIONS
 THE FOLLOWING WEATHER WAS RECORDED YESTERDAY.
  HEAVY RAIN
  RAIN
  LIGHT RAIN
  FOG
  HAZE


RELATIVE HUMIDITY (PERCENT)
 HIGHEST    93          1000 PM
 LOWEST     74           100 PM
 AVERAGE    84

..........................................................


THE RICHMOND VA CLIMATE NORMALS FOR TODAY
                         NORMAL    RECORD    YEAR
 MAXIMUM TEMPERATURE (F)   89       101      2006
                                             1921
 MINIMUM TEMPERATURE (F)   69        53      1936


SUNRISE AND SUNSET
AUGUST  2 2014........SUNRISE   614 AM EDT   SUNSET   816 PM EDT
AUGUST  3 2014........SUNRISE   615 AM EDT   SUNSET   815 PM EDT


-  INDICATES NEGATIVE NUMBERS.
R  INDICATES RECORD WAS SET OR TIED.
MM INDICATES DATA IS MISSING.
T  INDICATES TRACE AMOUNT.




$$
