000
CDUS41 KAKQ 210626
CLIRIC


CLIMATE REPORT
NATIONAL WEATHER SERVICE WAKEFIELD, VA
125 AM EST SUN JAN 21 2018


...................................

...THE RICHMOND VA CLIMATE SUMMARY FOR JANUARY 20 2018...

CLIMATE NORMAL PERIOD 1981 TO 2010
CLIMATE RECORD PERIOD 1871 TO 2018


WEATHER ITEM   OBSERVED TIME   RECORD YEAR NORMAL DEPARTURE LAST
                VALUE   (LST)  VALUE       VALUE  FROM      YEAR
                                                  NORMAL
..................................................................
TEMPERATURE (F)
 YESTERDAY
  MAXIMUM         61    349 PM  74    1951  47     14       49
  MINIMUM         27    649 AM  -2    1985  28     -1       40
  AVERAGE         44                        38      6       45

PRECIPITATION (IN)
  YESTERDAY        0.00          1.03 1979   0.10  -0.10     0.07
                                      1937
  MONTH TO DATE    1.44                      1.96  -0.52     2.48
  SINCE DEC 1      2.49                      5.22  -2.73     5.28
  SINCE JAN 1      1.44                      1.96  -0.52     2.48

SNOWFALL (IN)
  YESTERDAY        0.0           4.2  1985   0.1   -0.1
  MONTH TO DATE    5.0                       2.3    2.7
  SINCE NOV 1      8.1                       4.6    3.5
  SINCE JUL 1      8.1                       4.6    3.5
  SNOW DEPTH       0

DEGREE DAYS
 HEATING
  YESTERDAY       21                        27     -6       20
  MONTH TO DATE  679                       540    139      493
  SINCE DEC 1   1454                      1283    171     1227
  SINCE JUL 1   2066                      1959    107     1817

 COOLING
  YESTERDAY        0                         0      0        0
  MONTH TO DATE    0                         0      0        0
  SINCE DEC 1      0                         1     -1        0
  SINCE JAN 1      0                         0      0        0
..................................................................


WIND (MPH)
  HIGHEST WIND SPEED    16   HIGHEST WIND DIRECTION    SW (240)
  HIGHEST GUST SPEED    19   HIGHEST GUST DIRECTION    SW (240)
  AVERAGE WIND SPEED     8.0


SKY COVER
  POSSIBLE SUNSHINE  MM
  AVERAGE SKY COVER 0.3


WEATHER CONDITIONS
 THE FOLLOWING WEATHER WAS RECORDED YESTERDAY.
  NO SIGNIFICANT WEATHER WAS OBSERVED.


RELATIVE HUMIDITY (PERCENT)
 HIGHEST    79          1100 PM
 LOWEST     25           900 AM
 AVERAGE    52

..........................................................


THE RICHMOND VA CLIMATE NORMALS FOR TODAY
                         NORMAL    RECORD    YEAR
 MAXIMUM TEMPERATURE (F)   47        74      1935
 MINIMUM TEMPERATURE (F)   28        -6      1985


SUNRISE AND SUNSET
JANUARY 21 2018.......SUNRISE   720 AM EST   SUNSET   521 PM EST
JANUARY 22 2018.......SUNRISE   720 AM EST   SUNSET   523 PM EST


-  INDICATES NEGATIVE NUMBERS.
R  INDICATES RECORD WAS SET OR TIED.
MM INDICATES DATA IS MISSING.
T  INDICATES TRACE AMOUNT.




$$
