000
CDUS41 KAKQ 230826
CLIRIC


CLIMATE REPORT
NATIONAL WEATHER SERVICE WAKEFIELD, VA
325 AM EST SUN NOV 23 2014


...................................

...THE RICHMOND VA CLIMATE SUMMARY FOR NOVEMBER 22 2014...

CLIMATE NORMAL PERIOD 1981 TO 2010
CLIMATE RECORD PERIOD 1871 TO 2014


WEATHER ITEM   OBSERVED TIME   RECORD YEAR NORMAL DEPARTURE LAST
                VALUE   (LST)  VALUE       VALUE  FROM      YEAR
                                                  NORMAL
..................................................................
TEMPERATURE (F)
 YESTERDAY
  MAXIMUM         52    255 PM  77    1931  59     -7       73
  MINIMUM         21    715 AM  17    2000  38    -17       47
  AVERAGE         37                        48    -11       60

PRECIPITATION (IN)
  YESTERDAY        0.00          1.37 2006   0.11  -0.11      T
  MONTH TO DATE    1.24                      2.37  -1.13     0.48
  SINCE SEP 1      5.22                      9.48  -4.26     6.12
  SINCE JAN 1     30.89                     39.47  -8.58    44.99

SNOWFALL (IN)
  YESTERDAY        0.0           0.9  1929   0.0    0.0
  MONTH TO DATE    0.0                       0.1   -0.1
  SINCE NOV 1      0.0                       0.1   -0.1
  SINCE JUL 1      0.0                       0.1   -0.1
  SNOW DEPTH       0

DEGREE DAYS
 HEATING
  YESTERDAY       28                        17     11        5
  MONTH TO DATE  401                       296    105      286
  SINCE SEP 1    536                       528      8      436
  SINCE JUL 1    536                       529      7      436

 COOLING
  YESTERDAY        0                         0      0        0
  MONTH TO DATE    0                         0      0        8
  SINCE SEP 1    296                       236     60      273
  SINCE JAN 1   1676                      1543    133     1678
..................................................................


WIND (MPH)
  HIGHEST WIND SPEED    20   HIGHEST WIND DIRECTION    SW (210)
  HIGHEST GUST SPEED    25   HIGHEST GUST DIRECTION    SW (210)
  AVERAGE WIND SPEED     5.1


SKY COVER
  POSSIBLE SUNSHINE  MM
  AVERAGE SKY COVER 0.4


WEATHER CONDITIONS
 THE FOLLOWING WEATHER WAS RECORDED YESTERDAY.
  NO SIGNIFICANT WEATHER WAS OBSERVED.


RELATIVE HUMIDITY (PERCENT)
 HIGHEST    74           800 AM
 LOWEST     21           200 PM
 AVERAGE    48

..........................................................


THE RICHMOND VA CLIMATE NORMALS FOR TODAY
                         NORMAL    RECORD    YEAR
 MAXIMUM TEMPERATURE (F)   59        82      1900
 MINIMUM TEMPERATURE (F)   37        20      2008
                                             1984
                                             1976


SUNRISE AND SUNSET
NOVEMBER 23 2014......SUNRISE   657 AM EST   SUNSET   454 PM EST
NOVEMBER 24 2014......SUNRISE   658 AM EST   SUNSET   454 PM EST


-  INDICATES NEGATIVE NUMBERS.
R  INDICATES RECORD WAS SET OR TIED.
MM INDICATES DATA IS MISSING.
T  INDICATES TRACE AMOUNT.




$$
