000
CDUS41 KAKQ 110645
CLIRIC


CLIMATE REPORT
NATIONAL WEATHER SERVICE WAKEFIELD, VA
145 AM EST SUN DEC 11 2016


...................................

...THE RICHMOND VA CLIMATE SUMMARY FOR DECEMBER 10 2016...

CLIMATE NORMAL PERIOD 1981 TO 2010
CLIMATE RECORD PERIOD 1871 TO 2016


WEATHER ITEM   OBSERVED TIME   RECORD YEAR NORMAL DEPARTURE LAST
                VALUE   (LST)  VALUE       VALUE  FROM      YEAR
                                                  NORMAL
..................................................................
TEMPERATURE (F)
 YESTERDAY
  MAXIMUM         39    324 PM  79    2007  52    -13       64
  MINIMUM         22    602 AM  13    1917  33    -11       38
  AVERAGE         31                        42    -11       51

PRECIPITATION (IN)
  YESTERDAY        0.00          1.53 1969   0.11  -0.11     0.00
  MONTH TO DATE    1.71                      1.11   0.60     0.51
  SINCE DEC 1      1.71                      1.11   0.60     0.51
  SINCE JAN 1     51.66                     41.45  10.21    43.64

SNOWFALL (IN)
  YESTERDAY        0.0           3.0  1934   0.0    0.0
  MONTH TO DATE    0.0                       0.5   -0.5
  SINCE NOV 1      0.0                       0.7   -0.7
  SINCE JUL 1      0.0                       0.7   -0.7
  SNOW DEPTH       0

DEGREE DAYS
 HEATING
  YESTERDAY       34                        23     11       14
  MONTH TO DATE  226                       214     12      185
  SINCE DEC 1    226                       214     12      185
  SINCE JUL 1    816                       890    -74      777

 COOLING
  YESTERDAY        0                         0      0        0
  MONTH TO DATE    0                         0      0        0
  SINCE DEC 1      0                         0      0        0
  SINCE JAN 1   1699                      1548    151     1817
..................................................................


WIND (MPH)
  HIGHEST WIND SPEED    14   HIGHEST WIND DIRECTION    SW (240)
  HIGHEST GUST SPEED    16   HIGHEST GUST DIRECTION     W (280)
  AVERAGE WIND SPEED     4.7


SKY COVER
  POSSIBLE SUNSHINE  MM
  AVERAGE SKY COVER 0.2


WEATHER CONDITIONS
 THE FOLLOWING WEATHER WAS RECORDED YESTERDAY.
  NO SIGNIFICANT WEATHER WAS OBSERVED.


RELATIVE HUMIDITY (PERCENT)
 HIGHEST    71           600 AM
 LOWEST     35           100 PM
 AVERAGE    53

..........................................................


THE RICHMOND VA CLIMATE NORMALS FOR TODAY
                         NORMAL    RECORD    YEAR
 MAXIMUM TEMPERATURE (F)   52        72      1971
 MINIMUM TEMPERATURE (F)   32        12      1968
                                             1917


SUNRISE AND SUNSET
DECEMBER 11 2016......SUNRISE   714 AM EST   SUNSET   451 PM EST
DECEMBER 12 2016......SUNRISE   715 AM EST   SUNSET   452 PM EST


-  INDICATES NEGATIVE NUMBERS.
R  INDICATES RECORD WAS SET OR TIED.
MM INDICATES DATA IS MISSING.
T  INDICATES TRACE AMOUNT.




$$
