000
CDUS41 KAKQ 050532
CLIRIC


CLIMATE REPORT
NATIONAL WEATHER SERVICE WAKEFIELD, VA
131 AM EDT WED AUG 5 2015


...................................

...THE RICHMOND VA CLIMATE SUMMARY FOR AUGUST 4 2015...

CLIMATE NORMAL PERIOD 1981 TO 2010
CLIMATE RECORD PERIOD 1871 TO 2015


WEATHER ITEM   OBSERVED TIME   RECORD YEAR NORMAL DEPARTURE LAST
                VALUE   (LST)  VALUE       VALUE  FROM      YEAR
                                                  NORMAL
..................................................................
TEMPERATURE (F)
 YESTERDAY
  MAXIMUM         96    401 PM  99    1980  89      7       86
  MINIMUM         75    602 AM  57    1920  69      6       69
                                      1912
  AVERAGE         86                        79      7       78

PRECIPITATION (IN)
  YESTERDAY        0.00          2.54 1948   0.17  -0.17     0.00
  MONTH TO DATE    0.00                      0.66  -0.66     2.25
  SINCE JUN 1     11.80                      9.10   2.70     8.27
  SINCE JAN 1     29.78                     25.99   3.79    24.31

SNOWFALL (IN)
  YESTERDAY        0.0           0.0  2002   0.0    0.0
                                      2001
  MONTH TO DATE    0.0                       0.0    0.0
  SINCE NOV 1     12.8                      10.3    2.5
  SINCE JUL 1      0.0                       0.0    0.0
  SNOW DEPTH       0

DEGREE DAYS
 HEATING
  YESTERDAY        0                         0      0        0
  MONTH TO DATE    0                         0      0        0
  SINCE JUN 1      6                         7     -1        0
  SINCE JUL 1      0                         0      0        0

 COOLING
  YESTERDAY       21                        14      7       13
  MONTH TO DATE   65                        56      9       38
  SINCE JUN 1    915                       814    101      852
  SINCE JAN 1   1177                       975    202     1060
..................................................................


WIND (MPH)
  HIGHEST WIND SPEED    18   HIGHEST WIND DIRECTION     S (200)
  HIGHEST GUST SPEED    23   HIGHEST GUST DIRECTION    SW (210)
  AVERAGE WIND SPEED     9.2


SKY COVER
  POSSIBLE SUNSHINE  MM
  AVERAGE SKY COVER 0.5


WEATHER CONDITIONS
 THE FOLLOWING WEATHER WAS RECORDED YESTERDAY.
  THUNDERSTORM


RELATIVE HUMIDITY (PERCENT)
 HIGHEST    85          1000 PM
 LOWEST     43           300 PM
 AVERAGE    64

..........................................................


THE RICHMOND VA CLIMATE NORMALS FOR TODAY
                         NORMAL    RECORD    YEAR
 MAXIMUM TEMPERATURE (F)   89        99      1980
                                             1977
                                             1944
 MINIMUM TEMPERATURE (F)   69        54      1929


SUNRISE AND SUNSET
AUGUST  5 2015........SUNRISE   617 AM EDT   SUNSET   814 PM EDT
AUGUST  6 2015........SUNRISE   617 AM EDT   SUNSET   812 PM EDT


-  INDICATES NEGATIVE NUMBERS.
R  INDICATES RECORD WAS SET OR TIED.
MM INDICATES DATA IS MISSING.
T  INDICATES TRACE AMOUNT.




$$
