920
CDUS41 KAKQ 302130
CLIRIC


CLIMATE REPORT
NATIONAL WEATHER SERVICE WAKEFIELD, VA
530 PM EDT FRI SEP 30 2016


...................................

...THE RICHMOND VA CLIMATE SUMMARY FOR SEPTEMBER 30 2016...
VALID TODAY AS OF 0500 PM LOCAL TIME.

CLIMATE NORMAL PERIOD 1981 TO 2010
CLIMATE RECORD PERIOD 1871 TO 2016


WEATHER ITEM   OBSERVED TIME   RECORD YEAR NORMAL DEPARTURE LAST
                VALUE   (LST)  VALUE       VALUE  FROM      YEAR
                                                  NORMAL
..................................................................
TEMPERATURE (F)
 TODAY
  MAXIMUM         73    303 PM  91    1986  76     -3       85
                                      1954
  MINIMUM         66    750 AM  39    1961  54     12       64
  AVERAGE         70

PRECIPITATION (IN)
  TODAY            0.30          3.69 2010   0.12   0.18     0.00
  MONTH TO DATE   10.21                      4.13   6.08     3.43
  SINCE SEP 1     10.21                      4.13   6.08     3.43
  SINCE JAN 1     43.65                     34.12   9.53    35.98

SNOWFALL (IN)
  TODAY            0.0
  MONTH TO DATE    0.0
  SINCE NOV 1     15.1
  SINCE JUL 1      0.0
  SNOW DEPTH       0

DEGREE DAYS
 HEATING
  TODAY            0                         3     -3        0
  MONTH TO DATE    0                        26    -26        0
  SINCE SEP 1      0                        28    -28        0
  SINCE JUL 1      0                        29    -29        0

 COOLING
  TODAY            5                         3      2       10
  MONTH TO DATE  279                       197     82      292
  SINCE SEP 1    279                       197     82      292
  SINCE JAN 1   1633                      1504    129     1799
..................................................................


WIND (MPH)
  RESULTANT WIND SPEED   8   RESULTANT WIND DIRECTION  NE (50)
  HIGHEST WIND SPEED    14   HIGHEST WIND DIRECTION    NE (50)
  HIGHEST GUST SPEED    17   HIGHEST GUST DIRECTION    NE (40)


SKY COVER
  POSSIBLE SUNSHINE  MM
  AVERAGE SKY COVER 0.9


WEATHER CONDITIONS
 THE FOLLOWING WEATHER WAS RECORDED TODAY.
  THUNDERSTORM
  HEAVY RAIN
  LIGHT RAIN
  FOG


RELATIVE HUMIDITY (PERCENT)
 HIGHEST   100
 LOWEST     87
 AVERAGE    94

..........................................................


THE RICHMOND VA CLIMATE NORMALS FOR TOMORROW
                         NORMAL    RECORD    YEAR
 MAXIMUM TEMPERATURE (F)   76        94      1954
 MINIMUM TEMPERATURE (F)   54        35      1947


SUNRISE AND SUNSET
SEPTEMBER 30 2016.....SUNRISE   704 AM EDT   SUNSET   653 PM EDT
OCTOBER  1 2016.......SUNRISE   705 AM EDT   SUNSET   652 PM EDT


-  INDICATES NEGATIVE NUMBERS.
R  INDICATES RECORD WAS SET OR TIED.
MM INDICATES DATA IS MISSING.
T  INDICATES TRACE AMOUNT.




$$
