231
CDUS45 KRIW 010739
CLIRIW


CLIMATE REPORT
NATIONAL WEATHER SERVICE RIVERTON WY
127 AM MDT WED JUN 1 2016


...................................

...THE RIVERTON WY CLIMATE SUMMARY FOR MAY 31 2016...

CLIMATE NORMAL PERIOD 1981 TO 2010
CLIMATE RECORD PERIOD 1995 TO 2016


WEATHER ITEM   OBSERVED TIME   RECORD YEAR NORMAL DEPARTURE LAST
                VALUE   (LST)  VALUE       VALUE  FROM      YEAR
                                                  NORMAL
..................................................................
TEMPERATURE (F)
 YESTERDAY
  MAXIMUM         65    455 PM  86    1997  72     -7       79
  MINIMUM         43    504 AM  36    2011  45     -2       50
                                      2005
  AVERAGE         54                        58     -4       65

PRECIPITATION (IN)
  YESTERDAY        0.00          T    2009   0.05  -0.05     0.00
                                      2009
                                      2014
  MONTH TO DATE    2.77                      1.72   1.05     4.55
  SINCE MAR 1      8.21                      3.57   4.64     5.78
  SINCE JAN 1      8.89                      4.08   4.81     6.85

SNOWFALL (IN)
  YESTERDAY        0.0                                       0.0
  MONTH TO DATE    T                                         0.5
  SINCE MAR 1     34.2                                      10.5
  SINCE JUL 1     62.4                                      39.1
  SNOW DEPTH       0

DEGREE DAYS
 HEATING
  YESTERDAY       11                         7      4        0
  MONTH TO DATE  395                       352     43      428
  SINCE MAR 1   1767                      1897   -130     1793
  SINCE JUL 1   7088                      7751   -663     7186

 COOLING
  YESTERDAY        0                         1     -1        0
  MONTH TO DATE    0                         9     -9        0
  SINCE MAR 1      0                         9     -9        0
  SINCE JAN 1      0                         9     -9        0
..................................................................


WIND (MPH)
  HIGHEST WIND SPEED    17   HIGHEST WIND DIRECTION     E (80)
  HIGHEST GUST SPEED    21   HIGHEST GUST DIRECTION     E (80)
  AVERAGE WIND SPEED     7.6


SKY COVER
  POSSIBLE SUNSHINE  MM
  AVERAGE SKY COVER 0.4


WEATHER CONDITIONS
 THE FOLLOWING WEATHER WAS RECORDED YESTERDAY.
  NO SIGNIFICANT WEATHER WAS OBSERVED.


RELATIVE HUMIDITY (PERCENT)
 HIGHEST    76           300 AM
 LOWEST     28           200 PM
 AVERAGE    52

..........................................................


THE RIVERTON WY CLIMATE NORMALS FOR TODAY
                         NORMAL    RECORD    YEAR
 MAXIMUM TEMPERATURE (F)   72        85      2002
 MINIMUM TEMPERATURE (F)   45        36      2004


SUNRISE AND SUNSET
JUNE  1 2016..........SUNRISE   537 AM MDT   SUNSET   847 PM MDT
JUNE  2 2016..........SUNRISE   537 AM MDT   SUNSET   848 PM MDT


-  INDICATES NEGATIVE NUMBERS.
R  INDICATES RECORD WAS SET OR TIED.
MM INDICATES DATA IS MISSING.
T  INDICATES TRACE AMOUNT.




$$
