000
CDUS45 KRIW 190032
CLIRIW


CLIMATE REPORT
NATIONAL WEATHER SERVICE RIVERTON WY
530 PM MST SAT NOV 18 2017


...................................

...THE RIVERTON WY CLIMATE SUMMARY FOR NOVEMBER 18 2017...
VALID TODAY AS OF 0500 PM LOCAL TIME.

CLIMATE NORMAL PERIOD 1981 TO 2010
CLIMATE RECORD PERIOD 1995 TO 2017


WEATHER ITEM   OBSERVED TIME   RECORD YEAR NORMAL DEPARTURE LAST
                VALUE   (LST)  VALUE       VALUE  FROM      YEAR
                                                  NORMAL
..................................................................
TEMPERATURE (F)
 TODAY
  MAXIMUM         39        MM  62    1995  40     -1       26
  MINIMUM         21        MM  -4    2000  18      3       13
  AVERAGE         30                        29      1       20

PRECIPITATION (IN)
  TODAY            0.00          0.28 2011   0.01  -0.01     0.00
  MONTH TO DATE    0.43                      0.31   0.12     0.39
  SINCE SEP 1      2.77                      2.10   0.67     3.76
  SINCE JAN 1     14.22                      8.92   5.30    13.48

SNOWFALL (IN)
  TODAY            0.0                                       0.0
  MONTH TO DATE    4.2                                       4.2
  SINCE SEP 1      6.9                                       4.3
  SINCE JUL 1      6.9                                       4.3
  SNOW DEPTH       0

DEGREE DAYS
 HEATING
  TODAY           35                        36     -1       45
  MONTH TO DATE  567                       564      3      405
  SINCE SEP 1   1516                      1406    110     1109
  SINCE JUL 1   1523                      1444     79     1160

 COOLING
  TODAY            0                         0      0        0
  MONTH TO DATE    0                         0      0        0
  SINCE SEP 1     67                        26     41       35
  SINCE JAN 1    547                       494     53      605
..................................................................


WIND (MPH)
  HIGHEST WIND SPEED    27   HIGHEST WIND DIRECTION    NW (300)
  HIGHEST GUST SPEED    38   HIGHEST GUST DIRECTION    NW (300)
  AVERAGE WIND SPEED    13.4


SKY COVER
  POSSIBLE SUNSHINE  MM
  AVERAGE SKY COVER 0.0


WEATHER CONDITIONS
 THE FOLLOWING WEATHER WAS RECORDED TODAY.
  NO SIGNIFICANT WEATHER WAS OBSERVED.


RELATIVE HUMIDITY (PERCENT)
 HIGHEST    57           600 AM
 LOWEST     35          1200 PM
 AVERAGE    46

..........................................................


THE RIVERTON WY CLIMATE NORMALS FOR TOMORROW
                         NORMAL    RECORD    YEAR
 MAXIMUM TEMPERATURE (F)   40        65      2007
 MINIMUM TEMPERATURE (F)   17         0      2000


SUNRISE AND SUNSET
NOVEMBER 18 2017......SUNRISE   710 AM MST   SUNSET   447 PM MST
NOVEMBER 19 2017......SUNRISE   712 AM MST   SUNSET   446 PM MST


-  INDICATES NEGATIVE NUMBERS.
R  INDICATES RECORD WAS SET OR TIED.
MM INDICATES DATA IS MISSING.
T  INDICATES TRACE AMOUNT.




$$
