000
CDUS45 KRIW 230749
CLIRIW


CLIMATE REPORT
NATIONAL WEATHER SERVICE RIVERTON WY
138 AM MDT SUN JUL 23 2017


...................................

...THE RIVERTON WY CLIMATE SUMMARY FOR JULY 22 2017...

CLIMATE NORMAL PERIOD 1981 TO 2010
CLIMATE RECORD PERIOD 1995 TO 2017


WEATHER ITEM   OBSERVED TIME   RECORD YEAR NORMAL DEPARTURE LAST
                VALUE   (LST)  VALUE       VALUE  FROM      YEAR
                                                  NORMAL
..................................................................
TEMPERATURE (F)
 YESTERDAY
  MAXIMUM         89    518 PM 100    2007  89      0       95
  MINIMUM         57    520 AM  49    2009  57      0       60
  AVERAGE         73                        73      0       78

PRECIPITATION (IN)
  YESTERDAY        0.00          0.36 2004   0.03  -0.03     0.00
  MONTH TO DATE    0.07                      0.69  -0.62      T
  SINCE JUN 1      0.27                      1.97  -1.70     0.39
  SINCE JAN 1     10.43                      6.05   4.38     9.28

SNOWFALL (IN)
  YESTERDAY        0.0                                       0.0
  MONTH TO DATE    0.0                                       0.0
  SINCE JUN 1      0.0                                       0.0
  SINCE JUL 1      0.0                                       0.0
  SNOW DEPTH       0

DEGREE DAYS
 HEATING
  YESTERDAY        0                         0      0        0
  MONTH TO DATE    0                         8     -8        4
  SINCE JUN 1     69                       127    -58       20
  SINCE JUL 1      0                         8     -8        4

 COOLING
  YESTERDAY        8                         8      0       13
  MONTH TO DATE  225                       146     79      164
  SINCE JUN 1    276                       212     64      326
  SINCE JAN 1    276                       221     55      326
..................................................................


WIND (MPH)
  HIGHEST WIND SPEED    16   HIGHEST WIND DIRECTION    NW (320)
  HIGHEST GUST SPEED    19   HIGHEST GUST DIRECTION    NW (310)
  AVERAGE WIND SPEED     9.1


SKY COVER
  POSSIBLE SUNSHINE  MM
  AVERAGE SKY COVER 0.0


WEATHER CONDITIONS
 THE FOLLOWING WEATHER WAS RECORDED YESTERDAY.
  NO SIGNIFICANT WEATHER WAS OBSERVED.


RELATIVE HUMIDITY (PERCENT)
 HIGHEST    40           500 AM
 LOWEST      9           500 PM
 AVERAGE    25

..........................................................


THE RIVERTON WY CLIMATE NORMALS FOR TODAY
                         NORMAL    RECORD    YEAR
 MAXIMUM TEMPERATURE (F)   89        99      2000
 MINIMUM TEMPERATURE (F)   58        50      2004


SUNRISE AND SUNSET
JULY 23 2017..........SUNRISE   556 AM MDT   SUNSET   844 PM MDT
JULY 24 2017..........SUNRISE   557 AM MDT   SUNSET   843 PM MDT


-  INDICATES NEGATIVE NUMBERS.
R  INDICATES RECORD WAS SET OR TIED.
MM INDICATES DATA IS MISSING.
T  INDICATES TRACE AMOUNT.




$$
