000
CDUS45 KRIW 010050
CLIRIW


CLIMATE REPORT
NATIONAL WEATHER SERVICE RIVERTON WY
548 PM MST SAT FEB 28 2015


...................................

...THE RIVERTON WY CLIMATE SUMMARY FOR FEBRUARY 28 2015...
VALID TODAY AS OF 0500 PM LOCAL TIME.

CLIMATE NORMAL PERIOD 1981 TO 2010
CLIMATE RECORD PERIOD 1995 TO 2015


WEATHER ITEM   OBSERVED TIME   RECORD YEAR NORMAL DEPARTURE LAST
                VALUE   (LST)  VALUE       VALUE  FROM      YEAR
                                                  NORMAL
..................................................................
TEMPERATURE (F)
 TODAY
  MAXIMUM         22        MM  60    1999  41    -19       35
  MINIMUM         13        MM -21    1996  17     -4       11
  AVERAGE         18                        29    -11       23

PRECIPITATION (IN)
  TODAY            T             0.46 2004   0.01  -0.01      T
  MONTH TO DATE    1.04                      0.27   0.77     0.22
  SINCE DEC 1      1.72                      0.83   0.89     1.18
  SINCE JAN 1      1.07                      0.51   0.56     0.90

SNOWFALL (IN)
  TODAY            T                                          T
  MONTH TO DATE   15.8                                       5.0
  SINCE DEC 1     23.1                                      22.9
  SINCE JUL 1     28.6                                      49.2
  SNOW DEPTH       2

DEGREE DAYS
 HEATING
  TODAY           47                        36     11       42
  MONTH TO DATE 1001                      1141   -140     1268
  SINCE DEC 1   3616                      3938   -322     3983
  SINCE JUL 1   5393                      5854   -461     5881

 COOLING
  TODAY            0                         0      0        0
  MONTH TO DATE    0                         0      0        0
  SINCE DEC 1      0                         0      0        0
  SINCE JAN 1      0                         0      0        0
..................................................................


WIND (MPH)
  HIGHEST WIND SPEED    12   HIGHEST WIND DIRECTION    NE (50)
  HIGHEST GUST SPEED    MM   HIGHEST GUST DIRECTION    MM
  AVERAGE WIND SPEED     6.2


SKY COVER
  POSSIBLE SUNSHINE  MM
  AVERAGE SKY COVER 0.8


WEATHER CONDITIONS
 THE FOLLOWING WEATHER WAS RECORDED TODAY.
  LIGHT SNOW


RELATIVE HUMIDITY (PERCENT)
 HIGHEST    92           600 AM
 LOWEST     57           300 PM
 AVERAGE    75

..........................................................


THE RIVERTON WY CLIMATE NORMALS FOR TOMORROW
                         NORMAL    RECORD    YEAR
 MAXIMUM TEMPERATURE (F)   42        60      2008
 MINIMUM TEMPERATURE (F)   18        -3      1996


SUNRISE AND SUNSET
FEBRUARY 28 2015......SUNRISE   652 AM MST   SUNSET   602 PM MST
MARCH  1 2015.........SUNRISE   650 AM MST   SUNSET   603 PM MST


-  INDICATES NEGATIVE NUMBERS.
R  INDICATES RECORD WAS SET OR TIED.
MM INDICATES DATA IS MISSING.
T  INDICATES TRACE AMOUNT.




$$
