139
CDUS45 KRIW 260739
CLIRIW


CLIMATE REPORT
NATIONAL WEATHER SERVICE RIVERTON WY
135 AM MDT FRI MAY 26 2017


...................................

...THE RIVERTON WY CLIMATE SUMMARY FOR MAY 25 2017...

CLIMATE NORMAL PERIOD 1981 TO 2010
CLIMATE RECORD PERIOD 1995 TO 2017


WEATHER ITEM   OBSERVED TIME   RECORD YEAR NORMAL DEPARTURE LAST
                VALUE   (LST)  VALUE       VALUE  FROM      YEAR
                                                  NORMAL
..................................................................
TEMPERATURE (F)
 YESTERDAY
  MAXIMUM         64    110 PM  86    2006  70     -6       65
  MINIMUM         46   1132 PM  33    2010  43      3       40
  AVERAGE         55                        57     -2       53

PRECIPITATION (IN)
  YESTERDAY        0.00          0.42 2012   0.05  -0.05     0.05
  MONTH TO DATE    1.30                      1.45  -0.15     2.73
  SINCE MAR 1      8.20                      3.30   4.90     8.17
  SINCE JAN 1     10.06                      3.81   6.25     8.85

SNOWFALL (IN)
  YESTERDAY        0.0                                       0.0
  MONTH TO DATE    4.2                                        T
  SINCE MAR 1     18.7                                      34.2
  SINCE JUL 1     66.4                                      62.4
  SNOW DEPTH       0

DEGREE DAYS
 HEATING
  YESTERDAY       10                         9      1       12
  MONTH TO DATE  309                       305      4      349
  SINCE MAR 1   1640                      1847   -207     1721
  SINCE JUL 1   7514                      7701   -187     7042

 COOLING
  YESTERDAY        0                         0      0        0
  MONTH TO DATE    0                         0      0        0
  SINCE MAR 1      0                         0      0        0
  SINCE JAN 1      0                         0      0        0
..................................................................


WIND (MPH)
  HIGHEST WIND SPEED    35   HIGHEST WIND DIRECTION     W (280)
  HIGHEST GUST SPEED    43   HIGHEST GUST DIRECTION     W (280)
  AVERAGE WIND SPEED    13.7


SKY COVER
  POSSIBLE SUNSHINE  MM
  AVERAGE SKY COVER 0.4


WEATHER CONDITIONS
 THE FOLLOWING WEATHER WAS RECORDED YESTERDAY.
  NO SIGNIFICANT WEATHER WAS OBSERVED.


RELATIVE HUMIDITY (PERCENT)
 HIGHEST    50          1100 PM
 LOWEST     16          1200 PM
 AVERAGE    33

..........................................................


THE RIVERTON WY CLIMATE NORMALS FOR TODAY
                         NORMAL    RECORD    YEAR
 MAXIMUM TEMPERATURE (F)   70        87      2006
                                             2003
 MINIMUM TEMPERATURE (F)   43        34      2012


SUNRISE AND SUNSET
MAY 26 2017...........SUNRISE   541 AM MDT   SUNSET   842 PM MDT
MAY 27 2017...........SUNRISE   540 AM MDT   SUNSET   843 PM MDT


-  INDICATES NEGATIVE NUMBERS.
R  INDICATES RECORD WAS SET OR TIED.
MM INDICATES DATA IS MISSING.
T  INDICATES TRACE AMOUNT.




$$
