000
CDUS45 KRIW 020737
CLIRIW


CLIMATE REPORT
NATIONAL WEATHER SERVICE RIVERTON WY
135 AM MDT THU JUL 2 2015


...................................

...THE RIVERTON WY CLIMATE SUMMARY FOR JULY 1 2015...

CLIMATE NORMAL PERIOD 1981 TO 2010
CLIMATE RECORD PERIOD 1995 TO 2015


WEATHER ITEM   OBSERVED TIME   RECORD YEAR NORMAL DEPARTURE LAST
                VALUE   (LST)  VALUE       VALUE  FROM      YEAR
                                                  NORMAL
..................................................................
TEMPERATURE (F)
 YESTERDAY
  MAXIMUM         92    155 PM 100    2012  84      8       74
  MINIMUM         59    430 AM  42    1999  53      6       47
  AVERAGE         76                        68      8       61

PRECIPITATION (IN)
  YESTERDAY        T             0.16 2009   0.04  -0.04     0.00
  MONTH TO DATE    T                         0.04  -0.04     0.00
  SINCE JUN 1      0.79                      1.32  -0.53     1.12
  SINCE JAN 1      7.64                      5.40   2.24     3.44

SNOWFALL (IN)
  YESTERDAY        0.0                                       0.0
  MONTH TO DATE    0.0                                       0.0
  SINCE JUN 1      T                                         0.0
  SINCE JUL 1      0.0                                       0.0
  SNOW DEPTH       0

DEGREE DAYS
 HEATING
  YESTERDAY        0                         1     -1        4
  MONTH TO DATE    0                         1     -1        4
  SINCE JUN 1     23                       120    -97      130
  SINCE JUL 1      0                         1     -1        4

 COOLING
  YESTERDAY       11                         5      6        0
  MONTH TO DATE   11                         5      6        0
  SINCE JUN 1    142                        71     71       23
  SINCE JAN 1    142                        80     62       38
..................................................................


WIND (MPH)
  HIGHEST WIND SPEED    28   HIGHEST WIND DIRECTION     N (20)
  HIGHEST GUST SPEED    35   HIGHEST GUST DIRECTION     N (10)
  AVERAGE WIND SPEED     5.9


SKY COVER
  POSSIBLE SUNSHINE  MM
  AVERAGE SKY COVER 0.1


WEATHER CONDITIONS
 THE FOLLOWING WEATHER WAS RECORDED YESTERDAY.
  THUNDERSTORM


RELATIVE HUMIDITY (PERCENT)
 HIGHEST    78           200 AM
 LOWEST     20           200 PM
 AVERAGE    49

..........................................................


THE RIVERTON WY CLIMATE NORMALS FOR TODAY
                         NORMAL    RECORD    YEAR
 MAXIMUM TEMPERATURE (F)   84        99      2007
 MINIMUM TEMPERATURE (F)   54        44      1997


SUNRISE AND SUNSET
JULY  2 2015..........SUNRISE   539 AM MDT   SUNSET   857 PM MDT
JULY  3 2015..........SUNRISE   539 AM MDT   SUNSET   856 PM MDT


-  INDICATES NEGATIVE NUMBERS.
R  INDICATES RECORD WAS SET OR TIED.
MM INDICATES DATA IS MISSING.
T  INDICATES TRACE AMOUNT.




$$
