000
CDUS45 KRIW 200040
CLIRIW


CLIMATE REPORT
NATIONAL WEATHER SERVICE RIVERTON WY
539 PM MST FRI JAN 19 2018


...................................

...THE RIVERTON WY CLIMATE SUMMARY FOR JANUARY 19 2018...
VALID TODAY AS OF 0500 PM LOCAL TIME.

CLIMATE NORMAL PERIOD 1981 TO 2010
CLIMATE RECORD PERIOD 1995 TO 2018


WEATHER ITEM   OBSERVED TIME   RECORD YEAR NORMAL DEPARTURE LAST
                VALUE   (LST)  VALUE       VALUE  FROM      YEAR
                                                  NORMAL
..................................................................
TEMPERATURE (F)
 TODAY
  MAXIMUM         48        MM  57    2009  31     17       21
  MINIMUM         22    300 AM  -5    2008   9     13        1
  AVERAGE         35                        20     15       11

PRECIPITATION (IN)
  TODAY            0.00          0.02 2011   0.01  -0.01     0.00
  MONTH TO DATE    T                         0.16  -0.16     0.34
  SINCE DEC 1      0.64                      0.48   0.16     1.11
  SINCE JAN 1      T                         0.16  -0.16     0.34

SNOWFALL (IN)
  TODAY            0.0                                       0.0
  MONTH TO DATE    0.6                                       5.9
  SINCE DEC 1     12.2                                      18.5
  SINCE JUL 1     19.5                                      22.9
  SNOW DEPTH       1

DEGREE DAYS
 HEATING
  TODAY           30                        45    -15       54
  MONTH TO DATE  845                       861    -16     1139
  SINCE DEC 1   2132                      2262   -130     2669
  SINCE JUL 1   3966                      4178   -212     4265

 COOLING
  TODAY            0                         0      0        0
  MONTH TO DATE    0                         0      0        0
  SINCE DEC 1      0                         0      0        0
  SINCE JAN 1      0                         0      0        0
..................................................................


WIND (MPH)
  HIGHEST WIND SPEED    23   HIGHEST WIND DIRECTION     S (200)
  HIGHEST GUST SPEED    30   HIGHEST GUST DIRECTION     S (200)
  AVERAGE WIND SPEED     8.3


SKY COVER
  POSSIBLE SUNSHINE  MM
  AVERAGE SKY COVER 0.1


WEATHER CONDITIONS
 THE FOLLOWING WEATHER WAS RECORDED TODAY.
  NO SIGNIFICANT WEATHER WAS OBSERVED.


RELATIVE HUMIDITY (PERCENT)
 HIGHEST    81           400 AM
 LOWEST     49          1200 PM
 AVERAGE    65

..........................................................


THE RIVERTON WY CLIMATE NORMALS FOR TOMORROW
                         NORMAL    RECORD    YEAR
 MAXIMUM TEMPERATURE (F)   31        48      2012
                                             2005
 MINIMUM TEMPERATURE (F)    9        -4      2008


SUNRISE AND SUNSET
JANUARY 19 2018.......SUNRISE   740 AM MST   SUNSET   510 PM MST
JANUARY 20 2018.......SUNRISE   739 AM MST   SUNSET   511 PM MST


-  INDICATES NEGATIVE NUMBERS.
R  INDICATES RECORD WAS SET OR TIED.
MM INDICATES DATA IS MISSING.
T  INDICATES TRACE AMOUNT.




$$
