000
CDUS45 KRIW 010738
CLIRKS


CLIMATE REPORT
NATIONAL WEATHER SERVICE RIVERTON WY
127 AM MDT SUN MAY 1 2016


...................................

...THE ROCK SPRINGS WY CLIMATE SUMMARY FOR APRIL 30 2016...

CLIMATE NORMAL PERIOD 1981 TO 2010
CLIMATE RECORD PERIOD 1948 TO 2016


WEATHER ITEM   OBSERVED TIME   RECORD YEAR NORMAL DEPARTURE LAST
                VALUE   (LST)  VALUE       VALUE  FROM      YEAR
                                                  NORMAL
..................................................................
TEMPERATURE (F)
 YESTERDAY
  MAXIMUM         40    138 PM  76    1992  58    -18       70
  MINIMUM         31    535 AM  15    1967  33     -2       44
  AVERAGE         36                        46    -10       57

PRECIPITATION (IN)
  YESTERDAY        T             0.17 1999   0.04  -0.04     0.00
  MONTH TO DATE    1.48                      0.91   0.57     0.67
  SINCE MAR 1      2.04                      1.59   0.45     0.89
  SINCE JAN 1      2.26                      2.52  -0.26     0.98

DEGREE DAYS
 HEATING
  YESTERDAY       29                        19     10        8
  MONTH TO DATE  651                       703    -52      672
  SINCE MAR 1   1558                      1680   -122     1445
  SINCE JUL 1   7075                      7532   -457     6558

 COOLING
  YESTERDAY        0                         0      0        0
  MONTH TO DATE    0                         0      0        0
  SINCE MAR 1      0                         0      0        0
  SINCE JAN 1      0                         0      0        0
..................................................................


WIND (MPH)
  HIGHEST WIND SPEED    30   HIGHEST WIND DIRECTION    NE (50)
  HIGHEST GUST SPEED    37   HIGHEST GUST DIRECTION     E (70)
  AVERAGE WIND SPEED    18.5


SKY COVER
  POSSIBLE SUNSHINE  MM
  AVERAGE SKY COVER 0.9


WEATHER CONDITIONS
 THE FOLLOWING WEATHER WAS RECORDED YESTERDAY.
  LIGHT SNOW
  FOG
  HAZE


RELATIVE HUMIDITY (PERCENT)
 HIGHEST    92           400 AM
 LOWEST     75           600 PM
 AVERAGE    84

..........................................................


THE ROCK SPRINGS WY CLIMATE NORMALS FOR TODAY
                         NORMAL    RECORD    YEAR
 MAXIMUM TEMPERATURE (F)   59        75      1985
 MINIMUM TEMPERATURE (F)   33        14      1967


SUNRISE AND SUNSET
MAY  1 2016...........SUNRISE   612 AM MDT   SUNSET   815 PM MDT
MAY  2 2016...........SUNRISE   611 AM MDT   SUNSET   816 PM MDT


-  INDICATES NEGATIVE NUMBERS.
R  INDICATES RECORD WAS SET OR TIED.
MM INDICATES DATA IS MISSING.
T  INDICATES TRACE AMOUNT.




$$
