000
CDUS45 KRIW 050748
CLIRKS


CLIMATE REPORT
NATIONAL WEATHER SERVICE RIVERTON WY
1235 AM MST THU MAR 5 2015


...................................

...THE ROCK SPRINGS WY CLIMATE SUMMARY FOR MARCH 4 2015...

CLIMATE NORMAL PERIOD 1981 TO 2010
CLIMATE RECORD PERIOD 1948 TO 2015


WEATHER ITEM   OBSERVED TIME   RECORD YEAR NORMAL DEPARTURE LAST
                VALUE   (LST)  VALUE       VALUE  FROM      YEAR
                                                  NORMAL
..................................................................
TEMPERATURE (F)
 YESTERDAY
  MAXIMUM         22    449 PM  55    2009  39    -17       41
                                      1986
  MINIMUM         -3    203 AM  -7    1989  20    -23       30
  AVERAGE         10                        30    -20       36

PRECIPITATION (IN)
  YESTERDAY        T             0.17 1984   0.02  -0.02     0.06
  MONTH TO DATE    0.13                      0.07   0.06     0.07
  SINCE MAR 1      0.13                      0.07   0.06     0.07
  SINCE JAN 1      0.22                      1.00  -0.78     0.22

DEGREE DAYS
 HEATING
  YESTERDAY       55                        35     20       29
  MONTH TO DATE  192                       144     48      123
  SINCE MAR 1    192                       144     48      123
  SINCE JUL 1   5305                      5996   -691     5575

 COOLING
  YESTERDAY        0                         0      0        0
  MONTH TO DATE    0                         0      0        0
  SINCE MAR 1      0                         0      0        0
  SINCE JAN 1      0                         0      0        0
..................................................................


WIND (MPH)
  HIGHEST WIND SPEED    22   HIGHEST WIND DIRECTION     W (270)
  HIGHEST GUST SPEED    28   HIGHEST GUST DIRECTION     W (280)
  AVERAGE WIND SPEED     8.9


SKY COVER
  POSSIBLE SUNSHINE  MM
  AVERAGE SKY COVER 0.4


WEATHER CONDITIONS
 THE FOLLOWING WEATHER WAS RECORDED YESTERDAY.
  LIGHT SNOW
  FOG


RELATIVE HUMIDITY (PERCENT)
 HIGHEST    91           600 AM
 LOWEST     61           700 PM
 AVERAGE    76

..........................................................


THE ROCK SPRINGS WY CLIMATE NORMALS FOR TODAY
                         NORMAL    RECORD    YEAR
 MAXIMUM TEMPERATURE (F)   40        57      1987
 MINIMUM TEMPERATURE (F)   20        -4      1966


SUNRISE AND SUNSET
MARCH  5 2015.........SUNRISE   645 AM MST   SUNSET   611 PM MST
MARCH  6 2015.........SUNRISE   643 AM MST   SUNSET   612 PM MST


-  INDICATES NEGATIVE NUMBERS.
R  INDICATES RECORD WAS SET OR TIED.
MM INDICATES DATA IS MISSING.
T  INDICATES TRACE AMOUNT.




$$
