000
CDUS45 KRIW 290739
CLIRKS


CLIMATE REPORT
NATIONAL WEATHER SERVICE RIVERTON WY
137 AM MDT THU SEP 29 2016


...................................

...THE ROCK SPRINGS WY CLIMATE SUMMARY FOR SEPTEMBER 28 2016...

CLIMATE NORMAL PERIOD 1981 TO 2010
CLIMATE RECORD PERIOD 1948 TO 2016


WEATHER ITEM   OBSERVED TIME   RECORD YEAR NORMAL DEPARTURE LAST
                VALUE   (LST)  VALUE       VALUE  FROM      YEAR
                                                  NORMAL
..................................................................
TEMPERATURE (F)
 YESTERDAY
  MAXIMUM         75    404 PM  84    2010  65     10       75
  MINIMUM         42    541 AM  20    1985  38      4       48
  AVERAGE         59                        51      8       62

PRECIPITATION (IN)
  YESTERDAY        0.00          0.32 2014   0.04  -0.04     0.03
  MONTH TO DATE    1.59                      0.86   0.73     0.58
  SINCE SEP 1      1.59                      0.86   0.73     0.58
  SINCE JAN 1      6.76                      6.64   0.12     8.26

DEGREE DAYS
 HEATING
  YESTERDAY        6                        14     -8        3
  MONTH TO DATE  226                       235     -9      104
  SINCE SEP 1    226                       235     -9      104
  SINCE JUL 1    285                       299    -14      159

 COOLING
  YESTERDAY        0                         0      0        0
  MONTH TO DATE   12                         7      5       16
  SINCE SEP 1     12                         7      5       16
  SINCE JAN 1    354                       284     70      268
..................................................................


WIND (MPH)
  HIGHEST WIND SPEED    13   HIGHEST WIND DIRECTION     E (70)
  HIGHEST GUST SPEED    17   HIGHEST GUST DIRECTION    NE (60)
  AVERAGE WIND SPEED     5.3


SKY COVER
  POSSIBLE SUNSHINE  MM
  AVERAGE SKY COVER 0.0


WEATHER CONDITIONS
 THE FOLLOWING WEATHER WAS RECORDED YESTERDAY.
  LIGHT RAIN


RELATIVE HUMIDITY (PERCENT)
 HIGHEST    70           600 AM
 LOWEST     17           200 PM
 AVERAGE    44

..........................................................


THE ROCK SPRINGS WY CLIMATE NORMALS FOR TODAY
                         NORMAL    RECORD    YEAR
 MAXIMUM TEMPERATURE (F)   64        82      1969
 MINIMUM TEMPERATURE (F)   38        18      1985


SUNRISE AND SUNSET
SEPTEMBER 29 2016.....SUNRISE   712 AM MDT   SUNSET   700 PM MDT
SEPTEMBER 30 2016.....SUNRISE   713 AM MDT   SUNSET   659 PM MDT


-  INDICATES NEGATIVE NUMBERS.
R  INDICATES RECORD WAS SET OR TIED.
MM INDICATES DATA IS MISSING.
T  INDICATES TRACE AMOUNT.




$$
