000
CDUS45 KRIW 030035
CLIRKS


CLIMATE REPORT
NATIONAL WEATHER SERVICE RIVERTON WY
628 PM MDT WED SEP 2 2015


...................................

...THE ROCK SPRINGS WY CLIMATE SUMMARY FOR SEPTEMBER 2 2015...
VALID TODAY AS OF 0500 PM LOCAL TIME.

CLIMATE NORMAL PERIOD 1981 TO 2010
CLIMATE RECORD PERIOD 1948 TO 2015


WEATHER ITEM   OBSERVED TIME   RECORD YEAR NORMAL DEPARTURE LAST
                VALUE   (LST)  VALUE       VALUE  FROM      YEAR
                                                  NORMAL
..................................................................
TEMPERATURE (F)
 TODAY
  MAXIMUM         81        MM  88    1967  76      5       80
  MINIMUM         54        MM  32    1973  48      6       45
  AVERAGE         68                        62      6       63

PRECIPITATION (IN)
  TODAY            0.00                      0.02  -0.02     0.00
  MONTH TO DATE    0.22                      0.05   0.17     0.00
  SINCE SEP 1      0.22                      0.05   0.17     0.00
  SINCE JAN 1      7.90                      5.83   2.07     2.48

DEGREE DAYS
 HEATING
  TODAY            0                         4     -4        2
  MONTH TO DATE    0                         8     -8       10
  SINCE SEP 1      0                         8     -8       10
  SINCE JUL 1     55                        72    -17      101

 COOLING
  TODAY            3                         1      2        0
  MONTH TO DATE    5                         2      3        0
  SINCE SEP 1      5                         2      3        0
  SINCE JAN 1    257                       279    -22      299
..................................................................


WIND (MPH)
  HIGHEST WIND SPEED    20   HIGHEST WIND DIRECTION    SW (240)
  HIGHEST GUST SPEED    24   HIGHEST GUST DIRECTION    SW (240)
  AVERAGE WIND SPEED     8.1


SKY COVER
  POSSIBLE SUNSHINE  MM
  AVERAGE SKY COVER 0.2


WEATHER CONDITIONS
 THE FOLLOWING WEATHER WAS RECORDED TODAY.
  NO SIGNIFICANT WEATHER WAS OBSERVED.


RELATIVE HUMIDITY (PERCENT)
 HIGHEST    57          1200 AM
 LOWEST     19           100 PM
 AVERAGE    38

..........................................................


THE ROCK SPRINGS WY CLIMATE NORMALS FOR TOMORROW
                         NORMAL    RECORD    YEAR
 MAXIMUM TEMPERATURE (F)   76        89      1950
 MINIMUM TEMPERATURE (F)   48        30      1961


SUNRISE AND SUNSET
SEPTEMBER  2 2015.....SUNRISE   643 AM MDT   SUNSET   748 PM MDT
SEPTEMBER  3 2015.....SUNRISE   644 AM MDT   SUNSET   746 PM MDT


-  INDICATES NEGATIVE NUMBERS.
R  INDICATES RECORD WAS SET OR TIED.
MM INDICATES DATA IS MISSING.
T  INDICATES TRACE AMOUNT.




$$
