000
CDUS45 KRIW 200740
CLIRKS


CLIMATE REPORT
NATIONAL WEATHER SERVICE RIVERTON WY
136 AM MDT WED AUG 20 2014


...................................

...THE ROCK SPRINGS WY CLIMATE SUMMARY FOR AUGUST 19 2014...

CLIMATE NORMAL PERIOD 1981 TO 2010
CLIMATE RECORD PERIOD 1948 TO 2014


WEATHER ITEM   OBSERVED TIME   RECORD YEAR NORMAL DEPARTURE LAST
                VALUE   (LST)  VALUE       VALUE  FROM      YEAR
                                                  NORMAL
..................................................................
TEMPERATURE (F)
 YESTERDAY
  MAXIMUM         67    244 PM  90    2013  81    -14       90
                                      1973
  MINIMUM         53   1159 PM  38    1978  52      1       60
  AVERAGE         60                        66     -6       75

PRECIPITATION (IN)
  YESTERDAY        T             0.41 1956   0.02  -0.02     0.00
  MONTH TO DATE    0.30                      0.37  -0.07     0.27
  SINCE JUN 1      0.95                      1.80  -0.85     0.48
  SINCE JAN 1      2.26                      5.53  -3.27     1.97

DEGREE DAYS
 HEATING
  YESTERDAY        5                         1      4        0
  MONTH TO DATE    8                        13     -5        0
  SINCE JUN 1    169                       204    -35       62
  SINCE JUL 1     22                        37    -15        0

 COOLING
  YESTERDAY        0                         3     -3       10
  MONTH TO DATE   70                        76     -6      105
  SINCE JUN 1    292                       255     37      422
  SINCE JAN 1    299                       256     43      423
..................................................................


WIND (MPH)
  HIGHEST WIND SPEED    29   HIGHEST WIND DIRECTION    SW (230)
  HIGHEST GUST SPEED    34   HIGHEST GUST DIRECTION    SW (210)
  AVERAGE WIND SPEED     8.0


SKY COVER
  POSSIBLE SUNSHINE  MM
  AVERAGE SKY COVER 0.5


WEATHER CONDITIONS
 THE FOLLOWING WEATHER WAS RECORDED YESTERDAY.
  THUNDERSTORM
  LIGHT RAIN


RELATIVE HUMIDITY (PERCENT)
 HIGHEST    83           900 PM
 LOWEST     26          1200 AM
 AVERAGE    55

..........................................................


THE ROCK SPRINGS WY CLIMATE NORMALS FOR TODAY
                         NORMAL    RECORD    YEAR
 MAXIMUM TEMPERATURE (F)   81        90      2003
 MINIMUM TEMPERATURE (F)   52        36      1964


SUNRISE AND SUNSET
AUGUST 20 2014........SUNRISE   630 AM MDT   SUNSET   808 PM MDT
AUGUST 21 2014........SUNRISE   631 AM MDT   SUNSET   807 PM MDT


-  INDICATES NEGATIVE NUMBERS.
R  INDICATES RECORD WAS SET OR TIED.
MM INDICATES DATA IS MISSING.
T  INDICATES TRACE AMOUNT.




$$
