000
CDUS45 KRIW 100744
CLIRKS


CLIMATE REPORT
NATIONAL WEATHER SERVICE RIVERTON WY
1235 AM MST WED FEB 10 2016


...................................

...THE ROCK SPRINGS WY CLIMATE SUMMARY FOR FEBRUARY 9 2016...

CLIMATE NORMAL PERIOD 1981 TO 2010
CLIMATE RECORD PERIOD 1948 TO 2016


WEATHER ITEM   OBSERVED TIME   RECORD YEAR NORMAL DEPARTURE LAST
                VALUE   (LST)  VALUE       VALUE  FROM      YEAR
                                                  NORMAL
..................................................................
TEMPERATURE (F)
 YESTERDAY
  MAXIMUM         40    430 PM  53    2015  32      8       53
  MINIMUM         26    715 AM -22    2001  13     13       26
  AVERAGE         33                        22     11       40

PRECIPITATION (IN)
  YESTERDAY        0.00          0.21 1959   0.02  -0.02      T
  MONTH TO DATE    0.01                      0.16  -0.15     0.05
  SINCE DEC 1      0.08                      1.11  -1.03     0.17
  SINCE JAN 1      0.04                      0.61  -0.57     0.06

DEGREE DAYS
 HEATING
  YESTERDAY       32                        43    -11       25
  MONTH TO DATE  402                       387     15      231
  SINCE DEC 1   3241                      3098    143     2593
  SINCE JUL 1   4907                      5091   -184     4409

 COOLING
  YESTERDAY        0                         0      0        0
  MONTH TO DATE    0                         0      0        0
  SINCE DEC 1      0                         0      0        0
  SINCE JAN 1      0                         0      0        0
..................................................................


WIND (MPH)
  HIGHEST WIND SPEED    25   HIGHEST WIND DIRECTION    SW (230)
  HIGHEST GUST SPEED    28   HIGHEST GUST DIRECTION    SW (230)
  AVERAGE WIND SPEED    16.9


SKY COVER
  POSSIBLE SUNSHINE  MM
  AVERAGE SKY COVER 0.0


WEATHER CONDITIONS
 THE FOLLOWING WEATHER WAS RECORDED YESTERDAY.
  NO SIGNIFICANT WEATHER WAS OBSERVED.


RELATIVE HUMIDITY (PERCENT)
 HIGHEST    81           400 AM
 LOWEST     56           900 PM
 AVERAGE    69

..........................................................


THE ROCK SPRINGS WY CLIMATE NORMALS FOR TODAY
                         NORMAL    RECORD    YEAR
 MAXIMUM TEMPERATURE (F)   32        57      1951
 MINIMUM TEMPERATURE (F)   14       -13      1981


SUNRISE AND SUNSET
FEBRUARY 10 2016......SUNRISE   718 AM MST   SUNSET   543 PM MST
FEBRUARY 11 2016......SUNRISE   717 AM MST   SUNSET   544 PM MST


-  INDICATES NEGATIVE NUMBERS.
R  INDICATES RECORD WAS SET OR TIED.
MM INDICATES DATA IS MISSING.
T  INDICATES TRACE AMOUNT.




$$
