000
CDUS45 KRIW 300033
CLIRKS


CLIMATE REPORT
NATIONAL WEATHER SERVICE RIVERTON WY
633 PM MDT SUN MAR 29 2015


...................................

...THE ROCK SPRINGS WY CLIMATE SUMMARY FOR MARCH 29 2015...
VALID TODAY AS OF 0500 PM LOCAL TIME.

CLIMATE NORMAL PERIOD 1981 TO 2010
CLIMATE RECORD PERIOD 1948 TO 2015


WEATHER ITEM   OBSERVED TIME   RECORD YEAR NORMAL DEPARTURE LAST
                VALUE   (LST)  VALUE       VALUE  FROM      YEAR
                                                  NORMAL
..................................................................
TEMPERATURE (F)
 TODAY
  MAXIMUM         60        MM  67    1978  49     11       59
  MINIMUM         29        MM   0    1987  26      3       25
  AVERAGE         45                        37      8       42

PRECIPITATION (IN)
  TODAY            0.00                      0.03  -0.03     0.00
  MONTH TO DATE    0.22                      0.63  -0.41     0.38
  SINCE MAR 1      0.22                      0.63  -0.41     0.38
  SINCE JAN 1      0.31                      1.56  -1.25     0.53

DEGREE DAYS
 HEATING
  TODAY           20                        28     -8       23
  MONTH TO DATE  742                       922   -180      828
  SINCE MAR 1    742                       922   -180      828
  SINCE JUL 1   5855                      6774   -919     6280

 COOLING
  TODAY            0                         0      0        0
  MONTH TO DATE    0                         0      0        0
  SINCE MAR 1      0                         0      0        0
  SINCE JAN 1      0                         0      0        0
..................................................................


WIND (MPH)
  HIGHEST WIND SPEED    23   HIGHEST WIND DIRECTION     W (260)
  HIGHEST GUST SPEED    30   HIGHEST GUST DIRECTION     W (260)
  AVERAGE WIND SPEED     9.3


SKY COVER
  POSSIBLE SUNSHINE  MM
  AVERAGE SKY COVER 0.0


WEATHER CONDITIONS
 THE FOLLOWING WEATHER WAS RECORDED TODAY.
  NO SIGNIFICANT WEATHER WAS OBSERVED.


RELATIVE HUMIDITY (PERCENT)
 HIGHEST    54           700 AM
 LOWEST     12           300 PM
 AVERAGE    33

..........................................................


THE ROCK SPRINGS WY CLIMATE NORMALS FOR TOMORROW
                         NORMAL    RECORD    YEAR
 MAXIMUM TEMPERATURE (F)   49        67      1978
 MINIMUM TEMPERATURE (F)   26         6      1977


SUNRISE AND SUNSET
MARCH 29 2015.........SUNRISE   705 AM MDT   SUNSET   738 PM MDT
MARCH 30 2015.........SUNRISE   703 AM MDT   SUNSET   739 PM MDT


-  INDICATES NEGATIVE NUMBERS.
R  INDICATES RECORD WAS SET OR TIED.
MM INDICATES DATA IS MISSING.
T  INDICATES TRACE AMOUNT.




$$
