000
CDUS41 KRNK 290551
CLIRNK


CLIMATE REPORT
NATIONAL WEATHER SERVICE BLACKSBURG VA
148 AM EDT SUN MAY 29 2016


...................................

...THE BLACKSBURG VA CLIMATE SUMMARY FOR MAY 28 2016...

CLIMATE NORMAL PERIOD 1981 TO 2010
CLIMATE RECORD PERIOD 1952 TO 2016


WEATHER ITEM   OBSERVED RECORD YEAR NORMAL DEPARTURE LAST
                VALUE   VALUE       VALUE  FROM      YEAR
                                           NORMAL
...........................................................
TEMPERATURE (F)
 YESTERDAY
  MAXIMUM         83     87    1955  74      9       82
  MINIMUM         57     35    1972  51      6       58
  AVERAGE         70                 63      7       70

PRECIPITATION (IN)
  YESTERDAY        0.00   2.60 1973   0.16  -0.16     0.06
  MONTH TO DATE    4.46               3.86   0.60     2.00
  SINCE MAR 1      8.78              10.98  -2.20    11.87
  SINCE JAN 1     15.92              16.87  -0.95    15.29

SNOWFALL (IN)
  YESTERDAY        0.0                                0.0
  MONTH TO DATE    0.0                                0.0
  SINCE MAR 1      1.6                                4.4
  SINCE JUL 1     25.6                               27.8
  SNOW DEPTH       0

DEGREE DAYS
 HEATING
  YESTERDAY        0                  4     -4        0
  MONTH TO DATE  172                192    -20       78
  SINCE MAR 1   1019               1349   -330     1083
  SINCE JUL 1   4454               5397   -943     5209

 COOLING
  YESTERDAY        5                  2      3        5
  MONTH TO DATE   26                 18      8       62
  SINCE MAR 1     36                 21     15       62
  SINCE JAN 1     36                 21     15       62
...........................................................


WIND (MPH)
  HIGHEST WIND SPEED    10   HIGHEST WIND DIRECTION    SE (120)
  HIGHEST GUST SPEED    MM   HIGHEST GUST DIRECTION    MM
  AVERAGE WIND SPEED     1.8


SKY COVER
  AVERAGE SKY COVER 0.2


WEATHER CONDITIONS
 THE FOLLOWING WEATHER WAS RECORDED YESTERDAY.
  FOG


RELATIVE HUMIDITY (PERCENT)
 HIGHEST   100           500 AM
 LOWEST     47           400 PM
 AVERAGE    74

..........................................................


THE BLACKSBURG VA CLIMATE NORMALS FOR TODAY
                         NORMAL    RECORD    YEAR
 MAXIMUM TEMPERATURE (F)   75        87      2006
 MINIMUM TEMPERATURE (F)   51        41      1994


SUNRISE AND SUNSET
MAY 29 2016...........SUNRISE   604 AM EDT   SUNSET   835 PM EDT
MAY 30 2016...........SUNRISE   604 AM EDT   SUNSET   835 PM EDT


-  INDICATES NEGATIVE NUMBERS.
R  INDICATES RECORD WAS SET OR TIED.
MM INDICATES DATA IS MISSING.
T  INDICATES TRACE AMOUNT.

$$
RCS
