000
CDUS41 KRNK 302107
CLIRNK


CLIMATE REPORT
NATIONAL WEATHER SERVICE BLACKSBURG VA
506 PM EDT SUN AUG 30 2015


...................................

...THE BLACKSBURG VA CLIMATE SUMMARY FOR AUGUST 30 2015...
VALID TODAY AS OF 0500 PM LOCAL TIME.

CLIMATE NORMAL PERIOD 1981 TO 2010
CLIMATE RECORD PERIOD 1952 TO 2015


WEATHER ITEM   OBSERVED RECORD YEAR NORMAL DEPARTURE LAST
                VALUE   VALUE       VALUE  FROM      YEAR
                                           NORMAL
...........................................................
TEMPERATURE (F)
 TODAY
  MAXIMUM         80     94    1953  80      0       85
  MINIMUM         60     38    1986  57      3       64
  AVERAGE         70                 68      2       75

PRECIPITATION (IN)
  TODAY            0.00   0.58 2001   0.11  -0.11     0.00
  MONTH TO DATE    4.08               3.49   0.59     5.95
  SINCE JUN 1     11.82              11.75   0.07    10.94
  SINCE JAN 1     27.35              29.09  -1.74    25.77

SNOWFALL (IN)
  TODAY            0.0                                0.0
  MONTH TO DATE    0.0                                0.0
  SINCE JUN 1      T                                   T
  SINCE JUL 1      T                                  0.0
  SNOW DEPTH       0

DEGREE DAYS
 HEATING
  TODAY            0                  1     -1        0
  MONTH TO DATE    1                  5     -4        3
  SINCE JUN 1     12                 49    -37       14
  SINCE JUL 1      1                 11    -10       11

 COOLING
  TODAY            5                  4      1       10
  MONTH TO DATE  185                165     20      116
  SINCE JUN 1    643                480    163      462
  SINCE JAN 1    719                509    210      520
...........................................................


WIND (MPH)
  HIGHEST WIND SPEED     5   HIGHEST WIND DIRECTION     S (170)
  HIGHEST GUST SPEED    MM   HIGHEST GUST DIRECTION    MM
  AVERAGE WIND SPEED     0.3


SKY COVER
  AVERAGE SKY COVER 0.3


WEATHER CONDITIONS
 THE FOLLOWING WEATHER WAS RECORDED TODAY.
  FOG


RELATIVE HUMIDITY (PERCENT)
 HIGHEST   100           200 AM
 LOWEST     56           200 PM
 AVERAGE    78

..........................................................


THE BLACKSBURG VA CLIMATE NORMALS FOR TOMORROW
                         NORMAL    RECORD    YEAR
 MAXIMUM TEMPERATURE (F)   80        95      1953
 MINIMUM TEMPERATURE (F)   57        39      1986


SUNRISE AND SUNSET
AUGUST 30 2015........SUNRISE   650 AM EDT   SUNSET   754 PM EDT
AUGUST 31 2015........SUNRISE   651 AM EDT   SUNSET   752 PM EDT


-  INDICATES NEGATIVE NUMBERS.
R  INDICATES RECORD WAS SET OR TIED.
MM INDICATES DATA IS MISSING.
T  INDICATES TRACE AMOUNT.




$$
