000
CDUS41 KRNK 232104
CLIRNK


CLIMATE REPORT
NATIONAL WEATHER SERVICE BLACKSBURG VA
504 PM EDT TUE AUG 23 2016


...................................

...THE BLACKSBURG VA CLIMATE SUMMARY FOR AUGUST 23 2016...
VALID TODAY AS OF 0500 PM LOCAL TIME.

CLIMATE NORMAL PERIOD 1981 TO 2010
CLIMATE RECORD PERIOD 1952 TO 2016


WEATHER ITEM   OBSERVED RECORD YEAR NORMAL DEPARTURE LAST
                VALUE   VALUE       VALUE  FROM      YEAR
                                           NORMAL
...........................................................
TEMPERATURE (F)
 TODAY
  MAXIMUM         79     99    1983  81     -2       82
  MINIMUM         54     47    1969  58     -4       62
  AVERAGE         67                 70     -3       72

PRECIPITATION (IN)
  TODAY            0.00   1.27 1967   0.12  -0.12      T
  MONTH TO DATE    4.15               2.72   1.43     4.08
  SINCE JUN 1     12.29              10.98   1.31    11.82
  SINCE JAN 1     28.31              28.32  -0.01    27.35

SNOWFALL (IN)
  TODAY            0.0                                0.0
  MONTH TO DATE    0.0                                0.0
  SINCE JUN 1      0.0                                 T
  SINCE JUL 1      0.0                                 T
  SNOW DEPTH       0

DEGREE DAYS
 HEATING
  TODAY            0                  0      0        0
  MONTH TO DATE    0                  0      0        0
  SINCE JUN 1     12                 44    -32       11
  SINCE JUL 1      0                  6     -6        0

 COOLING
  TODAY            2                  5     -3        7
  MONTH TO DATE  195                132     63      161
  SINCE JUN 1    652                447    205      619
  SINCE JAN 1    698                476    222      695
...........................................................


WIND (MPH)
  HIGHEST WIND SPEED     8   HIGHEST WIND DIRECTION     E (110)
  HIGHEST GUST SPEED    MM   HIGHEST GUST DIRECTION    MM
  AVERAGE WIND SPEED     1.6


SKY COVER
  AVERAGE SKY COVER 0.7


WEATHER CONDITIONS
 THE FOLLOWING WEATHER WAS RECORDED TODAY.
  FOG


RELATIVE HUMIDITY (PERCENT)
 HIGHEST   100           200 AM
 LOWEST     56           100 PM
 AVERAGE    78

..........................................................


THE BLACKSBURG VA CLIMATE NORMALS FOR TOMORROW
                         NORMAL    RECORD    YEAR
 MAXIMUM TEMPERATURE (F)   81        94      2007
 MINIMUM TEMPERATURE (F)   58        44      1997


SUNRISE AND SUNSET
AUGUST 23 2016........SUNRISE   645 AM EDT   SUNSET   802 PM EDT
AUGUST 24 2016........SUNRISE   646 AM EDT   SUNSET   801 PM EDT


-  INDICATES NEGATIVE NUMBERS.
R  INDICATES RECORD WAS SET OR TIED.
MM INDICATES DATA IS MISSING.
T  INDICATES TRACE AMOUNT.




$$
