000
CDUS41 KRNK 230854
CLIRNK


CLIMATE REPORT
NATIONAL WEATHER SERVICE BLACKSBURG VA
442 AM EDT TUE MAY 23 2017


...................................

...THE BLACKSBURG VA CLIMATE SUMMARY FOR MAY 22 2017...

CLIMATE NORMAL PERIOD 1981 TO 2010
CLIMATE RECORD PERIOD 1952 TO 2017


WEATHER ITEM   OBSERVED RECORD YEAR NORMAL DEPARTURE LAST
                VALUE   VALUE       VALUE  FROM      YEAR
                                           NORMAL
...........................................................
TEMPERATURE (F)
 YESTERDAY
  MAXIMUM         73     88    2009  73      0       68
  MINIMUM         54     28    2002  49      5       46
  AVERAGE         64                 61      3       57

PRECIPITATION (IN)
  YESTERDAY        0.62   1.62 2001   0.16   0.46     0.04
  MONTH TO DATE    3.81               2.92   0.89     4.19
  SINCE MAR 1     12.97              10.04   2.93     8.51
  SINCE JAN 1     18.75              15.93   2.82    15.65

SNOWFALL (IN)
  YESTERDAY        0.0                                0.0
  MONTH TO DATE    0.0                                0.0
  SINCE MAR 1      1.1                                1.6
  SINCE JUL 1      7.7                               25.6
  SNOW DEPTH       0

DEGREE DAYS
 HEATING
  YESTERDAY        1                  5     -4        8
  MONTH TO DATE  129                165    -36      160
  SINCE MAR 1   1047               1322   -275     1007
  SINCE JUL 1   4139               5370  -1231     4442

 COOLING
  YESTERDAY        0                  1     -1        0
  MONTH TO DATE   27                 11     16       11
  SINCE MAR 1     46                 14     32       21
  SINCE JAN 1     46                 14     32       21
...........................................................


WIND (MPH)
  HIGHEST WIND SPEED    10   HIGHEST WIND DIRECTION    NW (310)
  HIGHEST GUST SPEED    17   HIGHEST GUST DIRECTION     W (280)
  AVERAGE WIND SPEED     2.9


SKY COVER
  AVERAGE SKY COVER 0.6


WEATHER CONDITIONS
 THE FOLLOWING WEATHER WAS RECORDED YESTERDAY.
  HEAVY RAIN
  RAIN
  LIGHT RAIN
  FOG


RELATIVE HUMIDITY (PERCENT)
 HIGHEST    97           600 AM
 LOWEST     51           400 PM
 AVERAGE    74

..........................................................


THE BLACKSBURG VA CLIMATE NORMALS FOR TODAY
                         NORMAL    RECORD    YEAR
 MAXIMUM TEMPERATURE (F)   73        87      1953
 MINIMUM TEMPERATURE (F)   49        30      2002


SUNRISE AND SUNSET
MAY 23 2017...........SUNRISE   607 AM EDT   SUNSET   830 PM EDT
MAY 24 2017...........SUNRISE   607 AM EDT   SUNSET   831 PM EDT


-  INDICATES NEGATIVE NUMBERS.
R  INDICATES RECORD WAS SET OR TIED.
MM INDICATES DATA IS MISSING.
T  INDICATES TRACE AMOUNT.

$$

RAB
