000
CDUS41 KRNK 230814
CLIRNK


CLIMATE REPORT
NATIONAL WEATHER SERVICE BLACKSBURG VA
410 AM EDT SUN APR 23 2017


...................................

...THE BLACKSBURG VA CLIMATE SUMMARY FOR APRIL 22 2017...

CLIMATE NORMAL PERIOD 1981 TO 2010
CLIMATE RECORD PERIOD 1952 TO 2017


WEATHER ITEM   OBSERVED RECORD YEAR NORMAL DEPARTURE LAST
                VALUE   VALUE       VALUE  FROM      YEAR
                                           NORMAL
...........................................................
TEMPERATURE (F)
 YESTERDAY
  MAXIMUM         61     85    1985  65     -4       63
  MINIMUM         48     25    1983  40      8       50
  AVERAGE         55                 53      2       57

PRECIPITATION (IN)
  YESTERDAY        0.54   3.41 1992   0.12   0.42     0.41
  MONTH TO DATE    2.81               2.55   0.26     1.13
  SINCE MAR 1      6.05               6.19  -0.14     3.70
  SINCE JAN 1     11.83              12.08  -0.25    10.84

SNOWFALL (IN)
  YESTERDAY        0.0                                0.0
  MONTH TO DATE    0.1                                0.6
  SINCE MAR 1      1.1                                1.6
  SINCE JUL 1      7.7                               25.6
  SNOW DEPTH       0

DEGREE DAYS
 HEATING
  YESTERDAY       10                 12     -2        8
  MONTH TO DATE  201                341   -140      331
  SINCE MAR 1    868               1068   -200      816
  SINCE JUL 1   3960               5116  -1156     4251

 COOLING
  YESTERDAY        0                  0      0        0
  MONTH TO DATE    3                  0      3        0
  SINCE MAR 1      3                  0      3        0
  SINCE JAN 1      3                  0      3        0
...........................................................


WIND (MPH)
  HIGHEST WIND SPEED    12   HIGHEST WIND DIRECTION     E (90)
  HIGHEST GUST SPEED    17   HIGHEST GUST DIRECTION     E (100)
  AVERAGE WIND SPEED     2.2


SKY COVER
  AVERAGE SKY COVER 1.0


WEATHER CONDITIONS
 THE FOLLOWING WEATHER WAS RECORDED YESTERDAY.
  THUNDERSTORM
  RAIN
  LIGHT RAIN
  FOG


RELATIVE HUMIDITY (PERCENT)
 HIGHEST    97           100 AM
 LOWEST     84           400 PM
 AVERAGE    91

..........................................................


THE BLACKSBURG VA CLIMATE NORMALS FOR TODAY
                         NORMAL    RECORD    YEAR
 MAXIMUM TEMPERATURE (F)   66        85      1985
 MINIMUM TEMPERATURE (F)   40        20      1982


SUNRISE AND SUNSET
APRIL 23 2017.........SUNRISE   636 AM EDT   SUNSET   804 PM EDT
APRIL 24 2017.........SUNRISE   635 AM EDT   SUNSET   805 PM EDT


-  INDICATES NEGATIVE NUMBERS.
R  INDICATES RECORD WAS SET OR TIED.
MM INDICATES DATA IS MISSING.
T  INDICATES TRACE AMOUNT.




$$
