000
CDUS41 KRNK 302121
CLIRNK


CLIMATE REPORT
NATIONAL WEATHER SERVICE BLACKSBURG VA
516 PM EDT MON MAR 30 2015


...................................

...THE BLACKSBURG VA CLIMATE SUMMARY FOR MARCH 30 2015...
VALID TODAY AS OF 0500 PM LOCAL TIME.

CLIMATE NORMAL PERIOD 1981 TO 2010
CLIMATE RECORD PERIOD 1952 TO 2015


WEATHER ITEM   OBSERVED TIME   RECORD YEAR NORMAL DEPARTURE LAST
                VALUE   (LST)  VALUE       VALUE  FROM      YEAR
                                                  NORMAL
..................................................................
TEMPERATURE (F)
 TODAY
  MAXIMUM         56    300 PM  80    1998  58     -2       44
  MINIMUM         32   1200 AM  14    1964  34     -2       29
  AVERAGE         44                        46     -2       37

PRECIPITATION (IN)
  TODAY            0.02          1.48 2001   0.13  -0.11     0.03
  MONTH TO DATE    4.56                      3.51   1.05     2.42
  SINCE MAR 1      4.56                      3.51   1.05     2.42
  SINCE JAN 1      7.98                      9.40  -1.42     8.05

SNOWFALL (IN)
  TODAY            T
  MONTH TO DATE    4.4
  SINCE MAR 1      4.4
  SINCE JUL 1     27.8
  SNOW DEPTH       0

DEGREE DAYS
 HEATING
  TODAY           21                        19      2       28
  MONTH TO DATE  649                       708    -59      772
  SINCE MAR 1    649                       708    -59      772
  SINCE JUL 1   4775                      4756     19     4953

 COOLING
  TODAY            0                         0      0        0
  MONTH TO DATE    0                         0      0        0
  SINCE MAR 1      0                         0      0        0
  SINCE JAN 1      0                         0      0        0
..................................................................


WIND (MPH)
  HIGHEST WIND SPEED    21   HIGHEST WIND DIRECTION    NW (310)
  HIGHEST GUST SPEED    29   HIGHEST GUST DIRECTION     W (290)
  AVERAGE WIND SPEED     7.8


SKY COVER
  POSSIBLE SUNSHINE  MM
  AVERAGE SKY COVER 0.8


WEATHER CONDITIONS
 THE FOLLOWING WEATHER WAS RECORDED TODAY.
  LIGHT RAIN
  LIGHT SNOW


RELATIVE HUMIDITY (PERCENT)
 HIGHEST    93          1000 AM
 LOWEST     32           300 PM
 AVERAGE    63

..........................................................


THE BLACKSBURG VA CLIMATE NORMALS FOR TOMORROW
                         NORMAL    RECORD    YEAR
 MAXIMUM TEMPERATURE (F)   58        85      1985
 MINIMUM TEMPERATURE (F)   34        16      1964


SUNRISE AND SUNSET
MARCH 30 2015.........SUNRISE   711 AM EDT   SUNSET   742 PM EDT
MARCH 31 2015.........SUNRISE   709 AM EDT   SUNSET   743 PM EDT


-  INDICATES NEGATIVE NUMBERS.
R  INDICATES RECORD WAS SET OR TIED.
MM INDICATES DATA IS MISSING.
T  INDICATES TRACE AMOUNT.


$$

PW
