000
CDUS41 KRNK 170739
CLIRNK


CLIMATE REPORT
NATIONAL WEATHER SERVICE BLACKSBURG VA
328 AM EDT TUE OCT 17 2017


...................................

...THE BLACKSBURG VA CLIMATE SUMMARY FOR OCTOBER 16 2017...

CLIMATE NORMAL PERIOD 1981 TO 2010
CLIMATE RECORD PERIOD 1952 TO 2017


WEATHER ITEM   OBSERVED RECORD YEAR NORMAL DEPARTURE LAST
                VALUE   VALUE       VALUE  FROM      YEAR
                                           NORMAL
...........................................................
TEMPERATURE (F)
 YESTERDAY
  MAXIMUM         62     80    1992  65     -3       76
  MINIMUM         38     24    1979  39     -1       49
  AVERAGE         50                 52     -2       63

PRECIPITATION (IN)
  YESTERDAY        0.04   2.57 1954   0.08  -0.04     0.00
  MONTH TO DATE    3.69               1.43   2.26     1.96
  SINCE SEP 1      5.14               4.53   0.61     8.67
  SINCE JAN 1     35.10              33.72   1.38    37.34

SNOWFALL (IN)
  YESTERDAY        0.0                                0.0
  MONTH TO DATE    0.0                                0.0
  SINCE SEP 1      0.0                                0.0
  SINCE JUL 1      0.0                                0.0
  SNOW DEPTH       0

DEGREE DAYS
 HEATING
  YESTERDAY       15                 13      2        2
  MONTH TO DATE   58                172   -114      107
  SINCE SEP 1    128                285   -157      114
  SINCE JUL 1    137                303   -166      114

 COOLING
  YESTERDAY        0                  0      0        0
  MONTH TO DATE   35                  1     34        0
  SINCE SEP 1     96                 58     38      132
  SINCE JAN 1    632                570     62      909
...........................................................


WIND (MPH)
  HIGHEST WIND SPEED    16   HIGHEST WIND DIRECTION    NW (320)
  HIGHEST GUST SPEED    23   HIGHEST GUST DIRECTION    NW (310)
  AVERAGE WIND SPEED     7.0


SKY COVER
  AVERAGE SKY COVER 0.6


WEATHER CONDITIONS
 THE FOLLOWING WEATHER WAS RECORDED YESTERDAY.
  LIGHT RAIN
  FOG


RELATIVE HUMIDITY (PERCENT)
 HIGHEST   100          1200 AM
 LOWEST     55           300 PM
 AVERAGE    78

..........................................................


THE BLACKSBURG VA CLIMATE NORMALS FOR TODAY
                         NORMAL    RECORD    YEAR
 MAXIMUM TEMPERATURE (F)   65        80      1989
 MINIMUM TEMPERATURE (F)   39        26      1970


SUNRISE AND SUNSET
OCTOBER 17 2017.......SUNRISE   732 AM EDT   SUNSET   642 PM EDT
OCTOBER 18 2017.......SUNRISE   733 AM EDT   SUNSET   640 PM EDT


-  INDICATES NEGATIVE NUMBERS.
R  INDICATES RECORD WAS SET OR TIED.
MM INDICATES DATA IS MISSING.
T  INDICATES TRACE AMOUNT.




$$
