000
CDUS41 KRNK 070823
CLIRNK


CLIMATE REPORT
NATIONAL WEATHER SERVICE BLACKSBURG VA
422 AM EDT TUE JUL 7 2015


...................................

...THE BLACKSBURG VA CLIMATE SUMMARY FOR JULY 6 2015...

CLIMATE NORMAL PERIOD 1981 TO 2010
CLIMATE RECORD PERIOD 1952 TO 2015


WEATHER ITEM   OBSERVED RECORD YEAR NORMAL DEPARTURE LAST
                VALUE   VALUE       VALUE  FROM      YEAR
                                           NORMAL
...........................................................
TEMPERATURE (F)
 YESTERDAY
  MAXIMUM         79     94    2010  82     -3       83
  MINIMUM         63     42    1972  60      3       51
  AVERAGE         71                 71      0       67

PRECIPITATION (IN)
  YESTERDAY        0.05   0.71 1984   0.13  -0.08     0.00
  MONTH TO DATE    2.08               0.76   1.32     0.01
  SINCE JUN 1      5.56               4.76   0.80     3.08
  SINCE JAN 1     21.09              22.10  -1.01    17.91

SNOWFALL (IN)
  YESTERDAY        0.0                                0.0
  MONTH TO DATE    0.0                                0.0
  SINCE JUN 1      0.0                                 T
  SINCE JUL 1      0.0                                0.0
  SNOW DEPTH       0

DEGREE DAYS
 HEATING
  YESTERDAY        0                  0      0        0
  MONTH TO DATE    0                  0      0        2
  SINCE JUN 1     11                 38    -27        5
  SINCE JUL 1      0                  0      0        2

 COOLING
  YESTERDAY        6                  6      0        2
  MONTH TO DATE   28                 36     -8       37
  SINCE JUN 1    240                155     85      203
  SINCE JAN 1    316                184    132      261
...........................................................


WIND (MPH)
  HIGHEST WIND SPEED     9   HIGHEST WIND DIRECTION     W (270)
  HIGHEST GUST SPEED    17   HIGHEST GUST DIRECTION     W (260)
  AVERAGE WIND SPEED     2.9


SKY COVER
  AVERAGE SKY COVER 0.7


WEATHER CONDITIONS
 THE FOLLOWING WEATHER WAS RECORDED YESTERDAY.
  LIGHT RAIN
  FOG
  FOG W/VISIBILITY <= 1/4 MILE


RELATIVE HUMIDITY (PERCENT)
 HIGHEST   100          1200 AM
 LOWEST     69           300 PM
 AVERAGE    85

..........................................................


THE BLACKSBURG VA CLIMATE NORMALS FOR TODAY
                         NORMAL    RECORD    YEAR
 MAXIMUM TEMPERATURE (F)   82        94      2010
 MINIMUM TEMPERATURE (F)   60        41      1972


SUNRISE AND SUNSET
JULY  7 2015..........SUNRISE   608 AM EDT   SUNSET   845 PM EDT
JULY  8 2015..........SUNRISE   609 AM EDT   SUNSET   845 PM EDT


-  INDICATES NEGATIVE NUMBERS.
R  INDICATES RECORD WAS SET OR TIED.
MM INDICATES DATA IS MISSING.
T  INDICATES TRACE AMOUNT.




$$
