507
CDUS41 KRNK 120643
CLIRNK


CLIMATE REPORT
NATIONAL WEATHER SERVICE BLACKSBURG VA
142 AM EST FRI FEB 12 2016


...................................

...THE BLACKSBURG VA CLIMATE SUMMARY FOR FEBRUARY 11 2016...

CLIMATE NORMAL PERIOD 1981 TO 2010
CLIMATE RECORD PERIOD 1952 TO 2016


WEATHER ITEM   OBSERVED RECORD YEAR NORMAL DEPARTURE LAST
                VALUE   VALUE       VALUE  FROM      YEAR
                                           NORMAL
...........................................................
TEMPERATURE (F)
 YESTERDAY
  MAXIMUM         27     67    1959  44    -17       52
  MINIMUM         12      3    1971  23    -11       19
  AVERAGE         20                 34    -14       36

PRECIPITATION (IN)
  YESTERDAY        T      2.32 1994   0.10  -0.10     0.00
  MONTH TO DATE    1.32               1.10   0.22     0.37
  SINCE DEC 1      8.78               7.13   1.65     4.32
  SINCE JAN 1      3.76               4.18  -0.42     1.67

SNOWFALL (IN)
  YESTERDAY        T                                  0.0
  MONTH TO DATE    0.8                                 T
  SINCE DEC 1     15.0                                1.6
  SINCE JUL 1     15.0                                4.0
  SNOW DEPTH       T

DEGREE DAYS
 HEATING
  YESTERDAY       45                 32     13       29
  MONTH TO DATE  355                355      0      311
  SINCE DEC 1   2014               2362   -348     2169
  SINCE JUL 1   2902               3542   -640     3362

 COOLING
  YESTERDAY        0                  0      0        0
  MONTH TO DATE    0                  0      0        0
  SINCE DEC 1      0                  0      0        0
  SINCE JAN 1      0                  0      0        0
...........................................................


WIND (MPH)
  HIGHEST WIND SPEED    22   HIGHEST WIND DIRECTION    NW (300)
  HIGHEST GUST SPEED    35   HIGHEST GUST DIRECTION     W (280)
  AVERAGE WIND SPEED    12.0


SKY COVER
  AVERAGE SKY COVER 0.3


WEATHER CONDITIONS
 THE FOLLOWING WEATHER WAS RECORDED YESTERDAY.
  LIGHT SNOW


RELATIVE HUMIDITY (PERCENT)
 HIGHEST    67          1200 AM
 LOWEST     37           400 PM
 AVERAGE    52

..........................................................


THE BLACKSBURG VA CLIMATE NORMALS FOR TODAY
                         NORMAL    RECORD    YEAR
 MAXIMUM TEMPERATURE (F)   44        65      1999
 MINIMUM TEMPERATURE (F)   23        -2      1981


SUNRISE AND SUNSET
FEBRUARY 12 2016......SUNRISE   714 AM EST   SUNSET   558 PM EST
FEBRUARY 13 2016......SUNRISE   713 AM EST   SUNSET   559 PM EST


-  INDICATES NEGATIVE NUMBERS.
R  INDICATES RECORD WAS SET OR TIED.
MM INDICATES DATA IS MISSING.
T  INDICATES TRACE AMOUNT.

$$

RAB
