000
CDUS41 KRNK 270649
CLIRNK


CLIMATE REPORT
NATIONAL WEATHER SERVICE BLACKSBURG VA
247 AM EDT WED MAY 27 2015


...................................

...THE BLACKSBURG VA CLIMATE SUMMARY FOR MAY 26 2015...

CLIMATE NORMAL PERIOD 1981 TO 2010
CLIMATE RECORD PERIOD 1952 TO 2015


WEATHER ITEM   OBSERVED TIME   RECORD YEAR NORMAL DEPARTURE LAST
                VALUE   (LST)  VALUE       VALUE  FROM      YEAR
                                                  NORMAL
..................................................................
TEMPERATURE (F)
 YESTERDAY
  MAXIMUM         81        MM  88    1953  74      7       83
  MINIMUM         56        MM  34    1988  50      6       51
  AVERAGE         69                        62      7       67

PRECIPITATION (IN)
  YESTERDAY        0.01          2.92 1975   0.16  -0.15     0.00
  MONTH TO DATE    1.87                      3.54  -1.67     2.43
  SINCE MAR 1     11.74                     10.66   1.08     8.95
  SINCE JAN 1     15.16                     16.55  -1.39    14.58

SNOWFALL (IN)
  YESTERDAY        0.0                                       0.0
  MONTH TO DATE    0.0                                       0.0
  SINCE MAR 1      4.4                                       7.3
  SINCE JUL 1     27.8                                      34.4
  SNOW DEPTH       0

DEGREE DAYS
 HEATING
  YESTERDAY        0                         4     -4        0
  MONTH TO DATE   78                       184   -106      111
  SINCE MAR 1   1083                      1341   -258     1263
  SINCE JUL 1   5209                      5389   -180     5444

 COOLING
  YESTERDAY        4                         1      3        2
  MONTH TO DATE   51                        15     36       34
  SINCE MAR 1     51                        18     33       34
  SINCE JAN 1     51                        18     33       34
..................................................................


WIND (MPH)
  HIGHEST WIND SPEED    12   HIGHEST WIND DIRECTION    SE (150)
  HIGHEST GUST SPEED    16   HIGHEST GUST DIRECTION    SE (150)
  AVERAGE WIND SPEED     2.8


SKY COVER
  AVERAGE SKY COVER 0.4


WEATHER CONDITIONS
 THE FOLLOWING WEATHER WAS RECORDED YESTERDAY.
  THUNDERSTORM
  LIGHT RAIN


RELATIVE HUMIDITY (PERCENT)
 HIGHEST    MM
 LOWEST     MM
 AVERAGE    MM

..........................................................


THE BLACKSBURG VA CLIMATE NORMALS FOR TODAY
                         NORMAL    RECORD    YEAR
 MAXIMUM TEMPERATURE (F)   74        85      2010
 MINIMUM TEMPERATURE (F)   51        28      1972


SUNRISE AND SUNSET
MAY 27 2015...........SUNRISE   605 AM EDT   SUNSET   833 PM EDT
MAY 28 2015...........SUNRISE   605 AM EDT   SUNSET   833 PM EDT


-  INDICATES NEGATIVE NUMBERS.
R  INDICATES RECORD WAS SET OR TIED.
MM INDICATES DATA IS MISSING.
T  INDICATES TRACE AMOUNT.




$$
