000
CDUS41 KRNK 260626
CLIRNK


CLIMATE REPORT
NATIONAL WEATHER SERVICE BLACKSBURG VA
126 AM EST SUN FEB 26 2017


...................................

...THE BLACKSBURG VA CLIMATE SUMMARY FOR FEBRUARY 25 2017...

CLIMATE NORMAL PERIOD 1981 TO 2010
CLIMATE RECORD PERIOD 1952 TO 2017


WEATHER ITEM   OBSERVED RECORD YEAR NORMAL DEPARTURE LAST
                VALUE   VALUE       VALUE  FROM      YEAR
                                           NORMAL
...........................................................
TEMPERATURE (F)
 YESTERDAY
  MAXIMUM         59     71    1985  47     12       38
  MINIMUM         30     -2    1967  25      5       32
  AVERAGE         45                 36      9       35

PRECIPITATION (IN)
  YESTERDAY        0.09   1.47 1979   0.10  -0.01      T
  MONTH TO DATE    0.89               2.52  -1.63     4.70
  SINCE DEC 1      8.48               8.55  -0.07    12.16
  SINCE JAN 1      5.39               5.60  -0.21     7.14

SNOWFALL (IN)
  YESTERDAY        0.0                                 T
  MONTH TO DATE    T                                  9.8
  SINCE DEC 1      6.6                               24.0
  SINCE JUL 1      6.6                               24.0
  SNOW DEPTH       0

DEGREE DAYS
 HEATING
  YESTERDAY       20                 29     -9       30
  MONTH TO DATE  537                776   -239      788
  SINCE DEC 1   2245               2783   -538     2447
  SINCE JUL 1   3018               3963   -945     3335

 COOLING
  YESTERDAY        0                  0      0        0
  MONTH TO DATE    0                  0      0        0
  SINCE DEC 1      0                  0      0        0
  SINCE JAN 1      0                  0      0        0
...........................................................


WIND (MPH)
  HIGHEST WIND SPEED    18   HIGHEST WIND DIRECTION    NW (310)
  HIGHEST GUST SPEED    31   HIGHEST GUST DIRECTION     W (290)
  AVERAGE WIND SPEED     9.1


SKY COVER
  AVERAGE SKY COVER 0.5


WEATHER CONDITIONS
 THE FOLLOWING WEATHER WAS RECORDED YESTERDAY.
  RAIN
  LIGHT RAIN


RELATIVE HUMIDITY (PERCENT)
 HIGHEST    89          1200 PM
 LOWEST     40           300 PM
 AVERAGE    65

..........................................................


THE BLACKSBURG VA CLIMATE NORMALS FOR TODAY
                         NORMAL    RECORD    YEAR
 MAXIMUM TEMPERATURE (F)   48        73      2000
 MINIMUM TEMPERATURE (F)   25         2      1968


SUNRISE AND SUNSET
FEBRUARY 26 2017......SUNRISE   656 AM EST   SUNSET   613 PM EST
FEBRUARY 27 2017......SUNRISE   655 AM EST   SUNSET   614 PM EST


-  INDICATES NEGATIVE NUMBERS.
R  INDICATES RECORD WAS SET OR TIED.
MM INDICATES DATA IS MISSING.
T  INDICATES TRACE AMOUNT.




$$
