000
CDUS41 KRNK 230923
CLIRNK


CLIMATE REPORT
NATIONAL WEATHER SERVICE BLACKSBURG VA
520 AM EDT THU OCT 23 2014


...................................

...THE BLACKSBURG VA CLIMATE SUMMARY FOR OCTOBER 22 2014...

CLIMATE NORMAL PERIOD 1981 TO 2010
CLIMATE RECORD PERIOD 1952 TO 2014


WEATHER ITEM   OBSERVED TIME   RECORD YEAR NORMAL DEPARTURE LAST
                VALUE   (LST)  VALUE       VALUE  FROM      YEAR
                                                  NORMAL
..................................................................
TEMPERATURE (F)
 YESTERDAY
  MAXIMUM         54    200 PM  79    1979  64    -10       61
  MINIMUM         43    600 AM  20    1974  37      6       43
  AVERAGE         49                        51     -2       52

PRECIPITATION (IN)
  YESTERDAY        T             0.92 1965   0.09  -0.09     0.02
  MONTH TO DATE    4.05                      1.96   2.09     2.38
  SINCE SEP 1      7.85                      5.06   2.79     3.51
  SINCE JAN 1     33.62                     34.25  -0.63    43.06

SNOWFALL (IN)
  YESTERDAY        0.0
  MONTH TO DATE    0.0
  SINCE SEP 1      0.0
  SINCE JUL 1      0.0
  SNOW DEPTH       0

DEGREE DAYS
 HEATING
  YESTERDAY       16                        14      2       13
  MONTH TO DATE  200                       254    -54      167
  SINCE SEP 1    266                       367   -101      277
  SINCE JUL 1    277                       385   -108      300

 COOLING
  YESTERDAY        0                         0      0        0
  MONTH TO DATE    2                         1      1        7
  SINCE SEP 1     79                        58     21       62
  SINCE JAN 1    609                       570     39      568
..................................................................


WIND (MPH)
  HIGHEST WIND SPEED    21   HIGHEST WIND DIRECTION    NW (320)
  HIGHEST GUST SPEED    30   HIGHEST GUST DIRECTION    NW (310)
  AVERAGE WIND SPEED     9.3


SKY COVER
  POSSIBLE SUNSHINE  MM
  AVERAGE SKY COVER 0.8


WEATHER CONDITIONS
 THE FOLLOWING WEATHER WAS RECORDED YESTERDAY.
  LIGHT RAIN


RELATIVE HUMIDITY (PERCENT)
 HIGHEST    86          1200 AM
 LOWEST     71          1000 AM
 AVERAGE    79

..........................................................


THE BLACKSBURG VA CLIMATE NORMALS FOR TODAY
                         NORMAL    RECORD    YEAR
 MAXIMUM TEMPERATURE (F)   64        78      1978
 MINIMUM TEMPERATURE (F)   37        18      1997


SUNRISE AND SUNSET
OCTOBER 23 2014.......SUNRISE   737 AM EDT   SUNSET   634 PM EDT
OCTOBER 24 2014.......SUNRISE   738 AM EDT   SUNSET   633 PM EDT


-  INDICATES NEGATIVE NUMBERS.
R  INDICATES RECORD WAS SET OR TIED.
MM INDICATES DATA IS MISSING.
T  INDICATES TRACE AMOUNT.



$$
