000
CDUS41 KRNK 210923
CLIRNK


CLIMATE REPORT
NATIONAL WEATHER SERVICE BLACKSBURG VA
522 AM EDT THU AUG 21 2014


...................................

...THE BLACKSBURG VA CLIMATE SUMMARY FOR AUGUST 20 2014...

CLIMATE NORMAL PERIOD 1981 TO 2010
CLIMATE RECORD PERIOD 1952 TO 2014


WEATHER ITEM   OBSERVED TIME   RECORD YEAR NORMAL DEPARTURE LAST
                VALUE   (LST)  VALUE       VALUE  FROM      YEAR
                                                  NORMAL
..................................................................
TEMPERATURE (F)
 YESTERDAY
  MAXIMUM         84    400 PM  92    2007  82      2       81
                                      1988
  MINIMUM         63    100 AM  47    1964  59      4       61
  AVERAGE         74                        70      4       71

PRECIPITATION (IN)
  YESTERDAY        0.01          1.72 1969   0.11  -0.10     0.00
  MONTH TO DATE    5.36                      2.37   2.99     1.58
  SINCE JUN 1     10.35                     10.63  -0.28    17.30
  SINCE JAN 1     25.18                     27.97  -2.79    39.17

SNOWFALL (IN)
  YESTERDAY        0.0
  MONTH TO DATE    0.0
  SINCE JUN 1      T
  SINCE JUL 1      0.0
  SNOW DEPTH       0

DEGREE DAYS
 HEATING
  YESTERDAY        0                         0      0        0
  MONTH TO DATE    2                         0      2       20
  SINCE JUN 1     13                        44    -31       29
  SINCE JUL 1     10                         6      4       22

 COOLING
  YESTERDAY        9                         5      4        6
  MONTH TO DATE   56                       117    -61       91
  SINCE JUN 1    402                       432    -30      419
  SINCE JAN 1    460                       461     -1      450
..................................................................


WIND (MPH)
  HIGHEST WIND SPEED     7   HIGHEST WIND DIRECTION     S (180)
  HIGHEST GUST SPEED    MM   HIGHEST GUST DIRECTION    MM
  AVERAGE WIND SPEED     1.8


SKY COVER
  POSSIBLE SUNSHINE  MM
  AVERAGE SKY COVER 0.4


WEATHER CONDITIONS
 THE FOLLOWING WEATHER WAS RECORDED YESTERDAY.
  LIGHT RAIN
  FOG
  FOG W/VISIBILITY <= 1/4 MILE


RELATIVE HUMIDITY (PERCENT)
 HIGHEST   100          1200 AM
 LOWEST     65           200 PM
 AVERAGE    83

..........................................................


THE BLACKSBURG VA CLIMATE NORMALS FOR TODAY
                         NORMAL    RECORD    YEAR
 MAXIMUM TEMPERATURE (F)   81        98      1983
 MINIMUM TEMPERATURE (F)   58        48      1998


SUNRISE AND SUNSET
AUGUST 21 2014........SUNRISE   643 AM EDT   SUNSET   806 PM EDT
AUGUST 22 2014........SUNRISE   644 AM EDT   SUNSET   804 PM EDT


-  INDICATES NEGATIVE NUMBERS.
R  INDICATES RECORD WAS SET OR TIED.
MM INDICATES DATA IS MISSING.
T  INDICATES TRACE AMOUNT.

REMARKS

TRACE OF SNOW IS FROM HAIL ON JUNE 17

$$

MBS
