000
CDUS46 KSGX 251419
CLIRNM


CLIMATE REPORT
NATIONAL WEATHER SERVICE SAN DIEGO, CA
719 AM PDT THU AUG 25 2016


...................................

...THE RAMONA AIRPORT CA CLIMATE SUMMARY FOR AUGUST 24 2016...

CLIMATE NORMAL PERIOD 1981 TO 2010
CLIMATE RECORD PERIOD 1974 TO 2016


WEATHER ITEM   OBSERVED TIME   RECORD YEAR NORMAL DEPARTURE LAST
                VALUE   (LST)  VALUE       VALUE  FROM      YEAR
                                                  NORMAL
..................................................................
TEMPERATURE (F)
 YESTERDAY
  MAXIMUM         93   1231 PM 102    1985  91      2       94
  MINIMUM         55    545 AM  42    1978  58     -3       58
  AVERAGE         74                        74      0       76

PRECIPITATION (IN)
  YESTERDAY        0.00          0.02 2005   0.01  -0.01     0.00
  MONTH TO DATE    0.00                      0.10  -0.10     0.00
  SINCE OCT 1     13.19                     15.70  -2.51    12.02
  SINCE JAN 1      9.66                     11.56  -1.90     7.42

DEGREE DAYS
 HEATING
  YESTERDAY        0                         0      0        0
  MONTH TO DATE    0                         0      0        0
  SINCE JUN 1      4                        29    -25        8
  SINCE JUL 1      0                         2     -2        0

 COOLING
  YESTERDAY        9                         9      0       11
  MONTH TO DATE  237                       215     22      236
  SINCE JUN 1    724                       523    201      649
  SINCE JAN 1    736                       550    186      684
..................................................................


WIND (MPH)
  RESULTANT WIND SPEED   3   RESULTANT WIND DIRECTION   W (290)
  HIGHEST WIND SPEED    13   HIGHEST WIND DIRECTION     W (270)
  HIGHEST GUST SPEED    21   HIGHEST GUST DIRECTION     W (280)
  AVERAGE WIND SPEED     4.1


SKY COVER
  POSSIBLE SUNSHINE  MM
  AVERAGE SKY COVER 0.0


WEATHER CONDITIONS
 THE FOLLOWING WEATHER WAS RECORDED YESTERDAY.
  NO SIGNIFICANT WEATHER WAS OBSERVED.


RELATIVE HUMIDITY (PERCENT)
 HIGHEST    80           200 AM
 LOWEST     24          1200 PM
 AVERAGE    52

..........................................................


THE RAMONA AIRPORT CA CLIMATE NORMALS FOR TODAY
                         NORMAL    RECORD    YEAR
 MAXIMUM TEMPERATURE (F)   91       107      1985
 MINIMUM TEMPERATURE (F)   57        42      1978


SUNRISE AND SUNSET
AUGUST 25 2016........SUNRISE   618 AM PDT   SUNSET   721 PM PDT
AUGUST 26 2016........SUNRISE   619 AM PDT   SUNSET   719 PM PDT


-  INDICATES NEGATIVE NUMBERS.
R  INDICATES RECORD WAS SET OR TIED.
MM INDICATES DATA IS MISSING.
T  INDICATES TRACE AMOUNT.




$$
