000
CDUS46 KSGX 031416
CLIRNM


CLIMATE REPORT
NATIONAL WEATHER SERVICE SAN DIEGO, CA
716 AM PDT MON AUG 3 2015


...................................

...THE RAMONA AIRPORT CA CLIMATE SUMMARY FOR AUGUST 2 2015...

CLIMATE NORMAL PERIOD 1981 TO 2010
CLIMATE RECORD PERIOD 1974 TO 2015


WEATHER ITEM   OBSERVED TIME   RECORD YEAR NORMAL DEPARTURE LAST
                VALUE   (LST)  VALUE       VALUE  FROM      YEAR
                                                  NORMAL
..................................................................
TEMPERATURE (F)
 YESTERDAY
  MAXIMUM         88    212 PM 101    1975  90     -2       84
  MINIMUM         58    358 AM  48    1999  58      0       64
  AVERAGE         73                        74     -1       74

PRECIPITATION (IN)
  YESTERDAY        0.00          0.08 2014   0.00   0.00     0.08
  MONTH TO DATE    0.00                      0.01  -0.01     0.08
  SINCE OCT 1     12.02                     15.61  -3.59     8.00
  SINCE JAN 1      7.42                     11.47  -4.05     5.33

DEGREE DAYS
 HEATING
  YESTERDAY        0                         0      0        0
  MONTH TO DATE    0                         0      0        0
  SINCE JUN 1      8                        29    -21        7
  SINCE JUL 1      0                         2     -2        0

 COOLING
  YESTERDAY        8                         9     -1        9
  MONTH TO DATE   18                        17      1       21
  SINCE JUN 1    431                       325    106      400
  SINCE JAN 1    466                       352    114      483
..................................................................


WIND (MPH)
  RESULTANT WIND SPEED   5   RESULTANT WIND DIRECTION   W (290)
  HIGHEST WIND SPEED    14   HIGHEST WIND DIRECTION     W (270)
  HIGHEST GUST SPEED    19   HIGHEST GUST DIRECTION    NW (300)
  AVERAGE WIND SPEED     5.7


SKY COVER
  POSSIBLE SUNSHINE  MM
  AVERAGE SKY COVER 0.3


WEATHER CONDITIONS
 THE FOLLOWING WEATHER WAS RECORDED YESTERDAY.
  FOG
  FOG W/VISIBILITY <= 1/4 MILE
  HAZE


RELATIVE HUMIDITY (PERCENT)
 HIGHEST   100           200 AM
 LOWEST     45           100 PM
 AVERAGE    73

..........................................................


THE RAMONA AIRPORT CA CLIMATE NORMALS FOR TODAY
                         NORMAL    RECORD    YEAR
 MAXIMUM TEMPERATURE (F)   90       102      1998
 MINIMUM TEMPERATURE (F)   58        48      1999


SUNRISE AND SUNSET
AUGUST  3 2015........SUNRISE   602 AM PDT   SUNSET   745 PM PDT
AUGUST  4 2015........SUNRISE   603 AM PDT   SUNSET   744 PM PDT


-  INDICATES NEGATIVE NUMBERS.
R  INDICATES RECORD WAS SET OR TIED.
MM INDICATES DATA IS MISSING.
T  INDICATES TRACE AMOUNT.




$$
