000
CDUS46 KSGX 181519
CLIRNM


CLIMATE REPORT
NATIONAL WEATHER SERVICE SAN DIEGO, CA
718 AM PST WED JAN 18 2017


...................................

...THE RAMONA AIRPORT CA CLIMATE SUMMARY FOR JANUARY 17 2017...

CLIMATE NORMAL PERIOD 1981 TO 2010
CLIMATE RECORD PERIOD 1974 TO 2017


WEATHER ITEM   OBSERVED TIME   RECORD YEAR NORMAL DEPARTURE LAST
                VALUE   (LST)  VALUE       VALUE  FROM      YEAR
                                                  NORMAL
..................................................................
TEMPERATURE (F)
 YESTERDAY
  MAXIMUM         65    133 PM  89    1976  66     -1       73
  MINIMUM         34    705 AM  16    2007  35     -1       37
  AVERAGE         50                        50      0       55

PRECIPITATION (IN)
  YESTERDAY        0.00          1.83 1988   0.11  -0.11     0.00
  MONTH TO DATE    1.57                      2.09  -0.52     5.52
  SINCE OCT 1      8.59                      6.23   2.36     9.05
  SINCE JAN 1      1.57                      2.09  -0.52     5.52

DEGREE DAYS
 HEATING
  YESTERDAY       15                        15      0       10
  MONTH TO DATE  239                       255    -16      277
  SINCE DEC 1    631                       732   -101      777
  SINCE JUL 1    882                      1143   -261     1116

 COOLING
  YESTERDAY        0                         0      0        0
  MONTH TO DATE    0                         0      0        0
  SINCE DEC 1      1                         0      1        0
  SINCE JAN 1      0                         0      0        0
..................................................................


WIND (MPH)
  RESULTANT WIND SPEED   0   RESULTANT WIND DIRECTION  NW (330)
  HIGHEST WIND SPEED    18   HIGHEST WIND DIRECTION     W (270)
  HIGHEST GUST SPEED    22   HIGHEST GUST DIRECTION     W (270)
  AVERAGE WIND SPEED     2.8


SKY COVER
  POSSIBLE SUNSHINE  MM
  AVERAGE SKY COVER 0.0


WEATHER CONDITIONS
 THE FOLLOWING WEATHER WAS RECORDED YESTERDAY.
  FOG
  FOG W/VISIBILITY <= 1/4 MILE


RELATIVE HUMIDITY (PERCENT)
 HIGHEST   100          1200 AM
 LOWEST     32          1200 PM
 AVERAGE    66

..........................................................


THE RAMONA AIRPORT CA CLIMATE NORMALS FOR TODAY
                         NORMAL    RECORD    YEAR
 MAXIMUM TEMPERATURE (F)   66        85      1976
 MINIMUM TEMPERATURE (F)   35        17      2007


SUNRISE AND SUNSET
JANUARY 18 2017.......SUNRISE   650 AM PST   SUNSET   507 PM PST
JANUARY 19 2017.......SUNRISE   650 AM PST   SUNSET   508 PM PST


-  INDICATES NEGATIVE NUMBERS.
R  INDICATES RECORD WAS SET OR TIED.
MM INDICATES DATA IS MISSING.
T  INDICATES TRACE AMOUNT.




$$
