000
CDUS46 KSGX 291419
CLIRNM


CLIMATE REPORT
NATIONAL WEATHER SERVICE SAN DIEGO, CA
719 AM PDT THU SEP 29 2016


...................................

...THE RAMONA AIRPORT CA CLIMATE SUMMARY FOR SEPTEMBER 28 2016...

CLIMATE NORMAL PERIOD 1981 TO 2010
CLIMATE RECORD PERIOD 1974 TO 2016


WEATHER ITEM   OBSERVED TIME   RECORD YEAR NORMAL DEPARTURE LAST
                VALUE   (LST)  VALUE       VALUE  FROM      YEAR
                                                  NORMAL
..................................................................
TEMPERATURE (F)
 YESTERDAY
  MAXIMUM         90        MM 101    1999  83      7       92
  MINIMUM         57        MM  39    2013  51      6       56
  AVERAGE         74                        67      7       74

PRECIPITATION (IN)
  YESTERDAY        0.00          0.01 2006   0.01  -0.01     0.00
                                      2006
                                      2007
  MONTH TO DATE    0.50                      0.28   0.22     1.30
  SINCE OCT 1     13.69                     16.03  -2.34    13.32
  SINCE JAN 1     10.16                     11.89  -1.73     8.72

DEGREE DAYS
 HEATING
  YESTERDAY        0                         1     -1        0
  MONTH TO DATE    8                         9     -1        0
  SINCE SEP 1      8                         9     -1        0
  SINCE JUL 1      8                        12     -4        0

 COOLING
  YESTERDAY        9                         4      5        9
  MONTH TO DATE  114                       173    -59      282
  SINCE SEP 1    114                       173    -59      282
  SINCE JAN 1    910                       786    124     1062
..................................................................


WIND (MPH)
  RESULTANT WIND SPEED   6   RESULTANT WIND DIRECTION   W (270)
  HIGHEST WIND SPEED    16   HIGHEST WIND DIRECTION     W (280)
  HIGHEST GUST SPEED    22   HIGHEST GUST DIRECTION     W (260)
  AVERAGE WIND SPEED     6.3


SKY COVER
  POSSIBLE SUNSHINE  MM
  AVERAGE SKY COVER 0.1


WEATHER CONDITIONS
 THE FOLLOWING WEATHER WAS RECORDED YESTERDAY.
  NO SIGNIFICANT WEATHER WAS OBSERVED.


RELATIVE HUMIDITY (PERCENT)
 HIGHEST    63          1100 PM
 LOWEST     27           200 PM
 AVERAGE    45

..........................................................


THE RAMONA AIRPORT CA CLIMATE NORMALS FOR TODAY
                         NORMAL    RECORD    YEAR
 MAXIMUM TEMPERATURE (F)   83       101      1992
 MINIMUM TEMPERATURE (F)   51        44      2013
                                             1982


SUNRISE AND SUNSET
SEPTEMBER 29 2016.....SUNRISE   641 AM PDT   SUNSET   634 PM PDT
SEPTEMBER 30 2016.....SUNRISE   642 AM PDT   SUNSET   633 PM PDT


-  INDICATES NEGATIVE NUMBERS.
R  INDICATES RECORD WAS SET OR TIED.
MM INDICATES DATA IS MISSING.
T  INDICATES TRACE AMOUNT.




$$
