000
CDUS46 KSGX 200020
CLIRNM


CLIMATE REPORT
NATIONAL WEATHER SERVICE SAN DIEGO, CA
520 PM PDT THU OCT 19 2017


...................................

...THE RAMONA AIRPORT CA CLIMATE SUMMARY FOR OCTOBER 19 2017...
VALID TODAY AS OF 0500 PM LOCAL TIME.

CLIMATE NORMAL PERIOD 1981 TO 2010
CLIMATE RECORD PERIOD 1974 TO 2017


WEATHER ITEM   OBSERVED TIME   RECORD YEAR NORMAL DEPARTURE LAST
                VALUE   (LST)  VALUE       VALUE  FROM      YEAR
                                                  NORMAL
..................................................................
TEMPERATURE (F)
 TODAY
  MAXIMUM         78    152 PM  95    2003  79     -1       92
  MINIMUM         52   1230 AM  38    1998  47      5       43
  AVERAGE         65                        63      2       68

PRECIPITATION (IN)
  TODAY            0.00          2.11 2010   0.02  -0.02     0.00
  MONTH TO DATE    0.00                      0.36  -0.36     0.01
  SINCE OCT 1      0.00                      0.36  -0.36     0.01
  SINCE JAN 1     15.94                     12.26   3.68    10.17

DEGREE DAYS
 HEATING
  TODAY            0                         3     -3        0
  MONTH TO DATE   11                        46    -35       30
  SINCE SEP 1     25                        61    -36       38
  SINCE JUL 1     25                        64    -39       38

 COOLING
  TODAY            0                         1     -1        3
  MONTH TO DATE   60                        39     21       26
  SINCE SEP 1    262                       219     43      181
  SINCE JAN 1   1197                       832    365      977
..................................................................


WIND (MPH)
  RESULTANT WIND SPEED   2   RESULTANT WIND DIRECTION   W (260)
  HIGHEST WIND SPEED    15   HIGHEST WIND DIRECTION     W (280)
  HIGHEST GUST SPEED    18   HIGHEST GUST DIRECTION    NW (300)
  AVERAGE WIND SPEED     4.4


SKY COVER
  POSSIBLE SUNSHINE  MM
  AVERAGE SKY COVER 0.4


WEATHER CONDITIONS
 THE FOLLOWING WEATHER WAS RECORDED TODAY.
  FOG
  FOG W/VISIBILITY <= 1/4 MILE
  HAZE


RELATIVE HUMIDITY (PERCENT)
 HIGHEST   100           300 AM
 LOWEST     36          1100 AM
 AVERAGE    68

..........................................................


THE RAMONA AIRPORT CA CLIMATE NORMALS FOR TOMORROW
                         NORMAL    RECORD    YEAR
 MAXIMUM TEMPERATURE (F)   78        98      2003
 MINIMUM TEMPERATURE (F)   47        37      2013


SUNRISE AND SUNSET
OCTOBER 19 2017.......SUNRISE   655 AM PDT   SUNSET   609 PM PDT
OCTOBER 20 2017.......SUNRISE   656 AM PDT   SUNSET   608 PM PDT


-  INDICATES NEGATIVE NUMBERS.
R  INDICATES RECORD WAS SET OR TIED.
MM INDICATES DATA IS MISSING.
T  INDICATES TRACE AMOUNT.




$$
