000
CDUS46 KSGX 270016
CLIRNM


CLIMATE REPORT
NATIONAL WEATHER SERVICE SAN DIEGO, CA
515 PM PDT WED APR 26 2017


...................................

...THE RAMONA AIRPORT CA CLIMATE SUMMARY FOR APRIL 26 2017...
VALID TODAY AS OF 0500 PM LOCAL TIME.

CLIMATE NORMAL PERIOD 1981 TO 2010
CLIMATE RECORD PERIOD 1974 TO 2017


WEATHER ITEM   OBSERVED TIME   RECORD YEAR NORMAL DEPARTURE LAST
                VALUE   (LST)  VALUE       VALUE  FROM      YEAR
                                                  NORMAL
..................................................................
TEMPERATURE (F)
 TODAY
  MAXIMUM         77    256 PM  96    2004  72      5       70
  MINIMUM         44    524 AM  32    1974  44      0       37
  AVERAGE         61                        58      3       54

PRECIPITATION (IN)
  TODAY            0.00          0.78 1994   0.05  -0.05     0.00
  MONTH TO DATE    T                         1.24  -1.24     1.33
  SINCE OCT 1     21.58                     14.89   6.69    12.92
  SINCE JAN 1     14.56                     10.75   3.81     9.39

DEGREE DAYS
 HEATING
  TODAY            4                         8     -4       11
  MONTH TO DATE  138                       249   -111      157
  SINCE MAR 1    365                       624   -259      471
  SINCE JUL 1   1800                      2365   -565     1974

 COOLING
  TODAY            0                         0      0        0
  MONTH TO DATE    9                         0      9        1
  SINCE MAR 1     12                         0     12        1
  SINCE JAN 1     12                         1     11        6
..................................................................


WIND (MPH)
  RESULTANT WIND SPEED   4   RESULTANT WIND DIRECTION   W (280)
  HIGHEST WIND SPEED    16   HIGHEST WIND DIRECTION     W (280)
  HIGHEST GUST SPEED    20   HIGHEST GUST DIRECTION     W (290)
  AVERAGE WIND SPEED     5.3


SKY COVER
  POSSIBLE SUNSHINE  MM
  AVERAGE SKY COVER 0.0


WEATHER CONDITIONS
 THE FOLLOWING WEATHER WAS RECORDED TODAY.
  NO SIGNIFICANT WEATHER WAS OBSERVED.


RELATIVE HUMIDITY (PERCENT)
 HIGHEST   100           500 AM
 LOWEST     36           100 PM
 AVERAGE    68

..........................................................


THE RAMONA AIRPORT CA CLIMATE NORMALS FOR TOMORROW
                         NORMAL    RECORD    YEAR
 MAXIMUM TEMPERATURE (F)   72        97      2004
 MINIMUM TEMPERATURE (F)   44        34      1974


SUNRISE AND SUNSET
APRIL 26 2017.........SUNRISE   605 AM PDT   SUNSET   726 PM PDT
APRIL 27 2017.........SUNRISE   604 AM PDT   SUNSET   727 PM PDT


-  INDICATES NEGATIVE NUMBERS.
R  INDICATES RECORD WAS SET OR TIED.
MM INDICATES DATA IS MISSING.
T  INDICATES TRACE AMOUNT.




$$
