000
CDUS46 KSGX 291417
CLIRNM


CLIMATE REPORT
NATIONAL WEATHER SERVICE SAN DIEGO, CA
717 AM PDT FRI APR 29 2016


...................................

...THE RAMONA AIRPORT CA CLIMATE SUMMARY FOR APRIL 28 2016...

CLIMATE NORMAL PERIOD 1981 TO 2010
CLIMATE RECORD PERIOD 1974 TO 2016


WEATHER ITEM   OBSERVED TIME   RECORD YEAR NORMAL DEPARTURE LAST
                VALUE   (LST)  VALUE       VALUE  FROM      YEAR
                                                  NORMAL
..................................................................
TEMPERATURE (F)
 YESTERDAY
  MAXIMUM         61    451 PM  95    2008  72    -11       91
  MINIMUM         48    256 AM  35    1974  44      4       41
  AVERAGE         55                        58     -3       66

PRECIPITATION (IN)
  YESTERDAY        T             1.16 2005   0.04  -0.04     0.00
  MONTH TO DATE    1.33                      1.33   0.00     0.49
  SINCE OCT 1     12.92                     14.98  -2.06     7.93
  SINCE JAN 1      9.39                     10.84  -1.45     3.33

DEGREE DAYS
 HEATING
  YESTERDAY       10                         7      3        0
  MONTH TO DATE  178                       263    -85      195
  SINCE MAR 1    492                       638   -146      388
  SINCE JUL 1   1995                      2379   -384     1572

 COOLING
  YESTERDAY        0                         0      0        1
  MONTH TO DATE    1                         0      1        1
  SINCE MAR 1      1                         0      1        8
  SINCE JAN 1      6                         1      5       10
..................................................................


WIND (MPH)
  RESULTANT WIND SPEED   5   RESULTANT WIND DIRECTION  SW (210)
  HIGHEST WIND SPEED    14   HIGHEST WIND DIRECTION     S (190)
  HIGHEST GUST SPEED    18   HIGHEST GUST DIRECTION     S (190)
  AVERAGE WIND SPEED     6.1


SKY COVER
  POSSIBLE SUNSHINE  MM
  AVERAGE SKY COVER 1.0


WEATHER CONDITIONS
 THE FOLLOWING WEATHER WAS RECORDED YESTERDAY.
  LIGHT RAIN
  FOG
  HAZE


RELATIVE HUMIDITY (PERCENT)
 HIGHEST    86           500 AM
 LOWEST     60           500 PM
 AVERAGE    73

..........................................................


THE RAMONA AIRPORT CA CLIMATE NORMALS FOR TODAY
                         NORMAL    RECORD    YEAR
 MAXIMUM TEMPERATURE (F)   73        93      2015
 MINIMUM TEMPERATURE (F)   44        36      1974


SUNRISE AND SUNSET
APRIL 29 2016.........SUNRISE   602 AM PDT   SUNSET   729 PM PDT
APRIL 30 2016.........SUNRISE   601 AM PDT   SUNSET   730 PM PDT


-  INDICATES NEGATIVE NUMBERS.
R  INDICATES RECORD WAS SET OR TIED.
MM INDICATES DATA IS MISSING.
T  INDICATES TRACE AMOUNT.




$$
