000
CDUS45 KREV 190841
CLIRNO


CLIMATE REPORT
NATIONAL WEATHER SERVICE RENO NV
1239 AM PST THU JAN 19 2017


...................................

...THE RENO TAHOE AIRPORT NV CLIMATE SUMMARY FOR JANUARY 18 2017...

CLIMATE NORMAL PERIOD 1981 TO 2010
CLIMATE RECORD PERIOD 1888 TO 2017


WEATHER ITEM   OBSERVED TIME   RECORD YEAR NORMAL DEPARTURE LAST
                VALUE   (LST)  VALUE       VALUE  FROM      YEAR
                                                  NORMAL
..................................................................
TEMPERATURE (F)
 YESTERDAY
  MAXIMUM         47    231 PM  66    2015  46      1       54
                                      1971
  MINIMUM         30    615 AM  -4    1949  26      4       39
                                      1910
  AVERAGE         39                        36      3       47

PRECIPITATION (IN)
  YESTERDAY        0.12          0.77 1951   0.03   0.09     0.12
  MONTH TO DATE    4.68                      0.66   4.02     0.50
  SINCE OCT 1      8.47                      3.02   5.45     4.45
  SINCE JAN 1      4.68                      0.66   4.02     0.50

SNOWFALL (IN)
  YESTERDAY        T             7.4  1951   0.2   -0.2      0.0
  MONTH TO DATE    9.4                       4.0    5.4      3.1
  SINCE DEC 1     10.2                       8.9    1.3      9.4
  SINCE JUL 1     10.8                      12.4   -1.6     14.5
  SNOW DEPTH       1

DEGREE DAYS
 HEATING
  YESTERDAY       26                        29     -3       18
  MONTH TO DATE  566                       540     26      547
  SINCE DEC 1   1429                      1461    -32     1442
  SINCE JUL 1   2307                      2564   -257     2435

 COOLING
  YESTERDAY        0                         0      0        0
  MONTH TO DATE    0                         0      0        0
  SINCE DEC 1      0                         0      0        0
  SINCE JAN 1      0                         0      0        0
..................................................................


WIND (MPH)
  RESULTANT WIND SPEED   3   RESULTANT WIND DIRECTION   S (190)
  HIGHEST WIND SPEED    23   HIGHEST WIND DIRECTION     S (180)
  HIGHEST GUST SPEED    46   HIGHEST GUST DIRECTION     S (180)
  AVERAGE WIND SPEED     6.1



WEATHER CONDITIONS
 THE FOLLOWING WEATHER WAS RECORDED YESTERDAY.
  LIGHT RAIN
  SLEET


RELATIVE HUMIDITY (PERCENT)
 HIGHEST    85           200 AM
 LOWEST     65           300 PM
 AVERAGE    75

..........................................................


THE RENO TAHOE AIRPORT NV CLIMATE NORMALS FOR TODAY
                         NORMAL    RECORD    YEAR
 MAXIMUM TEMPERATURE (F)   46        67      1986
 MINIMUM TEMPERATURE (F)   26        -4      1952


SUNRISE AND SUNSET
JANUARY 19 2017.......SUNRISE   716 AM PST   SUNSET   505 PM PST
JANUARY 20 2017.......SUNRISE   715 AM PST   SUNSET   506 PM PST


-  INDICATES NEGATIVE NUMBERS.
R  INDICATES RECORD WAS SET OR TIED.
MM INDICATES DATA IS MISSING.
T  INDICATES TRACE AMOUNT.




$$
