000
CDUS45 KREV 230855
CLIRNO


CLIMATE REPORT
NATIONAL WEATHER SERVICE RENO NV
1254 AM PST THU NOV 23 2017


...................................

...THE RENO-TAHOE INTL AIRPORT NV CLIMATE SUMMARY FOR NOVEMBER 22 2017...

CLIMATE NORMAL PERIOD 1981 TO 2010
CLIMATE RECORD PERIOD 1888 TO 2017


WEATHER ITEM   OBSERVED TIME   RECORD YEAR NORMAL DEPARTURE LAST
                VALUE   (LST)  VALUE       VALUE  FROM      YEAR
                                                  NORMAL
..................................................................
TEMPERATURE (F)
 YESTERDAY
  MAXIMUM         65    355 PM  69    1915  52     13       51
  MINIMUM         38    611 AM   7    1975  29      9       27
  AVERAGE         52                        40     12       39

PRECIPITATION (IN)
  YESTERDAY        0.00          0.29 1982   0.03  -0.03     0.00
  MONTH TO DATE    0.97                      0.58   0.39     0.05
  SINCE OCT 1      1.25                      1.09   0.16     2.48
  SINCE JAN 1     13.41                      6.13   7.28     7.73

SNOWFALL (IN)
  YESTERDAY        0.0           3.3  1982   0.1   -0.1      0.0
  MONTH TO DATE    T                         2.1   -2.1       T
  SINCE SEP 1      T                         2.5   -2.5       T
  SINCE JUL 1      T                         2.5   -2.5       T
  SNOW DEPTH       0

DEGREE DAYS
 HEATING
  YESTERDAY       13                        25    -12       26
  MONTH TO DATE  361                       460    -99      331
  SINCE SEP 1    818                       886    -68      660
  SINCE JUL 1    818                       896    -78      660

 COOLING
  YESTERDAY        0                         0      0        0
  MONTH TO DATE    0                         0      0        0
  SINCE SEP 1    151                        93     58       95
  SINCE JAN 1   1401                       839    562     1088
..................................................................


WIND (MPH)
  RESULTANT WIND SPEED   0   RESULTANT WIND DIRECTION   W (290)
  HIGHEST WIND SPEED     8   HIGHEST WIND DIRECTION    NW (300)
  HIGHEST GUST SPEED     9   HIGHEST GUST DIRECTION     W (290)
  AVERAGE WIND SPEED     0.7



WEATHER CONDITIONS
 THE FOLLOWING WEATHER WAS RECORDED YESTERDAY.
  NO SIGNIFICANT WEATHER WAS OBSERVED.


RELATIVE HUMIDITY (PERCENT)
 HIGHEST    92           500 AM
 LOWEST     44           400 PM
 AVERAGE    68

..........................................................


THE RENO-TAHOE INTL AIRPORT NV CLIMATE NORMALS FOR TODAY
                         NORMAL    RECORD    YEAR
 MAXIMUM TEMPERATURE (F)   52        69      1970
 MINIMUM TEMPERATURE (F)   29         9      1947


SUNRISE AND SUNSET
NOVEMBER 23 2017......SUNRISE   652 AM PST   SUNSET   439 PM PST
NOVEMBER 24 2017......SUNRISE   653 AM PST   SUNSET   438 PM PST


-  INDICATES NEGATIVE NUMBERS.
R  INDICATES RECORD WAS SET OR TIED.
MM INDICATES DATA IS MISSING.
T  INDICATES TRACE AMOUNT.




$$
