000
CDUS45 KREV 280837
CLIRNO


CLIMATE REPORT
NATIONAL WEATHER SERVICE RENO NV
136 AM PDT FRI AUG 28 2015


...................................

...THE RENO TAHOE AIRPORT NV CLIMATE SUMMARY FOR AUGUST 27 2015...

CLIMATE NORMAL PERIOD 1981 TO 2010
CLIMATE RECORD PERIOD 1888 TO 2015


WEATHER ITEM   OBSERVED TIME   RECORD YEAR NORMAL DEPARTURE LAST
                VALUE   (LST)  VALUE       VALUE  FROM      YEAR
                                                  NORMAL
..................................................................
TEMPERATURE (F)
 YESTERDAY
  MAXIMUM         94    321 PM 100    1924  88      6       90
  MINIMUM         61    415 AM  34    1966  54      7       55
                                      1963
                                      1960
  AVERAGE         78                        71      7       73

PRECIPITATION (IN)
  YESTERDAY        0.00          0.58 1913   0.01  -0.01     0.00
  MONTH TO DATE    0.11                      0.21  -0.10     1.08
  SINCE OCT 1      5.83                      7.03  -1.20     4.24
  SINCE JAN 1      4.41                      4.67  -0.26     3.28

SNOWFALL (IN)
  YESTERDAY        0.0           0.0    MM   0.0    0.0      0.0
  MONTH TO DATE    0.0                       0.0    0.0      0.0
  SINCE JUN 1      0.0                       T      0.0      0.0
  SINCE JUL 1      0.0                       0.0    0.0      0.0
  SNOW DEPTH       0

DEGREE DAYS
 HEATING
  YESTERDAY        0                         0      0        0
  MONTH TO DATE    0                         0      0        4
  SINCE JUN 1      8                        61    -53       14
  SINCE JUL 1      1                         5     -4        4

 COOLING
  YESTERDAY       13                         6      7        8
  MONTH TO DATE  316                       235     81      245
  SINCE JUN 1    925                       685    240      947
  SINCE JAN 1    959                       722    237      994
..................................................................


WIND (MPH)
  RESULTANT WIND SPEED   5   RESULTANT WIND DIRECTION   W (280)
  HIGHEST WIND SPEED    23   HIGHEST WIND DIRECTION     W (280)
  HIGHEST GUST SPEED    30   HIGHEST GUST DIRECTION     W (280)
  AVERAGE WIND SPEED     6.4



WEATHER CONDITIONS
 THE FOLLOWING WEATHER WAS RECORDED YESTERDAY.
  NO SIGNIFICANT WEATHER WAS OBSERVED.


RELATIVE HUMIDITY (PERCENT)
 HIGHEST    36           400 AM
 LOWEST     14           300 PM
 AVERAGE    25

..........................................................


THE RENO TAHOE AIRPORT NV CLIMATE NORMALS FOR TODAY
                         NORMAL    RECORD    YEAR
 MAXIMUM TEMPERATURE (F)   88        99      2001
 MINIMUM TEMPERATURE (F)   53        28      1962


SUNRISE AND SUNSET
AUGUST 28 2015........SUNRISE   624 AM PDT   SUNSET   736 PM PDT
AUGUST 29 2015........SUNRISE   624 AM PDT   SUNSET   735 PM PDT


-  INDICATES NEGATIVE NUMBERS.
R  INDICATES RECORD WAS SET OR TIED.
MM INDICATES DATA IS MISSING.
T  INDICATES TRACE AMOUNT.




$$
