000
CDUS45 KREV 230838
CLIRNO


CLIMATE REPORT
NATIONAL WEATHER SERVICE RENO NV
137 AM PDT THU OCT 23 2014


...................................

...THE RENO TAHOE AIRPORT NV CLIMATE SUMMARY FOR OCTOBER 22 2014...

CLIMATE NORMAL PERIOD 1981 TO 2010
CLIMATE RECORD PERIOD 1888 TO 2014


WEATHER ITEM   OBSERVED TIME   RECORD YEAR NORMAL DEPARTURE LAST
                VALUE   (LST)  VALUE       VALUE  FROM      YEAR
                                                  NORMAL
..................................................................
TEMPERATURE (F)
 YESTERDAY
  MAXIMUM         71    408 PM  83    2003  67      4       76
  MINIMUM         38    625 AM  14    1961  37      1       35
  AVERAGE         55                        52      3       56

PRECIPITATION (IN)
  YESTERDAY        0.00          0.40 1973   0.01  -0.01     0.00
  MONTH TO DATE    T                         0.35  -0.35     0.01
  SINCE OCT 1      T                         0.35  -0.35     0.01
  SINCE JAN 1      3.57                      5.39  -1.82     3.07

SNOWFALL (IN)
  YESTERDAY        0.0           T    1975   0.1   -0.1      0.0
                                      1953
  MONTH TO DATE    0.0                       0.2   -0.2      0.0
  SINCE SEP 1      0.0                       0.3   -0.3      0.0
  SINCE JUL 1      0.0                       0.3   -0.3       T
  SNOW DEPTH       0

DEGREE DAYS
 HEATING
  YESTERDAY       10                        13     -3        9
  MONTH TO DATE  106                       210   -104      275
  SINCE SEP 1    155                       290   -135      360
  SINCE JUL 1    159                       300   -141      360

 COOLING
  YESTERDAY        0                         0      0        0
  MONTH TO DATE    5                         4      1        0
  SINCE SEP 1    175                        92     83      141
  SINCE JAN 1   1211                       838    373     1174
..................................................................


WIND (MPH)
  RESULTANT WIND SPEED   1   RESULTANT WIND DIRECTION  NW (310)
  HIGHEST WIND SPEED    12   HIGHEST WIND DIRECTION    NW (320)
  HIGHEST GUST SPEED    24   HIGHEST GUST DIRECTION     W (290)
  AVERAGE WIND SPEED     2.7



WEATHER CONDITIONS
 THE FOLLOWING WEATHER WAS RECORDED YESTERDAY.
  NO SIGNIFICANT WEATHER WAS OBSERVED.


RELATIVE HUMIDITY (PERCENT)
 HIGHEST    70           500 AM
 LOWEST     21           200 PM
 AVERAGE    46

..........................................................


THE RENO TAHOE AIRPORT NV CLIMATE NORMALS FOR TODAY
                         NORMAL    RECORD    YEAR
 MAXIMUM TEMPERATURE (F)   66        83      1937
 MINIMUM TEMPERATURE (F)   37        16      1961


SUNRISE AND SUNSET
OCTOBER 23 2014.......SUNRISE   718 AM PDT   SUNSET   609 PM PDT
OCTOBER 24 2014.......SUNRISE   719 AM PDT   SUNSET   607 PM PDT


-  INDICATES NEGATIVE NUMBERS.
R  INDICATES RECORD WAS SET OR TIED.
MM INDICATES DATA IS MISSING.
T  INDICATES TRACE AMOUNT.




$$
