274
CDUS45 KREV 210928
CLIRNO


CLIMATE REPORT
NATIONAL WEATHER SERVICE RENO NV
228 AM PDT FRI JUL 21 2017


...................................

...THE RENO-TAHOE INTL AIRPORT NV CLIMATE SUMMARY FOR JULY 20 2017...

CLIMATE NORMAL PERIOD 1981 TO 2010
CLIMATE RECORD PERIOD 1888 TO 2017


WEATHER ITEM   OBSERVED TIME   RECORD YEAR NORMAL DEPARTURE LAST
                VALUE   (LST)  VALUE       VALUE  FROM      YEAR
                                                  NORMAL
..................................................................
TEMPERATURE (F)
 YESTERDAY
  MAXIMUM         95    221 PM 106    1931  93      2       93
  MINIMUM         53    515 AM  37    1983  59     -6       55
  AVERAGE         74                        76     -2       74

PRECIPITATION (IN)
  YESTERDAY        0.00          0.41 1956   0.00   0.00     0.00
  MONTH TO DATE    T                         0.10  -0.10     0.00
  SINCE OCT 1     15.06                      6.74   8.32     9.16
  SINCE JAN 1     11.27                      4.38   6.89     5.21

SNOWFALL (IN)
  YESTERDAY        0.0           0.0    MM   0.0    0.0      0.0
  MONTH TO DATE    0.0                       0.0    0.0      0.0
  SINCE JUN 1      0.0                       T      0.0      0.0
  SINCE JUL 1      0.0                       0.0    0.0      0.0
  SNOW DEPTH       0

DEGREE DAYS
 HEATING
  YESTERDAY        0                         0      0        0
  MONTH TO DATE    0                         0      0        0
  SINCE JUN 1     45                        56    -11       15
  SINCE JUL 1      0                         0      0        0

 COOLING
  YESTERDAY        9                        11     -2        9
  MONTH TO DATE  316                       193    123      196
  SINCE JUN 1    593                       329    264      460
  SINCE JAN 1    647                       366    281      488
..................................................................


WIND (MPH)
  RESULTANT WIND SPEED   4   RESULTANT WIND DIRECTION  NW (300)
  HIGHEST WIND SPEED    21   HIGHEST WIND DIRECTION    NW (330)
  HIGHEST GUST SPEED    27   HIGHEST GUST DIRECTION     W (290)
  AVERAGE WIND SPEED     6.9



WEATHER CONDITIONS
 THE FOLLOWING WEATHER WAS RECORDED YESTERDAY.
  HAZE


RELATIVE HUMIDITY (PERCENT)
 HIGHEST    43           500 AM
 LOWEST      6          1200 PM
 AVERAGE    25

..........................................................


THE RENO-TAHOE INTL AIRPORT NV CLIMATE NORMALS FOR TODAY
                         NORMAL    RECORD    YEAR
 MAXIMUM TEMPERATURE (F)   93       105      2013
 MINIMUM TEMPERATURE (F)   59        39      1967


SUNRISE AND SUNSET
JULY 21 2017..........SUNRISE   549 AM PDT   SUNSET   821 PM PDT
JULY 22 2017..........SUNRISE   550 AM PDT   SUNSET   820 PM PDT


-  INDICATES NEGATIVE NUMBERS.
R  INDICATES RECORD WAS SET OR TIED.
MM INDICATES DATA IS MISSING.
T  INDICATES TRACE AMOUNT.




$$
