000
CDUS45 KREV 260846
CLIRNO


CLIMATE REPORT
NATIONAL WEATHER SERVICE RENO NV
145 AM PDT FRI MAY 26 2017


...................................

...THE RENO-TAHOE INTL AIRPORT NV CLIMATE SUMMARY FOR MAY 25 2017...

CLIMATE NORMAL PERIOD 1981 TO 2010
CLIMATE RECORD PERIOD 1888 TO 2017


WEATHER ITEM   OBSERVED TIME   RECORD YEAR NORMAL DEPARTURE LAST
                VALUE   (LST)  VALUE       VALUE  FROM      YEAR
                                                  NORMAL
..................................................................
TEMPERATURE (F)
 YESTERDAY
  MAXIMUM         80   1254 PM  92    2001  76      4       71
                                      1943
  MINIMUM         53    318 AM  26    1978  48      5       45
  AVERAGE         67                        62      5       58

PRECIPITATION (IN)
  YESTERDAY        0.00          0.54 1931   0.02  -0.02      T
  MONTH TO DATE    0.61                      0.39   0.22     1.16
  SINCE OCT 1     14.94                      6.03   8.91     9.16
  SINCE JAN 1     11.15                      3.67   7.48     5.21

SNOWFALL (IN)
  YESTERDAY        0.0           0.2  2012   0.0    0.0      0.0
  MONTH TO DATE    0.0                       0.3   -0.3      0.2
  SINCE MAR 1      2.9                       2.8    0.1      7.0
  SINCE JUL 1     27.0                      21.8    5.2     31.1
  SNOW DEPTH       0

DEGREE DAYS
 HEATING
  YESTERDAY        0                         5     -5        7
  MONTH TO DATE  132                       181    -49      165
  SINCE MAR 1   1026                      1205   -179      973
  SINCE JUL 1   4399                      4843   -444     4310

 COOLING
  YESTERDAY        2                         2      0        0
  MONTH TO DATE   35                        22     13       12
  SINCE MAR 1     35                        23     12       12
  SINCE JAN 1     35                        23     12       12
..................................................................


WIND (MPH)
  RESULTANT WIND SPEED   8   RESULTANT WIND DIRECTION  NW (300)
  HIGHEST WIND SPEED    29   HIGHEST WIND DIRECTION    NW (300)
  HIGHEST GUST SPEED    37   HIGHEST GUST DIRECTION    NW (300)
  AVERAGE WIND SPEED    11.0



WEATHER CONDITIONS
 THE FOLLOWING WEATHER WAS RECORDED YESTERDAY.
  NO SIGNIFICANT WEATHER WAS OBSERVED.


RELATIVE HUMIDITY (PERCENT)
 HIGHEST    41           600 AM
 LOWEST     11          1200 PM
 AVERAGE    26

..........................................................


THE RENO-TAHOE INTL AIRPORT NV CLIMATE NORMALS FOR TODAY
                         NORMAL    RECORD    YEAR
 MAXIMUM TEMPERATURE (F)   77        91      1983
                                             1974
                                             1966
 MINIMUM TEMPERATURE (F)   48        25      1899


SUNRISE AND SUNSET
MAY 26 2017...........SUNRISE   537 AM PDT   SUNSET   816 PM PDT
MAY 27 2017...........SUNRISE   536 AM PDT   SUNSET   817 PM PDT


-  INDICATES NEGATIVE NUMBERS.
R  INDICATES RECORD WAS SET OR TIED.
MM INDICATES DATA IS MISSING.
T  INDICATES TRACE AMOUNT.




$$
