000
CDUS41 KRNK 030736
CLIROA


CLIMATE REPORT
NATIONAL WEATHER SERVICE BLACKSBURG VA
231 AM EST SAT DEC 3 2016


...................................

...THE ROANOKE VA CLIMATE SUMMARY FOR DECEMBER 2 2016...

CLIMATE NORMAL PERIOD 1981 TO 2010
CLIMATE RECORD PERIOD 1912 TO 2016


WEATHER ITEM   OBSERVED TIME   RECORD YEAR NORMAL DEPARTURE LAST
                VALUE   (LST)  VALUE       VALUE  FROM      YEAR
                                                  NORMAL
..................................................................
TEMPERATURE (F)
 YESTERDAY
  MAXIMUM         52    214 PM  70    1998  52      0       58
                                      1970
  MINIMUM         39   1159 PM  19    1947  33      6       46
                                      1924
  AVERAGE         46                        42      4       52

PRECIPITATION (IN)
  YESTERDAY        0.00          1.73 1986   0.11  -0.11     0.60
  MONTH TO DATE    0.00                      0.21  -0.21     1.55
  SINCE DEC 1      0.00                      0.21  -0.21     1.55
  SINCE JAN 1     44.02                     38.52   5.50    51.56

SNOWFALL (IN)
  YESTERDAY        0.0                                       0.0
  MONTH TO DATE    0.0                                       0.0
  SINCE DEC 1      0.0                                       0.0
  SINCE JUL 1      0.0                                       0.0
  SNOW DEPTH       0

DEGREE DAYS
 HEATING
  YESTERDAY       19                        23     -4       13
  MONTH TO DATE   34                        45    -11       34
  SINCE DEC 1     34                        45    -11       34
  SINCE JUL 1    562                       849   -287      676

 COOLING
  YESTERDAY        0                         0      0        0
  MONTH TO DATE    0                         0      0        0
  SINCE DEC 1      0                         0      0        0
  SINCE JAN 1   1563                      1208    355     1413
..................................................................


WIND (MPH)
  HIGHEST WIND SPEED    25   HIGHEST WIND DIRECTION    NW (310)
  HIGHEST GUST SPEED    33   HIGHEST GUST DIRECTION    NW (310)
  AVERAGE WIND SPEED    14.7


SKY COVER
  AVERAGE SKY COVER 0.3


WEATHER CONDITIONS
 THE FOLLOWING WEATHER WAS RECORDED YESTERDAY.
  NO SIGNIFICANT WEATHER WAS OBSERVED.


RELATIVE HUMIDITY (PERCENT)
 HIGHEST    60           900 PM
 LOWEST     41           200 PM
 AVERAGE    51

..........................................................


THE ROANOKE VA CLIMATE NORMALS FOR TODAY
                         NORMAL    RECORD    YEAR
 MAXIMUM TEMPERATURE (F)   51        73      2012
 MINIMUM TEMPERATURE (F)   33        12      1946


SUNRISE AND SUNSET
DECEMBER  3 2016......SUNRISE   718 AM EST   SUNSET   502 PM EST
DECEMBER  4 2016......SUNRISE   718 AM EST   SUNSET   502 PM EST


-  INDICATES NEGATIVE NUMBERS.
R  INDICATES RECORD WAS SET OR TIED.
MM INDICATES DATA IS MISSING.
T  INDICATES TRACE AMOUNT.




$$
