000
CDUS41 KRNK 042109
CLIROA


CLIMATE REPORT
NATIONAL WEATHER SERVICE BLACKSBURG VA
508 PM EDT WED MAY 4 2016


...................................

...THE ROANOKE VA CLIMATE SUMMARY FOR MAY 4 2016...
VALID TODAY AS OF 0500 PM LOCAL TIME.

CLIMATE NORMAL PERIOD 1981 TO 2010
CLIMATE RECORD PERIOD 1912 TO 2016


WEATHER ITEM   OBSERVED TIME   RECORD YEAR NORMAL DEPARTURE LAST
                VALUE   (LST)  VALUE       VALUE  FROM      YEAR
                                                  NORMAL
..................................................................
TEMPERATURE (F)
 TODAY
  MAXIMUM         69    334 PM  95    1928  73     -4       82
  MINIMUM         52    514 AM  32    1986  50      2       48
  AVERAGE         61                        62     -1       65

PRECIPITATION (IN)
  TODAY            0.00          1.84 1978   0.12  -0.12     0.00
  MONTH TO DATE    1.32                      0.46   0.86     0.18
  SINCE MAR 1      4.70                      7.29  -2.59     9.49
  SINCE JAN 1     12.93                     13.10  -0.17    13.41

SNOWFALL (IN)
  TODAY            0.0                                       0.0
  MONTH TO DATE    0.0                                       0.0
  SINCE MAR 1      1.0                                       1.9
  SINCE JUL 1     23.0                                      21.7
  SNOW DEPTH       0

DEGREE DAYS
 HEATING
  TODAY            4                         5     -1        0
  MONTH TO DATE    4                        21    -17       20
  SINCE MAR 1    583                       848   -265      800
  SINCE JUL 1   3417                      4053   -636     4229

 COOLING
  TODAY            0                         1     -1        0
  MONTH TO DATE   10                         4      6        0
  SINCE MAR 1     59                        33     26        6
  SINCE JAN 1     59                        33     26        6
..................................................................


WIND (MPH)
  HIGHEST WIND SPEED    17   HIGHEST WIND DIRECTION    SW (240)
  HIGHEST GUST SPEED    24   HIGHEST GUST DIRECTION    SW (220)
  AVERAGE WIND SPEED     3.9


SKY COVER
  AVERAGE SKY COVER 0.8


WEATHER CONDITIONS
 THE FOLLOWING WEATHER WAS RECORDED TODAY.
  NO SIGNIFICANT WEATHER WAS OBSERVED.


RELATIVE HUMIDITY (PERCENT)
 HIGHEST    83           400 AM
 LOWEST     40           200 PM
 AVERAGE    62

..........................................................


THE ROANOKE VA CLIMATE NORMALS FOR TOMORROW
                         NORMAL    RECORD    YEAR
 MAXIMUM TEMPERATURE (F)   73        96      1930
 MINIMUM TEMPERATURE (F)   50        33      1966


SUNRISE AND SUNSET
MAY  4 2016...........SUNRISE   621 AM EDT   SUNSET   813 PM EDT
MAY  5 2016...........SUNRISE   620 AM EDT   SUNSET   813 PM EDT


-  INDICATES NEGATIVE NUMBERS.
R  INDICATES RECORD WAS SET OR TIED.
MM INDICATES DATA IS MISSING.
T  INDICATES TRACE AMOUNT.




$$
