000
CDUS41 KRNK 050652
CLIROA


CLIMATE REPORT
NATIONAL WEATHER SERVICE BLACKSBURG VA
248 AM EDT SAT SEP 5 2015


...................................

...THE ROANOKE VA CLIMATE SUMMARY FOR SEPTEMBER 4 2015...

CLIMATE NORMAL PERIOD 1981 TO 2010
CLIMATE RECORD PERIOD 1912 TO 2015


WEATHER ITEM   OBSERVED TIME   RECORD YEAR NORMAL DEPARTURE LAST
                VALUE   (LST)  VALUE       VALUE  FROM      YEAR
                                                  NORMAL
..................................................................
TEMPERATURE (F)
 YESTERDAY
  MAXIMUM         94    255 PM  99    1925  83     11       82
  MINIMUM         66    546 PM  48    1946  62      4       68
                                      1924
  AVERAGE         80                        72      8       75

PRECIPITATION (IN)
  YESTERDAY        0.62          1.55 1996   0.13   0.49     0.00
  MONTH TO DATE    0.62                      0.55   0.07     0.50
  SINCE SEP 1      0.62                      0.55   0.07     0.50
  SINCE JAN 1     32.05                     28.68   3.37    29.08

SNOWFALL (IN)
  YESTERDAY        0.0                                       0.0
  MONTH TO DATE    0.0                                       0.0
  SINCE SEP 1      0.0                                       0.0
  SINCE JUL 1      0.0                                       0.0
  SNOW DEPTH       0

DEGREE DAYS
 HEATING
  YESTERDAY        0                         0      0        0
  MONTH TO DATE    0                         0      0        0
  SINCE SEP 1      0                         0      0        0
  SINCE JUL 1      0                         1     -1        0

 COOLING
  YESTERDAY       15                         7      8       10
  MONTH TO DATE   58                        31     27       54
  SINCE SEP 1     58                        31     27       54
  SINCE JAN 1   1274                      1078    196     1024
..................................................................


WIND (MPH)
  HIGHEST WIND SPEED    33   HIGHEST WIND DIRECTION    NE (50)
  HIGHEST GUST SPEED    41   HIGHEST GUST DIRECTION    NE (40)
  AVERAGE WIND SPEED     5.0


SKY COVER
  AVERAGE SKY COVER 0.3


WEATHER CONDITIONS
 THE FOLLOWING WEATHER WAS RECORDED YESTERDAY.
  THUNDERSTORM
  HEAVY RAIN
  LIGHT RAIN
  FOG
  HAZE


RELATIVE HUMIDITY (PERCENT)
 HIGHEST   100          1100 PM
 LOWEST     36           300 PM
 AVERAGE    68

..........................................................


THE ROANOKE VA CLIMATE NORMALS FOR TODAY
                         NORMAL    RECORD    YEAR
 MAXIMUM TEMPERATURE (F)   82       101      1954
 MINIMUM TEMPERATURE (F)   61        46      1997


SUNRISE AND SUNSET
SEPTEMBER  5 2015.....SUNRISE   653 AM EDT   SUNSET   743 PM EDT
SEPTEMBER  6 2015.....SUNRISE   654 AM EDT   SUNSET   742 PM EDT


-  INDICATES NEGATIVE NUMBERS.
R  INDICATES RECORD WAS SET OR TIED.
MM INDICATES DATA IS MISSING.
T  INDICATES TRACE AMOUNT.

$$

RAB
