000
CDUS41 KRNK 030929
CLIROA


CLIMATE REPORT
NATIONAL WEATHER SERVICE BLACKSBURG VA
515 AM EDT WED JUN 3 2015


...................................

...THE ROANOKE VA CLIMATE SUMMARY FOR JUNE 2 2015...

CLIMATE NORMAL PERIOD 1981 TO 2010
CLIMATE RECORD PERIOD 1912 TO 2015


WEATHER ITEM   OBSERVED TIME   RECORD YEAR NORMAL DEPARTURE LAST
                VALUE   (LST)  VALUE       VALUE  FROM      YEAR
                                                  NORMAL
..................................................................
TEMPERATURE (F)
 YESTERDAY
  MAXIMUM         77    214 PM  96    1951  80     -3       83
                                      1925
  MINIMUM         61   1159 PM  40    1966  59      2       53
  AVERAGE         69                        69      0       68

PRECIPITATION (IN)
  YESTERDAY        3.11R         2.11 1959   0.15   2.96     0.00
  MONTH TO DATE    4.20                      0.29   3.91     0.00
  SINCE JUN 1      4.20                      0.29   3.91     0.00
  SINCE JAN 1     19.18                     16.99   2.19    15.60

SNOWFALL (IN)
  YESTERDAY        0.0                                       0.0
  MONTH TO DATE    T                                         0.0
  SINCE JUN 1      T                                         0.0
  SINCE JUL 1     21.7                                      28.0
  SNOW DEPTH       0

DEGREE DAYS
 HEATING
  YESTERDAY        0                         1     -1        0
  MONTH TO DATE    0                         2     -2        0
  SINCE JUN 1      0                         2     -2        0
  SINCE JUL 1   4244                      4135    109     4366

 COOLING
  YESTERDAY        4                         5     -1        3
  MONTH TO DATE   13                        10      3        6
  SINCE JUN 1     13                        10      3        6
  SINCE JAN 1    181                       126     55      155
..................................................................


WIND (MPH)
  HIGHEST WIND SPEED    22   HIGHEST WIND DIRECTION    NW (320)
  HIGHEST GUST SPEED    28   HIGHEST GUST DIRECTION    NW (320)
  AVERAGE WIND SPEED     5.2


SKY COVER
  AVERAGE SKY COVER 0.9


WEATHER CONDITIONS
 THE FOLLOWING WEATHER WAS RECORDED YESTERDAY.
  THUNDERSTORM
  HEAVY RAIN
  RAIN
  LIGHT RAIN
  FOG
  FOG W/VISIBILITY <= 1/4 MILE


RELATIVE HUMIDITY (PERCENT)
 HIGHEST   100           700 AM
 LOWEST     60           200 PM
 AVERAGE    80

..........................................................


THE ROANOKE VA CLIMATE NORMALS FOR TODAY
                         NORMAL    RECORD    YEAR
 MAXIMUM TEMPERATURE (F)   80       100      1936
 MINIMUM TEMPERATURE (F)   59        42      1966


SUNRISE AND SUNSET
JUNE  3 2015..........SUNRISE   600 AM EDT   SUNSET   836 PM EDT
JUNE  4 2015..........SUNRISE   600 AM EDT   SUNSET   837 PM EDT


-  INDICATES NEGATIVE NUMBERS.
R  INDICATES RECORD WAS SET OR TIED.
MM INDICATES DATA IS MISSING.
T  INDICATES TRACE AMOUNT.




$$
