000
CDUS41 KRNK 240915
CLIROA


CLIMATE REPORT
NATIONAL WEATHER SERVICE BLACKSBURG VA
513 AM EDT THU APR 24 2014


...................................

...THE ROANOKE VA CLIMATE SUMMARY FOR APRIL 23 2014...

CLIMATE NORMAL PERIOD 1981 TO 2010
CLIMATE RECORD PERIOD 1912 TO 2014


WEATHER ITEM   OBSERVED TIME   RECORD YEAR NORMAL DEPARTURE LAST
                VALUE   (LST)  VALUE       VALUE  FROM      YEAR
                                                  NORMAL
..................................................................
TEMPERATURE (F)
 YESTERDAY
  MAXIMUM         66    333 PM  91    1985  70     -4       69
                                      1980
                                      1960
  MINIMUM         48    618 AM  29    1927  47      1       47
  AVERAGE         57                        59     -2       58

PRECIPITATION (IN)
  YESTERDAY        0.00          1.78 1983   0.11  -0.11     0.00
  MONTH TO DATE    2.18                      2.58  -0.40     2.60
  SINCE MAR 1      4.94                      6.04  -1.10     6.00
  SINCE JAN 1     11.22                     11.85  -0.63    15.29

SNOWFALL (IN)
  YESTERDAY        0.0
  MONTH TO DATE    0.0
  SINCE MAR 1      5.6
  SINCE JUL 1     28.0
  SNOW DEPTH       0

DEGREE DAYS
 HEATING
  YESTERDAY        8                         7      1        7
  MONTH TO DATE  211                       230    -19      193
  SINCE MAR 1    861                       782     79      892
  SINCE JUL 1   4263                      3987    276     3834

 COOLING
  YESTERDAY        0                         1     -1        0
  MONTH TO DATE    8                        15     -7       43
  SINCE MAR 1      8                        20    -12       43
  SINCE JAN 1      8                        20    -12       43
..................................................................


WIND (MPH)
  HIGHEST WIND SPEED    23   HIGHEST WIND DIRECTION    NW (320)
  HIGHEST GUST SPEED    31   HIGHEST GUST DIRECTION     W (260)
  AVERAGE WIND SPEED    12.5


SKY COVER
  POSSIBLE SUNSHINE  MM
  AVERAGE SKY COVER 0.1


WEATHER CONDITIONS
 THE FOLLOWING WEATHER WAS RECORDED YESTERDAY.
  NO SIGNIFICANT WEATHER WAS OBSERVED.


RELATIVE HUMIDITY (PERCENT)
 HIGHEST    50           600 AM
 LOWEST     24           400 PM
 AVERAGE    37

..........................................................


THE ROANOKE VA CLIMATE NORMALS FOR TODAY
                         NORMAL    RECORD    YEAR
 MAXIMUM TEMPERATURE (F)   71        95      1925
 MINIMUM TEMPERATURE (F)   48        28      1927


SUNRISE AND SUNSET
APRIL 24 2014.........SUNRISE   633 AM EDT   SUNSET   803 PM EDT
APRIL 25 2014.........SUNRISE   632 AM EDT   SUNSET   804 PM EDT


-  INDICATES NEGATIVE NUMBERS.
R  INDICATES RECORD WAS SET OR TIED.
MM INDICATES DATA IS MISSING.
T  INDICATES TRACE AMOUNT.

REMARKS:
DUE TO A PROBLEM WITH THE ASOS TEMPERATURE SENSOR ON AUGUST
26-28 AND SEPTEMBER 23...THE SEASONAL TOTAL AND DEPARTURE FROM
NORMAL FOR HDD WILL BE CALCULATED WITHOUT DATA FROM THOSE DATES.

$$
