000
CDUS41 KRNK 020834
CLIROA


CLIMATE REPORT
NATIONAL WEATHER SERVICE BLACKSBURG VA
433 AM EDT SUN AUG 2 2015


...................................

...THE ROANOKE VA CLIMATE SUMMARY FOR AUGUST 1 2015...

CLIMATE NORMAL PERIOD 1981 TO 2010
CLIMATE RECORD PERIOD 1912 TO 2015


WEATHER ITEM   OBSERVED TIME   RECORD YEAR NORMAL DEPARTURE LAST
                VALUE   (LST)  VALUE       VALUE  FROM      YEAR
                                                  NORMAL
..................................................................
TEMPERATURE (F)
 YESTERDAY
  MAXIMUM         89    418 PM  97    1953  87      2       73
                                      1935
  MINIMUM         66    601 AM  54    1997  66      0       62
                                      1936
                                      1914
  AVERAGE         78                        76      2       68

PRECIPITATION (IN)
  YESTERDAY        0.00          2.70 1923   0.11  -0.11     0.52
  MONTH TO DATE    0.00                      0.11  -0.11     0.52
  SINCE JUN 1     13.36                      7.98   5.38     6.97
  SINCE JAN 1     28.34                     24.68   3.66    22.57

SNOWFALL (IN)
  YESTERDAY        0.0                                       0.0
  MONTH TO DATE    0.0                                       0.0
  SINCE JUN 1      T                                         0.0
  SINCE JUL 1      0.0                                       0.0
  SNOW DEPTH       0

DEGREE DAYS
 HEATING
  YESTERDAY        0                         0      0        0
  MONTH TO DATE    0                         0      0        0
  SINCE JUN 1      7                        11     -4        0
  SINCE JUL 1      0                         0      0        0

 COOLING
  YESTERDAY       13                        12      1        3
  MONTH TO DATE   13                        12      1        3
  SINCE JUN 1    731                       619    112      604
  SINCE JAN 1    899                       735    164      753
..................................................................


WIND (MPH)
  HIGHEST WIND SPEED    17   HIGHEST WIND DIRECTION    NW (300)
  HIGHEST GUST SPEED    28   HIGHEST GUST DIRECTION    NW (300)
  AVERAGE WIND SPEED     8.6


SKY COVER
  AVERAGE SKY COVER 0.1


WEATHER CONDITIONS
 THE FOLLOWING WEATHER WAS RECORDED YESTERDAY.
  NO SIGNIFICANT WEATHER WAS OBSERVED.


RELATIVE HUMIDITY (PERCENT)
 HIGHEST    73          1200 AM
 LOWEST     29           200 PM
 AVERAGE    51

..........................................................


THE ROANOKE VA CLIMATE NORMALS FOR TODAY
                         NORMAL    RECORD    YEAR
 MAXIMUM TEMPERATURE (F)   87       101      1942
 MINIMUM TEMPERATURE (F)   66        50      1912


SUNRISE AND SUNSET
AUGUST  2 2015........SUNRISE   625 AM EDT   SUNSET   827 PM EDT
AUGUST  3 2015........SUNRISE   626 AM EDT   SUNSET   826 PM EDT


-  INDICATES NEGATIVE NUMBERS.
R  INDICATES RECORD WAS SET OR TIED.
MM INDICATES DATA IS MISSING.
T  INDICATES TRACE AMOUNT.




$$
