000
CDUS41 KBUF 220706
CLIROC


CLIMATE REPORT
NATIONAL WEATHER SERVICE BUFFALO NY
305 AM EDT FRI MAY 22 2015


...................................

...THE ROCHESTER NY CLIMATE SUMMARY FOR MAY 21 2015...

CLIMATE NORMAL PERIOD 1981 TO 2010
CLIMATE RECORD PERIOD 1871 TO 2015


WEATHER ITEM   OBSERVED TIME   RECORD YEAR NORMAL DEPARTURE LAST
                VALUE   (LST)  VALUE       VALUE  FROM      YEAR
                                                  NORMAL
..................................................................
TEMPERATURE (F)
 YESTERDAY
  MAXIMUM         66    146 PM  92    1977  69     -3       73
  MINIMUM         45   1204 AM  31    1895  48     -3       57
  AVERAGE         56                        58     -2       65

PRECIPITATION (IN)
  YESTERDAY        0.00          1.92 1883   0.10  -0.10      T
  MONTH TO DATE    0.98                      1.92  -0.94     2.75
  SINCE MAR 1      5.02                      7.15  -2.13     8.96
  SINCE JAN 1      9.27                     11.51  -2.24    12.58

SNOWFALL (IN)
  YESTERDAY        0.0           T    2006   0.0    0.0      0.0
  MONTH TO DATE    0.0                       0.4   -0.4       T
  SINCE MAR 1     13.3                      20.6   -7.3     29.6
  SINCE JUL 1    101.9                      99.5    2.4    112.7
  SNOW DEPTH       0

DEGREE DAYS
 HEATING
  YESTERDAY        9                         7      2        0
  MONTH TO DATE   89                       214   -125      159
  SINCE MAR 1   1681                      1731    -50     1869
  SINCE JUL 1   6775                      6517    258     6954

 COOLING
  YESTERDAY        0                         1     -1        0
  MONTH TO DATE   55                        12     43       25
  SINCE MAR 1     55                        16     39       26
  SINCE JAN 1     55                        16     39       26
..................................................................


WIND (MPH)
  HIGHEST WIND SPEED    21   HIGHEST WIND DIRECTION     W (260)
  HIGHEST GUST SPEED    27   HIGHEST GUST DIRECTION     W (270)
  AVERAGE WIND SPEED     8.3


SKY COVER
  AVERAGE SKY COVER 0.7


WEATHER CONDITIONS
 THE FOLLOWING WEATHER WAS RECORDED YESTERDAY.
  NO SIGNIFICANT WEATHER WAS OBSERVED.


RELATIVE HUMIDITY (PERCENT)
 HIGHEST    76           500 AM
 LOWEST     29          1100 AM
 AVERAGE    53

..........................................................


THE ROCHESTER NY CLIMATE NORMALS FOR TODAY
                         NORMAL    RECORD    YEAR
 MAXIMUM TEMPERATURE (F)   70        92      1911
 MINIMUM TEMPERATURE (F)   48        34      1990
                                             1895


SUNRISE AND SUNSET
MAY 22 2015...........SUNRISE   541 AM EDT   SUNSET   834 PM EDT
MAY 23 2015...........SUNRISE   540 AM EDT   SUNSET   835 PM EDT


-  INDICATES NEGATIVE NUMBERS.
R  INDICATES RECORD WAS SET OR TIED.
MM INDICATES DATA IS MISSING.
T  INDICATES TRACE AMOUNT.




$$
