000
CDUS41 KBUF 280705
CLIROC


CLIMATE REPORT
NATIONAL WEATHER SERVICE BUFFALO NY
205 AM EST SUN DEC 28 2014


...................................

...THE ROCHESTER NY CLIMATE SUMMARY FOR DECEMBER 27 2014...

CLIMATE NORMAL PERIOD 1981 TO 2010
CLIMATE RECORD PERIOD 1871 TO 2014


WEATHER ITEM   OBSERVED TIME   RECORD YEAR NORMAL DEPARTURE LAST
                VALUE   (LST)  VALUE       VALUE  FROM      YEAR
                                                  NORMAL
..................................................................
TEMPERATURE (F)
 YESTERDAY
  MAXIMUM         55    326 PM  62    1936  34     21       34
  MINIMUM         31   1215 AM  -5    1925  20     11       20
  AVERAGE         43                        27     16       27

PRECIPITATION (IN)
  YESTERDAY        0.00          1.72 1894   0.08  -0.08     0.01
  MONTH TO DATE    2.08                      2.31  -0.23     2.88
  SINCE DEC 1      2.08                      2.31  -0.23     2.88
  SINCE JAN 1     32.74                     33.95  -1.21    36.63

SNOWFALL (IN)
  YESTERDAY        0.0          17.2  1894   0.8   -0.8      0.1
  MONTH TO DATE   12.0                      18.5   -6.5     21.5
  SINCE DEC 1     12.0                      18.5   -6.5     21.5
  SINCE JUL 1     21.1                      25.9   -4.8     35.0
  SNOW DEPTH       0

DEGREE DAYS
 HEATING
  YESTERDAY       22                        38    -16       38
  MONTH TO DATE  794                       931   -137      982
  SINCE DEC 1    794                       931   -137      982
  SINCE JUL 1   2074                      2299   -225     2354

 COOLING
  YESTERDAY        0                         0      0        0
  MONTH TO DATE    0                         0      0        0
  SINCE DEC 1      0                         0      0        0
  SINCE JAN 1    542                       539      3      660
..................................................................


WIND (MPH)
  HIGHEST WIND SPEED    18   HIGHEST WIND DIRECTION    SW (210)
  HIGHEST GUST SPEED    26   HIGHEST GUST DIRECTION    SW (210)
  AVERAGE WIND SPEED     8.5


SKY COVER
  AVERAGE SKY COVER 0.8


WEATHER CONDITIONS
 THE FOLLOWING WEATHER WAS RECORDED YESTERDAY.
  NO SIGNIFICANT WEATHER WAS OBSERVED.


RELATIVE HUMIDITY (PERCENT)
 HIGHEST    89           200 AM
 LOWEST     50          1000 PM
 AVERAGE    70

..........................................................


THE ROCHESTER NY CLIMATE NORMALS FOR TODAY
                         NORMAL    RECORD    YEAR
 MAXIMUM TEMPERATURE (F)   33        68      1982
 MINIMUM TEMPERATURE (F)   20        -1      1933


SUNRISE AND SUNSET
DECEMBER 28 2014......SUNRISE   742 AM EST   SUNSET   443 PM EST
DECEMBER 29 2014......SUNRISE   742 AM EST   SUNSET   444 PM EST


-  INDICATES NEGATIVE NUMBERS.
R  INDICATES RECORD WAS SET OR TIED.
MM INDICATES DATA IS MISSING.
T  INDICATES TRACE AMOUNT.




$$
