000
CDUS41 KBUF 071021
CLIROC


CLIMATE REPORT
NATIONAL WEATHER SERVICE BUFFALO NY
620 AM EDT TUE JUL 7 2015


...................................

...THE ROCHESTER NY CLIMATE SUMMARY FOR JULY 6 2015...

CLIMATE NORMAL PERIOD 1981 TO 2010
CLIMATE RECORD PERIOD 1871 TO 2015


WEATHER ITEM   OBSERVED TIME   RECORD YEAR NORMAL DEPARTURE LAST
                VALUE   (LST)  VALUE       VALUE  FROM      YEAR
                                                  NORMAL
..................................................................
TEMPERATURE (F)
 YESTERDAY
  MAXIMUM         85    610 PM  98    1993  81      4       83
  MINIMUM         61    414 AM  47    1963  60      1       55
  AVERAGE         73                        71      2       69

PRECIPITATION (IN)
  YESTERDAY        0.00          3.25 1987   0.11  -0.11     0.00
  MONTH TO DATE    0.22                      0.63  -0.41     0.46
  SINCE JUN 1      6.42                      3.97   2.45     2.52
  SINCE JAN 1     18.12                     16.43   1.69    15.52

SNOWFALL (IN)
  YESTERDAY        0.0           0.0    MM   0.0    0.0      0.0
  MONTH TO DATE    0.0                       0.0    0.0      0.0
  SINCE JUN 1      0.0                       0.0    0.0      0.0
  SINCE JUL 1      0.0                       0.0    0.0      0.0
  SNOW DEPTH       0

DEGREE DAYS
 HEATING
  YESTERDAY        0                         1     -1        0
  MONTH TO DATE    4                         6     -2        0
  SINCE JUN 1     61                        74    -13       29
  SINCE JUL 1      4                         6     -2        0

 COOLING
  YESTERDAY        8                         6      2        4
  MONTH TO DATE   19                        36    -17       41
  SINCE JUN 1    113                       142    -29      191
  SINCE JAN 1    216                       172     44      230
..................................................................


WIND (MPH)
  HIGHEST WIND SPEED    15   HIGHEST WIND DIRECTION     S (180)
  HIGHEST GUST SPEED    19   HIGHEST GUST DIRECTION    SE (140)
  AVERAGE WIND SPEED     6.3


SKY COVER
  AVERAGE SKY COVER 0.5


WEATHER CONDITIONS
 THE FOLLOWING WEATHER WAS RECORDED YESTERDAY.
  LIGHT RAIN
  FOG


RELATIVE HUMIDITY (PERCENT)
 HIGHEST    93           400 AM
 LOWEST     55           200 PM
 AVERAGE    74

..........................................................


THE ROCHESTER NY CLIMATE NORMALS FOR TODAY
                         NORMAL    RECORD    YEAR
 MAXIMUM TEMPERATURE (F)   81        97      1988
 MINIMUM TEMPERATURE (F)   60        47      1942


SUNRISE AND SUNSET
JULY  7 2015..........SUNRISE   538 AM EDT   SUNSET   852 PM EDT
JULY  8 2015..........SUNRISE   539 AM EDT   SUNSET   852 PM EDT


-  INDICATES NEGATIVE NUMBERS.
R  INDICATES RECORD WAS SET OR TIED.
MM INDICATES DATA IS MISSING.
T  INDICATES TRACE AMOUNT.




$$
