000
CDUS45 KABQ 120836
CLIROW


CLIMATE REPORT
NATIONAL WEATHER SERVICE ALBUQUERQUE NM
135 AM MST TUE DEC 12 2017


...................................

...THE ROSWELL NM CLIMATE SUMMARY FOR DECEMBER 11 2017...

CLIMATE NORMAL PERIOD 1981 TO 2010
CLIMATE RECORD PERIOD 1893 TO 2017


WEATHER ITEM   OBSERVED TIME   RECORD YEAR NORMAL DEPARTURE
                VALUE   (LST)  VALUE       VALUE  FROM
                                                  NORMAL
...............................................................
TEMPERATURE (F)
 YESTERDAY
  MAXIMUM         67    333 PM  79    1987  55     12
  MINIMUM         23    421 AM   8    1960  26     -3
                                      1924
  AVERAGE         45                        41      4

PRECIPITATION (IN)
  YESTERDAY        0.00          0.65 1991   0.02  -0.02
  MONTH TO DATE    T                         0.23  -0.23
  SINCE DEC 1      T                         0.23  -0.23
  SINCE JAN 1     11.16                     12.50  -1.34

SNOWFALL (IN)
  YESTERDAY        0.0
  MONTH TO DATE    0.0
  SINCE DEC 1      0.0
  SINCE JUL 1      0.0

DEGREE DAYS
 HEATING
  YESTERDAY       20                        24     -4
  MONTH TO DATE  201                       254    -53
  SINCE DEC 1    201                       254    -53
  SINCE JUL 1    651                       900   -249

 COOLING
  YESTERDAY        0                         0      0
  MONTH TO DATE    0                         0      0
  SINCE DEC 1      0                         0      0
  SINCE JAN 1   2172                      1789    383
...............................................................


WIND (MPH)
  HIGHEST WIND SPEED    12   HIGHEST WIND DIRECTION     N (350)
  HIGHEST GUST SPEED    12   HIGHEST GUST DIRECTION    NW (300)
  AVERAGE WIND SPEED     4.5


SKY COVER
  AVERAGE SKY COVER 0.0


WEATHER CONDITIONS
 THE FOLLOWING WEATHER WAS RECORDED YESTERDAY.
  NO SIGNIFICANT WEATHER WAS OBSERVED.


RELATIVE HUMIDITY (PERCENT)
 HIGHEST    50           400 AM
 LOWEST     10           300 PM
 AVERAGE    30

..........................................................


THE ROSWELL NM CLIMATE NORMALS FOR TODAY
                         NORMAL    RECORD    YEAR
 MAXIMUM TEMPERATURE (F)   55        80      1937
 MINIMUM TEMPERATURE (F)   26         4      1923


SUNRISE AND SUNSET
DECEMBER 12 2017......SUNRISE   653 AM MST   SUNSET   451 PM MST
DECEMBER 13 2017......SUNRISE   653 AM MST   SUNSET   452 PM MST


-  INDICATES NEGATIVE NUMBERS.
R  INDICATES RECORD WAS SET OR TIED.
MM INDICATES DATA IS MISSING.
T  INDICATES TRACE AMOUNT.




$$
