000
CDUS45 KABQ 200847
CLIROW


CLIMATE REPORT
NATIONAL WEATHER SERVICE ALBUQUERQUE NM
245 AM MDT SAT SEP 20 2014


...................................

...THE ROSWELL NM CLIMATE SUMMARY FOR SEPTEMBER 19 2014...

CLIMATE NORMAL PERIOD 1981 TO 2010
CLIMATE RECORD PERIOD 1893 TO 2014


WEATHER ITEM   OBSERVED TIME   RECORD YEAR NORMAL DEPARTURE
                VALUE   (LST)  VALUE       VALUE  FROM
                                                  NORMAL
...............................................................
TEMPERATURE (F)
 YESTERDAY
  MAXIMUM         74    418 PM 100    1930  85    -11
  MINIMUM         66    304 AM  41    1968  57      9
  AVERAGE         70                        71     -1

PRECIPITATION (IN)
  YESTERDAY        0.60          1.30 1896   0.05   0.55
  MONTH TO DATE    3.09                      1.03   2.06
  SINCE SEP 1      3.09                      1.03   2.06
  SINCE JAN 1     15.33                      9.96   5.37

SNOWFALL (IN)
  YESTERDAY        0.0
  MONTH TO DATE    0.0
  SINCE SEP 1      0.0
  SINCE JUL 1      0.0

DEGREE DAYS
 HEATING
  YESTERDAY        0                         1     -1
  MONTH TO DATE   16                         2     14
  SINCE SEP 1     16                         2     14
  SINCE JUL 1     16                         2     14

 COOLING
  YESTERDAY        5                         7     -2
  MONTH TO DATE  153                       174    -21
  SINCE SEP 1    153                       174    -21
  SINCE JAN 1   1838                      1698    140
...............................................................


WIND (MPH)
  HIGHEST WIND SPEED    14   HIGHEST WIND DIRECTION     E (70)
  HIGHEST GUST SPEED    16   HIGHEST GUST DIRECTION     E (70)
  AVERAGE WIND SPEED     5.9


SKY COVER
  AVERAGE SKY COVER 0.9


WEATHER CONDITIONS
 THE FOLLOWING WEATHER WAS RECORDED YESTERDAY.
  HEAVY RAIN
  RAIN
  LIGHT RAIN
  FOG


RELATIVE HUMIDITY (PERCENT)
 HIGHEST    93          1200 AM
 LOWEST     79           200 PM
 AVERAGE    86

..........................................................


THE ROSWELL NM CLIMATE NORMALS FOR TODAY
                         NORMAL    RECORD    YEAR
 MAXIMUM TEMPERATURE (F)   84       100      1977
 MINIMUM TEMPERATURE (F)   57        33      1971


SUNRISE AND SUNSET
SEPTEMBER 20 2014.....SUNRISE   645 AM MDT   SUNSET   658 PM MDT
SEPTEMBER 21 2014.....SUNRISE   646 AM MDT   SUNSET   656 PM MDT


-  INDICATES NEGATIVE NUMBERS.
R  INDICATES RECORD WAS SET OR TIED.
MM INDICATES DATA IS MISSING.
T  INDICATES TRACE AMOUNT.




$$
