235
CDUS45 KABQ 230920
CLIROW


CLIMATE REPORT
NATIONAL WEATHER SERVICE ALBUQUERQUE NM
219 AM MST MON JAN 23 2017


...................................

...THE ROSWELL NM CLIMATE SUMMARY FOR JANUARY 22 2017...

CLIMATE NORMAL PERIOD 1981 TO 2010
CLIMATE RECORD PERIOD 1893 TO 2017


WEATHER ITEM   OBSERVED TIME   RECORD YEAR NORMAL DEPARTURE
                VALUE   (LST)  VALUE       VALUE  FROM
                                                  NORMAL
...............................................................
TEMPERATURE (F)
 YESTERDAY
  MAXIMUM         61    235 PM  79    1967  56      5
  MINIMUM         31   1136 PM -16    1966  27      4
  AVERAGE         46                        41      5

PRECIPITATION (IN)
  YESTERDAY        0.00          0.41 2015   0.01  -0.01
  MONTH TO DATE    1.09                      0.26   0.83
  SINCE DEC 1      1.39                      0.90   0.49
  SINCE JAN 1      1.09                      0.26   0.83

SNOWFALL (IN)
  YESTERDAY        0.0
  MONTH TO DATE    2.5
  SINCE DEC 1      2.5
  SINCE JUL 1      2.5

DEGREE DAYS
 HEATING
  YESTERDAY       19                        24     -5
  MONTH TO DATE  450                       550   -100
  SINCE DEC 1   1182                      1314   -132
  SINCE JUL 1   1568                      1960   -392

 COOLING
  YESTERDAY        0                         0      0
  MONTH TO DATE    0                         0      0
  SINCE DEC 1      0                         0      0
  SINCE JAN 1      0                         0      0
...............................................................


WIND (MPH)
  HIGHEST WIND SPEED    35   HIGHEST WIND DIRECTION    NW (320)
  HIGHEST GUST SPEED    49   HIGHEST GUST DIRECTION     W (290)
  AVERAGE WIND SPEED    15.9


SKY COVER
  AVERAGE SKY COVER 0.0


WEATHER CONDITIONS
 THE FOLLOWING WEATHER WAS RECORDED YESTERDAY.
  NO SIGNIFICANT WEATHER WAS OBSERVED.


RELATIVE HUMIDITY (PERCENT)
 HIGHEST    64          1100 PM
 LOWEST     12           300 PM
 AVERAGE    38

..........................................................


THE ROSWELL NM CLIMATE NORMALS FOR TODAY
                         NORMAL    RECORD    YEAR
 MAXIMUM TEMPERATURE (F)   56        83      1972
 MINIMUM TEMPERATURE (F)   27        -2      1918


SUNRISE AND SUNSET
JANUARY 23 2017.......SUNRISE   659 AM MST   SUNSET   522 PM MST
JANUARY 24 2017.......SUNRISE   658 AM MST   SUNSET   523 PM MST


-  INDICATES NEGATIVE NUMBERS.
R  INDICATES RECORD WAS SET OR TIED.
MM INDICATES DATA IS MISSING.
T  INDICATES TRACE AMOUNT.




$$
