000
CDUS45 KABQ 310833
CLIROW


CLIMATE REPORT
NATIONAL WEATHER SERVICE ALBUQUERQUE NM
232 AM MDT THU JUL 31 2014


...................................

...THE ROSWELL NM CLIMATE SUMMARY FOR JULY 30 2014...

CLIMATE NORMAL PERIOD 1981 TO 2010
CLIMATE RECORD PERIOD 1893 TO 2014


WEATHER ITEM   OBSERVED TIME   RECORD YEAR NORMAL DEPARTURE
                VALUE   (LST)  VALUE       VALUE  FROM
                                                  NORMAL
...............................................................
TEMPERATURE (F)
 YESTERDAY
  MAXIMUM         95    137 PM 104    1957  93      2
  MINIMUM         69    926 PM  56    1947  67      2
  AVERAGE         82                        80      2

PRECIPITATION (IN)
  YESTERDAY        0.00          1.24 1925   0.05  -0.05
  MONTH TO DATE    3.42                      2.00   1.42
  SINCE JUN 1      4.85                      3.73   1.12
  SINCE JAN 1      9.71                      6.90   2.81

SNOWFALL (IN)
  YESTERDAY        0.0
  MONTH TO DATE    0.0
  SINCE JUN 1      0.0
  SINCE JUL 1      0.0

DEGREE DAYS
 HEATING
  YESTERDAY        0                         0      0
  MONTH TO DATE    0                         0      0
  SINCE JUN 1      0                         1     -1
  SINCE JUL 1      0                         0      0

 COOLING
  YESTERDAY       17                        15      2
  MONTH TO DATE  487                       462     25
  SINCE JUN 1    967                       859    108
  SINCE JAN 1   1221                      1084    137
...............................................................


WIND (MPH)
  HIGHEST WIND SPEED    22   HIGHEST WIND DIRECTION    NE (50)
  HIGHEST GUST SPEED    27   HIGHEST GUST DIRECTION    NE (50)
  AVERAGE WIND SPEED     7.3


SKY COVER
  AVERAGE SKY COVER 0.1


WEATHER CONDITIONS
 THE FOLLOWING WEATHER WAS RECORDED YESTERDAY.
  NO SIGNIFICANT WEATHER WAS OBSERVED.


RELATIVE HUMIDITY (PERCENT)
 HIGHEST    90           300 AM
 LOWEST     33           100 PM
 AVERAGE    62

..........................................................


THE ROSWELL NM CLIMATE NORMALS FOR TODAY
                         NORMAL    RECORD    YEAR
 MAXIMUM TEMPERATURE (F)   93       104      1972
 MINIMUM TEMPERATURE (F)   67        56      1947


SUNRISE AND SUNSET
JULY 31 2014..........SUNRISE   610 AM MDT   SUNSET   758 PM MDT
AUGUST  1 2014........SUNRISE   611 AM MDT   SUNSET   757 PM MDT


-  INDICATES NEGATIVE NUMBERS.
R  INDICATES RECORD WAS SET OR TIED.
MM INDICATES DATA IS MISSING.
T  INDICATES TRACE AMOUNT.

$$
