000
CDUS45 KABQ 180828
CLIROW


CLIMATE REPORT
NATIONAL WEATHER SERVICE ALBUQUERQUE NM
227 AM MDT WED OCT 18 2017


...................................

...THE ROSWELL NM CLIMATE SUMMARY FOR OCTOBER 17 2017...

CLIMATE NORMAL PERIOD 1981 TO 2010
CLIMATE RECORD PERIOD 1893 TO 2017


WEATHER ITEM   OBSERVED TIME   RECORD YEAR NORMAL DEPARTURE
                VALUE   (LST)  VALUE       VALUE  FROM
                                                  NORMAL
...............................................................
TEMPERATURE (F)
 YESTERDAY
  MAXIMUM         81    328 PM  97    2016  75      6
  MINIMUM         39    433 AM  26    1898  46     -7
  AVERAGE         60                        61     -1

PRECIPITATION (IN)
  YESTERDAY        0.00          3.10 1900   0.04  -0.04
  MONTH TO DATE    1.60                      0.71   0.89
  SINCE SEP 1      3.78                      2.24   1.54
  SINCE JAN 1     11.12                     11.17  -0.05

SNOWFALL (IN)
  YESTERDAY        0.0
  MONTH TO DATE    0.0
  SINCE SEP 1      0.0
  SINCE JUL 1      0.0

DEGREE DAYS
 HEATING
  YESTERDAY        5                         5      0
  MONTH TO DATE   45                        56    -11
  SINCE SEP 1     51                        72    -21
  SINCE JUL 1     51                        72    -21

 COOLING
  YESTERDAY        0                         1     -1
  MONTH TO DATE   76                        31     45
  SINCE SEP 1    369                       258    111
  SINCE JAN 1   2160                      1782    378
...............................................................


WIND (MPH)
  HIGHEST WIND SPEED    14   HIGHEST WIND DIRECTION     S (160)
  HIGHEST GUST SPEED    17   HIGHEST GUST DIRECTION     S (160)
  AVERAGE WIND SPEED     5.4


SKY COVER
  AVERAGE SKY COVER 0.0


WEATHER CONDITIONS
 THE FOLLOWING WEATHER WAS RECORDED YESTERDAY.
  NO SIGNIFICANT WEATHER WAS OBSERVED.


RELATIVE HUMIDITY (PERCENT)
 HIGHEST    92           400 AM
 LOWEST     18           300 PM
 AVERAGE    55

..........................................................


THE ROSWELL NM CLIMATE NORMALS FOR TODAY
                         NORMAL    RECORD    YEAR
 MAXIMUM TEMPERATURE (F)   75        89      1995
 MINIMUM TEMPERATURE (F)   46        25      1966


SUNRISE AND SUNSET
OCTOBER 18 2017.......SUNRISE   705 AM MDT   SUNSET   621 PM MDT
OCTOBER 19 2017.......SUNRISE   706 AM MDT   SUNSET   620 PM MDT


-  INDICATES NEGATIVE NUMBERS.
R  INDICATES RECORD WAS SET OR TIED.
MM INDICATES DATA IS MISSING.
T  INDICATES TRACE AMOUNT.




$$
