000
CDUS45 KABQ 250836
CLIROW


CLIMATE REPORT
NATIONAL WEATHER SERVICE ALBUQUERQUE NM
232 AM MDT FRI JUL 25 2014


...................................

...THE ROSWELL NM CLIMATE SUMMARY FOR JULY 24 2014...

CLIMATE NORMAL PERIOD 1981 TO 2010
CLIMATE RECORD PERIOD 1893 TO 2014


WEATHER ITEM   OBSERVED TIME   RECORD YEAR NORMAL DEPARTURE
                VALUE   (LST)  VALUE       VALUE  FROM
                                                  NORMAL
...............................................................
TEMPERATURE (F)
 YESTERDAY
  MAXIMUM         98    451 PM 106    1958  93      5
  MINIMUM         68    541 AM  57    1894  67      1
  AVERAGE         83                        80      3

PRECIPITATION (IN)
  YESTERDAY        0.00          1.89 1950   0.06  -0.06
  MONTH TO DATE    0.65                      1.65  -1.00
  SINCE JUN 1      2.08                      3.38  -1.30
  SINCE JAN 1      6.94                      6.55   0.39

SNOWFALL (IN)
  YESTERDAY        0.0
  MONTH TO DATE    0.0
  SINCE JUN 1      0.0
  SINCE JUL 1      0.0

DEGREE DAYS
 HEATING
  YESTERDAY        0                         0      0
  MONTH TO DATE    0                         0      0
  SINCE JUN 1      0                         1     -1
  SINCE JUL 1      0                         0      0

 COOLING
  YESTERDAY       18                        15      3
  MONTH TO DATE  384                       372     12
  SINCE JUN 1    864                       769     95
  SINCE JAN 1   1118                       994    124
...............................................................


WIND (MPH)
  HIGHEST WIND SPEED    18   HIGHEST WIND DIRECTION    SE (140)
  HIGHEST GUST SPEED    23   HIGHEST GUST DIRECTION    SE (120)
  AVERAGE WIND SPEED     6.5


SKY COVER
  AVERAGE SKY COVER 0.0


WEATHER CONDITIONS
 THE FOLLOWING WEATHER WAS RECORDED YESTERDAY.
  NO SIGNIFICANT WEATHER WAS OBSERVED.


RELATIVE HUMIDITY (PERCENT)
 HIGHEST    61           600 AM
 LOWEST     15           500 PM
 AVERAGE    38

..........................................................


THE ROSWELL NM CLIMATE NORMALS FOR TODAY
                         NORMAL    RECORD    YEAR
 MAXIMUM TEMPERATURE (F)   93       105      1995
 MINIMUM TEMPERATURE (F)   67        57      1894


SUNRISE AND SUNSET
JULY 25 2014..........SUNRISE   606 AM MDT   SUNSET   803 PM MDT
JULY 26 2014..........SUNRISE   607 AM MDT   SUNSET   802 PM MDT


-  INDICATES NEGATIVE NUMBERS.
R  INDICATES RECORD WAS SET OR TIED.
MM INDICATES DATA IS MISSING.
T  INDICATES TRACE AMOUNT.

$$
