000
CDUS45 KABQ 260826
CLIROW


CLIMATE REPORT
NATIONAL WEATHER SERVICE ALBUQUERQUE NM
225 AM MDT THU MAR 26 2015


...................................

...THE ROSWELL NM CLIMATE SUMMARY FOR MARCH 25 2015...

CLIMATE NORMAL PERIOD 1981 TO 2010
CLIMATE RECORD PERIOD 1893 TO 2015


WEATHER ITEM   OBSERVED TIME   RECORD YEAR NORMAL DEPARTURE
                VALUE   (LST)  VALUE       VALUE  FROM
                                                  NORMAL
...............................................................
TEMPERATURE (F)
 YESTERDAY
  MAXIMUM         81    121 PM  91    2012  71     10
  MINIMUM         45   1159 PM  23    1955  39      6
  AVERAGE         63                        55      8

PRECIPITATION (IN)
  YESTERDAY        0.00          0.89 1941   0.02  -0.02
  MONTH TO DATE    0.29                      0.41  -0.12
  SINCE MAR 1      0.29                      0.41  -0.12
  SINCE JAN 1      2.20                      1.21   0.99

SNOWFALL (IN)
  YESTERDAY        0.0
  MONTH TO DATE    T
  SINCE MAR 1      T
  SINCE JUL 1     16.2

DEGREE DAYS
 HEATING
  YESTERDAY        2                        10     -8
  MONTH TO DATE  335                       331      4
  SINCE MAR 1    335                       331      4
  SINCE JUL 1   3052                      3038     14

 COOLING
  YESTERDAY        0                         0      0
  MONTH TO DATE    0                         0      0
  SINCE MAR 1      0                         0      0
  SINCE JAN 1      0                         0      0
...............................................................


WIND (MPH)
  HIGHEST WIND SPEED    44   HIGHEST WIND DIRECTION     N (20)
  HIGHEST GUST SPEED    52   HIGHEST GUST DIRECTION     N (20)
  AVERAGE WIND SPEED    14.3


SKY COVER
  AVERAGE SKY COVER 0.0


WEATHER CONDITIONS
 THE FOLLOWING WEATHER WAS RECORDED YESTERDAY.
  HAZE
  SANDSTORM


RELATIVE HUMIDITY (PERCENT)
 HIGHEST    60          1100 PM
 LOWEST      9           100 PM
 AVERAGE    35

..........................................................


THE ROSWELL NM CLIMATE NORMALS FOR TODAY
                         NORMAL    RECORD    YEAR
 MAXIMUM TEMPERATURE (F)   71        91      2012
 MINIMUM TEMPERATURE (F)   39        20      1931


SUNRISE AND SUNSET
MARCH 26 2015.........SUNRISE   654 AM MDT   SUNSET   714 PM MDT
MARCH 27 2015.........SUNRISE   653 AM MDT   SUNSET   715 PM MDT


-  INDICATES NEGATIVE NUMBERS.
R  INDICATES RECORD WAS SET OR TIED.
MM INDICATES DATA IS MISSING.
T  INDICATES TRACE AMOUNT.




$$
