000
CDUS45 KABQ 170826
CLIROW


CLIMATE REPORT
NATIONAL WEATHER SERVICE ALBUQUERQUE NM
226 AM MDT THU AUG 17 2017


...................................

...THE ROSWELL NM CLIMATE SUMMARY FOR AUGUST 16 2017...

CLIMATE NORMAL PERIOD 1981 TO 2010
CLIMATE RECORD PERIOD 1893 TO 2017


WEATHER ITEM   OBSERVED TIME   RECORD YEAR NORMAL DEPARTURE
                VALUE   (LST)  VALUE       VALUE  FROM
                                                  NORMAL
...............................................................
TEMPERATURE (F)
 YESTERDAY
  MAXIMUM         97    101 PM 104    1969  92      5
  MINIMUM         64    515 AM  58    1904  66     -2
                                      1898
  AVERAGE         81                        79      2

PRECIPITATION (IN)
  YESTERDAY        0.00          1.95 2008   0.06  -0.06
  MONTH TO DATE    0.83                      1.04  -0.21
  SINCE JUN 1      3.07                      4.83  -1.76
  SINCE JAN 1      6.63                      8.00  -1.37

SNOWFALL (IN)
  YESTERDAY        0.0
  MONTH TO DATE    0.0
  SINCE JUN 1      0.0
  SINCE JUL 1      0.0

DEGREE DAYS
 HEATING
  YESTERDAY        0                         0      0
  MONTH TO DATE    0                         0      0
  SINCE JUN 1      0                         1     -1
  SINCE JUL 1      0                         0      0

 COOLING
  YESTERDAY       16                        14      2
  MONTH TO DATE  242                       232     10
  SINCE JUN 1   1310                      1105    205
  SINCE JAN 1   1591                      1330    261
...............................................................


WIND (MPH)
  HIGHEST WIND SPEED    16   HIGHEST WIND DIRECTION    NW (330)
  HIGHEST GUST SPEED    22   HIGHEST GUST DIRECTION     S (190)
  AVERAGE WIND SPEED     7.1


SKY COVER
  AVERAGE SKY COVER 0.1


WEATHER CONDITIONS
 THE FOLLOWING WEATHER WAS RECORDED YESTERDAY.
  NO SIGNIFICANT WEATHER WAS OBSERVED.


RELATIVE HUMIDITY (PERCENT)
 HIGHEST    87           300 AM
 LOWEST     16           100 PM
 AVERAGE    52

..........................................................


THE ROSWELL NM CLIMATE NORMALS FOR TODAY
                         NORMAL    RECORD    YEAR
 MAXIMUM TEMPERATURE (F)   92       105      1969
 MINIMUM TEMPERATURE (F)   66        57      1906


SUNRISE AND SUNSET
AUGUST 17 2017........SUNRISE   622 AM MDT   SUNSET   741 PM MDT
AUGUST 18 2017........SUNRISE   623 AM MDT   SUNSET   740 PM MDT


-  INDICATES NEGATIVE NUMBERS.
R  INDICATES RECORD WAS SET OR TIED.
MM INDICATES DATA IS MISSING.
T  INDICATES TRACE AMOUNT.




$$
