000
CDUS45 KABQ 070830
CLIROW


CLIMATE REPORT
NATIONAL WEATHER SERVICE ALBUQUERQUE NM
128 AM MST SUN FEB 7 2016


...................................

...THE ROSWELL NM CLIMATE SUMMARY FOR FEBRUARY 6 2016...

CLIMATE NORMAL PERIOD 1981 TO 2010
CLIMATE RECORD PERIOD 1893 TO 2016


WEATHER ITEM   OBSERVED TIME   RECORD YEAR NORMAL DEPARTURE
                VALUE   (LST)  VALUE       VALUE  FROM
                                                  NORMAL
...............................................................
TEMPERATURE (F)
 YESTERDAY
  MAXIMUM         61    407 PM  84    2009  59      2
  MINIMUM         15    612 AM   3    1956  29    -14
  AVERAGE         38                        44     -6

PRECIPITATION (IN)
  YESTERDAY        0.00          0.91 1905   0.01  -0.01
  MONTH TO DATE    0.00                      0.08  -0.08
  SINCE DEC 1      0.78                      1.10  -0.32
  SINCE JAN 1      0.16                      0.46  -0.30

SNOWFALL (IN)
  YESTERDAY        0.0
  MONTH TO DATE    0.0
  SINCE DEC 1     17.8
  SINCE JUL 1     17.8

DEGREE DAYS
 HEATING
  YESTERDAY       27                        21      6
  MONTH TO DATE  162                       130     32
  SINCE DEC 1   1676                      1650     26
  SINCE JUL 1   2244                      2296    -52

 COOLING
  YESTERDAY        0                         0      0
  MONTH TO DATE    0                         0      0
  SINCE DEC 1      0                         0      0
  SINCE JAN 1      0                         0      0
...............................................................


WIND (MPH)
  HIGHEST WIND SPEED    15   HIGHEST WIND DIRECTION     S (170)
  HIGHEST GUST SPEED    18   HIGHEST GUST DIRECTION     S (180)
  AVERAGE WIND SPEED     4.8


SKY COVER
  AVERAGE SKY COVER 0.0


WEATHER CONDITIONS
 THE FOLLOWING WEATHER WAS RECORDED YESTERDAY.
  NO SIGNIFICANT WEATHER WAS OBSERVED.


RELATIVE HUMIDITY (PERCENT)
 HIGHEST    73           500 AM
 LOWEST     10           400 PM
 AVERAGE    42

..........................................................


THE ROSWELL NM CLIMATE NORMALS FOR TODAY
                         NORMAL    RECORD    YEAR
 MAXIMUM TEMPERATURE (F)   59        84      2015
 MINIMUM TEMPERATURE (F)   29       -15      1933


SUNRISE AND SUNSET
FEBRUARY  7 2016......SUNRISE   650 AM MST   SUNSET   535 PM MST
FEBRUARY  8 2016......SUNRISE   649 AM MST   SUNSET   536 PM MST


-  INDICATES NEGATIVE NUMBERS.
R  INDICATES RECORD WAS SET OR TIED.
MM INDICATES DATA IS MISSING.
T  INDICATES TRACE AMOUNT.

$$
