000
CDUS45 KABQ 230836
CLIROW


CLIMATE REPORT
NATIONAL WEATHER SERVICE ALBUQUERQUE NM
235 AM MDT SAT JUL 23 2016


...................................

...THE ROSWELL NM CLIMATE SUMMARY FOR JULY 22 2016...

CLIMATE NORMAL PERIOD 1981 TO 2010
CLIMATE RECORD PERIOD 1893 TO 2016


WEATHER ITEM   OBSERVED TIME   RECORD YEAR NORMAL DEPARTURE
                VALUE   (LST)  VALUE       VALUE  FROM
                                                  NORMAL
...............................................................
TEMPERATURE (F)
 YESTERDAY
  MAXIMUM        104R   300 PM 103    2003  93     11
                                      1966
  MINIMUM         68    441 AM  54    1947  67      1
                                      1894
  AVERAGE         86                        80      6

PRECIPITATION (IN)
  YESTERDAY        0.00          0.95 1975   0.06  -0.06
  MONTH TO DATE    T                         1.52  -1.52
  SINCE JUN 1      0.53                      3.25  -2.72
  SINCE JAN 1      2.46                      6.42  -3.96

SNOWFALL (IN)
  YESTERDAY        0.0
  MONTH TO DATE    0.0
  SINCE JUN 1      0.0
  SINCE JUL 1      0.0

DEGREE DAYS
 HEATING
  YESTERDAY        0                         0      0
  MONTH TO DATE    0                         0      0
  SINCE JUN 1      0                         1     -1
  SINCE JUL 1      0                         0      0

 COOLING
  YESTERDAY       21                        15      6
  MONTH TO DATE  501                       342    159
  SINCE JUN 1    979                       739    240
  SINCE JAN 1   1157                       964    193
...............................................................


WIND (MPH)
  HIGHEST WIND SPEED    18   HIGHEST WIND DIRECTION     S (160)
  HIGHEST GUST SPEED    25   HIGHEST GUST DIRECTION    SE (150)
  AVERAGE WIND SPEED     9.3


SKY COVER
  AVERAGE SKY COVER 0.0


WEATHER CONDITIONS
 THE FOLLOWING WEATHER WAS RECORDED YESTERDAY.
  NO SIGNIFICANT WEATHER WAS OBSERVED.


RELATIVE HUMIDITY (PERCENT)
 HIGHEST    47           400 AM
 LOWEST     14           300 PM
 AVERAGE    31

..........................................................


THE ROSWELL NM CLIMATE NORMALS FOR TODAY
                         NORMAL    RECORD    YEAR
 MAXIMUM TEMPERATURE (F)   93       106      1963
 MINIMUM TEMPERATURE (F)   67        58      1894


SUNRISE AND SUNSET
JULY 23 2016..........SUNRISE   605 AM MDT   SUNSET   804 PM MDT
JULY 24 2016..........SUNRISE   606 AM MDT   SUNSET   803 PM MDT


-  INDICATES NEGATIVE NUMBERS.
R  INDICATES RECORD WAS SET OR TIED.
MM INDICATES DATA IS MISSING.
T  INDICATES TRACE AMOUNT.




$$
