000
CDUS45 KABQ 240835
CLIROW


CLIMATE REPORT
NATIONAL WEATHER SERVICE ALBUQUERQUE NM
235 AM MDT WED AUG 24 2016


...................................

...THE ROSWELL NM CLIMATE SUMMARY FOR AUGUST 23 2016...

CLIMATE NORMAL PERIOD 1981 TO 2010
CLIMATE RECORD PERIOD 1893 TO 2016


WEATHER ITEM   OBSERVED TIME   RECORD YEAR NORMAL DEPARTURE
                VALUE   (LST)  VALUE       VALUE  FROM
                                                  NORMAL
...............................................................
TEMPERATURE (F)
 YESTERDAY
  MAXIMUM         92   1235 PM 102    1950  91      1
  MINIMUM         64    556 AM  57    1911  65     -1
                                      1896
                                      1894
  AVERAGE         78                        78      0

PRECIPITATION (IN)
  YESTERDAY        0.74          1.39 1916   0.06   0.68
  MONTH TO DATE    4.20                      1.50   2.70
  SINCE JUN 1      5.18                      5.29  -0.11
  SINCE JAN 1      7.11                      8.46  -1.35

SNOWFALL (IN)
  YESTERDAY        0.0
  MONTH TO DATE    0.0
  SINCE JUN 1      0.0
  SINCE JUL 1      0.0

DEGREE DAYS
 HEATING
  YESTERDAY        0                         0      0
  MONTH TO DATE    0                         0      0
  SINCE JUN 1      0                         1     -1
  SINCE JUL 1      0                         0      0

 COOLING
  YESTERDAY       13                        13      0
  MONTH TO DATE  359                       327     32
  SINCE JUN 1   1509                      1200    309
  SINCE JAN 1   1687                      1425    262
...............................................................


WIND (MPH)
  HIGHEST WIND SPEED    39   HIGHEST WIND DIRECTION     W (270)
  HIGHEST GUST SPEED    48   HIGHEST GUST DIRECTION     W (260)
  AVERAGE WIND SPEED     9.8


SKY COVER
  AVERAGE SKY COVER 0.1


WEATHER CONDITIONS
 THE FOLLOWING WEATHER WAS RECORDED YESTERDAY.
  THUNDERSTORM
  HEAVY RAIN
  RAIN
  LIGHT RAIN
  FOG


RELATIVE HUMIDITY (PERCENT)
 HIGHEST    93           400 AM
 LOWEST     32           100 PM
 AVERAGE    63

..........................................................


THE ROSWELL NM CLIMATE NORMALS FOR TODAY
                         NORMAL    RECORD    YEAR
 MAXIMUM TEMPERATURE (F)   91       102      2011
                                             2002
                                             2001
 MINIMUM TEMPERATURE (F)   65        53      1897


SUNRISE AND SUNSET
AUGUST 24 2016........SUNRISE   627 AM MDT   SUNSET   733 PM MDT
AUGUST 25 2016........SUNRISE   628 AM MDT   SUNSET   731 PM MDT


-  INDICATES NEGATIVE NUMBERS.
R  INDICATES RECORD WAS SET OR TIED.
MM INDICATES DATA IS MISSING.
T  INDICATES TRACE AMOUNT.




$$
