000
CDUS45 KABQ 220828
CLIROW


CLIMATE REPORT
NATIONAL WEATHER SERVICE ALBUQUERQUE NM
127 AM MST WED FEB 22 2017


...................................

...THE ROSWELL NM CLIMATE SUMMARY FOR FEBRUARY 21 2017...

CLIMATE NORMAL PERIOD 1981 TO 2010
CLIMATE RECORD PERIOD 1893 TO 2017


WEATHER ITEM   OBSERVED TIME   RECORD YEAR NORMAL DEPARTURE
                VALUE   (LST)  VALUE       VALUE  FROM
                                                  NORMAL
...............................................................
TEMPERATURE (F)
 YESTERDAY
  MAXIMUM         85R       MM  85    1920  62     23
  MINIMUM         32        MM   2    1964  32      0
  AVERAGE         59                        47     12

PRECIPITATION (IN)
  YESTERDAY        0.00          0.29 1997   0.02  -0.02
  MONTH TO DATE    0.16                      0.31  -0.15
  SINCE DEC 1      1.55                      1.33   0.22
  SINCE JAN 1      1.25                      0.69   0.56

SNOWFALL (IN)
  YESTERDAY        0.0
  MONTH TO DATE    T
  SINCE DEC 1      2.5
  SINCE JUL 1      2.5

DEGREE DAYS
 HEATING
  YESTERDAY        6                        18    -12
  MONTH TO DATE  301                       422   -121
  SINCE DEC 1   1680                      1942   -262
  SINCE JUL 1   2066                      2588   -522

 COOLING
  YESTERDAY        0                         0      0
  MONTH TO DATE    0                         0      0
  SINCE DEC 1      0                         0      0
  SINCE JAN 1      0                         0      0
...............................................................


WIND (MPH)
  HIGHEST WIND SPEED    23   HIGHEST WIND DIRECTION    NW (300)
  HIGHEST GUST SPEED    30   HIGHEST GUST DIRECTION    NW (300)
  AVERAGE WIND SPEED     9.3


SKY COVER
  AVERAGE SKY COVER 0.0


WEATHER CONDITIONS
 THE FOLLOWING WEATHER WAS RECORDED YESTERDAY.
  NO SIGNIFICANT WEATHER WAS OBSERVED.


RELATIVE HUMIDITY (PERCENT)
 HIGHEST    64           600 AM
 LOWEST     11           300 PM
 AVERAGE    38

..........................................................


THE ROSWELL NM CLIMATE NORMALS FOR TODAY
                         NORMAL    RECORD    YEAR
 MAXIMUM TEMPERATURE (F)   62        85      1996
 MINIMUM TEMPERATURE (F)   32         6      1964


SUNRISE AND SUNSET
FEBRUARY 22 2017......SUNRISE   634 AM MST   SUNSET   549 PM MST
FEBRUARY 23 2017......SUNRISE   633 AM MST   SUNSET   550 PM MST


-  INDICATES NEGATIVE NUMBERS.
R  INDICATES RECORD WAS SET OR TIED.
MM INDICATES DATA IS MISSING.
T  INDICATES TRACE AMOUNT.




$$
