000
CDUS43 KARX 300805
CLIRST


CLIMATE REPORT
NATIONAL WEATHER SERVICE LA CROSSE WI
302 AM CDT WED JUL 30 2014

...THE ROCHESTER MN CLIMATE SUMMARY FOR JULY 29 2014...

CLIMATE NORMAL PERIOD 1981 TO 2010
CLIMATE RECORD PERIOD 1886 TO 2014

WEATHER ITEM   OBSERVED TIME   RECORD YEAR NORMAL DEPARTURE LAST
                VALUE   (LST)  VALUE       VALUE  FROM      YEAR
                                                  NORMAL
..................................................................
TEMPERATURE (F)
 YESTERDAY
  MAXIMUM         77    403 PM  98    1955  81     -4       75
                                      1917
                                      1916
  MINIMUM         54    304 AM  45    1952  61     -7       49
                                      1932
  AVERAGE         66                        71     -5       62

PRECIPITATION (IN)
  YESTERDAY        0.16          1.46 1990   0.14   0.02     0.00
  MONTH TO DATE    2.23                      4.27  -2.04     2.14
  SINCE JUN 1      8.73                      8.95  -0.22     9.00
  SINCE JAN 1     20.06                     19.39   0.67    32.90

SNOWFALL (IN)
  YESTERDAY        0.0           0.0  2012   0.0    0.0      0.0
  MONTH TO DATE    0.0                       0.0    0.0      0.0
  SINCE JUL 1      0.0                       0.0    0.0      0.0
  SNOW DEPTH       0

DEGREE DAYS
 HEATING
  YESTERDAY        0                         0      0        3
  MONTH TO DATE   22                         0     22       23
  SINCE JUL 1     22                         0     22       23

 COOLING
  YESTERDAY        1                         6     -5        0
  MONTH TO DATE  103                       197    -94      223
  SINCE JAN 1    273                       361    -88      379
..................................................................

WIND (MPH)
  HIGHEST WIND SPEED    18   HIGHEST WIND DIRECTION    NW (310)
  HIGHEST GUST SPEED    25   HIGHEST GUST DIRECTION    NW (310)
  AVERAGE WIND SPEED     8.2

SKY COVER
  POSSIBLE SUNSHINE  MM
  AVERAGE SKY COVER 0.3

WEATHER CONDITIONS
 THE FOLLOWING WEATHER WAS RECORDED YESTERDAY.
  RAIN
  LIGHT RAIN
  FOG

RELATIVE HUMIDITY (PERCENT)
 HIGHEST    90          1100 PM
 LOWEST     46           400 PM
 AVERAGE    68
..........................................................

THE ROCHESTER MN CLIMATE NORMALS FOR TODAY
                         NORMAL    RECORD    YEAR
 MAXIMUM TEMPERATURE (F)   81        99      1917
 MINIMUM TEMPERATURE (F)   61        43      1936

SUNRISE AND SUNSET
JULY 30 2014..........SUNRISE   556 AM CDT   SUNSET   836 PM CDT
JULY 31 2014..........SUNRISE   557 AM CDT   SUNSET   835 PM CDT

-  INDICATES NEGATIVE NUMBERS.
R  INDICATES RECORD WAS SET OR TIED.
MM INDICATES DATA IS MISSING.
T  INDICATES TRACE AMOUNT.

$$

BOYNE
