000
CDUS43 KARX 270713
CLIRST


CLIMATE REPORT
NATIONAL WEATHER SERVICE LA CROSSE WI
212 AM CDT SAT MAY 27 2017

...THE ROCHESTER MN CLIMATE SUMMARY FOR MAY 26 2017...

CLIMATE NORMAL PERIOD 1981 TO 2010
CLIMATE RECORD PERIOD 1886 TO 2017


WEATHER ITEM   OBSERVED TIME   RECORD YEAR NORMAL DEPARTURE LAST
                VALUE   (LST)  VALUE       VALUE  FROM      YEAR
                                                  NORMAL
..................................................................
TEMPERATURE (F)
 YESTERDAY
  MAXIMUM         73    411 PM  91    1939  72      1       78
  MINIMUM         53    453 AM  31    1961  51      2       56
  AVERAGE         63                        61      2       67

PRECIPITATION (IN)
  YESTERDAY        0.00          1.63 2012   0.12  -0.12     0.81
  MONTH TO DATE    3.06                      3.00   0.06     3.44
  SINCE MAR 1     10.48                      8.12   2.36     9.14
  SINCE JAN 1     14.26                      9.81   4.45    10.54

SNOWFALL (IN)
  YESTERDAY        0.0           0.0  2012   0.0    0.0      0.0
  MONTH TO DATE    0.0                       0.2   -0.2      0.0
  SINCE JUL 1     52.7                      52.1    0.6     47.9
  SNOW DEPTH       0

DEGREE DAYS
 HEATING
  YESTERDAY        2                         5     -3        0
  MONTH TO DATE  256                       222     34      229
  SINCE JUL 1   6840                      7647   -807     6775

 COOLING
  YESTERDAY        0                         1     -1        2
  MONTH TO DATE   20                        19      1       31
  SINCE JAN 1     20                        23     -3       32
..................................................................


WIND (MPH)
  HIGHEST WIND SPEED    16   HIGHEST WIND DIRECTION     S (160)
  HIGHEST GUST SPEED    23   HIGHEST GUST DIRECTION     S (200)
  AVERAGE WIND SPEED    10.8


SKY COVER
  POSSIBLE SUNSHINE  MM
  AVERAGE SKY COVER 0.3


WEATHER CONDITIONS
 THE FOLLOWING WEATHER WAS RECORDED YESTERDAY.
  NO SIGNIFICANT WEATHER WAS OBSERVED.


RELATIVE HUMIDITY (PERCENT)
 HIGHEST    93          1200 AM
 LOWEST     57           400 PM
 AVERAGE    75

..........................................................


THE ROCHESTER MN CLIMATE NORMALS FOR TODAY
                         NORMAL    RECORD    YEAR
 MAXIMUM TEMPERATURE (F)   72        93      1914
 MINIMUM TEMPERATURE (F)   51        35      1971
                                             1910


SUNRISE AND SUNSET
MAY 27 2017...........SUNRISE   533 AM CDT   SUNSET   842 PM CDT
MAY 28 2017...........SUNRISE   533 AM CDT   SUNSET   843 PM CDT


-  INDICATES NEGATIVE NUMBERS.
R  INDICATES RECORD WAS SET OR TIED.
MM INDICATES DATA IS MISSING.
T  INDICATES TRACE AMOUNT.

$$

Boyne
