000
CDUS45 KCYS 020322
CLIRWL


CLIMATE REPORT
NATIONAL WEATHER SERVICE CHEYENNE WY
922 PM MDT FRI AUG 1 2014


...................................

...THE RAWLINS WY AIRPORT CLIMATE SUMMARY FOR AUGUST 1 2014...
VALID TODAY AS OF 0900 PM LOCAL TIME.

CLIMATE NORMAL PERIOD 1981 TO 2010
CLIMATE RECORD PERIOD 1951 TO 2014


WEATHER ITEM   OBSERVED TIME   RECORD YEAR NORMAL DEPARTURE LAST
                VALUE   (LST)  VALUE       VALUE  FROM      YEAR
                                                  NORMAL
..................................................................
TEMPERATURE (F)
 TODAY
  MAXIMUM         83    212 PM  96    2000  84     -1       90
  MINIMUM         45    442 AM  41    2009  51     -6       51
                                      1995
  AVERAGE         64                        68     -4       71

PRECIPITATION (IN)
  TODAY            0.00          0.24 2011   0.03  -0.03     0.01
                                      1984
  MONTH TO DATE    0.00                      0.03  -0.03     0.01
  SINCE JAN 1      3.31                      5.82  -2.51     3.22

DEGREE DAYS
 HEATING
  TODAY            1                         1      0        0
  MONTH TO DATE    1                         1      0        0
  SINCE JUN 1    199                       226    -27      101
  SINCE JUL 1     27                        36     -9        0

 COOLING
  TODAY            0                         3     -3        6
  MONTH TO DATE    0                         3     -3        6
  SINCE JUN 1    175                       120     55      205
  SINCE JAN 1    177                       120     57      206
..................................................................


WIND (MPH)
  HIGHEST WIND SPEED    22   HIGHEST WIND DIRECTION     E (80)
  HIGHEST GUST SPEED    32   HIGHEST GUST DIRECTION    NE (50)
  AVERAGE WIND SPEED     9.2


SKY COVER
  AVERAGE SKY COVER 0.0


WEATHER CONDITIONS
 THE FOLLOWING WEATHER WAS RECORDED TODAY.
  NO SIGNIFICANT WEATHER WAS OBSERVED.


RELATIVE HUMIDITY (PERCENT)
 HIGHEST    82           500 AM
 LOWEST     13           100 PM
 AVERAGE    48

..........................................................


THE RAWLINS WY AIRPORT CLIMATE NORMALS FOR TOMORROW
                         NORMAL    RECORD    YEAR
 MAXIMUM TEMPERATURE (F)   84        98      2000
 MINIMUM TEMPERATURE (F)   51        42      1975


SUNRISE AND SUNSET
AUGUST  1 2014........SUNRISE   603 AM MDT   SUNSET   827 PM MDT
AUGUST  2 2014........SUNRISE   604 AM MDT   SUNSET   826 PM MDT


-  INDICATES NEGATIVE NUMBERS.
R  INDICATES RECORD WAS SET OR TIED.
MM INDICATES DATA IS MISSING.
T  INDICATES TRACE AMOUNT.




$$
