994
CDUS45 KCYS 240734
CLIRWL


CLIMATE REPORT
NATIONAL WEATHER SERVICE CHEYENNE WY
130 AM MDT TUE MAY 24 2016


...................................

...THE RAWLINS WY AIRPORT CLIMATE SUMMARY FOR MAY 23 2016...

CLIMATE NORMAL PERIOD 1981 TO 2010
CLIMATE RECORD PERIOD 1951 TO 2016


WEATHER ITEM   OBSERVED TIME   RECORD YEAR NORMAL DEPARTURE LAST
                VALUE   (LST)  VALUE       VALUE  FROM      YEAR
                                                  NORMAL
..................................................................
TEMPERATURE (F)
 YESTERDAY
  MAXIMUM         61    203 PM  82    1984  66     -5       56
  MINIMUM         31    437 AM  25    1966  37     -6       35
  AVERAGE         46                        52     -6       46

PRECIPITATION (IN)
  YESTERDAY        0.00          0.47 2015   0.04  -0.04     0.47
  MONTH TO DATE    0.31                      1.03  -0.72     3.31
  SINCE JAN 1      5.81                      3.54   2.27     5.21

DEGREE DAYS
 HEATING
  YESTERDAY       19                        13      6       19
  MONTH TO DATE  402                       386     16      415
  SINCE MAR 1   2031                      2148   -117     1932
  SINCE JUL 1   7503                      8105   -602     7163

 COOLING
  YESTERDAY        0                         0      0        0
  MONTH TO DATE    0                         0      0        0
  SINCE MAR 1      0                         0      0        0
  SINCE JAN 1      0                         0      0        0
..................................................................


WIND (MPH)
  HIGHEST WIND SPEED    26   HIGHEST WIND DIRECTION     W (280)
  HIGHEST GUST SPEED    32   HIGHEST GUST DIRECTION    NW (300)
  AVERAGE WIND SPEED    10.1


SKY COVER
  AVERAGE SKY COVER 0.1


WEATHER CONDITIONS
 THE FOLLOWING WEATHER WAS RECORDED YESTERDAY.
  NO SIGNIFICANT WEATHER WAS OBSERVED.


RELATIVE HUMIDITY (PERCENT)
 HIGHEST    82          1200 AM
 LOWEST     22           200 PM
 AVERAGE    52

..........................................................


THE RAWLINS WY AIRPORT CLIMATE NORMALS FOR TODAY
                         NORMAL    RECORD    YEAR
 MAXIMUM TEMPERATURE (F)   67        80      1967
 MINIMUM TEMPERATURE (F)   37        27      1995


SUNRISE AND SUNSET
MAY 24 2016...........SUNRISE   541 AM MDT   SUNSET   831 PM MDT
MAY 25 2016...........SUNRISE   540 AM MDT   SUNSET   832 PM MDT


-  INDICATES NEGATIVE NUMBERS.
R  INDICATES RECORD WAS SET OR TIED.
MM INDICATES DATA IS MISSING.
T  INDICATES TRACE AMOUNT.




$$
