000
CDUS45 KPIH 262333
CLIRXE


CLIMATE REPORT
NATIONAL WEATHER SERVICE POCATELLO ID
532 PM MDT MON JUN 26 2017


...................................

...THE REXBURG ID CLIMATE SUMMARY FOR JUNE 26 2017...
VALID TODAY AS OF 0500 PM LOCAL TIME.

CLIMATE NORMAL PERIOD 1981 TO 2010
CLIMATE RECORD PERIOD 1998 TO 2017


WEATHER ITEM   OBSERVED TIME   RECORD YEAR NORMAL DEPARTURE LAST
                VALUE   (LST)  VALUE       VALUE  FROM      YEAR
                                                  NORMAL
..................................................................
TEMPERATURE (F)
 TODAY
  MAXIMUM         88    346 PM  95    2002  77     11       82
  MINIMUM         49    439 AM  37    2007  47      2       40
  AVERAGE         69                        62      7       61

PRECIPITATION (IN)
  TODAY            0.00         MM      MM   0.03  -0.03     0.00
  MONTH TO DATE    1.60                      1.31   0.29     0.05
  SINCE OCT 1     13.69                     10.39   3.30     8.91
  SINCE JAN 1      7.93                      7.18   0.75     5.75

SNOWFALL (IN)
  TODAY           MM
  MONTH TO DATE   MM
  SINCE JUN 1     MM
  SINCE JUL 1     MM
  SNOW DEPTH      MM

DEGREE DAYS
 HEATING
  TODAY            0                         4     -4        4
  MONTH TO DATE  101                       159    -58       70
  SINCE JUN 1    101                       159    -58       70
  SINCE JUL 1   7642                      8117   -475     7374

 COOLING
  TODAY            4                         1      3        0
  MONTH TO DATE   30                        14     16       27
  SINCE JUN 1     30                        14     16       27
  SINCE JAN 1     31                        18     13       27
..................................................................


WIND (MPH)
  HIGHEST WIND SPEED    12   HIGHEST WIND DIRECTION    SW (210)
  HIGHEST GUST SPEED    17   HIGHEST GUST DIRECTION    SW (210)
  AVERAGE WIND SPEED     4.5


SKY COVER
  POSSIBLE SUNSHINE  MM
  AVERAGE SKY COVER 0.0


WEATHER CONDITIONS
 THE FOLLOWING WEATHER WAS RECORDED TODAY.
  NO SIGNIFICANT WEATHER WAS OBSERVED.


RELATIVE HUMIDITY (PERCENT)
 HIGHEST    83           200 AM
 LOWEST     21           300 PM
 AVERAGE    52

..........................................................


THE REXBURG ID CLIMATE NORMALS FOR TOMORROW
                         NORMAL    RECORD    YEAR
 MAXIMUM TEMPERATURE (F)   78        95      2015
 MINIMUM TEMPERATURE (F)   47        40      1999


SUNRISE AND SUNSET
JUNE 26 2017..........SUNRISE   547 AM MDT   SUNSET   914 PM MDT
JUNE 27 2017..........SUNRISE   547 AM MDT   SUNSET   914 PM MDT


-  INDICATES NEGATIVE NUMBERS.
R  INDICATES RECORD WAS SET OR TIED.
MM INDICATES DATA IS MISSING.
T  INDICATES TRACE AMOUNT.




$$
