000
CDUS45 KPIH 250734
CLIRXE


CLIMATE REPORT
NATIONAL WEATHER SERVICE POCATELLO ID
1231 AM MST SUN FEB 25 2018


...................................

...THE REXBURG ID CLIMATE SUMMARY FOR FEBRUARY 24 2018...

CLIMATE NORMAL PERIOD 1981 TO 2010
CLIMATE RECORD PERIOD 1998 TO 2018


WEATHER ITEM   OBSERVED TIME   RECORD YEAR NORMAL DEPARTURE LAST
                VALUE   (LST)  VALUE       VALUE  FROM      YEAR
                                                  NORMAL
..................................................................
TEMPERATURE (F)
 YESTERDAY
  MAXIMUM         24    543 PM  50    2014  35    -11       23
  MINIMUM         13    635 AM  -4    2013  15     -2       19
  AVERAGE         19                        25     -6       21

PRECIPITATION (IN)
  YESTERDAY        0.01         MM      MM   0.03  -0.02     0.03
  MONTH TO DATE    0.06                      0.71  -0.65     1.07
  SINCE OCT 1      3.48                      4.66  -1.18     7.97
  SINCE JAN 1      1.38                      1.45  -0.07     2.21

SNOWFALL (IN)
  YESTERDAY       MM
  MONTH TO DATE   MM
  SINCE DEC 1     MM
  SINCE JUL 1     MM
  SNOW DEPTH      MM

DEGREE DAYS
 HEATING
  YESTERDAY       46                        40      6       44
  MONTH TO DATE  872                      1040   -168      825
  SINCE DEC 1   3403                      3805   -402     3962
  SINCE JUL 1   5282                      5817   -535     5609

 COOLING
  YESTERDAY        0                         0      0        0
  MONTH TO DATE    0                         0      0        0
  SINCE DEC 1      0                         0      0        0
  SINCE JAN 1      0                         0      0        0
..................................................................


WIND (MPH)
  HIGHEST WIND SPEED    22   HIGHEST WIND DIRECTION     S (200)
  HIGHEST GUST SPEED    30   HIGHEST GUST DIRECTION     S (200)
  AVERAGE WIND SPEED    14.1


SKY COVER
  POSSIBLE SUNSHINE  MM
  AVERAGE SKY COVER 1.0


WEATHER CONDITIONS
 THE FOLLOWING WEATHER WAS RECORDED YESTERDAY.
  SNOW
  LIGHT SNOW
  FOG


RELATIVE HUMIDITY (PERCENT)
 HIGHEST   100          1000 PM
 LOWEST     68          1100 AM
 AVERAGE    84

..........................................................


THE REXBURG ID CLIMATE NORMALS FOR TODAY
                         NORMAL    RECORD    YEAR
 MAXIMUM TEMPERATURE (F)   36        44      2015
 MINIMUM TEMPERATURE (F)   15        -6      2002


SUNRISE AND SUNSET
FEBRUARY 25 2018......SUNRISE   710 AM MST   SUNSET   611 PM MST
FEBRUARY 26 2018......SUNRISE   709 AM MST   SUNSET   612 PM MST


-  INDICATES NEGATIVE NUMBERS.
R  INDICATES RECORD WAS SET OR TIED.
MM INDICATES DATA IS MISSING.
T  INDICATES TRACE AMOUNT.




$$
