000
CDUS45 KPIH 200732
CLIRXE


CLIMATE REPORT
NATIONAL WEATHER SERVICE POCATELLO ID
132 AM MDT SUN APR 20 2014


...................................

...THE REXBURG ID CLIMATE SUMMARY FOR APRIL 19 2014...

CLIMATE NORMAL PERIOD 1981 TO 2010
CLIMATE RECORD PERIOD 1998 TO 2014


WEATHER ITEM   OBSERVED TIME   RECORD YEAR NORMAL DEPARTURE LAST
                VALUE   (LST)  VALUE       VALUE  FROM      YEAR
                                                  NORMAL
..................................................................
TEMPERATURE (F)
 YESTERDAY
  MAXIMUM         65    434 PM  74    2010  57      8       47
  MINIMUM         30    625 AM  23    2006  32     -2       34
  AVERAGE         48                        45      3       41

PRECIPITATION (IN)
  YESTERDAY        0.00         MM      MM   0.05  -0.05     0.13
  MONTH TO DATE    0.35                      0.90  -0.55     0.41
  SINCE OCT 1      5.25                      6.74  -1.49     6.24
  SINCE JAN 1      3.39                      3.53  -0.14     2.85

SNOWFALL (IN)
  YESTERDAY       MM
  MONTH TO DATE   MM
  SINCE MAR 1     MM
  SINCE JUL 1     MM
  SNOW DEPTH      MM

DEGREE DAYS
 HEATING
  YESTERDAY       17                        20     -3       24
  MONTH TO DATE  406                       430    -24      459
  SINCE MAR 1   1267                      1386   -119     1452
  SINCE JUL 1   7082                      7359   -277     7119

 COOLING
  YESTERDAY        0                         0      0        0
  MONTH TO DATE    0                         0      0        0
  SINCE MAR 1      0                         0      0        0
  SINCE JAN 1      0                         0      0        0
..................................................................


WIND (MPH)
  HIGHEST WIND SPEED    20   HIGHEST WIND DIRECTION    SW (240)
  HIGHEST GUST SPEED    25   HIGHEST GUST DIRECTION    SW (240)
  AVERAGE WIND SPEED     8.7


SKY COVER
  POSSIBLE SUNSHINE  MM
  AVERAGE SKY COVER 0.0


WEATHER CONDITIONS
 THE FOLLOWING WEATHER WAS RECORDED YESTERDAY.
  NO SIGNIFICANT WEATHER WAS OBSERVED.


RELATIVE HUMIDITY (PERCENT)
 HIGHEST    72           600 AM
 LOWEST     15           100 PM
 AVERAGE    44

..........................................................


THE REXBURG ID CLIMATE NORMALS FOR TODAY
                         NORMAL    RECORD    YEAR
 MAXIMUM TEMPERATURE (F)   58        75      2010
 MINIMUM TEMPERATURE (F)   32        21      2011


SUNRISE AND SUNSET
APRIL 20 2014.........SUNRISE   636 AM MDT   SUNSET   817 PM MDT
APRIL 21 2014.........SUNRISE   634 AM MDT   SUNSET   818 PM MDT


-  INDICATES NEGATIVE NUMBERS.
R  INDICATES RECORD WAS SET OR TIED.
MM INDICATES DATA IS MISSING.
T  INDICATES TRACE AMOUNT.




$$
