000
CDUS46 KSTO 300839
CLISAC

CLIMATE REPORT
NATIONAL WEATHER SERVICE SACRAMENTO, CA
137 AM PDT THU OCT 30 2014


...................................

...THE SACRAMENTO EXEC. AIRPORT CA CLIMATE SUMMARY FOR OCTOBER 29 2014...

CLIMATE NORMAL PERIOD 1981 TO 2010
CLIMATE RECORD PERIOD 1930 TO 2014


WEATHER ITEM   OBSERVED TIME   RECORD YEAR NORMAL DEPARTURE LAST
                VALUE   (LST)  VALUE       VALUE  FROM      YEAR
                                                  NORMAL
..................................................................
TEMPERATURE (F)
 YESTERDAY
  MAXIMUM         81    418 PM  82    1965  72      9       65
  MINIMUM         48    436 AM  36    1971  47      1       47
  AVERAGE         65

PRECIPITATION (IN)
  YESTERDAY        0.00          0.83 1964   0.05  -0.05     0.00
  MONTH TO DATE    0.29                      0.85  -0.56     0.00
  SINCE JUL 1      0.76                      1.19  -0.43     0.59
  SINCE JAN 1      8.65                     13.09  -4.44     4.50

SNOWFALL (IN)
  YESTERDAY        0.0           0.0  2002   0.0             0.0
                                      2001
  MONTH TO DATE    0.0                       0.0             0.0
  SINCE SEP 1      0.0                       0.0             0.0
  SINCE JUL 1      0.0                       0.0             0.0

DEGREE DAYS
 HEATING
  YESTERDAY        0

 COOLING
  YESTERDAY        0
..................................................................


WIND (MPH)
  RESULTANT WIND SPEED   0   RESULTANT WIND DIRECTION  NE (40)
  HIGHEST WIND SPEED     9   HIGHEST WIND DIRECTION    NW (330)
  HIGHEST GUST SPEED    12   HIGHEST GUST DIRECTION    NW (330)


SKY COVER
  POSSIBLE SUNSHINE  MM
  AVERAGE SKY COVER 0.0


WEATHER CONDITIONS
 THE FOLLOWING WEATHER WAS RECORDED YESTERDAY.
  NO SIGNIFICANT WEATHER WAS OBSERVED.


RELATIVE HUMIDITY (PERCENT)
 HIGHEST    86
 LOWEST     30
 AVERAGE    58

..........................................................


THE SACRAMENTO EXEC. AIRPORT CA CLIMATE NORMALS FOR TODAY
                         NORMAL    RECORD    YEAR
 MAXIMUM TEMPERATURE (F)   71        83      1965
                                             1960
 MINIMUM TEMPERATURE (F)   47        35      1948


SUNRISE AND SUNSET
OCTOBER 30 2014.......SUNRISE   731 AM PDT   SUNSET   608 PM PDT
OCTOBER 31 2014.......SUNRISE   732 AM PDT   SUNSET   607 PM PDT


-  INDICATES NEGATIVE NUMBERS.
R  INDICATES RECORD WAS SET OR TIED.
MM INDICATES DATA IS MISSING.
T  INDICATES TRACE AMOUNT.






&&
....................................................................

SACRAMENTO CITY CLIMATE DATA FOR WEDNESDAY OCTOBER 29 2014

HIGH...   81  RECORD HIGH    84 IN 1965    NORMAL    HIGH   72
LOW....   50  RECORD LOW     37 IN 1916    NORMAL    LOW    50

RAIN SINCE MIDNIGHT....  0.00   RECORD THIS DATE.......  0.8 IN 1992
TOTAL THIS MONTH.......  0.18   NORMAL SEASON TO DATE.........  1.31
TOTAL SINCE JULY 1ST...  0.74   PERCENT OF NORMAL.............   56%


$$
NNNN
