000
CDUS46 KSTO 030849 RRA
CLISAC

CLIMATE REPORT
NATIONAL WEATHER SERVICE SACRAMENTO, CA
1235 AM PST SAT DEC 3 2016


................................................................

...THE SACRAMENTO EXEC. AIRPORT CA CLIMATE SUMMARY FOR DECEMBER 2 2016...

CLIMATE NORMAL PERIOD 1981 TO 2010
CLIMATE RECORD PERIOD 1930 TO 2016


WEATHER ITEM   OBSERVED TIME   RECORD YEAR NORMAL DEPARTURE LAST
                VALUE   (LST)  VALUE       VALUE  FROM      YEAR
                                                  NORMAL
..................................................................
TEMPERATURE (F)
 YESTERDAY
  MAXIMUM         58    202 PM  73    2011  57      1       59
  MINIMUM         41   1059 PM  28    2006  39      2       42
                                      2004
  AVERAGE         50

PRECIPITATION (IN)
  YESTERDAY        0.00          1.91 1961   0.09  -0.09     0.00
  MONTH TO DATE    0.00                      0.18  -0.18     0.00
  SINCE OCT 1      5.84                      3.21   2.63     1.69
  SINCE JAN 1     18.59                     15.45   3.14     6.76

SNOWFALL (IN)
  YESTERDAY        0.0          MM      MM   0.0             0.0
  MONTH TO DATE    0.0                       0.0             0.0
  SINCE DEC 1      0.0                       0.0             0.0
  SINCE JUL 1      0.0                       0.0             0.0

DEGREE DAYS
 HEATING
  YESTERDAY       15

 COOLING
  YESTERDAY        0
..................................................................


WIND (MPH)
  RESULTANT WIND SPEED  15   RESULTANT WIND DIRECTION  NW (330)
  HIGHEST WIND SPEED    28   HIGHEST WIND DIRECTION    NW (330)
  HIGHEST GUST SPEED    36   HIGHEST GUST DIRECTION    NW (320)


SKY COVER
  POSSIBLE SUNSHINE  MM
  AVERAGE SKY COVER 0.0


WEATHER CONDITIONS
 THE FOLLOWING WEATHER WAS RECORDED YESTERDAY.
  NO SIGNIFICANT WEATHER WAS OBSERVED.


RELATIVE HUMIDITY (PERCENT)
 HIGHEST    65
 LOWEST     39
 AVERAGE    52

..........................................................


THE SACRAMENTO EXEC. AIRPORT CA CLIMATE NORMALS FOR TODAY
                         NORMAL    RECORD    YEAR
 MAXIMUM TEMPERATURE (F)   57        71      1959
 MINIMUM TEMPERATURE (F)   39        27      2004


SUNRISE AND SUNSET
DECEMBER  3 2016......SUNRISE   707 AM PST   SUNSET   445 PM PST
DECEMBER  4 2016......SUNRISE   708 AM PST   SUNSET   445 PM PST


-  INDICATES NEGATIVE NUMBERS.
R  INDICATES RECORD WAS SET OR TIED.
MM INDICATES DATA IS MISSING.
T  INDICATES TRACE AMOUNT.


&&
....................................................................

SACRAMENTO CITY CLIMATE DATA FOR FRIDAY DECEMBER 2 2016

HIGH...   59  RECORD HIGH    71 IN 2011    NORMAL    HIGH   57
LOW....   43  RECORD LOW     30 IN 1906    NORMAL    LOW    42

RAIN SINCE MIDNIGHT....  0.00   RECORD THIS DATE....... 2.05 IN 1880
TOTAL THIS MONTH.......  0.00   NORMAL SINCE OCT 1ST.........  3.68
TOTAL SINCE OCT 1ST...   5.74   PERCENT OF NORMAL.............  156%


$$
NNNN
