000
CDUS46 KSTO 190852
CLISAC

CLIMATE REPORT
NATIONAL WEATHER SERVICE SACRAMENTO, CA
1249 AM PST FRI JAN 19 2018


...................................

...THE SACRAMENTO EXEC. AIRPORT CA CLIMATE SUMMARY FOR JANUARY 18 2018...

CLIMATE NORMAL PERIOD 1981 TO 2010
CLIMATE RECORD PERIOD 1930 TO 2018


WEATHER ITEM   OBSERVED TIME   RECORD YEAR NORMAL DEPARTURE LAST
                VALUE   (LST)  VALUE       VALUE  FROM      YEAR
                                                  NORMAL
..................................................................
TEMPERATURE (F)
 YESTERDAY
  MAXIMUM         56    428 PM  69    2014  54      2       49
  MINIMUM         49   1159 PM  25    2007  39     10       42
  AVERAGE         53

PRECIPITATION (IN)
  YESTERDAY        0.08          0.94 1973   0.11  -0.03     0.91
  MONTH TO DATE    4.77                      2.12   2.65     8.12
  SINCE OCT 1      7.19                      8.40  -1.21    17.57
  SINCE JAN 1      4.77                      2.12   2.65     8.12

SNOWFALL (IN)
  YESTERDAY       MM             0.0  2002   0.0             0.0
  MONTH TO DATE    0.0                       0.0             0.0
  SINCE DEC 1      0.0                       0.0             0.0
  SINCE JUL 1      0.0                       0.0             0.0

DEGREE DAYS
 HEATING
  YESTERDAY       12

 COOLING
  YESTERDAY        0
..................................................................


WIND (MPH)
  RESULTANT WIND SPEED   6   RESULTANT WIND DIRECTION   S (160)
  HIGHEST WIND SPEED    13   HIGHEST WIND DIRECTION     S (200)
  HIGHEST GUST SPEED    19   HIGHEST GUST DIRECTION    SW (210)


SKY COVER
  POSSIBLE SUNSHINE  MM
  AVERAGE SKY COVER 0.9


WEATHER CONDITIONS
 THE FOLLOWING WEATHER WAS RECORDED YESTERDAY.
  LIGHT RAIN
  FOG
  FOG W/VISIBILITY <= 1/4 MILE


RELATIVE HUMIDITY (PERCENT)
 HIGHEST   100
 LOWEST     86
 AVERAGE    93

..........................................................


THE SACRAMENTO EXEC. AIRPORT CA CLIMATE NORMALS FOR TODAY
                         NORMAL    RECORD    YEAR
 MAXIMUM TEMPERATURE (F)   54        70      2014
                                             1991
 MINIMUM TEMPERATURE (F)   39        24      1947


SUNRISE AND SUNSET
JANUARY 19 2018.......SUNRISE   720 AM PST   SUNSET   514 PM PST
JANUARY 20 2018.......SUNRISE   720 AM PST   SUNSET   515 PM PST


-  INDICATES NEGATIVE NUMBERS.
R  INDICATES RECORD WAS SET OR TIED.
MM INDICATES DATA IS MISSING.
T  INDICATES TRACE AMOUNT.

&&
....................................................................

SACRAMENTO CITY CLIMATE DATA FOR THURSDAY JANUARY 18 2018

HIGH...   58  RECORD HIGH    70 IN 2014    NORMAL    HIGH   54
LOW....   49  RECORD LOW     25 IN 1888    NORMAL    LOW    41

RAIN SINCE MIDNIGHT....  0.13   RECORD THIS DATE....... 1.22 IN 1973
TOTAL THIS MONTH.......  4.58   NORMAL SINCE OCT 1ST.........  9.32
TOTAL SINCE OCT 1ST...  7.30   PERCENT OF NORMAL.............  78%


$$
NNNN
