000
CDUS46 KSTO 221614
CLISAC

CLIMATE REPORT
NATIONAL WEATHER SERVICE SACRAMENTO, CA
815 AM PDT MON SEP 22 2014


...................................

...THE SACRAMENTO EXEC. AIRPORT CA CLIMATE SUMMARY FOR SEPTEMBER 21
2014...

CLIMATE NORMAL PERIOD 1981 TO 2010
CLIMATE RECORD PERIOD 1930 TO 2014


WEATHER ITEM   OBSERVED TIME   RECORD YEAR NORMAL DEPARTURE LAST
                VALUE   (LST)  VALUE       VALUE  FROM      YEAR
                                                  NORMAL
..................................................................
TEMPERATURE (F)
 YESTERDAY
  MAXIMUM         82   1247 PM 100    2011  86     -4       70
                                      1987
                                      1949
  MINIMUM         61   1159 PM  46    1960  55      6       56
  AVERAGE         72

PRECIPITATION (IN)
  YESTERDAY        0.00          0.49 2013   0.01  -0.01     0.49
  MONTH TO DATE    0.00                      0.17  -0.17     0.59
  SINCE JUL 1      0.01                      0.22  -0.21     0.59
  SINCE JAN 1      7.90                     12.12  -4.22     4.50

SNOWFALL (IN)
  YESTERDAY        0.0           0.0  2002   0.0             0.0
                                      2001
  MONTH TO DATE    0.0                       0.0             0.0
  SINCE SEP 1      0.0                       0.0             0.0
  SINCE JUL 1      0.0                       0.0             0.0

DEGREE DAYS
 HEATING
  YESTERDAY        0

 COOLING
  YESTERDAY        7
..................................................................


WIND (MPH)
  RESULTANT WIND SPEED   6   RESULTANT WIND DIRECTION   S (200)
  HIGHEST WIND SPEED    15   HIGHEST WIND DIRECTION    SW (230)
  HIGHEST GUST SPEED    18   HIGHEST GUST DIRECTION     S (200)


SKY COVER
  POSSIBLE SUNSHINE  MM
  AVERAGE SKY COVER 0.0


WEATHER CONDITIONS
THE FOLLOWING WEATHER WAS RECORDED YESTERDAY.
  NO SIGNIFICANT WEATHER WAS OBSERVED.


RELATIVE HUMIDITY (PERCENT)
 HIGHEST    84
 LOWEST     42
 AVERAGE    63

..........................................................


THE SACRAMENTO EXEC. AIRPORT CA CLIMATE NORMALS FOR TODAY
                         NORMAL    RECORD    YEAR
 MAXIMUM TEMPERATURE (F)   86       102      1949
 MINIMUM TEMPERATURE (F)   55        45      1986


SUNRISE AND SUNSET
SEPTEMBER 22 2014.....SUNRISE   654 AM PDT   SUNSET   703 PM PDT
SEPTEMBER 23 2014.....SUNRISE   655 AM PDT   SUNSET   701 PM PDT


-  INDICATES NEGATIVE NUMBERS.
R  INDICATES RECORD WAS SET OR TIED.
MM INDICATES DATA IS MISSING.
T  INDICATES TRACE AMOUNT.






&&
....................................................................

SACRAMENTO CITY CLIMATE DATA FOR SUNDAY SEPTEMBER 21 2014

HIGH...   83  RECORD HIGH   103 IN 1987    NORMAL    HIGH   87
LOW....   63  RECORD LOW     48 IN 1960    NORMAL    LOW    58

RAIN SINCE MIDNIGHT....  0.00   RECORD THIS DATE....... 0.42 IN 2013
TOTAL THIS MONTH.......  0.00   NORMAL SEASON TO DATE.........  0.23
TOTAL SINCE JULY 1ST...  0.02   PERCENT OF NORMAL.............    8%


$$
NNNN
