000
CDUS46 KSTO 110837
CLISAC

CLIMATE REPORT
NATIONAL WEATHER SERVICE SACRAMENTO, CA
1234 AM PST THU FEB 11 2016


...................................

...THE SACRAMENTO EXEC. AIRPORT CA CLIMATE SUMMARY FOR FEBRUARY 10 2016...

CLIMATE NORMAL PERIOD 1981 TO 2010
CLIMATE RECORD PERIOD 1930 TO 2016


WEATHER ITEM   OBSERVED TIME   RECORD YEAR NORMAL DEPARTURE LAST
                VALUE   (LST)  VALUE       VALUE  FROM      YEAR
                                                  NORMAL
..................................................................
TEMPERATURE (F)
 YESTERDAY
  MAXIMUM         71    231 PM  73    1988  59     12       62
  MINIMUM         41    647 AM  29    2009  41      0       44
  AVERAGE         56

PRECIPITATION (IN)
  YESTERDAY        0.00          1.53 1962   0.12  -0.12     0.00
  MONTH TO DATE    0.04                      1.27  -1.23     2.82
  SINCE OCT 1      8.92                     11.19  -2.27    13.20
  SINCE JAN 1      5.48                      4.91   0.57     2.82

SNOWFALL (IN)
  YESTERDAY        0.0           0.0  2002   0.0             0.0
  MONTH TO DATE    0.0                       0.0             0.0
  SINCE DEC 1      0.0                       0.0             0.0
  SINCE JUL 1      0.0                       0.0             0.0

DEGREE DAYS
 HEATING
  YESTERDAY        9

 COOLING
  YESTERDAY        0
..................................................................


WIND (MPH)
  RESULTANT WIND SPEED   2   RESULTANT WIND DIRECTION  NW (330)
  HIGHEST WIND SPEED    10   HIGHEST WIND DIRECTION    NW (320)
  HIGHEST GUST SPEED    16   HIGHEST GUST DIRECTION     N (340)


SKY COVER
  POSSIBLE SUNSHINE  MM
  AVERAGE SKY COVER 0.0


WEATHER CONDITIONS
 THE FOLLOWING WEATHER WAS RECORDED YESTERDAY.
  FOG


RELATIVE HUMIDITY (PERCENT)
 HIGHEST    96
 LOWEST     44
 AVERAGE    70

..........................................................


THE SACRAMENTO EXEC. AIRPORT CA CLIMATE NORMALS FOR TODAY
                         NORMAL    RECORD    YEAR
 MAXIMUM TEMPERATURE (F)   60        74      1988
 MINIMUM TEMPERATURE (F)   41        29      1999


SUNRISE AND SUNSET
FEBRUARY 11 2016......SUNRISE   702 AM PST   SUNSET   539 PM PST
FEBRUARY 12 2016......SUNRISE   701 AM PST   SUNSET   540 PM PST


-  INDICATES NEGATIVE NUMBERS.
R  INDICATES RECORD WAS SET OR TIED.
MM INDICATES DATA IS MISSING.
T  INDICATES TRACE AMOUNT.




&&
....................................................................

SACRAMENTO CITY CLIMATE DATA FOR WEDNESDAY FEBRUARY 10 2016

HIGH...   70  RECORD HIGH    74 IN 1988    NORMAL    HIGH   60
LOW....   46  RECORD LOW     29 IN 1933    NORMAL    LOW    43

RAIN SINCE MIDNIGHT....  0.00   RECORD THIS DATE....... 1.96 IN 1919
TOTAL THIS MONTH.......  0.03   NORMAL SINCE OCT 1ST.........  12.27
TOTAL SINCE OCT 1ST...  9.44   PERCENT OF NORMAL.............  77%


$$
JCLAPP
