000
CDUS46 KSTO 260849
CLISAC

CLIMATE REPORT
NATIONAL WEATHER SERVICE SACRAMENTO, CA
143 AM PDT MON SEP 26 2016


...................................

...THE SACRAMENTO EXEC. AIRPORT CA CLIMATE SUMMARY FOR SEPTEMBER 25 2016...

CLIMATE NORMAL PERIOD 1981 TO 2010
CLIMATE RECORD PERIOD 1930 TO 2016


WEATHER ITEM   OBSERVED TIME   RECORD YEAR NORMAL DEPARTURE LAST
                VALUE   (LST)  VALUE       VALUE  FROM      YEAR
                                                  NORMAL
..................................................................
TEMPERATURE (F)
 YESTERDAY
  MAXIMUM         94    338 PM 100    1975  85      9       96
  MINIMUM         54    554 AM  46    1972  54      0       58
  AVERAGE         74

PRECIPITATION (IN)
  YESTERDAY        0.00          0.61 1982   0.01  -0.01     0.00
  MONTH TO DATE    T                         0.21  -0.21     0.02
  SINCE OCT 1     16.19                     18.44  -2.25    15.43
  SINCE JAN 1     12.75                     12.16   0.59     5.05

SNOWFALL (IN)
  YESTERDAY        0.0           0.0  2002   0.0             0.0
                                      2001
  MONTH TO DATE    0.0                       0.0             0.0
  SINCE SEP 1      0.0                       0.0             0.0
  SINCE JUL 1      0.0                       0.0             0.0

DEGREE DAYS
 HEATING
  YESTERDAY        0

 COOLING
  YESTERDAY        9
..................................................................


WIND (MPH)
  RESULTANT WIND SPEED   1   RESULTANT WIND DIRECTION   S (170)
  HIGHEST WIND SPEED     8   HIGHEST WIND DIRECTION    SW (230)
  HIGHEST GUST SPEED     9   HIGHEST GUST DIRECTION     S (200)


SKY COVER
  POSSIBLE SUNSHINE  MM
  AVERAGE SKY COVER 0.0


WEATHER CONDITIONS
 THE FOLLOWING WEATHER WAS RECORDED YESTERDAY.
  NO SIGNIFICANT WEATHER WAS OBSERVED.


RELATIVE HUMIDITY (PERCENT)
 HIGHEST    86
 LOWEST     18
 AVERAGE    52

..........................................................


THE SACRAMENTO EXEC. AIRPORT CA CLIMATE NORMALS FOR TODAY
                         NORMAL    RECORD    YEAR
 MAXIMUM TEMPERATURE (F)   85       104      1963
 MINIMUM TEMPERATURE (F)   54        45      1948


SUNRISE AND SUNSET
SEPTEMBER 26 2016.....SUNRISE   658 AM PDT   SUNSET   656 PM PDT
SEPTEMBER 27 2016.....SUNRISE   659 AM PDT   SUNSET   654 PM PDT


-  INDICATES NEGATIVE NUMBERS.
R  INDICATES RECORD WAS SET OR TIED.
MM INDICATES DATA IS MISSING.
T  INDICATES TRACE AMOUNT.




&&
....................................................................

SACRAMENTO CITY CLIMATE DATA FOR SUNDAY SEPTEMBER 25 2016

HIGH...   96  RECORD HIGH   100 IN 1952    NORMAL    HIGH   86
LOW....   57  RECORD LOW     44 IN 1934    NORMAL    LOW    57

RAIN SINCE MIDNIGHT....  0.00   RECORD THIS DATE....... 1.15 IN 1904
TOTAL THIS MONTH.......  0.00   NORMAL SINCE OCT 1ST.........  20.17
TOTAL SINCE OCT 1ST... 16.97   PERCENT OF NORMAL.............  84%


$$
NNNN
