000
CDUS46 KSTO 180040
CLISAC

CLIMATE REPORT
NATIONAL WEATHER SERVICE SACRAMENTO, CA
430 PM PST TUE JAN 17 2017

................................................................

...THE SACRAMENTO EXEC. AIRPORT CA CLIMATE SUMMARY FOR JANUARY 17 2017...
VALID TODAY AS OF 0400 PM LOCAL TIME.

CLIMATE NORMAL PERIOD 1981 TO 2010
CLIMATE RECORD PERIOD 1930 TO 2017


WEATHER ITEM   OBSERVED TIME   RECORD YEAR NORMAL DEPARTURE LAST
                VALUE   (LST)  VALUE       VALUE  FROM      YEAR
                                                  NORMAL
..................................................................
TEMPERATURE (F)
 TODAY
  MAXIMUM         46   1214 PM  71    2014  54     -8       57
  MINIMUM         31    641 AM  24    2012  39     -8       50
                                      1963
  AVERAGE         39

PRECIPITATION (IN)
  TODAY            0.00          0.87 1954   0.12  -0.12     0.47
  MONTH TO DATE    7.21                      2.01   5.20     3.36
  SINCE OCT 1     16.66                      8.29   8.37     6.80
  SINCE JAN 1      7.21                      2.01   5.20     3.36

SNOWFALL (IN)
  TODAY            0.0           0.0  2002   0.0             0.0
  MONTH TO DATE    0.0                       0.0             0.0
  SINCE DEC 1      0.0                       0.0             0.0
  SINCE JUL 1      0.0                       0.0             0.0

DEGREE DAYS
 HEATING
  TODAY           26

 COOLING
  TODAY            0
..................................................................


WIND (MPH)
  RESULTANT WIND SPEED   3   RESULTANT WIND DIRECTION  NW (330)
  HIGHEST WIND SPEED    10   HIGHEST WIND DIRECTION    NW (320)
  HIGHEST GUST SPEED    12   HIGHEST GUST DIRECTION    NW (310)


SKY COVER
  POSSIBLE SUNSHINE  MM
  AVERAGE SKY COVER 0.3


WEATHER CONDITIONS
 THE FOLLOWING WEATHER WAS RECORDED TODAY.
  FOG


RELATIVE HUMIDITY (PERCENT)
 HIGHEST   100
 LOWEST     92
 AVERAGE    96

..........................................................


THE SACRAMENTO EXEC. AIRPORT CA CLIMATE NORMALS FOR TOMORROW
                         NORMAL    RECORD    YEAR
 MAXIMUM TEMPERATURE (F)   54        69      2014
 MINIMUM TEMPERATURE (F)   39        25      2007


SUNRISE AND SUNSET
JANUARY 17 2017.......SUNRISE   721 AM PST   SUNSET   512 PM PST
JANUARY 18 2017.......SUNRISE   721 AM PST   SUNSET   513 PM PST


-  INDICATES NEGATIVE NUMBERS.
R  INDICATES RECORD WAS SET OR TIED.
MM INDICATES DATA IS MISSING.
T  INDICATES TRACE AMOUNT.

&&
....................................................................

SACRAMENTO CITY CLIMATE DATA FOR TUESDAY JANUARY 17 2017

HIGH...   47  RECORD HIGH    70 IN 2009    NORMAL    HIGH   54
LOW....   35  RECORD LOW     22 IN 1888    NORMAL    LOW    41

RAIN SINCE MIDNIGHT....  0.00   RECORD THIS DATE.......  1.90 IN 1921
TOTAL THIS MONTH.......  7.18   NORMAL SINCE OCT 1ST.........    9.19
TOTAL SINCE OCT 1ST...  16.69   PERCENT OF NORMAL.............   182%
$$
POWELLN
