000
CDUS46 KSGX 010019
CLISAN


CLIMATE REPORT
NATIONAL WEATHER SERVICE SAN DIEGO, CA
519 PM PDT TUE MAY 31 2016


...................................

...THE SAN DIEGO/LINDBERGH FIELD CA CLIMATE SUMMARY FOR MAY 31 2016...
VALID TODAY AS OF 0500 PM LOCAL TIME.

CLIMATE NORMAL PERIOD 1981 TO 2010
CLIMATE RECORD PERIOD 1874 TO 2016


WEATHER ITEM   OBSERVED TIME   RECORD YEAR NORMAL DEPARTURE LAST
                VALUE   (LST)  VALUE       VALUE  FROM      YEAR
                                                  NORMAL
..................................................................
TEMPERATURE (F)
 TODAY
  MAXIMUM         67    124 PM  94    1879  69     -2       70
  MINIMUM         63    758 AM  52    1906  61      2       57
  AVERAGE         65                        65      0       64

PRECIPITATION (IN)
  TODAY            0.00          0.11 1925   0.00   0.00     0.00
  MONTH TO DATE    0.44                      0.12   0.32     2.39
  SINCE OCT 1      7.86                     10.07  -2.21     8.91
  SINCE JAN 1      5.01                      6.96  -1.95     4.04

DEGREE DAYS
 HEATING
  TODAY            0                         1     -1        1
  MONTH TO DATE   12                        57    -45       38
  SINCE MAR 1    108                       349   -241       95
  SINCE JUL 1    648                      1207   -559      441

 COOLING
  TODAY            0                         1     -1        0
  MONTH TO DATE   19                        25     -6       14
  SINCE MAR 1     73                        44     29      161
  SINCE JAN 1    118                        49     69      183
..................................................................


WIND (MPH)
  RESULTANT WIND SPEED   3   RESULTANT WIND DIRECTION  SW (240)
  HIGHEST WIND SPEED    12   HIGHEST WIND DIRECTION    SW (240)
  HIGHEST GUST SPEED    15   HIGHEST GUST DIRECTION     W (250)
  AVERAGE WIND SPEED     3.9


SKY COVER
  POSSIBLE SUNSHINE  MM
  AVERAGE SKY COVER 1.0


WEATHER CONDITIONS
 THE FOLLOWING WEATHER WAS RECORDED TODAY.
  NO SIGNIFICANT WEATHER WAS OBSERVED.


RELATIVE HUMIDITY (PERCENT)
 HIGHEST    84           700 AM
 LOWEST     68          1100 AM
 AVERAGE    76

..........................................................


THE SAN DIEGO/LINDBERGH FIELD CA CLIMATE NORMALS FOR TOMORROW
                         NORMAL    RECORD    YEAR
 MAXIMUM TEMPERATURE (F)   69        89      1879
 MINIMUM TEMPERATURE (F)   61        52      1916
                                             1908


SUNRISE AND SUNSET
MAY 31 2016...........SUNRISE   542 AM PDT   SUNSET   751 PM PDT
JUNE  1 2016..........SUNRISE   541 AM PDT   SUNSET   752 PM PDT


-  INDICATES NEGATIVE NUMBERS.
R  INDICATES RECORD WAS SET OR TIED.
MM INDICATES DATA IS MISSING.
T  INDICATES TRACE AMOUNT.




$$
