670
CDUS46 KSGX 291417
CLISAN


CLIMATE REPORT
NATIONAL WEATHER SERVICE SAN DIEGO, CA
717 AM PDT FRI APR 29 2016


...................................

...THE SAN DIEGO/LINDBERGH FIELD CA CLIMATE SUMMARY FOR APRIL 28 2016...

CLIMATE NORMAL PERIOD 1981 TO 2010
CLIMATE RECORD PERIOD 1874 TO 2016


WEATHER ITEM   OBSERVED TIME   RECORD YEAR NORMAL DEPARTURE LAST
                VALUE   (LST)  VALUE       VALUE  FROM      YEAR
                                                  NORMAL
..................................................................
TEMPERATURE (F)
 YESTERDAY
  MAXIMUM         65    302 PM  88    2008  68     -3       81
                                      1921
  MINIMUM         58    947 AM  45    1900  57      1       62
                                      1894
                                      1884
  AVERAGE         62                        63     -1       72

PRECIPITATION (IN)
  YESTERDAY        T             1.34 1933   0.02  -0.02     0.00
  MONTH TO DATE    0.55                      0.75  -0.20     0.02
  SINCE OCT 1      7.42                      9.92  -2.50     6.52
  SINCE JAN 1      4.57                      6.81  -2.24     1.65

DEGREE DAYS
 HEATING
  YESTERDAY        3                         3      0        0
  MONTH TO DATE   23                       107    -84       21
  SINCE MAR 1     92                       285   -193       57
  SINCE JUL 1    632                      1143   -511      403

 COOLING
  YESTERDAY        0                         1     -1        7
  MONTH TO DATE   49                        10     39       42
  SINCE MAR 1     54                        15     39      135
  SINCE JAN 1     99                        20     79      157
..................................................................


WIND (MPH)
  RESULTANT WIND SPEED   8   RESULTANT WIND DIRECTION   W (250)
  HIGHEST WIND SPEED    17   HIGHEST WIND DIRECTION     W (260)
  HIGHEST GUST SPEED    22   HIGHEST GUST DIRECTION     W (260)
  AVERAGE WIND SPEED     8.7


SKY COVER
  POSSIBLE SUNSHINE  MM
  AVERAGE SKY COVER 0.8


WEATHER CONDITIONS
 THE FOLLOWING WEATHER WAS RECORDED YESTERDAY.
  LIGHT RAIN


RELATIVE HUMIDITY (PERCENT)
 HIGHEST    75          1000 AM
 LOWEST     52          1200 PM
 AVERAGE    64

..........................................................


THE SAN DIEGO/LINDBERGH FIELD CA CLIMATE NORMALS FOR TODAY
                         NORMAL    RECORD    YEAR
 MAXIMUM TEMPERATURE (F)   68        91      2014
 MINIMUM TEMPERATURE (F)   58        43      1894


SUNRISE AND SUNSET
APRIL 29 2016.........SUNRISE   603 AM PDT   SUNSET   729 PM PDT
APRIL 30 2016.........SUNRISE   602 AM PDT   SUNSET   730 PM PDT


-  INDICATES NEGATIVE NUMBERS.
R  INDICATES RECORD WAS SET OR TIED.
MM INDICATES DATA IS MISSING.
T  INDICATES TRACE AMOUNT.




$$
