000
CDUS46 KSGX 011430
CLISAN


CLIMATE REPORT
NATIONAL WEATHER SERVICE SAN DIEGO, CA
729 AM PDT WED JUL 1 2015


...................................

...THE SAN DIEGO/LINDBERGH FIELD CA CLIMATE SUMMARY FOR JUNE 30 2015...

CLIMATE NORMAL PERIOD 1981 TO 2010
CLIMATE RECORD PERIOD 1874 TO 2015


WEATHER ITEM   OBSERVED TIME   RECORD YEAR NORMAL DEPARTURE LAST
                VALUE   (LST)  VALUE       VALUE  FROM      YEAR
                                                  NORMAL
..................................................................
TEMPERATURE (F)
 YESTERDAY
  MAXIMUM         MM        MM  96    1985  73     MM       72
  MINIMUM         MM        MM  54    1910  64     MM       67
                                      1890
  AVERAGE         MM                        68     MM       70

PRECIPITATION (IN)
  YESTERDAY        0.04R         T    1979   0.00   0.04     0.00
                                      1972
                                      1948
  MONTH TO DATE    0.04                      0.07  -0.03     0.00
  SINCE OCT 1      8.95                     10.14  -1.19     5.01
  SINCE JAN 1      4.08                      7.03  -2.95     2.82

SNOWFALL (IN)
  YESTERDAY       MM
  MONTH TO DATE    0.0
  SINCE JUN 1      0.0
  SINCE JUL 1      0.0
  SNOW DEPTH       0

DEGREE DAYS
 HEATING
  YESTERDAY       MM                         0     MM        0
  MONTH TO DATE    1                        15    -14        0
  SINCE JUN 1      1                        18    -17        0
  SINCE JUL 1    442                      1225   -783      545

 COOLING
  YESTERDAY       MM                         4     MM        5
  MONTH TO DATE  115                        60     55      112
  SINCE JUN 1    115                        60     55      112
  SINCE JAN 1    298                       109    189      351
..................................................................


WIND (MPH)
  RESULTANT WIND SPEED   1   RESULTANT WIND DIRECTION   W (280)
  HIGHEST WIND SPEED     8   HIGHEST WIND DIRECTION    NW (330)
  HIGHEST GUST SPEED    MM   HIGHEST GUST DIRECTION    MM
  AVERAGE WIND SPEED     3.6


SKY COVER
  POSSIBLE SUNSHINE  MM
  AVERAGE SKY COVER 0.7


WEATHER CONDITIONS
 THE FOLLOWING WEATHER WAS RECORDED YESTERDAY.
  THUNDERSTORM
  LIGHT RAIN


RELATIVE HUMIDITY (PERCENT)
 HIGHEST    87           400 AM
 LOWEST     60          1000 AM
 AVERAGE    74

..........................................................


THE SAN DIEGO/LINDBERGH FIELD CA CLIMATE NORMALS FOR TODAY
                         NORMAL    RECORD    YEAR
 MAXIMUM TEMPERATURE (F)   73        95      1985
 MINIMUM TEMPERATURE (F)   64        56      1890


SUNRISE AND SUNSET
JULY  1 2015..........SUNRISE   544 AM PDT   SUNSET   801 PM PDT
JULY  2 2015..........SUNRISE   545 AM PDT   SUNSET   801 PM PDT


-  INDICATES NEGATIVE NUMBERS.
R  INDICATES RECORD WAS SET OR TIED.
MM INDICATES DATA IS MISSING.
T  INDICATES TRACE AMOUNT.




$$
