000
CDUS46 KSGX 200120
CLISAN


CLIMATE REPORT
NATIONAL WEATHER SERVICE SAN DIEGO, CA
520 PM PST SUN FEB 19 2017


...................................

...THE SAN DIEGO INTL AIRPORT CA CLIMATE SUMMARY FOR FEBRUARY 19 2017...
VALID TODAY AS OF 0500 PM LOCAL TIME.

CLIMATE NORMAL PERIOD 1981 TO 2010
CLIMATE RECORD PERIOD 1874 TO 2017


WEATHER ITEM   OBSERVED TIME   RECORD YEAR NORMAL DEPARTURE LAST
                VALUE   (LST)  VALUE       VALUE  FROM      YEAR
                                                  NORMAL
..................................................................
TEMPERATURE (F)
 TODAY
  MAXIMUM         62    133 PM  90    1995  65     -3       67
  MINIMUM         55    808 AM  38    1955  51      4       55
                                      1889
  AVERAGE         59                        58      1       61

PRECIPITATION (IN)
  TODAY            0.02          1.47 1993   0.09  -0.07     0.00
  MONTH TO DATE    1.31                      1.51  -0.20     0.05
  SINCE OCT 1      9.22                      6.60   2.62     6.11
  SINCE JAN 1      4.32                      3.49   0.83     3.26

DEGREE DAYS
 HEATING
  TODAY            6                         7     -1        4
  MONTH TO DATE   83                       139    -56       56
  SINCE DEC 1    481                       649   -168      457
  SINCE JUL 1    531                       794   -263      526

 COOLING
  TODAY            0                         0      0        0
  MONTH TO DATE    0                         0      0       40
  SINCE DEC 1      4                         2      2       40
  SINCE JAN 1      0                         2     -2       40
..................................................................


WIND (MPH)
  RESULTANT WIND SPEED   6   RESULTANT WIND DIRECTION   W (260)
  HIGHEST WIND SPEED    15   HIGHEST WIND DIRECTION     W (250)
  HIGHEST GUST SPEED    20   HIGHEST GUST DIRECTION     W (260)
  AVERAGE WIND SPEED     8.7


SKY COVER
  POSSIBLE SUNSHINE  MM
  AVERAGE SKY COVER 0.9


WEATHER CONDITIONS
 THE FOLLOWING WEATHER WAS RECORDED TODAY.
  LIGHT RAIN
  HAZE


RELATIVE HUMIDITY (PERCENT)
 HIGHEST    77           500 AM
 LOWEST     55           100 PM
 AVERAGE    66

..........................................................


THE SAN DIEGO INTL AIRPORT CA CLIMATE NORMALS FOR TOMORROW
                         NORMAL    RECORD    YEAR
 MAXIMUM TEMPERATURE (F)   65        81      1982
 MINIMUM TEMPERATURE (F)   51        37      1882


SUNRISE AND SUNSET
FEBRUARY 19 2017......SUNRISE   627 AM PST   SUNSET   538 PM PST
FEBRUARY 20 2017......SUNRISE   626 AM PST   SUNSET   539 PM PST


-  INDICATES NEGATIVE NUMBERS.
R  INDICATES RECORD WAS SET OR TIED.
MM INDICATES DATA IS MISSING.
T  INDICATES TRACE AMOUNT.




$$
