000
CDUS46 KSGX 201419
CLISAN


CLIMATE REPORT
NATIONAL WEATHER SERVICE SAN DIEGO, CA
718 AM PDT MON OCT 20 2014


...................................

...THE SAN DIEGO/LINDBERGH FIELD CA CLIMATE SUMMARY FOR OCTOBER 19 2014...

CLIMATE NORMAL PERIOD 1981 TO 2010
CLIMATE RECORD PERIOD 1850 TO 2014


WEATHER ITEM   OBSERVED TIME   RECORD YEAR NORMAL DEPARTURE LAST
                VALUE   (LST)  VALUE       VALUE  FROM      YEAR
                                                  NORMAL
..................................................................
TEMPERATURE (F)
 YESTERDAY
  MAXIMUM         75   1238 PM  97    1964  73      2       75
  MINIMUM         67   1159 PM  46    1892  60      7       57
                                      1881
  AVERAGE         71                        66      5       66

PRECIPITATION (IN)
  YESTERDAY        0.00          0.91 2010   0.02  -0.02     0.00
  MONTH TO DATE    T                         0.29  -0.29     0.07
  SINCE JUL 1      0.08                      0.49  -0.41     0.12
  SINCE JAN 1      2.90                      7.52  -4.62     3.45

SNOWFALL (IN)
  YESTERDAY        0.0
  MONTH TO DATE    0.0
  SINCE JAN 1      0.0
  SINCE JUL 1      0.0
  SNOW DEPTH       0

DEGREE DAYS
 HEATING
  YESTERDAY        0                         1     -1        0
  MONTH TO DATE    0                         2     -2        7
  SINCE SEP 1      0                         3     -3        7
  SINCE JUL 1      0                         4     -4        7

 COOLING
  YESTERDAY        6                         2      4        1
  MONTH TO DATE  159                        53    106       55
  SINCE SEP 1    483                       221    262      255
  SINCE JAN 1   1385                       689    696      734
..................................................................


WIND (MPH)
  RESULTANT WIND SPEED   3   RESULTANT WIND DIRECTION   W (290)
  HIGHEST WIND SPEED    15   HIGHEST WIND DIRECTION     W (280)
  HIGHEST GUST SPEED    18   HIGHEST GUST DIRECTION     W (280)
  AVERAGE WIND SPEED     3.7


SKY COVER
  POSSIBLE SUNSHINE  MM
  AVERAGE SKY COVER 0.5


WEATHER CONDITIONS
 THE FOLLOWING WEATHER WAS RECORDED YESTERDAY.
  NO SIGNIFICANT WEATHER WAS OBSERVED.


RELATIVE HUMIDITY (PERCENT)
 HIGHEST    78           700 PM
 LOWEST     61          1000 AM
 AVERAGE    70

..........................................................


THE SAN DIEGO/LINDBERGH FIELD CA CLIMATE NORMALS FOR TODAY
                         NORMAL    RECORD    YEAR
 MAXIMUM TEMPERATURE (F)   73        95      1964
 MINIMUM TEMPERATURE (F)   60        46      1949


SUNRISE AND SUNSET
OCTOBER 20 2014.......SUNRISE   657 AM PDT   SUNSET   610 PM PDT
OCTOBER 21 2014.......SUNRISE   657 AM PDT   SUNSET   609 PM PDT


-  INDICATES NEGATIVE NUMBERS.
R  INDICATES RECORD WAS SET OR TIED.
MM INDICATES DATA IS MISSING.
T  INDICATES TRACE AMOUNT.




$$
