000
CDUS44 KEWX 220735
CLISAT


CLIMATE REPORT
NATIONAL WEATHER SERVICE AUSTIN/SAN ANTONIO, TX
233 AM CDT TUE AUG 22 2017


...................................

...THE SAN ANTONIO CLIMATE SUMMARY FOR AUGUST 21 2017...

CLIMATE NORMAL PERIOD 1981 TO 2010
CLIMATE RECORD PERIOD 1886 TO 2017


WEATHER ITEM   OBSERVED TIME   RECORD YEAR NORMAL DEPARTURE LAST
                VALUE   (LST)  VALUE       VALUE  FROM      YEAR
                                                  NORMAL
..................................................................
TEMPERATURE (F)
 YESTERDAY
  MAXIMUM         94    445 PM 104    1999  96     -2       82
  MINIMUM         76   1224 AM  64    1940  75      1       72
  AVERAGE         85                        85      0       77

PRECIPITATION (IN)
  YESTERDAY        0.00          1.09 1919   0.07  -0.07     0.63
  MONTH TO DATE    3.68                      1.15   2.53     4.36
  SINCE JUN 1      4.24                      8.03  -3.79     7.08
  SINCE JAN 1     17.31                     20.00  -2.69    28.90

SNOWFALL (IN)
  YESTERDAY        0.0
  MONTH TO DATE    0.0
  SINCE JUN 1      0.0
  SINCE JUL 1      0.0
  SNOW DEPTH       0

DEGREE DAYS
 HEATING
  YESTERDAY        0                         0      0        0
  MONTH TO DATE    0                         0      0        0
  SINCE JUN 1      0                         0      0        0
  SINCE JUL 1      0                         0      0        0

 COOLING
  YESTERDAY       20                        20      0       12
  MONTH TO DATE  453                       439     14      414
  SINCE JUN 1   1715                      1570    145     1622
  SINCE JAN 1   2487                      2199    288     2247
..................................................................


WIND (MPH)
  HIGHEST WIND SPEED    20   HIGHEST WIND DIRECTION    SE (150)
  HIGHEST GUST SPEED    24   HIGHEST GUST DIRECTION    SE (140)
  AVERAGE WIND SPEED     7.9


SKY COVER
  AVERAGE SKY COVER 0.5


WEATHER CONDITIONS
 THE FOLLOWING WEATHER WAS RECORDED YESTERDAY.
  NO SIGNIFICANT WEATHER WAS OBSERVED.


RELATIVE HUMIDITY (PERCENT)
 HIGHEST    85           300 AM
 LOWEST     41           400 PM
 AVERAGE    63

..........................................................


THE SAN ANTONIO CLIMATE NORMALS FOR TODAY
                         NORMAL    RECORD    YEAR
 MAXIMUM TEMPERATURE (F)   96       103      1948
 MINIMUM TEMPERATURE (F)   75        63      1946


SUNRISE AND SUNSET
AUGUST 22 2017........SUNRISE   706 AM CDT   SUNSET   807 PM CDT
AUGUST 23 2017........SUNRISE   707 AM CDT   SUNSET   806 PM CDT


-  INDICATES NEGATIVE NUMBERS.
R  INDICATES RECORD WAS SET OR TIED.
MM INDICATES DATA IS MISSING.
T  INDICATES TRACE AMOUNT.




$$
