000
CDUS44 KEWX 272222
CLISAT


CLIMATE REPORT
NATIONAL WEATHER SERVICE AUSTIN/SAN ANTONIO, TX
522 PM CDT TUE JUN 27 2017


...................................

...THE SAN ANTONIO CLIMATE SUMMARY FOR JUNE 27 2017...
VALID TODAY AS OF 520 PM LOCAL TIME.

CLIMATE NORMAL PERIOD 1981 TO 2010
CLIMATE RECORD PERIOD 1886 TO 2017


WEATHER ITEM   OBSERVED TIME   RECORD YEAR NORMAL DEPARTURE LAST
                VALUE   (LST)  VALUE       VALUE  FROM      YEAR
                                                  NORMAL
..................................................................
TEMPERATURE (F)
 TODAY
  MAXIMUM         91    225 PM 105    1980  93     -2       93
  MINIMUM         74    211 AM  58    1974  74      0       74
  AVERAGE         83                        84     -1       84

PRECIPITATION (IN)
  TODAY            0.06          1.74 1886   0.12  -0.06     0.00
  MONTH TO DATE    0.40                      3.79  -3.39     2.39
  SINCE JUN 1      0.40                      3.79  -3.39     2.39
  SINCE JAN 1     13.47                     15.76  -2.29    24.21

SNOWFALL (IN)
  TODAY            0.0
  MONTH TO DATE    0.0
  SINCE JUN 1      0.0
  SINCE JUL 1      0.0
  SNOW DEPTH       0

DEGREE DAYS
 HEATING
  TODAY            0                         0      0        0
  MONTH TO DATE    0                         0      0        0
  SINCE JUN 1      0                         0      0        0
  SINCE JUL 1    778                      1496   -718     1038

 COOLING
  TODAY           18                        19     -1       19
  MONTH TO DATE  496                       467     29      460
  SINCE JUN 1    496                       467     29      460
  SINCE JAN 1   1268                      1096    172     1085
..................................................................


WIND (MPH)
  HIGHEST WIND SPEED    26   HIGHEST WIND DIRECTION     E (110)
  HIGHEST GUST SPEED    35   HIGHEST GUST DIRECTION     E (110)
  AVERAGE WIND SPEED     6.6


SKY COVER
  AVERAGE SKY COVER 0.9


WEATHER CONDITIONS
 THE FOLLOWING WEATHER WAS RECORDED TODAY.
  THUNDERSTORM
  LIGHT RAIN


RELATIVE HUMIDITY (PERCENT)
 HIGHEST    93           100 AM
 LOWEST     50           200 PM
 AVERAGE    72

..........................................................


THE SAN ANTONIO CLIMATE NORMALS FOR TOMORROW
                         NORMAL    RECORD    YEAR
 MAXIMUM TEMPERATURE (F)   93       103      1980
                                             1902
 MINIMUM TEMPERATURE (F)   74        62      1974


SUNRISE AND SUNSET
JUNE 27 2017..........SUNRISE   636 AM CDT   SUNSET   838 PM CDT
JUNE 28 2017..........SUNRISE   637 AM CDT   SUNSET   838 PM CDT


-  INDICATES NEGATIVE NUMBERS.
R  INDICATES RECORD WAS SET OR TIED.
MM INDICATES DATA IS MISSING.
T  INDICATES TRACE AMOUNT.




$$
