000
CDUS44 KEWX 282222
CLISAT


CLIMATE REPORT
NATIONAL WEATHER SERVICE AUSTIN/SAN ANTONIO, TX
421 PM CST SUN DEC 28 2014


...................................

...THE SAN ANTONIO CLIMATE SUMMARY FOR DECEMBER 28 2014...
VALID TODAY AS OF 420 PM LOCAL TIME.

CLIMATE NORMAL PERIOD 1981 TO 2010
CLIMATE RECORD PERIOD 1886 TO 2014


WEATHER ITEM   OBSERVED TIME   RECORD YEAR NORMAL DEPARTURE LAST
                VALUE   (LST)  VALUE       VALUE  FROM      YEAR
                                                  NORMAL
..................................................................
TEMPERATURE (F)
 TODAY
  MAXIMUM         50    331 PM  81    1921  62    -12       58
  MINIMUM         36    801 AM  19    1925  40     -4       46
  AVERAGE         43                        51     -8       52

PRECIPITATION (IN)
  TODAY            0.25          1.65 1979   0.07   0.18      T
  MONTH TO DATE    1.23                      1.72  -0.49     0.55
  SINCE DEC 1      1.23                      1.72  -0.49     0.55
  SINCE JAN 1     28.19                     32.08  -3.89    32.00

SNOWFALL (IN)
  TODAY           MM
  MONTH TO DATE    0.0
  SINCE DEC 1      0.0
  SINCE JUL 1      0.0
  SNOW DEPTH       0

DEGREE DAYS
 HEATING
  TODAY           22                        14      8       13
  MONTH TO DATE  193                       350   -157      359
  SINCE DEC 1    193                       350   -157      359
  SINCE JUL 1    440                       561   -121      587

 COOLING
  TODAY            0                         0      0        0
  MONTH TO DATE    7                         7      0       18
  SINCE DEC 1      7                         7      0       18
  SINCE JAN 1   3506                      3124    382     3524
..................................................................


WIND (MPH)
  HIGHEST WIND SPEED    21   HIGHEST WIND DIRECTION     N (350)
  HIGHEST GUST SPEED    28   HIGHEST GUST DIRECTION    NE (40)
  AVERAGE WIND SPEED     8.9


SKY COVER
  AVERAGE SKY COVER 1.0


WEATHER CONDITIONS
 THE FOLLOWING WEATHER WAS RECORDED TODAY.
  RAIN
  LIGHT RAIN
  FOG


RELATIVE HUMIDITY (PERCENT)
 HIGHEST    85           700 AM
 LOWEST     50           400 PM
 AVERAGE    68

..........................................................


THE SAN ANTONIO CLIMATE NORMALS FOR TOMORROW
                         NORMAL    RECORD    YEAR
 MAXIMUM TEMPERATURE (F)   62        83      1951
 MINIMUM TEMPERATURE (F)   40        16      1983


SUNRISE AND SUNSET
DECEMBER 28 2014......SUNRISE   727 AM CST   SUNSET   544 PM CST
DECEMBER 29 2014......SUNRISE   728 AM CST   SUNSET   544 PM CST


-  INDICATES NEGATIVE NUMBERS.
R  INDICATES RECORD WAS SET OR TIED.
MM INDICATES DATA IS MISSING.
T  INDICATES TRACE AMOUNT.




$$
