000
CDUS44 KEWX 040015
CLISAT


CLIMATE REPORT
NATIONAL WEATHER SERVICE AUSTIN/SAN ANTONIO, TX
614 PM CST SAT DEC 3 2016


...................................

...THE SAN ANTONIO CLIMATE SUMMARY FOR DECEMBER 3 2016...
VALID TODAY AS OF 0600 PM LOCAL TIME.

CLIMATE NORMAL PERIOD 1981 TO 2010
CLIMATE RECORD PERIOD 1886 TO 2016


WEATHER ITEM   OBSERVED TIME   RECORD YEAR NORMAL DEPARTURE LAST
                VALUE   (LST)  VALUE       VALUE  FROM      YEAR
                                                  NORMAL
..................................................................
TEMPERATURE (F)
 TODAY
  MAXIMUM         53    227 AM  86    2013  66    -13       64
                                      1942
  MINIMUM         50    938 AM  27    1929  44      6       40
  AVERAGE         52                        55     -3       52

PRECIPITATION (IN)
  TODAY            3.84R         0.63 1923   0.06   3.78     0.00
  MONTH TO DATE    4.50                      0.17   4.33     0.00
  SINCE DEC 1      4.50                      0.17   4.33     0.00
  SINCE JAN 1     42.20                     30.53  11.67    42.74

SNOWFALL (IN)
  TODAY           MM
  MONTH TO DATE    0.0
  SINCE DEC 1      0.0
  SINCE JUL 1      0.0
  SNOW DEPTH       0

DEGREE DAYS
 HEATING
  TODAY           13                        11      2       13
  MONTH TO DATE   31                        31      0       30
  SINCE DEC 1     31                        31      0       30
  SINCE JUL 1     89                       242   -153      159

 COOLING
  TODAY            0                         1     -1        0
  MONTH TO DATE    0                         3     -3        0
  SINCE DEC 1      0                         3     -3        0
  SINCE JAN 1   3346                      3120    226     3476
..................................................................


WIND (MPH)
  HIGHEST WIND SPEED    12   HIGHEST WIND DIRECTION     N (10)
  HIGHEST GUST SPEED    MM   HIGHEST GUST DIRECTION    MM
  AVERAGE WIND SPEED     9.0


SKY COVER
  AVERAGE SKY COVER 0.9


WEATHER CONDITIONS
 THE FOLLOWING WEATHER WAS RECORDED TODAY.
  THUNDERSTORM
  HEAVY RAIN
  RAIN
  LIGHT RAIN
  FOG


RELATIVE HUMIDITY (PERCENT)
 HIGHEST    96           100 AM
 LOWEST     89          1000 AM
 AVERAGE    93

..........................................................


THE SAN ANTONIO CLIMATE NORMALS FOR TOMORROW
                         NORMAL    RECORD    YEAR
 MAXIMUM TEMPERATURE (F)   66        85      1954
                                             1928
 MINIMUM TEMPERATURE (F)   44        26      1886


SUNRISE AND SUNSET
DECEMBER  3 2016......SUNRISE   713 AM CST   SUNSET   535 PM CST
DECEMBER  4 2016......SUNRISE   714 AM CST   SUNSET   535 PM CST


-  INDICATES NEGATIVE NUMBERS.
R  INDICATES RECORD WAS SET OR TIED.
MM INDICATES DATA IS MISSING.
T  INDICATES TRACE AMOUNT.




$$
