364
CDUS44 KEWX 230742
CLISAT


CLIMATE REPORT
NATIONAL WEATHER SERVICE AUSTIN/SAN ANTONIO, TX
140 AM CST MON JAN 23 2017


...................................

...THE SAN ANTONIO CLIMATE SUMMARY FOR JANUARY 22 2017...

CLIMATE NORMAL PERIOD 1981 TO 2010
CLIMATE RECORD PERIOD 1886 TO 2017


WEATHER ITEM   OBSERVED TIME   RECORD YEAR NORMAL DEPARTURE LAST
                VALUE   (LST)  VALUE       VALUE  FROM      YEAR
                                                  NORMAL
..................................................................
TEMPERATURE (F)
 YESTERDAY
  MAXIMUM         72    253 PM  84    1972  63      9       60
  MINIMUM         48   1152 PM  17    1930  41      7       36
  AVERAGE         60                        52      8       48

PRECIPITATION (IN)
  YESTERDAY        0.00          1.85 2015   0.06  -0.06     0.00
  MONTH TO DATE    2.71                      1.21   1.50     1.10
  SINCE DEC 1      8.93                      3.12   5.81     2.58
  SINCE JAN 1      2.71                      1.21   1.50     1.10

SNOWFALL (IN)
  YESTERDAY        0.0
  MONTH TO DATE    0.0
  SINCE DEC 1      0.0
  SINCE JUL 1      0.0
  SNOW DEPTH       0

DEGREE DAYS
 HEATING
  YESTERDAY        5                        13     -8       17
  MONTH TO DATE  165                       303   -138      307
  SINCE DEC 1    483                       694   -211      536
  SINCE JUL 1    541                       905   -364      665

 COOLING
  YESTERDAY        0                         0      0        0
  MONTH TO DATE   21                         0     21        0
  SINCE DEC 1     63                        14     49       25
  SINCE JAN 1     21                         0     21        0
..................................................................


WIND (MPH)
  HIGHEST WIND SPEED    38   HIGHEST WIND DIRECTION    NW (310)
  HIGHEST GUST SPEED    50   HIGHEST GUST DIRECTION    NW (310)
  AVERAGE WIND SPEED    20.3


SKY COVER
  AVERAGE SKY COVER 0.1


WEATHER CONDITIONS
 THE FOLLOWING WEATHER WAS RECORDED YESTERDAY.
  NO SIGNIFICANT WEATHER WAS OBSERVED.


RELATIVE HUMIDITY (PERCENT)
 HIGHEST    54          1000 PM
 LOWEST     25           100 AM
 AVERAGE    40

..........................................................


THE SAN ANTONIO CLIMATE NORMALS FOR TODAY
                         NORMAL    RECORD    YEAR
 MAXIMUM TEMPERATURE (F)   63        88      1972
 MINIMUM TEMPERATURE (F)   41        17      1966


SUNRISE AND SUNSET
JANUARY 23 2017.......SUNRISE   727 AM CST   SUNSET   604 PM CST
JANUARY 24 2017.......SUNRISE   727 AM CST   SUNSET   605 PM CST


-  INDICATES NEGATIVE NUMBERS.
R  INDICATES RECORD WAS SET OR TIED.
MM INDICATES DATA IS MISSING.
T  INDICATES TRACE AMOUNT.




$$
