000
CDUS44 KEWX 230708
CLISAT


CLIMATE REPORT
NATIONAL WEATHER SERVICE AUSTIN/SAN ANTONIO, TX
202 AM CDT SAT AUG 23 2014


...................................

...THE SAN ANTONIO CLIMATE SUMMARY FOR AUGUST 22 2014...

CLIMATE NORMAL PERIOD 1981 TO 2010
CLIMATE RECORD PERIOD 1886 TO 2014


WEATHER ITEM   OBSERVED TIME   RECORD YEAR NORMAL DEPARTURE LAST
                VALUE   (LST)  VALUE       VALUE  FROM      YEAR
                                                  NORMAL
..................................................................
TEMPERATURE (F)
 YESTERDAY
  MAXIMUM        101    439 PM 103    1948  96      5       99
  MINIMUM         79    709 AM  63    1946  75      4       75
  AVERAGE         90                        85      5       87

PRECIPITATION (IN)
  YESTERDAY        0.00          3.83 1964   0.08  -0.08     0.00
  MONTH TO DATE    0.08                      1.23  -1.15     0.65
  SINCE JUN 1      8.71                      8.11   0.60     3.40
  SINCE JAN 1     16.07                     20.08  -4.01    23.24

SNOWFALL (IN)
  YESTERDAY        0.0
  MONTH TO DATE    0.0
  SINCE JUN 1      0.0
  SINCE JUL 1      0.0
  SNOW DEPTH       0

DEGREE DAYS
 HEATING
  YESTERDAY        0                         0      0        0
  MONTH TO DATE    0                         0      0        0
  SINCE JUN 1      0                         0      0        0
  SINCE JUL 1      0                         0      0        0

 COOLING
  YESTERDAY       25                        20      5       22
  MONTH TO DATE  509                       459     50      531
  SINCE JUN 1   1684                      1590     94     1768
  SINCE JAN 1   2388                      2219    169     2385
..................................................................


WIND (MPH)
  HIGHEST WIND SPEED    23   HIGHEST WIND DIRECTION    SE (140)
  HIGHEST GUST SPEED    30   HIGHEST GUST DIRECTION     S (160)
  AVERAGE WIND SPEED    13.4


SKY COVER
  AVERAGE SKY COVER 0.3


WEATHER CONDITIONS
 THE FOLLOWING WEATHER WAS RECORDED YESTERDAY.
  NO SIGNIFICANT WEATHER WAS OBSERVED.


RELATIVE HUMIDITY (PERCENT)
 HIGHEST    85           200 AM
 LOWEST     23           500 PM
 AVERAGE    54

..........................................................


THE SAN ANTONIO CLIMATE NORMALS FOR TODAY
                         NORMAL    RECORD    YEAR
 MAXIMUM TEMPERATURE (F)   96       104      2009
                                             1917
 MINIMUM TEMPERATURE (F)   75        62      1891


SUNRISE AND SUNSET
AUGUST 23 2014........SUNRISE   706 AM CDT   SUNSET   806 PM CDT
AUGUST 24 2014........SUNRISE   707 AM CDT   SUNSET   805 PM CDT


-  INDICATES NEGATIVE NUMBERS.
R  INDICATES RECORD WAS SET OR TIED.
MM INDICATES DATA IS MISSING.
T  INDICATES TRACE AMOUNT.




$$
