097
CDUS44 KEWX 210713
CLISAT


CLIMATE REPORT
NATIONAL WEATHER SERVICE AUSTIN/SAN ANTONIO, TX
107 AM CST TUE FEB 21 2017


...................................

...THE SAN ANTONIO CLIMATE SUMMARY FOR FEBRUARY 20 2017...

CLIMATE NORMAL PERIOD 1981 TO 2010
CLIMATE RECORD PERIOD 1886 TO 2017


WEATHER ITEM   OBSERVED TIME   RECORD YEAR NORMAL DEPARTURE LAST
                VALUE   (LST)  VALUE       VALUE  FROM      YEAR
                                                  NORMAL
..................................................................
TEMPERATURE (F)
 YESTERDAY
  MAXIMUM         75    526 PM  97    1986  68      7       79
  MINIMUM         55   1159 PM  27    1908  45     10       65
  AVERAGE         65                        57      8       72

PRECIPITATION (IN)
  YESTERDAY        0.63          1.46 1958   0.05   0.58     0.01
  MONTH TO DATE    3.61                      1.28   2.33     0.01
  SINCE DEC 1     12.55                      4.95   7.60     2.87
  SINCE JAN 1      6.33                      3.04   3.29     1.39

SNOWFALL (IN)
  YESTERDAY        0.0
  MONTH TO DATE    0.0
  SINCE DEC 1      0.0
  SINCE JUL 1      0.0
  SNOW DEPTH       0

DEGREE DAYS
 HEATING
  YESTERDAY        0                         9     -9        0
  MONTH TO DATE   81                       216   -135      133
  SINCE DEC 1    646                      1023   -377      766
  SINCE JUL 1    704                      1234   -530      895

 COOLING
  YESTERDAY        0                         1     -1        7
  MONTH TO DATE   51                        16     35       17
  SINCE DEC 1    114                        37     77       45
  SINCE JAN 1     72                        23     49       20
..................................................................


WIND (MPH)
  HIGHEST WIND SPEED    22   HIGHEST WIND DIRECTION     N (360)
  HIGHEST GUST SPEED    27   HIGHEST GUST DIRECTION     N (10)
  AVERAGE WIND SPEED     5.3


SKY COVER
  AVERAGE SKY COVER 0.7


WEATHER CONDITIONS
 THE FOLLOWING WEATHER WAS RECORDED YESTERDAY.
  THUNDERSTORM
  HEAVY RAIN
  RAIN
  LIGHT RAIN
  FOG


RELATIVE HUMIDITY (PERCENT)
 HIGHEST    93           300 AM
 LOWEST     29           600 PM
 AVERAGE    61

..........................................................


THE SAN ANTONIO CLIMATE NORMALS FOR TODAY
                         NORMAL    RECORD    YEAR
 MAXIMUM TEMPERATURE (F)   68       100      1996
 MINIMUM TEMPERATURE (F)   46        30      1978
                                             1939


SUNRISE AND SUNSET
FEBRUARY 21 2017......SUNRISE   707 AM CST   SUNSET   628 PM CST
FEBRUARY 22 2017......SUNRISE   706 AM CST   SUNSET   629 PM CST


-  INDICATES NEGATIVE NUMBERS.
R  INDICATES RECORD WAS SET OR TIED.
MM INDICATES DATA IS MISSING.
T  INDICATES TRACE AMOUNT.




$$
