000
CDUS44 KEWX 252230
CLISAT


CLIMATE REPORT
NATIONAL WEATHER SERVICE AUSTIN/SAN ANTONIO, TX
528 PM CDT FRI JUL 25 2014


...................................

...THE SAN ANTONIO CLIMATE SUMMARY FOR JULY 25 2014...
VALID TODAY AS OF 528 PM LOCAL TIME.

CLIMATE NORMAL PERIOD 1981 TO 2010
CLIMATE RECORD PERIOD 1886 TO 2014


WEATHER ITEM   OBSERVED TIME   RECORD YEAR NORMAL DEPARTURE LAST
                VALUE   (LST)  VALUE       VALUE  FROM      YEAR
                                                  NORMAL
..................................................................
TEMPERATURE (F)
 TODAY
  MAXIMUM         95    423 PM 104    1994  95      0      101
                                      1954
  MINIMUM         77    450 AM  64    1911  75      2       77
  AVERAGE         86                        85      1       89

PRECIPITATION (IN)
  TODAY            0.00          2.27 1934   0.06  -0.06     0.00
  MONTH TO DATE    3.24                      2.39   0.85     0.68
  SINCE JUN 1      8.62                      6.53   2.09     2.70
  SINCE JAN 1     15.98                     18.50  -2.52    22.54

SNOWFALL (IN)
  TODAY            0.0
  MONTH TO DATE    0.0
  SINCE JUN 1      0.0
  SINCE JUL 1      0.0
  SNOW DEPTH       0

DEGREE DAYS
 HEATING
  TODAY            0                         0      0        0
  MONTH TO DATE    0                         0      0        0
  SINCE JUN 1      0                         0      0        0
  SINCE JUL 1      0                         0      0        0

 COOLING
  TODAY           21                        20      1       24
  MONTH TO DATE  493                       486      7      516
  SINCE JUN 1   1044                      1009     35     1091
  SINCE JAN 1   1748                      1638    110     1708
..................................................................


WIND (MPH)
  HIGHEST WIND SPEED    14   HIGHEST WIND DIRECTION     S (170)
  HIGHEST GUST SPEED    17   HIGHEST GUST DIRECTION     S (170)
  AVERAGE WIND SPEED     5.8


SKY COVER
  AVERAGE SKY COVER 0.4


WEATHER CONDITIONS
 THE FOLLOWING WEATHER WAS RECORDED TODAY.
  NO SIGNIFICANT WEATHER WAS OBSERVED.


RELATIVE HUMIDITY (PERCENT)
 HIGHEST    91           700 AM
 LOWEST     41           300 PM
 AVERAGE    66

..........................................................


THE SAN ANTONIO CLIMATE NORMALS FOR TOMORROW
                         NORMAL    RECORD    YEAR
 MAXIMUM TEMPERATURE (F)   96       106      1954
 MINIMUM TEMPERATURE (F)   75        67      1904


SUNRISE AND SUNSET
JULY 25 2014..........SUNRISE   650 AM CDT   SUNSET   831 PM CDT
JULY 26 2014..........SUNRISE   650 AM CDT   SUNSET   830 PM CDT


-  INDICATES NEGATIVE NUMBERS.
R  INDICATES RECORD WAS SET OR TIED.
MM INDICATES DATA IS MISSING.
T  INDICATES TRACE AMOUNT.



$$
