000
CDUS44 KEWX 062257
CLISAT


CLIMATE REPORT
NATIONAL WEATHER SERVICE AUSTIN/SAN ANTONIO, TX
556 PM CDT FRI MAY 6 2016


...................................

...THE SAN ANTONIO CLIMATE SUMMARY FOR MAY 6 2016...
VALID TODAY AS OF 556 PM LOCAL TIME.

CLIMATE NORMAL PERIOD 1981 TO 2010
CLIMATE RECORD PERIOD 1886 TO 2016


WEATHER ITEM   OBSERVED TIME   RECORD YEAR NORMAL DEPARTURE LAST
                VALUE   (LST)  VALUE       VALUE  FROM      YEAR
                                                  NORMAL
..................................................................
TEMPERATURE (F)
 TODAY
  MAXIMUM         84    359 PM  99    1984  85     -1       85
  MINIMUM         60    619 AM  47    1970  64     -4       72
  AVERAGE         72                        74     -2       79

PRECIPITATION (IN)
  TODAY            0.00          3.52 1982   0.12  -0.12      T
  MONTH TO DATE    0.01                      0.66  -0.65     0.09
  SINCE MAR 1      9.76                      5.07   4.69    10.60
  SINCE JAN 1     12.69                      8.62   4.07    14.80

SNOWFALL (IN)
  TODAY            0.0
  MONTH TO DATE    0.0
  SINCE MAR 1      T
  SINCE JUL 1      T
  SNOW DEPTH       0

DEGREE DAYS
 HEATING
  TODAY            0                         0      0        0
  MONTH TO DATE    1                         0      1        0
  SINCE MAR 1     89                       193   -104      179
  SINCE JUL 1   1038                      1494   -456     1494

 COOLING
  TODAY            7                        10     -3       14
  MONTH TO DATE   31                        54    -23       51
  SINCE MAR 1    305                       287     18      322
  SINCE JAN 1    334                       313     21      335
..................................................................


WIND (MPH)
  HIGHEST WIND SPEED    15   HIGHEST WIND DIRECTION    SE (120)
  HIGHEST GUST SPEED    20   HIGHEST GUST DIRECTION    SE (120)
  AVERAGE WIND SPEED     5.8


SKY COVER
  AVERAGE SKY COVER 0.1


WEATHER CONDITIONS
 THE FOLLOWING WEATHER WAS RECORDED TODAY.
  NO SIGNIFICANT WEATHER WAS OBSERVED.


RELATIVE HUMIDITY (PERCENT)
 HIGHEST    84           400 AM
 LOWEST     32           400 PM
 AVERAGE    58

..........................................................


THE SAN ANTONIO CLIMATE NORMALS FOR TOMORROW
                         NORMAL    RECORD    YEAR
 MAXIMUM TEMPERATURE (F)   85       100      1998
 MINIMUM TEMPERATURE (F)   65        45      1917


SUNRISE AND SUNSET
MAY  6 2016...........SUNRISE   647 AM CDT   SUNSET   814 PM CDT
MAY  7 2016...........SUNRISE   646 AM CDT   SUNSET   815 PM CDT


-  INDICATES NEGATIVE NUMBERS.
R  INDICATES RECORD WAS SET OR TIED.
MM INDICATES DATA IS MISSING.
T  INDICATES TRACE AMOUNT.




$$
