000
CDUS42 KCHS 300523
CLISAV


CLIMATE REPORT
NATIONAL WEATHER SERVICE CHARLESTON SC
122 AM EDT WED JUL 30 2014


...................................

...THE SAVANNAH GA CLIMATE SUMMARY FOR JULY 29 2014...

CLIMATE NORMAL PERIOD 1981 TO 2010
CLIMATE RECORD PERIOD 1871 TO 2014


WEATHER ITEM   OBSERVED TIME   RECORD YEAR NORMAL DEPARTURE LAST
                VALUE   (LST)  VALUE       VALUE  FROM      YEAR
                                                  NORMAL
..................................................................
TEMPERATURE (F)
 YESTERDAY
  MAXIMUM         93    359 PM 103    1993  92      1       92
  MINIMUM         73    602 AM  64    1920  73      0       74
  AVERAGE         83                        83      0       83

PRECIPITATION (IN)
  YESTERDAY        0.00          2.55 1937   0.21  -0.21     0.57
  MONTH TO DATE    1.90                      5.18  -3.28     9.32
  SINCE JUN 1     13.54                     11.13   2.41    17.60
  SINCE JAN 1     29.33                     27.39   1.94    37.14

DEGREE DAYS
 HEATING
  YESTERDAY        0                         0      0        0
  MONTH TO DATE    0                         0      0        0
  SINCE JUN 1      0                         0      0        0
  SINCE JUL 1      0                         0      0        0

 COOLING
  YESTERDAY       18                        18      0       18
  MONTH TO DATE  530                       514     16      471
  SINCE JUN 1   1021                       960     61      939
  SINCE JAN 1   1510                      1363    147     1297
..................................................................


WIND (MPH)
  HIGHEST WIND SPEED    13   HIGHEST WIND DIRECTION    NW (320)
  HIGHEST GUST SPEED    18   HIGHEST GUST DIRECTION    NW (320)
  AVERAGE WIND SPEED     4.5


SKY COVER
  POSSIBLE SUNSHINE  MM
  AVERAGE SKY COVER 0.4


WEATHER CONDITIONS
 THE FOLLOWING WEATHER WAS RECORDED YESTERDAY.
  NO SIGNIFICANT WEATHER WAS OBSERVED.


RELATIVE HUMIDITY (PERCENT)
 HIGHEST    79          1200 AM
 LOWEST     32           400 PM
 AVERAGE    56

..........................................................


THE SAVANNAH GA CLIMATE NORMALS FOR TODAY
                         NORMAL    RECORD    YEAR
 MAXIMUM TEMPERATURE (F)   92       101      1896
 MINIMUM TEMPERATURE (F)   73        66      1954


SUNRISE AND SUNSET
JULY 30 2014..........SUNRISE   639 AM EDT   SUNSET   823 PM EDT
JULY 31 2014..........SUNRISE   639 AM EDT   SUNSET   823 PM EDT


-  INDICATES NEGATIVE NUMBERS.
R  INDICATES RECORD WAS SET OR TIED.
MM INDICATES DATA IS MISSING.
T  INDICATES TRACE AMOUNT.




$$
