000
CDUS42 KCHS 270530
CLISAV


CLIMATE REPORT
NATIONAL WEATHER SERVICE CHARLESTON SC
130 AM EDT WED AUG 27 2014


...................................

...THE SAVANNAH GA CLIMATE SUMMARY FOR AUGUST 26 2014...

CLIMATE NORMAL PERIOD 1981 TO 2010
CLIMATE RECORD PERIOD 1871 TO 2014


WEATHER ITEM   OBSERVED TIME   RECORD YEAR NORMAL DEPARTURE LAST
                VALUE   (LST)  VALUE       VALUE  FROM      YEAR
                                                  NORMAL
..................................................................
TEMPERATURE (F)
 YESTERDAY
  MAXIMUM         91    322 PM  99    1938  90      1       85
                                      1936
  MINIMUM         71    618 AM  63    1997  72     -1       68
                                      1952
                                      1942
  AVERAGE         81                        81      0       77

PRECIPITATION (IN)
  YESTERDAY        0.00          3.57 1995   0.22  -0.22     0.00
  MONTH TO DATE    3.41                      5.57  -2.16     7.03
  SINCE JUN 1     19.27                     17.12   2.15    27.63
  SINCE JAN 1     35.06                     33.38   1.68    47.17

DEGREE DAYS
 HEATING
  YESTERDAY        0                         0      0        0
  MONTH TO DATE    0                         0      0        0
  SINCE JUN 1      0                         0      0        0
  SINCE JUL 1      0                         0      0        0

 COOLING
  YESTERDAY       16                        16      0       12
  MONTH TO DATE  487                       434     53      434
  SINCE JUN 1   1541                      1426    115     1408
  SINCE JAN 1   2030                      1829    201     1766
..................................................................


WIND (MPH)
  HIGHEST WIND SPEED    18   HIGHEST WIND DIRECTION     N (20)
  HIGHEST GUST SPEED    23   HIGHEST GUST DIRECTION    NE (40)
  AVERAGE WIND SPEED     9.2


SKY COVER
  POSSIBLE SUNSHINE  MM
  AVERAGE SKY COVER 0.4


WEATHER CONDITIONS
 THE FOLLOWING WEATHER WAS RECORDED YESTERDAY.
  NO SIGNIFICANT WEATHER WAS OBSERVED.


RELATIVE HUMIDITY (PERCENT)
 HIGHEST    87          1100 PM
 LOWEST     41           200 PM
 AVERAGE    64

..........................................................


THE SAVANNAH GA CLIMATE NORMALS FOR TODAY
                         NORMAL    RECORD    YEAR
 MAXIMUM TEMPERATURE (F)   90       102      1938
 MINIMUM TEMPERATURE (F)   72        61      1966


SUNRISE AND SUNSET
AUGUST 27 2014........SUNRISE   657 AM EDT   SUNSET   755 PM EDT
AUGUST 28 2014........SUNRISE   657 AM EDT   SUNSET   754 PM EDT


-  INDICATES NEGATIVE NUMBERS.
R  INDICATES RECORD WAS SET OR TIED.
MM INDICATES DATA IS MISSING.
T  INDICATES TRACE AMOUNT.




$$
