000
CDUS42 KCHS 090606
CLISAV


CLIMATE REPORT
NATIONAL WEATHER SERVICE CHARLESTON SC
106 AM EST TUE FEB 9 2016


...................................

...THE SAVANNAH GA CLIMATE SUMMARY FOR FEBRUARY 8 2016...

CLIMATE NORMAL PERIOD 1981 TO 2010
CLIMATE RECORD PERIOD 1871 TO 2016


WEATHER ITEM   OBSERVED TIME   RECORD YEAR NORMAL DEPARTURE LAST
                VALUE   (LST)  VALUE       VALUE  FROM      YEAR
                                                  NORMAL
..................................................................
TEMPERATURE (F)
 YESTERDAY
  MAXIMUM         65    231 PM  82    1921  63      2       73
  MINIMUM         34    655 AM  12    1895  41     -7       37
  AVERAGE         50                        52     -2       55

PRECIPITATION (IN)
  YESTERDAY        0.08          2.32 1933   0.10  -0.02     0.00
  MONTH TO DATE    3.07                      0.84   2.23     0.80
  SINCE DEC 1      9.55                      7.48   2.07     8.94
  SINCE JAN 1      6.20                      4.53   1.67     4.92

SNOWFALL (IN)
  YESTERDAY       MM                         0.0   MM
  SINCE DEC 1      T                         0.2   -0.2
  SINCE JUL 1      T                         0.2   -0.2

DEGREE DAYS
 HEATING
  YESTERDAY       15                        13      2       10
  MONTH TO DATE   78                       111    -33      132
  SINCE DEC 1    648                      1018   -370      889
  SINCE JUL 1    773                      1285   -512     1181

 COOLING
  YESTERDAY        0                         0      0        0
  MONTH TO DATE    9                         0      9        0
  SINCE DEC 1    115                        12    103       11
  SINCE JAN 1      9                         3      6        5
..................................................................


WIND (MPH)
  HIGHEST WIND SPEED    24   HIGHEST WIND DIRECTION     W (290)
  HIGHEST GUST SPEED    33   HIGHEST GUST DIRECTION     W (280)
  AVERAGE WIND SPEED    10.2


SKY COVER
  POSSIBLE SUNSHINE  MM
  AVERAGE SKY COVER 0.3


WEATHER CONDITIONS
 THE FOLLOWING WEATHER WAS RECORDED YESTERDAY.
  RAIN
  LIGHT RAIN


RELATIVE HUMIDITY (PERCENT)
 HIGHEST    92          1000 PM
 LOWEST     27           100 PM
 AVERAGE    60

..........................................................


THE SAVANNAH GA CLIMATE NORMALS FOR TODAY
                         NORMAL    RECORD    YEAR
 MAXIMUM TEMPERATURE (F)   63        83      1957
 MINIMUM TEMPERATURE (F)   41        17      1895


SUNRISE AND SUNSET
FEBRUARY  9 2016......SUNRISE   713 AM EST   SUNSET   605 PM EST
FEBRUARY 10 2016......SUNRISE   712 AM EST   SUNSET   606 PM EST


-  INDICATES NEGATIVE NUMBERS.
R  INDICATES RECORD WAS SET OR TIED.
MM INDICATES DATA IS MISSING.
T  INDICATES TRACE AMOUNT.




$$
