000
CDUS42 KCHS 282103
CLISAV


CLIMATE REPORT
NATIONAL WEATHER SERVICE CHARLESTON SC
503 PM EDT WED JUN 28 2017


...................................

...THE SAVANNAH GA CLIMATE SUMMARY FOR JUNE 28 2017...
VALID TODAY AS OF 0500 PM LOCAL TIME.

CLIMATE NORMAL PERIOD 1981 TO 2010
CLIMATE RECORD PERIOD 1871 TO 2017


WEATHER ITEM   OBSERVED TIME   RECORD YEAR NORMAL DEPARTURE LAST
                VALUE   (LST)  VALUE       VALUE  FROM      YEAR
                                                  NORMAL
..................................................................
TEMPERATURE (F)
 TODAY
  MAXIMUM         88    206 PM 100    1998  92     -4       93
  MINIMUM         71    549 AM  63    2012  72     -1       72
  AVERAGE         80                        82     -2       83

PRECIPITATION (IN)
  TODAY            0.00          2.73 1926   0.20  -0.20     0.44
  MONTH TO DATE    2.76                      5.56  -2.80     6.72
  SINCE JUN 1      2.76                      5.56  -2.80     6.72
  SINCE JAN 1     26.51                     21.82   4.69    29.39

DEGREE DAYS
 HEATING
  TODAY            0                         0      0        0
  MONTH TO DATE    0                         0      0        0
  SINCE JUN 1      0                         0      0        0
  SINCE JUL 1   1023                      1812   -789     1215

 COOLING
  TODAY           15                        17     -2       18
  MONTH TO DATE  422                       413      9      482
  SINCE JUN 1    422                       413      9      482
  SINCE JAN 1   1096                       816    280     1010
..................................................................


WIND (MPH)
  HIGHEST WIND SPEED    20   HIGHEST WIND DIRECTION     E (110)
  HIGHEST GUST SPEED    29   HIGHEST GUST DIRECTION     E (110)
  AVERAGE WIND SPEED     8.7


SKY COVER
  POSSIBLE SUNSHINE  MM
  AVERAGE SKY COVER 0.6


WEATHER CONDITIONS
 THE FOLLOWING WEATHER WAS RECORDED TODAY.
  NO SIGNIFICANT WEATHER WAS OBSERVED.


RELATIVE HUMIDITY (PERCENT)
 HIGHEST    93           100 AM
 LOWEST     46           200 PM
 AVERAGE    70

..........................................................


THE SAVANNAH GA CLIMATE NORMALS FOR TOMORROW
                         NORMAL    RECORD    YEAR
 MAXIMUM TEMPERATURE (F)   92       101      1959
 MINIMUM TEMPERATURE (F)   72        62      1988


SUNRISE AND SUNSET
JUNE 28 2017..........SUNRISE   621 AM EDT   SUNSET   835 PM EDT
JUNE 29 2017..........SUNRISE   621 AM EDT   SUNSET   835 PM EDT


-  INDICATES NEGATIVE NUMBERS.
R  INDICATES RECORD WAS SET OR TIED.
MM INDICATES DATA IS MISSING.
T  INDICATES TRACE AMOUNT.




$$
