000
CDUS42 KCHS 240609
CLISAV


CLIMATE REPORT
NATIONAL WEATHER SERVICE CHARLESTON SC
209 AM EDT SUN MAY 24 2015


...................................

...THE SAVANNAH GA CLIMATE SUMMARY FOR MAY 23 2015...

CLIMATE NORMAL PERIOD 1981 TO 2010
CLIMATE RECORD PERIOD 1871 TO 2015


WEATHER ITEM   OBSERVED TIME   RECORD YEAR NORMAL DEPARTURE LAST
                VALUE   (LST)  VALUE       VALUE  FROM      YEAR
                                                  NORMAL
..................................................................
TEMPERATURE (F)
 YESTERDAY
  MAXIMUM         82    312 PM  99    2011  86     -4       97
  MINIMUM         59    308 AM  50    2002  64     -5       69
  AVERAGE         71                        75     -4       83

PRECIPITATION (IN)
  YESTERDAY        0.00          2.41 1976   0.11  -0.11     0.00
  MONTH TO DATE    1.17                      2.00  -0.83     2.73
  SINCE MAR 1      9.71                      8.80   0.91    10.93
  SINCE JAN 1     17.27                     15.28   1.99    15.04

DEGREE DAYS
 HEATING
  YESTERDAY        0                         0      0        0
  MONTH TO DATE    2                         6     -4        0
  SINCE MAR 1    158                       292   -134      301
  SINCE JUL 1   1693                      1809   -116     1682

 COOLING
  YESTERDAY        6                        10     -4       18
  MONTH TO DATE  201                       176     25      213
  SINCE MAR 1    438                       302    136      363
  SINCE JAN 1    443                       312    131      381
..................................................................


WIND (MPH)
  HIGHEST WIND SPEED    17   HIGHEST WIND DIRECTION     E (110)
  HIGHEST GUST SPEED    22   HIGHEST GUST DIRECTION     E (90)
  AVERAGE WIND SPEED     8.1


SKY COVER
  POSSIBLE SUNSHINE  MM
  AVERAGE SKY COVER 0.3


WEATHER CONDITIONS
 THE FOLLOWING WEATHER WAS RECORDED YESTERDAY.
  FOG


RELATIVE HUMIDITY (PERCENT)
 HIGHEST   100           600 AM
 LOWEST     42          1200 PM
 AVERAGE    71

..........................................................


THE SAVANNAH GA CLIMATE NORMALS FOR TODAY
                         NORMAL    RECORD    YEAR
 MAXIMUM TEMPERATURE (F)   86        98      2011
                                             1953
 MINIMUM TEMPERATURE (F)   65        51      2001
                                             1954
                                             1892


SUNRISE AND SUNSET
MAY 24 2015...........SUNRISE   622 AM EDT   SUNSET   821 PM EDT
MAY 25 2015...........SUNRISE   622 AM EDT   SUNSET   822 PM EDT


-  INDICATES NEGATIVE NUMBERS.
R  INDICATES RECORD WAS SET OR TIED.
MM INDICATES DATA IS MISSING.
T  INDICATES TRACE AMOUNT.




$$
