000
CDUS42 KCHS 160538
CLISAV

CLIMATE REPORT
NATIONAL WEATHER SERVICE CHARLESTON SC
137 AM EDT WED APR 16 2014

...................................

...THE SAVANNAH GA CLIMATE SUMMARY FOR APRIL 15 2014...

CLIMATE NORMAL PERIOD 1981 TO 2010
CLIMATE RECORD PERIOD 1871 TO 2014


WEATHER ITEM   OBSERVED TIME   RECORD YEAR NORMAL DEPARTURE LAST
                VALUE   (LST)  VALUE       VALUE  FROM      YEAR
                                                  NORMAL
..................................................................
TEMPERATURE (F)
 YESTERDAY
  MAXIMUM         74   1250 AM  92    1972  77     -3       78
                                      1936
  MINIMUM         49   1159 PM  34    1950  53     -4       61
  AVERAGE         62                        65     -3       70

PRECIPITATION (IN)
  YESTERDAY        0.72          3.07 1961   0.11   0.61     0.00
  MONTH TO DATE    2.94                      1.63   1.31     2.05
  SINCE MAR 1      5.59                      5.36   0.23     4.07
  SINCE JAN 1      9.70                     11.84  -2.14    14.37

SNOWFALL (IN)
  YESTERDAY        0.0                       0.0    0.0
  SINCE MAR 1      0.0                       T      0.0
  SINCE JUL 1      0.0                       0.3   -0.3

DEGREE DAYS
 HEATING
  YESTERDAY        3                         3      0        0
  MONTH TO DATE    7                        52    -45       34
  SINCE MAR 1    271                       262      9      380
  SINCE JUL 1   1652                      1779   -127     1602

 COOLING
  YESTERDAY        0                         3     -3        5
  MONTH TO DATE   54                        36     18       42
  SINCE MAR 1     66                        68     -2       48
  SINCE JAN 1     84                        78      6       76
..................................................................


WIND (MPH)
  HIGHEST WIND SPEED    25   HIGHEST WIND DIRECTION     W (280)
  HIGHEST GUST SPEED    31   HIGHEST GUST DIRECTION     W (290)
  AVERAGE WIND SPEED    11.7


SKY COVER
  POSSIBLE SUNSHINE  MM
  AVERAGE SKY COVER 0.8


WEATHER CONDITIONS
 THE FOLLOWING WEATHER WAS RECORDED YESTERDAY.
  HEAVY RAIN
  RAIN
  LIGHT RAIN
  FOG


RELATIVE HUMIDITY (PERCENT)
 HIGHEST    93           900 AM
 LOWEST     59          1000 PM
 AVERAGE    76

..........................................................


THE SAVANNAH GA CLIMATE NORMALS FOR TODAY
                         NORMAL    RECORD    YEAR
 MAXIMUM TEMPERATURE (F)   78        92      1967
 MINIMUM TEMPERATURE (F)   54        32      1962


SUNRISE AND SUNSET
APRIL 16 2014.........SUNRISE   655 AM EDT   SUNSET   755 PM EDT
APRIL 17 2014.........SUNRISE   654 AM EDT   SUNSET   756 PM EDT


-  INDICATES NEGATIVE NUMBERS.
R  INDICATES RECORD WAS SET OR TIED.
MM INDICATES DATA IS MISSING.
T  INDICATES TRACE AMOUNT.

$$
