000
CDUS42 KCHS 030608
CLISAV


CLIMATE REPORT
NATIONAL WEATHER SERVICE CHARLESTON SC
203 AM EDT FRI JUL 3 2015


...................................

...THE SAVANNAH GA CLIMATE SUMMARY FOR JULY 2 2015...

CLIMATE NORMAL PERIOD 1981 TO 2010
CLIMATE RECORD PERIOD 1871 TO 2015


WEATHER ITEM   OBSERVED TIME   RECORD YEAR NORMAL DEPARTURE LAST
                VALUE   (LST)  VALUE       VALUE  FROM      YEAR
                                                  NORMAL
..................................................................
TEMPERATURE (F)
 YESTERDAY
  MAXIMUM         93    439 PM 101    1931  92      1       92
                                      1897
  MINIMUM         72   1159 PM  63    1975  72      0       75
  AVERAGE         83                        82      1       84

PRECIPITATION (IN)
  YESTERDAY        0.08          1.90 1966   0.17  -0.09     0.00
  MONTH TO DATE    0.08                      0.33  -0.25     0.00
  SINCE JUN 1      5.71                      6.28  -0.57    11.64
  SINCE JAN 1     23.04                     22.54   0.50    27.43

DEGREE DAYS
 HEATING
  YESTERDAY        0                         0      0        0
  MONTH TO DATE    0                         0      0        0
  SINCE JUN 1      0                         0      0        0
  SINCE JUL 1      0                         0      0        0

 COOLING
  YESTERDAY       18                        17      1       19
  MONTH TO DATE   34                        34      0       37
  SINCE JUN 1    540                       480     60      528
  SINCE JAN 1   1075                       883    192     1017
..................................................................


WIND (MPH)
  HIGHEST WIND SPEED    30   HIGHEST WIND DIRECTION     W (270)
  HIGHEST GUST SPEED    39   HIGHEST GUST DIRECTION     W (270)
  AVERAGE WIND SPEED     7.9


SKY COVER
  POSSIBLE SUNSHINE  MM
  AVERAGE SKY COVER 0.6


WEATHER CONDITIONS
 THE FOLLOWING WEATHER WAS RECORDED YESTERDAY.
  RAIN
  LIGHT RAIN
  FOG
  HAZE


RELATIVE HUMIDITY (PERCENT)
 HIGHEST    93           800 PM
 LOWEST     47           300 PM
 AVERAGE    70

..........................................................


THE SAVANNAH GA CLIMATE NORMALS FOR TODAY
                         NORMAL    RECORD    YEAR
 MAXIMUM TEMPERATURE (F)   92        98      1993
                                             1960
                                             1927
 MINIMUM TEMPERATURE (F)   72        62      2010


SUNRISE AND SUNSET
JULY  3 2015..........SUNRISE   623 AM EDT   SUNSET   835 PM EDT
JULY  4 2015..........SUNRISE   623 AM EDT   SUNSET   835 PM EDT


-  INDICATES NEGATIVE NUMBERS.
R  INDICATES RECORD WAS SET OR TIED.
MM INDICATES DATA IS MISSING.
T  INDICATES TRACE AMOUNT.




$$
