000
CDUS42 KCHS 130602
CLISAV


CLIMATE REPORT
NATIONAL WEATHER SERVICE CHARLESTON SC
101 AM EST WED DEC 13 2017


...................................

...THE SAVANNAH GA CLIMATE SUMMARY FOR DECEMBER 12 2017...

CLIMATE NORMAL PERIOD 1981 TO 2010
CLIMATE RECORD PERIOD 1871 TO 2017


WEATHER ITEM   OBSERVED TIME   RECORD YEAR NORMAL DEPARTURE LAST
                VALUE   (LST)  VALUE       VALUE  FROM      YEAR
                                                  NORMAL
..................................................................
TEMPERATURE (F)
 YESTERDAY
  MAXIMUM         64    248 PM  82    1961  63      1       79
  MINIMUM         42    443 AM  17    1962  41      1       52
  AVERAGE         53                        52      1       66

PRECIPITATION (IN)
  YESTERDAY        0.00          1.36 1982   0.09  -0.09     0.04
  MONTH TO DATE    1.92                      1.07   0.85     3.50
  SINCE DEC 1      1.92                      1.07   0.85     3.50
  SINCE JAN 1     52.81                     46.08   6.73    54.66

SNOWFALL (IN)
  YESTERDAY        0.0                       0.0    0.0
  SINCE DEC 1      0.0                       0.0    0.0
  SINCE JUL 1      0.0                       0.0    0.0

DEGREE DAYS
 HEATING
  YESTERDAY       12                        13     -1        0
  MONTH TO DATE  132                       143    -11      111
  SINCE DEC 1    132                       143    -11      111
  SINCE JUL 1    356                       410    -54      292

 COOLING
  YESTERDAY        0                         0      0        1
  MONTH TO DATE    5                         3      2        4
  SINCE DEC 1      5                         3      2        4
  SINCE JAN 1   2969                      2452    517     3015
..................................................................


WIND (MPH)
  HIGHEST WIND SPEED    25   HIGHEST WIND DIRECTION     W (280)
  HIGHEST GUST SPEED    35   HIGHEST GUST DIRECTION    NW (310)
  AVERAGE WIND SPEED    12.2


SKY COVER
  POSSIBLE SUNSHINE  MM
  AVERAGE SKY COVER 0.1


WEATHER CONDITIONS
 THE FOLLOWING WEATHER WAS RECORDED YESTERDAY.
  NO SIGNIFICANT WEATHER WAS OBSERVED.


RELATIVE HUMIDITY (PERCENT)
 HIGHEST    89           500 AM
 LOWEST     36           300 PM
 AVERAGE    63

..........................................................


THE SAVANNAH GA CLIMATE NORMALS FOR TODAY
                         NORMAL    RECORD    YEAR
 MAXIMUM TEMPERATURE (F)   63        81      1956
                                             1948
 MINIMUM TEMPERATURE (F)   41         9      1962


SUNRISE AND SUNSET
DECEMBER 13 2017......SUNRISE   717 AM EST   SUNSET   521 PM EST
DECEMBER 14 2017......SUNRISE   718 AM EST   SUNSET   522 PM EST


-  INDICATES NEGATIVE NUMBERS.
R  INDICATES RECORD WAS SET OR TIED.
MM INDICATES DATA IS MISSING.
T  INDICATES TRACE AMOUNT.




$$
