000
CDUS46 KLOX 280125
CLISBA


CLIMATE REPORT
NATIONAL WEATHER SERVICE LOS ANGELES/OXNARD CA
625 PM PDT THU APR 27 2017


...................................

...THE SANTA BARBARA AIRPORT CA CLIMATE SUMMARY FOR APRIL 27 2017...
VALID TODAY AS OF 0600 PM LOCAL TIME.

CLIMATE NORMAL PERIOD 1981 TO 2010
CLIMATE RECORD PERIOD 1940 TO 2017


WEATHER ITEM   OBSERVED TIME   RECORD YEAR NORMAL DEPARTURE LAST
                VALUE   (LST)  VALUE       VALUE  FROM      YEAR
                                                  NORMAL
..................................................................
TEMPERATURE (F)
 TODAY
  MAXIMUM         83    244 PM  95    2004  68     15       77
  MINIMUM         56    459 AM  38    1984  49      7       50
  AVERAGE         70                        59     11       64

PRECIPITATION (IN)
  TODAY            0.00          0.80 1953   0.02  -0.02     0.00
  MONTH TO DATE    0.41                      0.94  -0.53     0.54
  SINCE OCT 1     24.11                     16.88   7.23    10.19
  SINCE JAN 1     19.30                     11.58   7.72     9.31

SNOWFALL (IN)
  TODAY            0.0
  MONTH TO DATE    0.0
  SINCE MAR 1      0.0
  SINCE JUL 1      0.0

DEGREE DAYS
 HEATING
  TODAY            0                         7     -7        1
  MONTH TO DATE  131                       211    -80      104
  SINCE MAR 1    336                       507   -171      297
  SINCE JUL 1   1704                      2108   -404     1360

 COOLING
  TODAY            5                         0      5        0
  MONTH TO DATE   16                         0     16        2
  SINCE MAR 1     16                         2     14        8
  SINCE JAN 1     16                         2     14       10
..................................................................


WIND (MPH)
  HIGHEST WIND SPEED    24   HIGHEST WIND DIRECTION     W (290)
  HIGHEST GUST SPEED    31   HIGHEST GUST DIRECTION     W (280)
  AVERAGE WIND SPEED    12.4


SKY COVER
  POSSIBLE SUNSHINE  MM
  AVERAGE SKY COVER 0.2


WEATHER CONDITIONS
 THE FOLLOWING WEATHER WAS RECORDED TODAY.
  NO SIGNIFICANT WEATHER WAS OBSERVED.


RELATIVE HUMIDITY (PERCENT)
 HIGHEST    86           200 AM
 LOWEST     30           400 PM
 AVERAGE    58

..........................................................


THE SANTA BARBARA AIRPORT CA CLIMATE NORMALS FOR TOMORROW
                         NORMAL    RECORD    YEAR
 MAXIMUM TEMPERATURE (F)   68        86      2004
 MINIMUM TEMPERATURE (F)   50        39      1994


SUNRISE AND SUNSET
APRIL 27 2017.........SUNRISE   613 AM PDT   SUNSET   741 PM PDT
APRIL 28 2017.........SUNRISE   612 AM PDT   SUNSET   742 PM PDT


-  INDICATES NEGATIVE NUMBERS.
R  INDICATES RECORD WAS SET OR TIED.
MM INDICATES DATA IS MISSING.
T  INDICATES TRACE AMOUNT.




$$
