000
CDUS46 KLOX 010906
CLISBA


CLIMATE REPORT
NATIONAL WEATHER SERVICE LOS ANGELES/OXNARD CA
106 AM PST SUN FEB 1 2015


...................................

...THE SANTA BARBARA AIRPORT CA CLIMATE SUMMARY FOR JANUARY 31 2015...

CLIMATE NORMAL PERIOD 1981 TO 2010
CLIMATE RECORD PERIOD 1940 TO 2015


WEATHER ITEM   OBSERVED TIME   RECORD YEAR NORMAL DEPARTURE LAST
                VALUE   (LST)  VALUE       VALUE  FROM      YEAR
                                                  NORMAL
..................................................................
TEMPERATURE (F)
 YESTERDAY
  MAXIMUM         66    126 PM  84    2003  64      2       70
  MINIMUM         47    610 AM  30    2002  42      5       45
  AVERAGE         57                        53      4       58

PRECIPITATION (IN)
  YESTERDAY        0.00          1.54 1963   0.12  -0.12     0.00
  MONTH TO DATE    1.33                      3.50  -2.17     0.01
  SINCE OCT 1      7.62                      8.80  -1.18     1.30
  SINCE JAN 1      1.33                      3.50  -2.17     0.01

SNOWFALL (IN)
  YESTERDAY        0.0
  MONTH TO DATE    0.0
  SINCE DEC 1      0.0
  SINCE JUL 1      0.0

DEGREE DAYS
 HEATING
  YESTERDAY        8                        12     -4        7
  MONTH TO DATE  267                       398   -131      250
  SINCE DEC 1    512                       806   -294      618
  SINCE JUL 1    645                      1284   -639      992

 COOLING
  YESTERDAY        0                         0      0        0
  MONTH TO DATE    0                         0      0        0
  SINCE DEC 1      1                         0      1        0
  SINCE JAN 1      0                         0      0        0
..................................................................


WIND (MPH)
  HIGHEST WIND SPEED    10   HIGHEST WIND DIRECTION     W (260)
  HIGHEST GUST SPEED    13   HIGHEST GUST DIRECTION    SW (240)
  AVERAGE WIND SPEED     3.9


SKY COVER
  POSSIBLE SUNSHINE  MM
  AVERAGE SKY COVER 0.1


WEATHER CONDITIONS
 THE FOLLOWING WEATHER WAS RECORDED YESTERDAY.
  FOG


RELATIVE HUMIDITY (PERCENT)
 HIGHEST   100           600 AM
 LOWEST     67           100 PM
 AVERAGE    84

..........................................................


THE SANTA BARBARA AIRPORT CA CLIMATE NORMALS FOR TODAY
                         NORMAL    RECORD    YEAR
 MAXIMUM TEMPERATURE (F)   64        80      1995
 MINIMUM TEMPERATURE (F)   42        30      2002


SUNRISE AND SUNSET
FEBRUARY  1 2015......SUNRISE   657 AM PST   SUNSET   529 PM PST
FEBRUARY  2 2015......SUNRISE   656 AM PST   SUNSET   530 PM PST


-  INDICATES NEGATIVE NUMBERS.
R  INDICATES RECORD WAS SET OR TIED.
MM INDICATES DATA IS MISSING.
T  INDICATES TRACE AMOUNT.




$$
