000
CDUS46 KLOX 300118
CLISBA


CLIMATE REPORT
NATIONAL WEATHER SERVICE LOS ANGELES/OXNARD CA
618 PM PDT MON JUN 29 2015


...................................

...THE SANTA BARBARA AIRPORT CA CLIMATE SUMMARY FOR JUNE 29 2015...
VALID TODAY AS OF 0600 PM LOCAL TIME.

CLIMATE NORMAL PERIOD 1981 TO 2010
CLIMATE RECORD PERIOD 1940 TO 2015


WEATHER ITEM   OBSERVED TIME   RECORD YEAR NORMAL DEPARTURE LAST
                VALUE   (LST)  VALUE       VALUE  FROM      YEAR
                                                  NORMAL
..................................................................
TEMPERATURE (F)
 TODAY
  MAXIMUM         78    355 PM  95    1960  72      6       76
  MINIMUM         60    506 AM  48    1964  56      4       61
  AVERAGE         69                        64      5       69

PRECIPITATION (IN)
  TODAY            0.00          0.01 2007   0.00   0.00     0.00
                                      2007
                                      2010
  MONTH TO DATE    0.30                      0.07   0.23     0.00
  SINCE OCT 1      9.62                     17.35  -7.73     6.49
  SINCE JAN 1      3.33                     12.05  -8.72     5.20

SNOWFALL (IN)
  TODAY            0.0
  MONTH TO DATE    0.0
  SINCE JUN 1      0.0
  SINCE JUL 1      0.0

DEGREE DAYS
 HEATING
  TODAY            0                         2     -2        0
  MONTH TO DATE   30                        89    -59       52
  SINCE JUN 1     30                        89    -59       52
  SINCE JUL 1   1297                      2373  -1076     1666

 COOLING
  TODAY            4                         1      3        4
  MONTH TO DATE   20                        12      8       19
  SINCE JUN 1     20                        12      8       19
  SINCE JAN 1     58                        26     32       87
..................................................................


WIND (MPH)
  HIGHEST WIND SPEED    15   HIGHEST WIND DIRECTION    SE (140)
  HIGHEST GUST SPEED    18   HIGHEST GUST DIRECTION    SE (140)
  AVERAGE WIND SPEED     5.2


SKY COVER
  POSSIBLE SUNSHINE  MM
  AVERAGE SKY COVER 0.1


WEATHER CONDITIONS
 THE FOLLOWING WEATHER WAS RECORDED TODAY.
  FOG


RELATIVE HUMIDITY (PERCENT)
 HIGHEST    90           400 AM
 LOWEST     54           200 PM
 AVERAGE    72

..........................................................


THE SANTA BARBARA AIRPORT CA CLIMATE NORMALS FOR TOMORROW
                         NORMAL    RECORD    YEAR
 MAXIMUM TEMPERATURE (F)   72        94      2006
 MINIMUM TEMPERATURE (F)   57        48      1955


SUNRISE AND SUNSET
JUNE 29 2015..........SUNRISE   550 AM PDT   SUNSET   816 PM PDT
JUNE 30 2015..........SUNRISE   550 AM PDT   SUNSET   816 PM PDT


-  INDICATES NEGATIVE NUMBERS.
R  INDICATES RECORD WAS SET OR TIED.
MM INDICATES DATA IS MISSING.
T  INDICATES TRACE AMOUNT.




$$
