000
CDUS46 KLOX 300901
CLISBA


CLIMATE REPORT
NATIONAL WEATHER SERVICE LOS ANGELES/OXNARD CA
201 AM PDT THU JUL 30 2015


...................................

...THE SANTA BARBARA AIRPORT CA CLIMATE SUMMARY FOR JULY 29 2015...

CLIMATE NORMAL PERIOD 1981 TO 2010
CLIMATE RECORD PERIOD 1940 TO 2015


WEATHER ITEM   OBSERVED TIME   RECORD YEAR NORMAL DEPARTURE LAST
                VALUE   (LST)  VALUE       VALUE  FROM      YEAR
                                                  NORMAL
..................................................................
TEMPERATURE (F)
 YESTERDAY
  MAXIMUM         74    239 PM  83    1995  74      0       78
  MINIMUM         62    646 AM  48    2010  58      4       63
  AVERAGE         68                        66      2       71

PRECIPITATION (IN)
  YESTERDAY        0.00          0.02 1971   0.00   0.00     0.00
  MONTH TO DATE    0.01                      0.03  -0.02     0.01
  SINCE OCT 1      9.63                     17.38  -7.75     6.50
  SINCE JAN 1      3.34                     12.08  -8.74     5.21

SNOWFALL (IN)
  YESTERDAY        0.0
  MONTH TO DATE    0.0
  SINCE JUN 1      0.0
  SINCE JUL 1      0.0

DEGREE DAYS
 HEATING
  YESTERDAY        0                         1     -1        0
  MONTH TO DATE    0                        29    -29        0
  SINCE JUN 1     30                       119    -89       52
  SINCE JUL 1      0                        29    -29        0

 COOLING
  YESTERDAY        3                         2      1        6
  MONTH TO DATE  108                        46     62      133
  SINCE JUN 1    132                        60     72      155
  SINCE JAN 1    170                        74     96      223
..................................................................


WIND (MPH)
  HIGHEST WIND SPEED    16   HIGHEST WIND DIRECTION     W (270)
  HIGHEST GUST SPEED    19   HIGHEST GUST DIRECTION     W (260)
  AVERAGE WIND SPEED     6.4


SKY COVER
  POSSIBLE SUNSHINE  MM
  AVERAGE SKY COVER 0.5


WEATHER CONDITIONS
 THE FOLLOWING WEATHER WAS RECORDED YESTERDAY.
  FOG
  HAZE


RELATIVE HUMIDITY (PERCENT)
 HIGHEST    93          1200 AM
 LOWEST     68          1100 AM
 AVERAGE    81

..........................................................


THE SANTA BARBARA AIRPORT CA CLIMATE NORMALS FOR TODAY
                         NORMAL    RECORD    YEAR
 MAXIMUM TEMPERATURE (F)   74        88      1947
 MINIMUM TEMPERATURE (F)   58        52      2004
                                             1970


SUNRISE AND SUNSET
JULY 30 2015..........SUNRISE   608 AM PDT   SUNSET   803 PM PDT
JULY 31 2015..........SUNRISE   609 AM PDT   SUNSET   802 PM PDT


-  INDICATES NEGATIVE NUMBERS.
R  INDICATES RECORD WAS SET OR TIED.
MM INDICATES DATA IS MISSING.
T  INDICATES TRACE AMOUNT.




$$
