000
CDUS46 KLOX 300908
CLISBA


CLIMATE REPORT
NATIONAL WEATHER SERVICE LOS ANGELES/OXNARD CA
208 AM PDT TUE SEP 30 2014


...................................

...THE SANTA BARBARA AIRPORT CA CLIMATE SUMMARY FOR SEPTEMBER 29 2014...

CLIMATE NORMAL PERIOD 1981 TO 2010
CLIMATE RECORD PERIOD 1940 TO 2014


WEATHER ITEM   OBSERVED TIME   RECORD YEAR NORMAL DEPARTURE LAST
                VALUE   (LST)  VALUE       VALUE  FROM      YEAR
                                                  NORMAL
..................................................................
TEMPERATURE (F)
 YESTERDAY
  MAXIMUM         76   1133 AM  98    2005  73      3       78
  MINIMUM         53    623 AM  44    1955  54     -1       48
  AVERAGE         65                        64      1       63

PRECIPITATION (IN)
  YESTERDAY        0.00          0.41 1979   0.01  -0.01     0.00
  MONTH TO DATE    T                         0.24  -0.24     0.00
  SINCE JUL 1      0.02                      0.39  -0.37     0.07
  SINCE JAN 1      5.22                     12.44  -7.22     3.42

SNOWFALL (IN)
  YESTERDAY        0.0
  MONTH TO DATE    0.0
  SINCE SEP 1      0.0
  SINCE JUL 1      0.0

DEGREE DAYS
 HEATING
  YESTERDAY        0                         2     -2        2
  MONTH TO DATE    1                        39    -38       11
  SINCE SEP 1      1                        39    -38       11
  SINCE JUL 1      1                        90    -89       41

 COOLING
  YESTERDAY        0                         1     -1        0
  MONTH TO DATE  133                        44     89       83
  SINCE SEP 1    133                        44     89       83
  SINCE JAN 1    464                       171    293      281
..................................................................


WIND (MPH)
  HIGHEST WIND SPEED    15   HIGHEST WIND DIRECTION     W (270)
  HIGHEST GUST SPEED    19   HIGHEST GUST DIRECTION     W (260)
  AVERAGE WIND SPEED     3.5


SKY COVER
  POSSIBLE SUNSHINE  MM
  AVERAGE SKY COVER 0.0


WEATHER CONDITIONS
 THE FOLLOWING WEATHER WAS RECORDED YESTERDAY.
  NO SIGNIFICANT WEATHER WAS OBSERVED.


RELATIVE HUMIDITY (PERCENT)
 HIGHEST    86           100 AM
 LOWEST     50          1100 AM
 AVERAGE    68

..........................................................


THE SANTA BARBARA AIRPORT CA CLIMATE NORMALS FOR TODAY
                         NORMAL    RECORD    YEAR
 MAXIMUM TEMPERATURE (F)   73        90      1980
 MINIMUM TEMPERATURE (F)   54        42      1950


SUNRISE AND SUNSET
SEPTEMBER 30 2014.....SUNRISE   653 AM PDT   SUNSET   645 PM PDT
OCTOBER  1 2014.......SUNRISE   654 AM PDT   SUNSET   643 PM PDT


-  INDICATES NEGATIVE NUMBERS.
R  INDICATES RECORD WAS SET OR TIED.
MM INDICATES DATA IS MISSING.
T  INDICATES TRACE AMOUNT.




$$
