000
CDUS46 KLOX 210858
CLISBA


CLIMATE REPORT
NATIONAL WEATHER SERVICE LOS ANGELES/OXNARD CA
1258 AM PST TUE NOV 21 2017


...................................

...THE SANTA BARBARA AIRPORT CA CLIMATE SUMMARY FOR NOVEMBER 20 2017...

CLIMATE NORMAL PERIOD 1981 TO 2010
CLIMATE RECORD PERIOD 1940 TO 2017


WEATHER ITEM   OBSERVED TIME   RECORD YEAR NORMAL DEPARTURE LAST
                VALUE   (LST)  VALUE       VALUE  FROM      YEAR
                                                  NORMAL
..................................................................
TEMPERATURE (F)
 YESTERDAY
  MAXIMUM         70    331 PM  85    2005  68      2       65
  MINIMUM         44    648 AM  30    1988  43      1       42
  AVERAGE         57                        55      2       54

PRECIPITATION (IN)
  YESTERDAY        0.00          2.06 2011   0.05  -0.05     0.48
  MONTH TO DATE    0.07                      1.01  -0.94     0.48
  SINCE OCT 1      0.07                      1.82  -1.75     1.21
  SINCE JAN 1     19.76                     14.28   5.48    10.55

SNOWFALL (IN)
  YESTERDAY        0.0
  MONTH TO DATE    0.0
  SINCE SEP 1      0.0
  SINCE JUL 1      0.0

DEGREE DAYS
 HEATING
  YESTERDAY        8                        10     -2       11
  MONTH TO DATE  108                       154    -46       77
  SINCE SEP 1    189                       320   -131      199
  SINCE JUL 1    200                       371   -171      221

 COOLING
  YESTERDAY        0                         0      0        0
  MONTH TO DATE    0                         0      0       10
  SINCE SEP 1    153                        59     94      111
  SINCE JAN 1    378                       186    192      259
..................................................................


WIND (MPH)
  HIGHEST WIND SPEED    12   HIGHEST WIND DIRECTION    SE (150)
  HIGHEST GUST SPEED    13   HIGHEST GUST DIRECTION    SE (140)
  AVERAGE WIND SPEED     3.3


SKY COVER
  POSSIBLE SUNSHINE  MM
  AVERAGE SKY COVER 0.0


WEATHER CONDITIONS
 THE FOLLOWING WEATHER WAS RECORDED YESTERDAY.
  NO SIGNIFICANT WEATHER WAS OBSERVED.


RELATIVE HUMIDITY (PERCENT)
 HIGHEST    93          1200 AM
 LOWEST     45          1100 AM
 AVERAGE    69

..........................................................


THE SANTA BARBARA AIRPORT CA CLIMATE NORMALS FOR TODAY
                         NORMAL    RECORD    YEAR
 MAXIMUM TEMPERATURE (F)   67        84      1959
 MINIMUM TEMPERATURE (F)   43        31      1979


SUNRISE AND SUNSET
NOVEMBER 21 2017......SUNRISE   639 AM PST   SUNSET   452 PM PST
NOVEMBER 22 2017......SUNRISE   640 AM PST   SUNSET   451 PM PST


-  INDICATES NEGATIVE NUMBERS.
R  INDICATES RECORD WAS SET OR TIED.
MM INDICATES DATA IS MISSING.
T  INDICATES TRACE AMOUNT.




$$
