000
CDUS46 KLOX 230903
CLISBA


CLIMATE REPORT
NATIONAL WEATHER SERVICE LOS ANGELES/OXNARD CA
203 AM PDT WED AUG 23 2017


...................................

...THE SANTA BARBARA AIRPORT CA CLIMATE SUMMARY FOR AUGUST 22 2017...

CLIMATE NORMAL PERIOD 1981 TO 2010
CLIMATE RECORD PERIOD 1940 TO 2017


WEATHER ITEM   OBSERVED TIME   RECORD YEAR NORMAL DEPARTURE LAST
                VALUE   (LST)  VALUE       VALUE  FROM      YEAR
                                                  NORMAL
..................................................................
TEMPERATURE (F)
 YESTERDAY
  MAXIMUM         76    215 PM 105    1972  75      1       75
  MINIMUM         55    448 AM  49    1987  57     -2       60
  AVERAGE         66                        66      0       68

PRECIPITATION (IN)
  YESTERDAY        0.00          0.01 2000   0.01  -0.01     0.00
  MONTH TO DATE    0.01                      0.08  -0.07     0.00
  SINCE OCT 1     24.28                     17.46   6.82    10.21
  SINCE JAN 1     19.47                     12.16   7.31     9.33

SNOWFALL (IN)
  YESTERDAY        0.0
  MONTH TO DATE    0.0
  SINCE JUN 1      0.0
  SINCE JUL 1      0.0

DEGREE DAYS
 HEATING
  YESTERDAY        0                         1     -1        0
  MONTH TO DATE    0                        22    -22        5
  SINCE JUN 1     50                       139    -89       92
  SINCE JUL 1     11                        49    -38       20

 COOLING
  YESTERDAY        1                         2     -1        3
  MONTH TO DATE   72                        44     28       29
  SINCE JUN 1    159                       102     57      118
  SINCE JAN 1    186                       116     70      128
..................................................................


WIND (MPH)
  HIGHEST WIND SPEED    15   HIGHEST WIND DIRECTION     W (260)
  HIGHEST GUST SPEED    19   HIGHEST GUST DIRECTION     W (270)
  AVERAGE WIND SPEED     5.3


SKY COVER
  POSSIBLE SUNSHINE  MM
  AVERAGE SKY COVER 0.0


WEATHER CONDITIONS
 THE FOLLOWING WEATHER WAS RECORDED YESTERDAY.
  FOG


RELATIVE HUMIDITY (PERCENT)
 HIGHEST    93           200 AM
 LOWEST     60           100 PM
 AVERAGE    77

..........................................................


THE SANTA BARBARA AIRPORT CA CLIMATE NORMALS FOR TODAY
                         NORMAL    RECORD    YEAR
 MAXIMUM TEMPERATURE (F)   75        90      1968
 MINIMUM TEMPERATURE (F)   57        49      2002


SUNRISE AND SUNSET
AUGUST 23 2017........SUNRISE   626 AM PDT   SUNSET   737 PM PDT
AUGUST 24 2017........SUNRISE   627 AM PDT   SUNSET   735 PM PDT


-  INDICATES NEGATIVE NUMBERS.
R  INDICATES RECORD WAS SET OR TIED.
MM INDICATES DATA IS MISSING.
T  INDICATES TRACE AMOUNT.




$$
