000
CDUS43 KIWX 210524
CLISBN


CLIMATE REPORT
NATIONAL WEATHER SERVICE NORTHERN INDIANA
123 AM EDT MON APR 21 2014


...................................

...THE SOUTH BEND CLIMATE SUMMARY FOR APRIL 20 2014...

CLIMATE NORMAL PERIOD 1981 TO 2010
CLIMATE RECORD PERIOD 1893 TO 2014


WEATHER ITEM   OBSERVED TIME   RECORD YEAR NORMAL DEPARTURE LAST
                VALUE   (LST)  VALUE       VALUE  FROM      YEAR
                                                  NORMAL
..................................................................
TEMPERATURE (F)
 YESTERDAY
  MAXIMUM         75    505 PM  83    1987  61     14       42
  MINIMUM         40    623 AM  15    1897  40      0       30
  AVERAGE         58                        51      7       36

PRECIPITATION (IN)
  YESTERDAY        0.00          1.58 1966   0.11  -0.11      T
  MONTH TO DATE    1.42                      2.12  -0.70     4.58
  SINCE MAR 1      3.11                      4.54  -1.43     5.84
  SINCE JAN 1      9.05                      8.78   0.27    13.33

DEGREE DAYS
 HEATING
  YESTERDAY        7                        15     -8       29
  MONTH TO DATE  351                       361    -10      397
  SINCE MAR 1   1427                      1216    211     1411
  SINCE JUL 1   6610                      5905    705     5808

 COOLING
  YESTERDAY        0                         0      0        0
  MONTH TO DATE    2                         0      2        0
  SINCE MAR 1      2                         1      1        0
  SINCE JAN 1      2                         1      1        0
..................................................................


WIND (MPH)
  HIGHEST WIND SPEED    16   HIGHEST WIND DIRECTION    SE (130)
  HIGHEST GUST SPEED    20   HIGHEST GUST DIRECTION    SE (130)
  AVERAGE WIND SPEED     7.2


SKY COVER
  AVERAGE SKY COVER 0.0


WEATHER CONDITIONS
 THE FOLLOWING WEATHER WAS RECORDED YESTERDAY.
  NO SIGNIFICANT WEATHER WAS OBSERVED.


RELATIVE HUMIDITY (PERCENT)
 HIGHEST    60           500 AM
 LOWEST     21           500 PM
 AVERAGE    41

..........................................................


THE SOUTH BEND CLIMATE NORMALS FOR TODAY
                         NORMAL    RECORD    YEAR
 MAXIMUM TEMPERATURE (F)   62        84      1985
 MINIMUM TEMPERATURE (F)   41        22      1904


SUNRISE AND SUNSET
APRIL 21 2014.........SUNRISE   656 AM EDT   SUNSET   833 PM EDT
APRIL 22 2014.........SUNRISE   655 AM EDT   SUNSET   834 PM EDT


-  INDICATES NEGATIVE NUMBERS.
R  INDICATES RECORD WAS SET OR TIED.
MM INDICATES DATA IS MISSING.
T  INDICATES TRACE AMOUNT.




$$
