000
CDUS43 KIWX 210533
CLISBN


CLIMATE REPORT
NATIONAL WEATHER SERVICE NORTHERN INDIANA
133 AM EDT TUE OCT 21 2014


...................................

...THE SOUTH BEND CLIMATE SUMMARY FOR OCTOBER 20 2014...

CLIMATE NORMAL PERIOD 1981 TO 2010
CLIMATE RECORD PERIOD 1893 TO 2014


WEATHER ITEM   OBSERVED TIME   RECORD YEAR NORMAL DEPARTURE LAST
                VALUE   (LST)  VALUE       VALUE  FROM      YEAR
                                                  NORMAL
..................................................................
TEMPERATURE (F)
 YESTERDAY
  MAXIMUM         61    133 PM  84    1953  60      1       62
  MINIMUM         49    748 AM  23    1952  41      8       39
                                      1895
  AVERAGE         55                        51      4       51

PRECIPITATION (IN)
  YESTERDAY        0.04          1.33 1898   0.10  -0.06      T
  MONTH TO DATE    4.99                      2.17   2.82     1.60
  SINCE SEP 1      7.70                      5.70   2.00     5.72
  SINCE JAN 1     35.91                     30.97   4.94    32.64

SNOWFALL (IN)
  YESTERDAY        0.0           1.4  1989   0.0    0.0      0.0
  MONTH TO DATE    0.0                       0.1   -0.1      0.0
  SINCE SEP 1      0.0                       0.1   -0.1      0.0
  SINCE JUL 1      0.0                       0.1   -0.1      0.0
  SNOW DEPTH       0

DEGREE DAYS
 HEATING
  YESTERDAY       10                        14     -4       14
  MONTH TO DATE  224                       228     -4      155
  SINCE SEP 1    344                       344      0      246
  SINCE JUL 1    372                       362     10      275

 COOLING
  YESTERDAY        0                         0      0        0
  MONTH TO DATE    4                         8     -4       30
  SINCE SEP 1     78                        90    -12      148
  SINCE JAN 1    771                       772     -1      828
..................................................................


WIND (MPH)
  HIGHEST WIND SPEED    17   HIGHEST WIND DIRECTION    NW (320)
  HIGHEST GUST SPEED    23   HIGHEST GUST DIRECTION    NW (320)
  AVERAGE WIND SPEED    10.4


SKY COVER
  AVERAGE SKY COVER 0.7


WEATHER CONDITIONS
 THE FOLLOWING WEATHER WAS RECORDED YESTERDAY.
  THUNDERSTORM
  LIGHT RAIN


RELATIVE HUMIDITY (PERCENT)
 HIGHEST    86           700 AM
 LOWEST     64          1200 PM
 AVERAGE    75

..........................................................


THE SOUTH BEND CLIMATE NORMALS FOR TODAY
                         NORMAL    RECORD    YEAR
 MAXIMUM TEMPERATURE (F)   60        85      1953
 MINIMUM TEMPERATURE (F)   41        22      1895


SUNRISE AND SUNSET
OCTOBER 21 2014.......SUNRISE   804 AM EDT   SUNSET   655 PM EDT
OCTOBER 22 2014.......SUNRISE   805 AM EDT   SUNSET   653 PM EDT


-  INDICATES NEGATIVE NUMBERS.
R  INDICATES RECORD WAS SET OR TIED.
MM INDICATES DATA IS MISSING.
T  INDICATES TRACE AMOUNT.




$$
