000
CDUS43 KIWX 110032
CLISBN


CLIMATE REPORT
NATIONAL WEATHER SERVICE NORTHERN INDIANA
732 PM EST SAT DEC 10 2016


...................................

...THE SOUTH BEND CLIMATE SUMMARY FOR DECEMBER 10 2016...
VALID AS OF 0700 PM LOCAL TIME.

CLIMATE NORMAL PERIOD 1981 TO 2010
CLIMATE RECORD PERIOD 1893 TO 2016


WEATHER ITEM   OBSERVED TIME   RECORD YEAR NORMAL DEPARTURE LAST
                VALUE   (LST)  VALUE       VALUE  FROM      YEAR
                                                  NORMAL
..................................................................
TEMPERATURE (F)
 TODAY
  MAXIMUM         23    659 PM  64    1971  37    -14       59
  MINIMUM         18    802 AM -10    1958  24     -6       39
                                      1919
  AVERAGE         21                        30     -9       49

PRECIPITATION (IN)
  TODAY            T             1.39 1971   0.09  -0.09     0.00
  MONTH TO DATE    0.56                      0.91  -0.35     0.13
  SINCE DEC 1      0.56                      0.91  -0.35     0.13
  SINCE JAN 1     45.17                     36.30   8.87    32.31

SNOWFALL (IN)
  TODAY           MM             5.8  1997   0.6   MM        0.0
  MONTH TO DATE    5.4                       4.4    1.0      0.1
  SINCE DEC 1      5.4                       4.4    1.0      0.1
  SINCE JUL 1      5.9                       9.6   -3.7      9.2
  SNOW DEPTH       0

DEGREE DAYS
 HEATING
  TODAY           44                        35      9       16
  MONTH TO DATE  350                       331     19      265
  SINCE DEC 1    350                       331     19      265
  SINCE JUL 1   1251                      1600   -349     1332

 COOLING
  TODAY            0                         0      0        0
  MONTH TO DATE    0                         0      0        0
  SINCE DEC 1      0                         0      0        0
  SINCE JAN 1    950                       773    177      784
..................................................................


WIND (MPH)
  RESULTANT WIND SPEED  10   RESULTANT WIND DIRECTION  SW (230)
  HIGHEST WIND SPEED    18   HIGHEST WIND DIRECTION    SW (240)
  HIGHEST GUST SPEED    21   HIGHEST GUST DIRECTION     W (250)
  AVERAGE WIND SPEED    10.1


SKY COVER
  POSSIBLE SUNSHINE  MM
  AVERAGE SKY COVER 0.9


WEATHER CONDITIONS
 THE FOLLOWING WEATHER WAS RECORDED TODAY.
  LIGHT SNOW
  FOG
  HAZE


RELATIVE HUMIDITY (PERCENT)
 HIGHEST    84          1000 AM
 LOWEST     65           400 PM
 AVERAGE    75

..........................................................


THE SOUTH BEND CLIMATE NORMALS FOR TOMORROW
                         NORMAL    RECORD    YEAR
 MAXIMUM TEMPERATURE (F)   36        64      1949
 MINIMUM TEMPERATURE (F)   24        -7      1917


SUNRISE AND SUNSET
DECEMBER 10 2016......SUNRISE   802 AM EST   SUNSET   515 PM EST
DECEMBER 11 2016......SUNRISE   803 AM EST   SUNSET   515 PM EST


-  INDICATES NEGATIVE NUMBERS.
R  INDICATES RECORD WAS SET OR TIED.
MM INDICATES DATA IS MISSING.
T  INDICATES TRACE AMOUNT.




$$
