000
CDUS43 KIWX 210020
CLISBN


CLIMATE REPORT
NATIONAL WEATHER SERVICE NORTHERN INDIANA
820 PM EDT THU JUL 20 2017


...................................

...THE SOUTH BEND CLIMATE SUMMARY FOR JULY 20 2017...
VALID AS OF 0800 PM LOCAL TIME.

CLIMATE NORMAL PERIOD 1981 TO 2010
CLIMATE RECORD PERIOD 1893 TO 2017


WEATHER ITEM   OBSERVED TIME   RECORD YEAR NORMAL DEPARTURE LAST
                VALUE   (LST)  VALUE       VALUE  FROM      YEAR
                                                  NORMAL
..................................................................
TEMPERATURE (F)
 TODAY
  MAXIMUM         87    454 PM 104    1934  83      4       89
  MINIMUM         68    743 AM  44    1929  63      5       64
  AVERAGE         78                        73      5       77

PRECIPITATION (IN)
  TODAY            0.35          1.61 1931   0.14   0.21     0.00
  MONTH TO DATE    2.26                      2.53  -0.27     0.91
  SINCE JUN 1      4.68                      6.32  -1.64     4.16
  SINCE JAN 1     23.91                     20.04   3.87    19.27

DEGREE DAYS
 HEATING
  TODAY            0                         0      0        0
  MONTH TO DATE    1                         0      1        8
  SINCE JUN 1     26                        44    -18       43
  SINCE JUL 1      1                         0      1        8

 COOLING
  TODAY           13                         8      5       12
  MONTH TO DATE  141                       160    -19      144
  SINCE JUN 1    314                       325    -11      320
  SINCE JAN 1    354                       381    -27      389
..................................................................


WIND (MPH)
  RESULTANT WIND SPEED   6   RESULTANT WIND DIRECTION   W (260)
  HIGHEST WIND SPEED    16   HIGHEST WIND DIRECTION     W (260)
  HIGHEST GUST SPEED    23   HIGHEST GUST DIRECTION    SW (230)
  AVERAGE WIND SPEED     8.8


SKY COVER
  POSSIBLE SUNSHINE  MM
  AVERAGE SKY COVER 0.5


WEATHER CONDITIONS
 THE FOLLOWING WEATHER WAS RECORDED TODAY.
  THUNDERSTORM
  RAIN
  LIGHT RAIN
  FOG


RELATIVE HUMIDITY (PERCENT)
 HIGHEST   100          1100 AM
 LOWEST     63           300 PM
 AVERAGE    82

..........................................................


THE SOUTH BEND CLIMATE NORMALS FOR TOMORROW
                         NORMAL    RECORD    YEAR
 MAXIMUM TEMPERATURE (F)   83       107      1934
 MINIMUM TEMPERATURE (F)   63        47      1944


SUNRISE AND SUNSET
JULY 20 2017..........SUNRISE   628 AM EDT   SUNSET   914 PM EDT
JULY 21 2017..........SUNRISE   629 AM EDT   SUNSET   914 PM EDT


-  INDICATES NEGATIVE NUMBERS.
R  INDICATES RECORD WAS SET OR TIED.
MM INDICATES DATA IS MISSING.
T  INDICATES TRACE AMOUNT.




$$
