000
CDUS43 KIWX 020523
CLISBN


CLIMATE REPORT
NATIONAL WEATHER SERVICE NORTHERN INDIANA
122 AM EDT MON MAY 2 2016


...................................

...THE SOUTH BEND CLIMATE SUMMARY FOR MAY 1 2016...

CLIMATE NORMAL PERIOD 1981 TO 2010
CLIMATE RECORD PERIOD 1893 TO 2016


WEATHER ITEM   OBSERVED TIME   RECORD YEAR NORMAL DEPARTURE LAST
                VALUE   (LST)  VALUE       VALUE  FROM      YEAR
                                                  NORMAL
..................................................................
TEMPERATURE (F)
 YESTERDAY
  MAXIMUM         56    434 PM  88    1942  65     -9       68
  MINIMUM         47    434 AM  26    1943  44      3       37
  AVERAGE         52                        55     -3       53

PRECIPITATION (IN)
  YESTERDAY        0.09          1.58 1983   0.11  -0.02     0.00
  MONTH TO DATE    0.09                      0.11  -0.02     0.00
  SINCE MAR 1      8.93                      5.76   3.17     3.18
  SINCE JAN 1     12.71                     10.00   2.71     7.08

SNOWFALL (IN)
  YESTERDAY        0.0           T    1997   0.0    0.0      0.0
                                      1994
  MONTH TO DATE    0.0                       0.0    0.0      0.0
  SINCE MAR 1     10.9                       8.5    2.4      6.1
  SINCE JUL 1     70.2                      66.6    3.6     83.9
  SNOW DEPTH       0

DEGREE DAYS
 HEATING
  YESTERDAY       13                        11      2       12
  MONTH TO DATE   13                        11      2       12
  SINCE MAR 1   1227                      1353   -126     1387
  SINCE JUL 1   5357                      6042   -685     6484

 COOLING
  YESTERDAY        0                         0      0        0
  MONTH TO DATE    0                         0      0        0
  SINCE MAR 1      4                        10     -6        2
  SINCE JAN 1      4                        10     -6        2
..................................................................


WIND (MPH)
  HIGHEST WIND SPEED    16   HIGHEST WIND DIRECTION     E (90)
  HIGHEST GUST SPEED    21   HIGHEST GUST DIRECTION     E (80)
  AVERAGE WIND SPEED     6.8


SKY COVER
  AVERAGE SKY COVER 0.9


WEATHER CONDITIONS
 THE FOLLOWING WEATHER WAS RECORDED YESTERDAY.
  RAIN
  LIGHT RAIN
  FOG


RELATIVE HUMIDITY (PERCENT)
 HIGHEST   100           200 AM
 LOWEST     77           200 PM
 AVERAGE    89

..........................................................


THE SOUTH BEND CLIMATE NORMALS FOR TODAY
                         NORMAL    RECORD    YEAR
 MAXIMUM TEMPERATURE (F)   66        89      1959
 MINIMUM TEMPERATURE (F)   44        29      1907


SUNRISE AND SUNSET
MAY  2 2016...........SUNRISE   640 AM EDT   SUNSET   845 PM EDT
MAY  3 2016...........SUNRISE   639 AM EDT   SUNSET   846 PM EDT


-  INDICATES NEGATIVE NUMBERS.
R  INDICATES RECORD WAS SET OR TIED.
MM INDICATES DATA IS MISSING.
T  INDICATES TRACE AMOUNT.




$$
