000
CDUS43 KIWX 280523
CLISBN


CLIMATE REPORT
NATIONAL WEATHER SERVICE NORTHERN INDIANA
123 AM EDT SUN MAY 28 2017


...................................

...THE SOUTH BEND CLIMATE SUMMARY FOR MAY 27 2017...

CLIMATE NORMAL PERIOD 1981 TO 2010
CLIMATE RECORD PERIOD 1893 TO 2017


WEATHER ITEM   OBSERVED TIME   RECORD YEAR NORMAL DEPARTURE LAST
                VALUE   (LST)  VALUE       VALUE  FROM      YEAR
                                                  NORMAL
..................................................................
TEMPERATURE (F)
 YESTERDAY
  MAXIMUM         74    620 PM  97    2012  73      1       85
  MINIMUM         57    620 AM  30    1961  52      5       64
  AVERAGE         66                        63      3       75

PRECIPITATION (IN)
  YESTERDAY        T             1.45 1922   0.13  -0.13     0.01
  MONTH TO DATE    4.92                      3.29   1.63     2.41
  SINCE MAR 1     12.24                      8.94   3.30    11.25
  SINCE JAN 1     19.23                     13.18   6.05    15.03

SNOWFALL (IN)
  YESTERDAY        0.0           0.0  2002   0.0    0.0      0.0
                                      2001
  MONTH TO DATE    0.0                       0.0    0.0      0.0
  SINCE MAR 1      8.5                       8.5    0.0     10.9
  SINCE JUL 1     42.2                      66.6  -24.4     70.2
  SNOW DEPTH       0

DEGREE DAYS
 HEATING
  YESTERDAY        0                         5     -5        0
  MONTH TO DATE  262                       208     54      261
  SINCE MAR 1   1514                      1550    -36     1475
  SINCE JUL 1   5491                      6239   -748     5605

 COOLING
  YESTERDAY        1                         2     -1       10
  MONTH TO DATE   26                        36    -10       31
  SINCE MAR 1     37                        46     -9       35
  SINCE JAN 1     37                        46     -9       35
..................................................................


WIND (MPH)
  HIGHEST WIND SPEED    10   HIGHEST WIND DIRECTION    NW (310)
  HIGHEST GUST SPEED    14   HIGHEST GUST DIRECTION     E (80)
  AVERAGE WIND SPEED     4.2


SKY COVER
  AVERAGE SKY COVER 0.7


WEATHER CONDITIONS
 THE FOLLOWING WEATHER WAS RECORDED YESTERDAY.
  FOG


RELATIVE HUMIDITY (PERCENT)
 HIGHEST   100           100 AM
 LOWEST     68           300 PM
 AVERAGE    84

..........................................................


THE SOUTH BEND CLIMATE NORMALS FOR TODAY
                         NORMAL    RECORD    YEAR
 MAXIMUM TEMPERATURE (F)   74        95      2012
 MINIMUM TEMPERATURE (F)   53        34      1902


SUNRISE AND SUNSET
MAY 28 2017...........SUNRISE   615 AM EDT   SUNSET   910 PM EDT
MAY 29 2017...........SUNRISE   615 AM EDT   SUNSET   911 PM EDT


-  INDICATES NEGATIVE NUMBERS.
R  INDICATES RECORD WAS SET OR TIED.
MM INDICATES DATA IS MISSING.
T  INDICATES TRACE AMOUNT.




$$
