805
CDUS43 KIWX 260522
CLISBN


CLIMATE REPORT
NATIONAL WEATHER SERVICE NORTHERN INDIANA
122 AM EDT TUE SEP 26 2017


...................................

...THE SOUTH BEND CLIMATE SUMMARY FOR SEPTEMBER 25 2017...

CLIMATE NORMAL PERIOD 1981 TO 2010
CLIMATE RECORD PERIOD 1893 TO 2017


WEATHER ITEM   OBSERVED TIME   RECORD YEAR NORMAL DEPARTURE LAST
                VALUE   (LST)  VALUE       VALUE  FROM      YEAR
                                                  NORMAL
..................................................................
TEMPERATURE (F)
 YESTERDAY
  MAXIMUM         89    227 PM  95    1908  70     19       83
  MINIMUM         60    544 AM  30    1942  50     10       59
  AVERAGE         75                        60     15       71

PRECIPITATION (IN)
  YESTERDAY        0.00          1.80 1984   0.12  -0.12     0.16
  MONTH TO DATE    1.99                      2.97  -0.98     3.22
  SINCE SEP 1      1.99                      2.97  -0.98     3.22
  SINCE JAN 1     29.58                     28.24   1.34    37.63

DEGREE DAYS
 HEATING
  YESTERDAY        0                         6     -6        0
  MONTH TO DATE   67                        78    -11        4
  SINCE SEP 1     67                        78    -11        4
  SINCE JUL 1     88                        96     -8       12

 COOLING
  YESTERDAY       10                         1      9        6
  MONTH TO DATE  107                        75     32      123
  SINCE SEP 1    107                        75     32      123
  SINCE JAN 1    659                       757    -98      932
..................................................................


WIND (MPH)
  HIGHEST WIND SPEED    12   HIGHEST WIND DIRECTION    SE (150)
  HIGHEST GUST SPEED    15   HIGHEST GUST DIRECTION     S (170)
  AVERAGE WIND SPEED     3.3


SKY COVER
  AVERAGE SKY COVER 0.0


WEATHER CONDITIONS
 THE FOLLOWING WEATHER WAS RECORDED YESTERDAY.
  NO SIGNIFICANT WEATHER WAS OBSERVED.


RELATIVE HUMIDITY (PERCENT)
 HIGHEST    90           600 AM
 LOWEST     31           300 PM
 AVERAGE    61

..........................................................


THE SOUTH BEND CLIMATE NORMALS FOR TODAY
                         NORMAL    RECORD    YEAR
 MAXIMUM TEMPERATURE (F)   70        91      1998
                                             1908
 MINIMUM TEMPERATURE (F)   49        31      1928


SUNRISE AND SUNSET
SEPTEMBER 26 2017.....SUNRISE   737 AM EDT   SUNSET   735 PM EDT
SEPTEMBER 27 2017.....SUNRISE   738 AM EDT   SUNSET   733 PM EDT


-  INDICATES NEGATIVE NUMBERS.
R  INDICATES RECORD WAS SET OR TIED.
MM INDICATES DATA IS MISSING.
T  INDICATES TRACE AMOUNT.




$$
