000
CDUS41 KAKQ 060638
CLISBY


CLIMATE REPORT
NATIONAL WEATHER SERVICE WAKEFIELD, VA
138 AM EST TUE DEC 6 2016


...................................

...THE SALISBURY MD CLIMATE SUMMARY FOR DECEMBER 5 2016...

CLIMATE NORMAL PERIOD 1981 TO 2010
CLIMATE RECORD PERIOD 1900 TO 2016


WEATHER ITEM   OBSERVED TIME   RECORD YEAR NORMAL DEPARTURE LAST
                VALUE   (LST)  VALUE       VALUE  FROM      YEAR
                                                  NORMAL
..................................................................
TEMPERATURE (F)
 YESTERDAY
  MAXIMUM         54    204 PM  76    1998  51      3       53
  MINIMUM         36    634 PM  16    1919  32      4       29
  AVERAGE         45                        42      3       41

PRECIPITATION (IN)
  YESTERDAY        0.29          1.90 1927   0.13   0.16     0.00
  MONTH TO DATE    0.41                      0.64  -0.23     0.96
  SINCE DEC 1      0.41                      0.64  -0.23     0.96
  SINCE JAN 1     51.91                     42.61   9.30    47.84

SNOWFALL (IN)
  YESTERDAY       MM             1.0  2005   0.0   MM
  MONTH TO DATE    0.0                       0.2   -0.2
  SINCE NOV 1      0.0                       0.4   -0.4
  SINCE JUL 1      0.0                       0.4   -0.4
  SNOW DEPTH       0

DEGREE DAYS
 HEATING
  YESTERDAY       20                        23     -3       24
  MONTH TO DATE   99                       112    -13       81
  SINCE DEC 1     99                       112    -13       81
  SINCE JUL 1    759                       930   -171      728

 COOLING
  YESTERDAY        0                         0      0        0
  MONTH TO DATE    0                         0      0        0
  SINCE DEC 1      0                         0      0        0
  SINCE JAN 1   1481                      1153    328     1342
..................................................................


WIND (MPH)
  HIGHEST WIND SPEED    14   HIGHEST WIND DIRECTION    NW (330)
  HIGHEST GUST SPEED    19   HIGHEST GUST DIRECTION     N (10)
  AVERAGE WIND SPEED     4.7


SKY COVER
  POSSIBLE SUNSHINE  MM
  AVERAGE SKY COVER 0.6


WEATHER CONDITIONS
 THE FOLLOWING WEATHER WAS RECORDED YESTERDAY.
  RAIN
  LIGHT RAIN
  FOG


RELATIVE HUMIDITY (PERCENT)
 HIGHEST   100           300 AM
 LOWEST     63           300 PM
 AVERAGE    82

..........................................................


THE SALISBURY MD CLIMATE NORMALS FOR TODAY
                         NORMAL    RECORD    YEAR
 MAXIMUM TEMPERATURE (F)   51        77      1998
 MINIMUM TEMPERATURE (F)   32        11      2007


SUNRISE AND SUNSET
DECEMBER  6 2016......SUNRISE   705 AM EST   SUNSET   441 PM EST
DECEMBER  7 2016......SUNRISE   706 AM EST   SUNSET   441 PM EST


-  INDICATES NEGATIVE NUMBERS.
R  INDICATES RECORD WAS SET OR TIED.
MM INDICATES DATA IS MISSING.
T  INDICATES TRACE AMOUNT.




$$
