000
CDUS41 KAKQ 250828
CLISBY


CLIMATE REPORT
NATIONAL WEATHER SERVICE WAKEFIELD, VA
425 AM EDT SAT OCT 25 2014


...................................

...THE SALISBURY MD CLIMATE SUMMARY FOR OCTOBER 24 2014...

CLIMATE NORMAL PERIOD 1981 TO 2010
CLIMATE RECORD PERIOD 1900 TO 2014


WEATHER ITEM   OBSERVED TIME   RECORD YEAR NORMAL DEPARTURE LAST
                VALUE   (LST)  VALUE       VALUE  FROM      YEAR
                                                  NORMAL
..................................................................
TEMPERATURE (F)
 YESTERDAY
  MAXIMUM         71    206 PM  84    2001  66      5       58
  MINIMUM         52    213 AM  25    2003  44      8       35
  AVERAGE         62                        55      7       47

PRECIPITATION (IN)
  YESTERDAY        0.00          1.50 1917   0.11  -0.11     0.00
  MONTH TO DATE    1.72                      2.70  -0.98     3.68
  SINCE SEP 1      6.10                      6.68  -0.58     4.45
  SINCE JAN 1     26.38                     37.75 -11.37    44.13

SNOWFALL (IN)
  YESTERDAY        0.0           0.0  2002   0.0    0.0
                                      2001
  MONTH TO DATE    0.0                       0.0    0.0
  SINCE NOV 1     22.5                       9.3   13.2
  SINCE JUL 1      0.0                       0.0    0.0
  SNOW DEPTH       0

DEGREE DAYS
 HEATING
  YESTERDAY        3                        11     -8       18
  MONTH TO DATE   78                       184   -106       80
  SINCE SEP 1     84                       230   -146      107
  SINCE JUL 1     84                       232   -148      107

 COOLING
  YESTERDAY        0                         0      0        0
  MONTH TO DATE   31                        22      9       88
  SINCE SEP 1    251                       164     87      257
  SINCE JAN 1   1373                      1147    226     1620
..................................................................


WIND (MPH)
  HIGHEST WIND SPEED    22   HIGHEST WIND DIRECTION    NW (330)
  HIGHEST GUST SPEED    26   HIGHEST GUST DIRECTION    NW (320)
  AVERAGE WIND SPEED     8.7


SKY COVER
  POSSIBLE SUNSHINE  MM
  AVERAGE SKY COVER 0.2


WEATHER CONDITIONS
 THE FOLLOWING WEATHER WAS RECORDED YESTERDAY.
  NO SIGNIFICANT WEATHER WAS OBSERVED.


RELATIVE HUMIDITY (PERCENT)
 HIGHEST    77           200 AM
 LOWEST     40           100 PM
 AVERAGE    59

..........................................................


THE SALISBURY MD CLIMATE NORMALS FOR TODAY
                         NORMAL    RECORD    YEAR
 MAXIMUM TEMPERATURE (F)   66        81      2001
 MINIMUM TEMPERATURE (F)   43        27      1978


SUNRISE AND SUNSET
OCTOBER 25 2014.......SUNRISE   721 AM EDT   SUNSET   611 PM EDT
OCTOBER 26 2014.......SUNRISE   722 AM EDT   SUNSET   609 PM EDT


-  INDICATES NEGATIVE NUMBERS.
R  INDICATES RECORD WAS SET OR TIED.
MM INDICATES DATA IS MISSING.
T  INDICATES TRACE AMOUNT.




$$
