000
CDUS41 KAKQ 280545
CLISBY


CLIMATE REPORT
NATIONAL WEATHER SERVICE WAKEFIELD, VA
145 AM EDT SAT MAY 28 2016


...................................

...THE SALISBURY MD CLIMATE SUMMARY FOR MAY 27 2016...

CLIMATE NORMAL PERIOD 1981 TO 2010
CLIMATE RECORD PERIOD 1900 TO 2016


WEATHER ITEM   OBSERVED TIME   RECORD YEAR NORMAL DEPARTURE LAST
                VALUE   (LST)  VALUE       VALUE  FROM      YEAR
                                                  NORMAL
..................................................................
TEMPERATURE (F)
 YESTERDAY
  MAXIMUM         87    301 PM  97    1917  77     10       86
  MINIMUM         67    454 AM  40    1967  55     12       68
  AVERAGE         77                        66     11       77

PRECIPITATION (IN)
  YESTERDAY        T             0.89 1974   0.13  -0.13     0.00
  MONTH TO DATE    4.50                      3.11   1.39     1.75
  SINCE MAR 1      9.95                     11.08  -1.13     9.49
  SINCE JAN 1     16.80                     18.04  -1.24    17.21

SNOWFALL (IN)
  YESTERDAY        0.0           0.0  2002   0.0    0.0
                                      2001
  MONTH TO DATE    0.0                       0.0    0.0
  SINCE NOV 1     19.8                       9.3   10.5
  SINCE JUL 1     19.8                       9.3   10.5
  SNOW DEPTH       0

DEGREE DAYS
 HEATING
  YESTERDAY        0                         3     -3        0
  MONTH TO DATE  159                       133     26       75
  SINCE MAR 1    965                      1108   -143     1059
  SINCE JUL 1   3636                      4413   -777     4272

 COOLING
  YESTERDAY       12                         4      8       12
  MONTH TO DATE   32                        51    -19      109
  SINCE MAR 1     56                        68    -12      116
  SINCE JAN 1     56                        68    -12      116
..................................................................


WIND (MPH)
  HIGHEST WIND SPEED    16   HIGHEST WIND DIRECTION     S (170)
  HIGHEST GUST SPEED    21   HIGHEST GUST DIRECTION    SW (210)
  AVERAGE WIND SPEED     9.5


SKY COVER
  POSSIBLE SUNSHINE  MM
  AVERAGE SKY COVER 0.0


WEATHER CONDITIONS
 THE FOLLOWING WEATHER WAS RECORDED YESTERDAY.
  NO SIGNIFICANT WEATHER WAS OBSERVED.


RELATIVE HUMIDITY (PERCENT)
 HIGHEST    87           100 AM
 LOWEST     48           300 PM
 AVERAGE    68

..........................................................


THE SALISBURY MD CLIMATE NORMALS FOR TODAY
                         NORMAL    RECORD    YEAR
 MAXIMUM TEMPERATURE (F)   77        96      1941
 MINIMUM TEMPERATURE (F)   55        39      1994


SUNRISE AND SUNSET
MAY 28 2016...........SUNRISE   542 AM EDT   SUNSET   817 PM EDT
MAY 29 2016...........SUNRISE   541 AM EDT   SUNSET   818 PM EDT


-  INDICATES NEGATIVE NUMBERS.
R  INDICATES RECORD WAS SET OR TIED.
MM INDICATES DATA IS MISSING.
T  INDICATES TRACE AMOUNT.




$$
