000
CDUS41 KAKQ 010534
CLISBY


CLIMATE REPORT
NATIONAL WEATHER SERVICE WAKEFIELD, VA
134 AM EDT SUN MAY 1 2016


...................................

...THE SALISBURY MD CLIMATE SUMMARY FOR APRIL 30 2016...

CLIMATE NORMAL PERIOD 1981 TO 2010
CLIMATE RECORD PERIOD 1900 TO 2016


WEATHER ITEM   OBSERVED TIME   RECORD YEAR NORMAL DEPARTURE LAST
                VALUE   (LST)  VALUE       VALUE  FROM      YEAR
                                                  NORMAL
..................................................................
TEMPERATURE (F)
 YESTERDAY
  MAXIMUM         60    329 PM  86    1974  69     -9       71
  MINIMUM         48    542 AM  31    1909  47      1       49
  AVERAGE         54                        58     -4       60

PRECIPITATION (IN)
  YESTERDAY        T             2.05 1924   0.09  -0.09     0.05
  MONTH TO DATE    3.67                      3.55   0.12     3.67
  SINCE MAR 1      5.45                      7.97  -2.52     7.74
  SINCE JAN 1     12.30                     14.93  -2.63    15.46

SNOWFALL (IN)
  YESTERDAY       MM             0.0  2002   0.0   MM
                                      2001
  MONTH TO DATE    1.0                       0.2    0.8
  SINCE NOV 1     19.8                       9.3   10.5
  SINCE JUL 1     19.8                       9.3   10.5
  SNOW DEPTH       0

DEGREE DAYS
 HEATING
  YESTERDAY       11                         8      3        5
  MONTH TO DATE  362                       346     16      315
  SINCE MAR 1    806                       975   -169      984
  SINCE JUL 1   3477                      4280   -803     4197

 COOLING
  YESTERDAY        0                         1     -1        0
  MONTH TO DATE   21                        15      6        7
  SINCE MAR 1     24                        17      7        7
  SINCE JAN 1     24                        17      7        7
..................................................................


WIND (MPH)
  HIGHEST WIND SPEED    14   HIGHEST WIND DIRECTION    NE (60)
  HIGHEST GUST SPEED    18   HIGHEST GUST DIRECTION    NE (50)
  AVERAGE WIND SPEED     6.9


SKY COVER
  POSSIBLE SUNSHINE  MM
  AVERAGE SKY COVER 1.0


WEATHER CONDITIONS
 THE FOLLOWING WEATHER WAS RECORDED YESTERDAY.
  LIGHT RAIN
  FOG


RELATIVE HUMIDITY (PERCENT)
 HIGHEST   100           200 AM
 LOWEST     67           100 PM
 AVERAGE    84

..........................................................


THE SALISBURY MD CLIMATE NORMALS FOR TODAY
                         NORMAL    RECORD    YEAR
 MAXIMUM TEMPERATURE (F)   70        88      2010
                                             1930
 MINIMUM TEMPERATURE (F)   47        34      2006


SUNRISE AND SUNSET
MAY  1 2016...........SUNRISE   605 AM EDT   SUNSET   754 PM EDT
MAY  2 2016...........SUNRISE   604 AM EDT   SUNSET   755 PM EDT


-  INDICATES NEGATIVE NUMBERS.
R  INDICATES RECORD WAS SET OR TIED.
MM INDICATES DATA IS MISSING.
T  INDICATES TRACE AMOUNT.




$$
