000
CDUS41 KAKQ 192347
CLISBY


CLIMATE REPORT
NATIONAL WEATHER SERVICE WAKEFIELD, VA
647 PM EST SUN NOV 19 2017


...................................

...THE SALISBURY MD CLIMATE SUMMARY FOR NOVEMBER 19 2017...
VALID TODAY AS OF 0500 PM LOCAL TIME.

CLIMATE NORMAL PERIOD 1981 TO 2010
CLIMATE RECORD PERIOD 1900 TO 2017


WEATHER ITEM   OBSERVED TIME   RECORD YEAR NORMAL DEPARTURE LAST
                VALUE   (LST)  VALUE       VALUE  FROM      YEAR
                                                  NORMAL
..................................................................
TEMPERATURE (F)
 TODAY
  MAXIMUM         66    313 AM  80    1921  58      8       73
  MINIMUM         49    359 PM  17    1936  37     12       38
  AVERAGE         58

PRECIPITATION (IN)
  TODAY            0.06          1.93 2003   0.11  -0.05     0.03
  MONTH TO DATE    1.33                      2.12  -0.79     0.39
  SINCE SEP 1      7.32                      9.59  -2.27    17.29
  SINCE JAN 1     49.38                     40.66   8.72    51.35

SNOWFALL (IN)
  TODAY            0.0
  MONTH TO DATE    0.0
  SINCE NOV 1      0.0
  SINCE JUL 1      0.0
  SNOW DEPTH       0

DEGREE DAYS
 HEATING
  TODAY            7
  MONTH TO DATE  270
  SINCE SEP 1    438
  SINCE JUL 1    438

 COOLING
  TODAY            0
  MONTH TO DATE    1
  SINCE SEP 1    248
  SINCE JAN 1   1415
..................................................................


WIND (MPH)
  RESULTANT WIND SPEED  16   RESULTANT WIND DIRECTION   W (260)
  HIGHEST WIND SPEED    33   HIGHEST WIND DIRECTION     S (200)
  HIGHEST GUST SPEED    46   HIGHEST GUST DIRECTION     S (200)


SKY COVER
  POSSIBLE SUNSHINE  MM
  AVERAGE SKY COVER 0.3


WEATHER CONDITIONS
 THE FOLLOWING WEATHER WAS RECORDED TODAY.
  RAIN
  LIGHT RAIN


RELATIVE HUMIDITY (PERCENT)
 HIGHEST    93
 LOWEST     41
 AVERAGE    67

..........................................................


THE SALISBURY MD CLIMATE NORMALS FOR TOMORROW
                         NORMAL    RECORD    YEAR
 MAXIMUM TEMPERATURE (F)   57        77      1913
 MINIMUM TEMPERATURE (F)   37        22      1924
                                             1923


SUNRISE AND SUNSET
NOVEMBER 19 2017......SUNRISE   648 AM EST   SUNSET   447 PM EST
NOVEMBER 20 2017......SUNRISE   649 AM EST   SUNSET   446 PM EST


-  INDICATES NEGATIVE NUMBERS.
R  INDICATES RECORD WAS SET OR TIED.
MM INDICATES DATA IS MISSING.
T  INDICATES TRACE AMOUNT.




$$
