000
CDUS41 KAKQ 190645
CLISBY


CLIMATE REPORT
NATIONAL WEATHER SERVICE WAKEFIELD, VA
145 AM EST THU JAN 19 2017


...................................

...THE SALISBURY MD CLIMATE SUMMARY FOR JANUARY 18 2017...

CLIMATE NORMAL PERIOD 1981 TO 2010
CLIMATE RECORD PERIOD 1900 TO 2017


WEATHER ITEM   OBSERVED TIME   RECORD YEAR NORMAL DEPARTURE LAST
                VALUE   (LST)  VALUE       VALUE  FROM      YEAR
                                                  NORMAL
..................................................................
TEMPERATURE (F)
 YESTERDAY
  MAXIMUM         55    119 AM  75    1943  44     11       33
  MINIMUM         47   1159 PM  -8    1957  26     21       17
  AVERAGE         51                        35     16       25

PRECIPITATION (IN)
  YESTERDAY        T             1.30 2004   0.12  -0.12     0.00
  MONTH TO DATE    2.06                      2.05   0.01     1.81
  SINCE DEC 1      4.99                      5.76  -0.77     6.30
  SINCE JAN 1      2.06                      2.05   0.01     1.81

SNOWFALL (IN)
  YESTERDAY       MM             3.0  1948   0.1   MM
  MONTH TO DATE    9.1                       1.5    7.6
  SINCE NOV 1      9.1                       3.3    5.8
  SINCE JUL 1      9.1                       3.3    5.8
  SNOW DEPTH       0

DEGREE DAYS
 HEATING
  YESTERDAY       14                        30    -16       40
  MONTH TO DATE  465                       535    -70      499
  SINCE DEC 1   1245                      1341    -96      910
  SINCE JUL 1   1905                      2159   -254     1557

 COOLING
  YESTERDAY        0                         0      0        0
  MONTH TO DATE    0                         0      0        0
  SINCE DEC 1      0                         0      0        9
  SINCE JAN 1      0                         0      0        0
..................................................................


WIND (MPH)
  HIGHEST WIND SPEED    16   HIGHEST WIND DIRECTION     N (350)
  HIGHEST GUST SPEED    21   HIGHEST GUST DIRECTION     N (340)
  AVERAGE WIND SPEED     7.6


SKY COVER
  POSSIBLE SUNSHINE  MM
  AVERAGE SKY COVER 0.9


WEATHER CONDITIONS
 THE FOLLOWING WEATHER WAS RECORDED YESTERDAY.
  LIGHT RAIN
  FOG


RELATIVE HUMIDITY (PERCENT)
 HIGHEST   100           500 AM
 LOWEST     66           500 PM
 AVERAGE    83

..........................................................


THE SALISBURY MD CLIMATE NORMALS FOR TODAY
                         NORMAL    RECORD    YEAR
 MAXIMUM TEMPERATURE (F)   44        68      1973
 MINIMUM TEMPERATURE (F)   27        -3      1957


SUNRISE AND SUNSET
JANUARY 19 2017.......SUNRISE   716 AM EST   SUNSET   510 PM EST
JANUARY 20 2017.......SUNRISE   715 AM EST   SUNSET   511 PM EST


-  INDICATES NEGATIVE NUMBERS.
R  INDICATES RECORD WAS SET OR TIED.
MM INDICATES DATA IS MISSING.
T  INDICATES TRACE AMOUNT.




$$
