000
CDUS41 KAKQ 180845
CLISBY


CLIMATE REPORT
NATIONAL WEATHER SERVICE WAKEFIELD, VA
445 AM EDT THU SEP 18 2014


...................................

...THE SALISBURY MD CLIMATE SUMMARY FOR SEPTEMBER 17 2014...

CLIMATE NORMAL PERIOD 1981 TO 2010
CLIMATE RECORD PERIOD 1900 TO 2014


WEATHER ITEM   OBSERVED TIME   RECORD YEAR NORMAL DEPARTURE LAST
                VALUE   (LST)  VALUE       VALUE  FROM      YEAR
                                                  NORMAL
..................................................................
TEMPERATURE (F)
 YESTERDAY
  MAXIMUM         80    304 PM  94    1915  78      2       69
  MINIMUM         56   1159 PM  39    1923  58     -2       49
  AVERAGE         68                        68      0       59

PRECIPITATION (IN)
  YESTERDAY        0.00          2.13 1962   0.13  -0.13     0.00
  MONTH TO DATE    0.36                      2.23  -1.87     0.32
  SINCE SEP 1      0.36                      2.23  -1.87     0.32
  SINCE JAN 1     20.64                     33.30 -12.66    40.00

SNOWFALL (IN)
  YESTERDAY        0.0           0.0  2002   0.0    0.0
                                      2001
  MONTH TO DATE    0.0                       0.0    0.0
  SINCE NOV 1     22.5                       9.3   13.2
  SINCE JUL 1      0.0                       0.0    0.0
  SNOW DEPTH       0

DEGREE DAYS
 HEATING
  YESTERDAY        0                         1     -1        6
  MONTH TO DATE    0                         9     -9       11
  SINCE SEP 1      0                         9     -9       11
  SINCE JUL 1      0                        11    -11       11

 COOLING
  YESTERDAY        3                         4     -1        0
  MONTH TO DATE  170                       105     65      159
  SINCE SEP 1    170                       105     65      159
  SINCE JAN 1   1292                      1088    204     1522
..................................................................


WIND (MPH)
  HIGHEST WIND SPEED    12   HIGHEST WIND DIRECTION    SE (130)
  HIGHEST GUST SPEED    16   HIGHEST GUST DIRECTION    SE (120)
  AVERAGE WIND SPEED     3.1


SKY COVER
  POSSIBLE SUNSHINE  MM
  AVERAGE SKY COVER 0.2


WEATHER CONDITIONS
 THE FOLLOWING WEATHER WAS RECORDED YESTERDAY.
  NO SIGNIFICANT WEATHER WAS OBSERVED.


RELATIVE HUMIDITY (PERCENT)
 HIGHEST    84           300 AM
 LOWEST     33           100 PM
 AVERAGE    59

..........................................................


THE SALISBURY MD CLIMATE NORMALS FOR TODAY
                         NORMAL    RECORD    YEAR
 MAXIMUM TEMPERATURE (F)   78        94      1921
 MINIMUM TEMPERATURE (F)   57        40      1990


SUNRISE AND SUNSET
SEPTEMBER 18 2014.....SUNRISE   646 AM EDT   SUNSET   705 PM EDT
SEPTEMBER 19 2014.....SUNRISE   647 AM EDT   SUNSET   704 PM EDT


-  INDICATES NEGATIVE NUMBERS.
R  INDICATES RECORD WAS SET OR TIED.
MM INDICATES DATA IS MISSING.
T  INDICATES TRACE AMOUNT.




$$
