000
CDUS41 KAKQ 210645
CLISBY


CLIMATE REPORT
NATIONAL WEATHER SERVICE WAKEFIELD, VA
145 AM EST TUE FEB 21 2017


...................................

...THE SALISBURY MD CLIMATE SUMMARY FOR FEBRUARY 20 2017...

CLIMATE NORMAL PERIOD 1981 TO 2010
CLIMATE RECORD PERIOD 1900 TO 2017


WEATHER ITEM   OBSERVED TIME   RECORD YEAR NORMAL DEPARTURE LAST
                VALUE   (LST)  VALUE       VALUE  FROM      YEAR
                                                  NORMAL
..................................................................
TEMPERATURE (F)
 YESTERDAY
  MAXIMUM         63    321 PM  75    1930  48     15       63
  MINIMUM         35   1156 PM  -3    2015  29      6       39
  AVERAGE         49                        38     11       51

PRECIPITATION (IN)
  YESTERDAY        0.00          0.65 1957   0.12  -0.12     0.00
  MONTH TO DATE    0.73                      2.38  -1.65     2.98
  SINCE DEC 1      7.01                      9.70  -2.69    10.68
  SINCE JAN 1      4.08                      5.99  -1.91     6.19

SNOWFALL (IN)
  YESTERDAY        0.0           6.0  1914   0.1   -0.1
  MONTH TO DATE    T                         2.6   -2.6
  SINCE NOV 1      9.6                       7.6    2.0
  SINCE JUL 1      9.6                       7.6    2.0
  SNOW DEPTH       0

DEGREE DAYS
 HEATING
  YESTERDAY       16                        27    -11       14
  MONTH TO DATE  448                       561   -113      553
  SINCE DEC 1   1990                      2284   -294     1864
  SINCE JUL 1   2650                      3102   -452     2511

 COOLING
  YESTERDAY        0                         0      0        0
  MONTH TO DATE    0                         0      0        0
  SINCE DEC 1      0                         0      0        9
  SINCE JAN 1      0                         0      0        0
..................................................................


WIND (MPH)
  HIGHEST WIND SPEED    17   HIGHEST WIND DIRECTION    NW (330)
  HIGHEST GUST SPEED    24   HIGHEST GUST DIRECTION     N (340)
  AVERAGE WIND SPEED     6.7


SKY COVER
  POSSIBLE SUNSHINE  MM
  AVERAGE SKY COVER 0.0


WEATHER CONDITIONS
 THE FOLLOWING WEATHER WAS RECORDED YESTERDAY.
  NO SIGNIFICANT WEATHER WAS OBSERVED.


RELATIVE HUMIDITY (PERCENT)
 HIGHEST    93           800 AM
 LOWEST     32           100 PM
 AVERAGE    63

..........................................................


THE SALISBURY MD CLIMATE NORMALS FOR TODAY
                         NORMAL    RECORD    YEAR
 MAXIMUM TEMPERATURE (F)   48        75      1943
 MINIMUM TEMPERATURE (F)   29        -4      2015


SUNRISE AND SUNSET
FEBRUARY 21 2017......SUNRISE   645 AM EST   SUNSET   547 PM EST
FEBRUARY 22 2017......SUNRISE   643 AM EST   SUNSET   548 PM EST


-  INDICATES NEGATIVE NUMBERS.
R  INDICATES RECORD WAS SET OR TIED.
MM INDICATES DATA IS MISSING.
T  INDICATES TRACE AMOUNT.




$$
