000
CDUS46 KSTO 260836
CLISCK


CLIMATE REPORT
NATIONAL WEATHER SERVICE SACRAMENTO, CA
136 AM PDT TUE MAY 26 2015


...................................

...THE STOCKTON AIRPORT CA CLIMATE SUMMARY FOR MAY 25 2015...

CLIMATE NORMAL PERIOD 1981 TO 2010
CLIMATE RECORD PERIOD 1948 TO 2015


WEATHER ITEM   OBSERVED TIME   RECORD YEAR NORMAL DEPARTURE LAST
                VALUE   (LST)  VALUE       VALUE  FROM      YEAR
                                                  NORMAL
..................................................................
TEMPERATURE (F)
 YESTERDAY
  MAXIMUM         82    246 PM 102    1979  83     -1       97
  MINIMUM         52    212 AM  44    2010  53     -1       56
                                      1962
  AVERAGE         67

PRECIPITATION (IN)
  YESTERDAY        0.00          0.16 1993   0.02  -0.02     0.00
  MONTH TO DATE    0.01                      0.46  -0.45      T
  SINCE OCT 1     10.61                     13.61  -3.00     7.22
  SINCE JAN 1      2.77                      8.88  -6.11     5.79

SNOWFALL (IN)
  YESTERDAY        0.0          MM      MM
  MONTH TO DATE    0.0
  SINCE MAR 1      0.0
  SINCE JUL 1      0.0
  SNOW DEPTH       0

DEGREE DAYS
 HEATING
  YESTERDAY        0                         1     -1        0
  MONTH TO DATE   42                        53    -11       13
  SINCE MAR 1    274                       567   -293      327
  SINCE JUL 1   1713                      2629   -916     2160

 COOLING
  YESTERDAY        2                         4     -2       12
  MONTH TO DATE   26                        73    -47      114
  SINCE MAR 1     75                        90    -15      143
  SINCE JAN 1     75                        90    -15      143
..................................................................


WIND (MPH)
  RESULTANT WIND SPEED   7   RESULTANT WIND DIRECTION   W (290)
  HIGHEST WIND SPEED    24   HIGHEST WIND DIRECTION    NW (330)
  HIGHEST GUST SPEED    86   HIGHEST GUST DIRECTION    NW (330)


SKY COVER
  POSSIBLE SUNSHINE  MM
  AVERAGE SKY COVER 0.0


WEATHER CONDITIONS
 THE FOLLOWING WEATHER WAS RECORDED YESTERDAY.
  NO SIGNIFICANT WEATHER WAS OBSERVED.


RELATIVE HUMIDITY (PERCENT)
 HIGHEST    89           200 AM
 LOWEST     36           400 PM
 AVERAGE    63

..........................................................


THE STOCKTON AIRPORT CA CLIMATE NORMALS FOR TODAY
                         NORMAL    RECORD    YEAR
 MAXIMUM TEMPERATURE (F)   84       101      1974
 MINIMUM TEMPERATURE (F)   53        43      2011
                                             1998


SUNRISE AND SUNSET
MAY 26 2015...........SUNRISE   547 AM PDT   SUNSET   817 PM PDT
MAY 27 2015...........SUNRISE   547 AM PDT   SUNSET   818 PM PDT


-  INDICATES NEGATIVE NUMBERS.
R  INDICATES RECORD WAS SET OR TIED.
MM INDICATES DATA IS MISSING.
T  INDICATES TRACE AMOUNT.




$$
