000
CDUS46 KSTO 050837
CLISCK


CLIMATE REPORT
NATIONAL WEATHER SERVICE SACRAMENTO, CA
136 AM PDT WED AUG 5 2015


...................................

...THE STOCKTON AIRPORT CA CLIMATE SUMMARY FOR AUGUST 4 2015...

CLIMATE NORMAL PERIOD 1981 TO 2010
CLIMATE RECORD PERIOD 1948 TO 2015


WEATHER ITEM   OBSERVED TIME   RECORD YEAR NORMAL DEPARTURE LAST
                VALUE   (LST)  VALUE       VALUE  FROM      YEAR
                                                  NORMAL
..................................................................
TEMPERATURE (F)
 YESTERDAY
  MAXIMUM         82    336 PM 109    1998  93    -11       83
  MINIMUM         60    520 AM  51    2002  60      0       62
  AVERAGE         71

PRECIPITATION (IN)
  YESTERDAY        0.00          T    2012   0.00   0.00     0.00
                                      1961
  MONTH TO DATE    0.00                      0.00   0.00     0.00
  SINCE OCT 1     10.71                     13.76  -3.05     7.23
  SINCE JAN 1      2.87                      9.03  -6.16     5.80

SNOWFALL (IN)
  YESTERDAY        0.0          MM      MM
  MONTH TO DATE    0.0
  SINCE JUN 1      0.0
  SINCE JUL 1      0.0
  SNOW DEPTH       0

DEGREE DAYS
 HEATING
  YESTERDAY        0                         0      0        0
  MONTH TO DATE    0                         0      0        0
  SINCE JUN 1      0                         7     -7        0
  SINCE JUL 1      0                         0      0        0

 COOLING
  YESTERDAY        6                        12     -6        8
  MONTH TO DATE   42                        48     -6       55
  SINCE JUN 1    788                       641    147      759
  SINCE JAN 1    884                       760    124      942
..................................................................


WIND (MPH)
  RESULTANT WIND SPEED   9   RESULTANT WIND DIRECTION   W (290)
  HIGHEST WIND SPEED    17   HIGHEST WIND DIRECTION     W (290)
  HIGHEST GUST SPEED    22   HIGHEST GUST DIRECTION     W (260)


SKY COVER
  POSSIBLE SUNSHINE  MM
  AVERAGE SKY COVER 0.0


WEATHER CONDITIONS
 THE FOLLOWING WEATHER WAS RECORDED YESTERDAY.
  NO SIGNIFICANT WEATHER WAS OBSERVED.


RELATIVE HUMIDITY (PERCENT)
 HIGHEST    84           500 AM
 LOWEST     36           500 PM
 AVERAGE    60

..........................................................


THE STOCKTON AIRPORT CA CLIMATE NORMALS FOR TODAY
                         NORMAL    RECORD    YEAR
 MAXIMUM TEMPERATURE (F)   93       108      1978
 MINIMUM TEMPERATURE (F)   60        50      1950


SUNRISE AND SUNSET
AUGUST  5 2015........SUNRISE   612 AM PDT   SUNSET   810 PM PDT
AUGUST  6 2015........SUNRISE   612 AM PDT   SUNSET   809 PM PDT


-  INDICATES NEGATIVE NUMBERS.
R  INDICATES RECORD WAS SET OR TIED.
MM INDICATES DATA IS MISSING.
T  INDICATES TRACE AMOUNT.




$$
