000
CDUS46 KSTO 230846
CLISCK


CLIMATE REPORT
NATIONAL WEATHER SERVICE SACRAMENTO, CA
146 AM PDT THU MAR 23 2017


...................................

...THE STOCKTON AIRPORT CA CLIMATE SUMMARY FOR MARCH 22 2017...

CLIMATE NORMAL PERIOD 1981 TO 2010
CLIMATE RECORD PERIOD 1948 TO 2017


WEATHER ITEM   OBSERVED TIME   RECORD YEAR NORMAL DEPARTURE LAST
                VALUE   (LST)  VALUE       VALUE  FROM      YEAR
                                                  NORMAL
..................................................................
TEMPERATURE (F)
 YESTERDAY
  MAXIMUM         60    442 PM  78    1997  67     -7       65
                                      1977
  MINIMUM         47   1159 PM  35    2008  43      4       43
                                      1987
                                      1985
  AVERAGE         54

PRECIPITATION (IN)
  YESTERDAY        0.61          1.09 2005   0.06   0.55     0.00
  MONTH TO DATE    1.92                      1.64   0.28     3.53
  SINCE OCT 1     19.56                     11.65   7.91    13.49
  SINCE JAN 1     13.40                      6.92   6.48     8.92

SNOWFALL (IN)
  YESTERDAY        0.0          MM      MM
  MONTH TO DATE    0.0
  SINCE MAR 1      0.0
  SINCE JUL 1      0.0
  SNOW DEPTH       0

DEGREE DAYS
 HEATING
  YESTERDAY       11                        10      1       11
  MONTH TO DATE  168                       240    -72      172
  SINCE MAR 1    168                       240    -72      172
  SINCE JUL 1   1877                      2302   -425     1890

 COOLING
  YESTERDAY        0                         0      0        0
  MONTH TO DATE    1                         0      1        0
  SINCE MAR 1      1                         0      1        0
  SINCE JAN 1      1                         0      1        0
..................................................................


WIND (MPH)
  RESULTANT WIND SPEED   3   RESULTANT WIND DIRECTION  SW (220)
  HIGHEST WIND SPEED    18   HIGHEST WIND DIRECTION     W (270)
  HIGHEST GUST SPEED    22   HIGHEST GUST DIRECTION     W (260)


SKY COVER
  POSSIBLE SUNSHINE  MM
  AVERAGE SKY COVER 0.7


WEATHER CONDITIONS
 THE FOLLOWING WEATHER WAS RECORDED YESTERDAY.
  THUNDERSTORM
  HEAVY RAIN
  RAIN
  LIGHT RAIN
  FOG


RELATIVE HUMIDITY (PERCENT)
 HIGHEST   100           500 AM
 LOWEST     67           400 PM
 AVERAGE    84

..........................................................


THE STOCKTON AIRPORT CA CLIMATE NORMALS FOR TODAY
                         NORMAL    RECORD    YEAR
 MAXIMUM TEMPERATURE (F)   67        81      2007
 MINIMUM TEMPERATURE (F)   43        33      1962


SUNRISE AND SUNSET
MARCH 23 2017.........SUNRISE   703 AM PDT   SUNSET   720 PM PDT
MARCH 24 2017.........SUNRISE   702 AM PDT   SUNSET   721 PM PDT


-  INDICATES NEGATIVE NUMBERS.
R  INDICATES RECORD WAS SET OR TIED.
MM INDICATES DATA IS MISSING.
T  INDICATES TRACE AMOUNT.




$$
