000
CDUS46 KLOX 030903
CLISDB


CLIMATE REPORT
NATIONAL WEATHER SERVICE LOS ANGELES/OXNARD CA
203 AM PDT MON AUG 3 2015


...................................

...THE SANDBERG CA CLIMATE SUMMARY FOR AUGUST 2 2015...

CLIMATE NORMAL PERIOD 1981 TO 2010
CLIMATE RECORD PERIOD 1934 TO 2015


WEATHER ITEM   OBSERVED TIME   RECORD YEAR NORMAL DEPARTURE LAST
                VALUE   (LST)  VALUE       VALUE  FROM      YEAR
                                                  NORMAL
..................................................................
TEMPERATURE (F)
 YESTERDAY
  MAXIMUM         93    126 PM  98    1993  86      7       90
  MINIMUM         68    456 AM  50    1976  65      3       69
  AVERAGE         81                        75      6       80

PRECIPITATION (IN)
  YESTERDAY        0.00          0.02 1945   0.00   0.00      T
  MONTH TO DATE    0.00                      0.00   0.00      T
  SINCE OCT 1      8.65                     12.13  -3.48     4.29
  SINCE JAN 1      3.75                      8.50  -4.75     3.59

DEGREE DAYS
 HEATING
  YESTERDAY        0                         0      0        0
  MONTH TO DATE    0                         0      0        0
  SINCE JUN 1     29                        92    -63        7
  SINCE JUL 1     10                         8      2        0

 COOLING
  YESTERDAY       16                        10      6       15
  MONTH TO DATE   32                        20     12       37
  SINCE JUN 1    618                       438    180      707
  SINCE JAN 1    731                       483    248      857
..................................................................


WIND (MPH)
  HIGHEST WIND SPEED    24   HIGHEST WIND DIRECTION     N (340)
  HIGHEST GUST SPEED    31   HIGHEST GUST DIRECTION     N (340)
  AVERAGE WIND SPEED    11.6


SKY COVER
  POSSIBLE SUNSHINE  MM
  AVERAGE SKY COVER 0.0


WEATHER CONDITIONS
 THE FOLLOWING WEATHER WAS RECORDED YESTERDAY.
  NO SIGNIFICANT WEATHER WAS OBSERVED.


RELATIVE HUMIDITY (PERCENT)
 HIGHEST    47           100 AM
 LOWEST     12           200 PM
 AVERAGE    30

..........................................................


THE SANDBERG CA CLIMATE NORMALS FOR TODAY
                         NORMAL    RECORD    YEAR
 MAXIMUM TEMPERATURE (F)   86        97      1998
 MINIMUM TEMPERATURE (F)   65        48      1976


SUNRISE AND SUNSET
AUGUST  3 2015........SUNRISE   606 AM PDT   SUNSET   756 PM PDT
AUGUST  4 2015........SUNRISE   607 AM PDT   SUNSET   755 PM PDT


-  INDICATES NEGATIVE NUMBERS.
R  INDICATES RECORD WAS SET OR TIED.
MM INDICATES DATA IS MISSING.
T  INDICATES TRACE AMOUNT.




$$
