000
CDUS46 KLOX 190908
CLISDB


CLIMATE REPORT
NATIONAL WEATHER SERVICE LOS ANGELES/OXNARD CA
108 AM PST FRI DEC 19 2014


...................................

...THE SANDBERG CA CLIMATE SUMMARY FOR DECEMBER 18 2014...

CLIMATE NORMAL PERIOD 1981 TO 2010
CLIMATE RECORD PERIOD 1934 TO 2014


WEATHER ITEM   OBSERVED TIME   RECORD YEAR NORMAL DEPARTURE LAST
                VALUE   (LST)  VALUE       VALUE  FROM      YEAR
                                                  NORMAL
..................................................................
TEMPERATURE (F)
 YESTERDAY
  MAXIMUM         49    104 PM  71    2001  47      2       62
  MINIMUM         37    350 AM  22    1935  36      1       42
  AVERAGE         43                        42      1       52

PRECIPITATION (IN)
  YESTERDAY        T             1.87 1988   0.09  -0.09     0.00
  MONTH TO DATE    4.25                      1.09   3.16      T
  SINCE JUL 1      5.02                      2.69   2.33     0.70
  SINCE JAN 1      8.60                     11.17  -2.57     3.61

DEGREE DAYS
 HEATING
  YESTERDAY       22                        23     -1       13
  MONTH TO DATE  296                       402   -106      351
  SINCE DEC 1    296                       402   -106      351
  SINCE JUL 1    686                      1181   -495      905

 COOLING
  YESTERDAY        0                         0      0        0
  MONTH TO DATE    0                         0      0        0
  SINCE DEC 1      0                         0      0        0
  SINCE JAN 1   1689                       998    691     1565
..................................................................


WIND (MPH)
  HIGHEST WIND SPEED    15   HIGHEST WIND DIRECTION    NW (310)
  HIGHEST GUST SPEED    20   HIGHEST GUST DIRECTION    NW (310)
  AVERAGE WIND SPEED     6.9


SKY COVER
  POSSIBLE SUNSHINE  MM
  AVERAGE SKY COVER 0.4


WEATHER CONDITIONS
 THE FOLLOWING WEATHER WAS RECORDED YESTERDAY.
  LIGHT RAIN


RELATIVE HUMIDITY (PERCENT)
 HIGHEST    76          1200 AM
 LOWEST     59           100 AM
 AVERAGE    68

..........................................................


THE SANDBERG CA CLIMATE NORMALS FOR TODAY
                         NORMAL    RECORD    YEAR
 MAXIMUM TEMPERATURE (F)   47        65      1950
 MINIMUM TEMPERATURE (F)   36        19      1967


SUNRISE AND SUNSET
DECEMBER 19 2014......SUNRISE   657 AM PST   SUNSET   447 PM PST
DECEMBER 20 2014......SUNRISE   658 AM PST   SUNSET   447 PM PST


-  INDICATES NEGATIVE NUMBERS.
R  INDICATES RECORD WAS SET OR TIED.
MM INDICATES DATA IS MISSING.
T  INDICATES TRACE AMOUNT.




$$
