000
CDUS46 KLOX 240901
CLISDB


CLIMATE REPORT
NATIONAL WEATHER SERVICE LOS ANGELES/OXNARD CA
101 AM PST TUE JAN 24 2017


...................................

...THE SANDBERG CA CLIMATE SUMMARY FOR JANUARY 23 2017...

CLIMATE NORMAL PERIOD 1981 TO 2010
CLIMATE RECORD PERIOD 1934 TO 2017


WEATHER ITEM   OBSERVED TIME   RECORD YEAR NORMAL DEPARTURE LAST
                VALUE   (LST)  VALUE       VALUE  FROM      YEAR
                                                  NORMAL
..................................................................
TEMPERATURE (F)
 YESTERDAY
  MAXIMUM         39   1236 AM  67    1948  49    -10       52
  MINIMUM         31    814 PM   9    1937  37     -6       38
  AVERAGE         35                        43     -8       45

PRECIPITATION (IN)
  YESTERDAY        0.18          1.36 1995   0.06   0.12     0.01
  MONTH TO DATE    3.23                      2.00   1.23     2.07
  SINCE OCT 1      7.07                      5.63   1.44     3.77
  SINCE JAN 1      3.23                      2.00   1.23     2.07

DEGREE DAYS
 HEATING
  YESTERDAY       30                        22      8       20
  MONTH TO DATE  518                       509      9      487
  SINCE DEC 1   1133                      1211    -78     1172
  SINCE JUL 1   1582                      1990   -408     1788

 COOLING
  YESTERDAY        0                         0      0        0
  MONTH TO DATE    0                         0      0        0
  SINCE DEC 1      0                         0      0        0
  SINCE JAN 1      0                         0      0        0
..................................................................


WIND (MPH)
  HIGHEST WIND SPEED    29   HIGHEST WIND DIRECTION    SW (220)
  HIGHEST GUST SPEED    37   HIGHEST GUST DIRECTION    SW (220)
  AVERAGE WIND SPEED    14.4


SKY COVER
  POSSIBLE SUNSHINE  MM
  AVERAGE SKY COVER 0.9


WEATHER CONDITIONS
 THE FOLLOWING WEATHER WAS RECORDED YESTERDAY.
  SNOW
  LIGHT SNOW
  FOG
  FOG W/VISIBILITY <= 1/4 MILE


RELATIVE HUMIDITY (PERCENT)
 HIGHEST    96           900 AM
 LOWEST     76           100 AM
 AVERAGE    86

..........................................................


THE SANDBERG CA CLIMATE NORMALS FOR TODAY
                         NORMAL    RECORD    YEAR
 MAXIMUM TEMPERATURE (F)   49        69      1948
 MINIMUM TEMPERATURE (F)   37        18      1949


SUNRISE AND SUNSET
JANUARY 24 2017.......SUNRISE   658 AM PST   SUNSET   516 PM PST
JANUARY 25 2017.......SUNRISE   658 AM PST   SUNSET   517 PM PST


-  INDICATES NEGATIVE NUMBERS.
R  INDICATES RECORD WAS SET OR TIED.
MM INDICATES DATA IS MISSING.
T  INDICATES TRACE AMOUNT.




$$
