000
CDUS46 KLOX 160915
CLISDB


CLIMATE REPORT
NATIONAL WEATHER SERVICE LOS ANGELES/OXNARD CA
115 AM PST TUE JAN 16 2018


...................................

...THE SANDBERG CA CLIMATE SUMMARY FOR JANUARY 15 2018...

CLIMATE NORMAL PERIOD 1981 TO 2010
CLIMATE RECORD PERIOD 1934 TO 2018


WEATHER ITEM   OBSERVED TIME   RECORD YEAR NORMAL DEPARTURE LAST
                VALUE   (LST)  VALUE       VALUE  FROM      YEAR
                                                  NORMAL
..................................................................
TEMPERATURE (F)
 YESTERDAY
  MAXIMUM         69    152 PM  71    1943  49     20       55
  MINIMUM         50    453 AM  20    2007  37     13       41
                                      1987
  AVERAGE         60                        43     17       48

PRECIPITATION (IN)
  YESTERDAY        0.00          1.51 1952   0.08  -0.08     0.00
  MONTH TO DATE    3.05                      1.44   1.61     1.26
  SINCE OCT 1      3.10                      5.07  -1.97     5.10
  SINCE JAN 1      3.05                      1.44   1.61     1.26

DEGREE DAYS
 HEATING
  YESTERDAY        5                        22    -17       17
  MONTH TO DATE  146                       333   -187      329
  SINCE DEC 1    491                      1035   -544      944
  SINCE JUL 1    849                      1814   -965     1393

 COOLING
  YESTERDAY        0                         0      0        0
  MONTH TO DATE    0                         0      0        0
  SINCE DEC 1      0                         0      0        0
  SINCE JAN 1      0                         0      0        0
..................................................................


WIND (MPH)
  HIGHEST WIND SPEED    16   HIGHEST WIND DIRECTION     N (340)
  HIGHEST GUST SPEED    20   HIGHEST GUST DIRECTION     N (340)
  AVERAGE WIND SPEED     7.2


SKY COVER
  POSSIBLE SUNSHINE  MM
  AVERAGE SKY COVER 0.0


WEATHER CONDITIONS
 THE FOLLOWING WEATHER WAS RECORDED YESTERDAY.
  NO SIGNIFICANT WEATHER WAS OBSERVED.


RELATIVE HUMIDITY (PERCENT)
 HIGHEST    42           500 AM
 LOWEST     19           900 PM
 AVERAGE    31

..........................................................


THE SANDBERG CA CLIMATE NORMALS FOR TODAY
                         NORMAL    RECORD    YEAR
 MAXIMUM TEMPERATURE (F)   49        65      2014
                                             1994
 MINIMUM TEMPERATURE (F)   37        16      1987


SUNRISE AND SUNSET
JANUARY 16 2018.......SUNRISE   702 AM PST   SUNSET   508 PM PST
JANUARY 17 2018.......SUNRISE   701 AM PST   SUNSET   509 PM PST


-  INDICATES NEGATIVE NUMBERS.
R  INDICATES RECORD WAS SET OR TIED.
MM INDICATES DATA IS MISSING.
T  INDICATES TRACE AMOUNT.




$$
