000
CDUS46 KLOX 230900
CLISDB


CLIMATE REPORT
NATIONAL WEATHER SERVICE LOS ANGELES/OXNARD CA
159 AM PDT WED APR 23 2014


...................................

...THE SANDBERG CA CLIMATE SUMMARY FOR APRIL 22 2014...

CLIMATE NORMAL PERIOD 1981 TO 2010
CLIMATE RECORD PERIOD 1948 TO 2014


WEATHER ITEM   OBSERVED TIME   RECORD YEAR NORMAL DEPARTURE LAST
                VALUE   (LST)  VALUE       VALUE  FROM      YEAR
                                                  NORMAL
..................................................................
TEMPERATURE (F)
 YESTERDAY
  MAXIMUM         58    241 PM  82    1949  60     -2       77
  MINIMUM         43   1159 PM  25    1967  43      0       58
  AVERAGE         51                        52     -1       68

PRECIPITATION (IN)
  YESTERDAY        0.00          0.21 1967   0.02  -0.02     0.00
  MONTH TO DATE    0.11                      0.51  -0.40     0.01
  SINCE JUL 1      4.11                     11.74  -7.63     3.90
  SINCE JAN 1      3.33                      7.89  -4.56     2.53

DEGREE DAYS
 HEATING
  YESTERDAY       14                        14      0        0
  MONTH TO DATE  161                       345   -184      208
  SINCE MAR 1    503                       915   -412      514
  SINCE JUL 1   2288                      3674  -1386     2878

 COOLING
  YESTERDAY        0                         0      0        3
  MONTH TO DATE   21                         0     21       12
  SINCE MAR 1     24                         1     23       23
  SINCE JAN 1     31                         1     30       23
..................................................................


WIND (MPH)
  HIGHEST WIND SPEED    39   HIGHEST WIND DIRECTION     N (340)
  HIGHEST GUST SPEED    46   HIGHEST GUST DIRECTION     N (340)
  AVERAGE WIND SPEED    20.9


SKY COVER
  POSSIBLE SUNSHINE  MM
  AVERAGE SKY COVER 0.0


WEATHER CONDITIONS
 THE FOLLOWING WEATHER WAS RECORDED YESTERDAY.
  NO SIGNIFICANT WEATHER WAS OBSERVED.


RELATIVE HUMIDITY (PERCENT)
 HIGHEST    59           300 AM
 LOWEST     30           600 PM
 AVERAGE    45

..........................................................


THE SANDBERG CA CLIMATE NORMALS FOR TODAY
                         NORMAL    RECORD    YEAR
 MAXIMUM TEMPERATURE (F)   60        85      1949
 MINIMUM TEMPERATURE (F)   43        26      1964


SUNRISE AND SUNSET
APRIL 23 2014.........SUNRISE   613 AM PDT   SUNSET   734 PM PDT
APRIL 24 2014.........SUNRISE   612 AM PDT   SUNSET   734 PM PDT


-  INDICATES NEGATIVE NUMBERS.
R  INDICATES RECORD WAS SET OR TIED.
MM INDICATES DATA IS MISSING.
T  INDICATES TRACE AMOUNT.




$$
