000
CDUS46 KLOX 290130
CLISDB


CLIMATE REPORT
NATIONAL WEATHER SERVICE LOS ANGELES/OXNARD CA
630 PM PDT MON JUL 28 2014


...................................

...THE SANDBERG CA CLIMATE SUMMARY FOR JULY 28 2014...
VALID TODAY AS OF 0600 PM LOCAL TIME.

CLIMATE NORMAL PERIOD 1981 TO 2010
CLIMATE RECORD PERIOD 1948 TO 2014


WEATHER ITEM   OBSERVED TIME   RECORD YEAR NORMAL DEPARTURE LAST
                VALUE   (LST)  VALUE       VALUE  FROM      YEAR
                                                  NORMAL
..................................................................
TEMPERATURE (F)
 TODAY
  MAXIMUM         92    236 PM 103    1995  86      6       86
  MINIMUM         69    434 AM  55    1949  65      4       64
  AVERAGE         81                        75      6       75

PRECIPITATION (IN)
  TODAY            0.01          0.05 1968   0.00   0.01     0.00
  MONTH TO DATE    0.01                      0.02  -0.01     0.06
  SINCE JUL 1      0.01                      0.02  -0.01     0.06
  SINCE JAN 1      3.59                      8.50  -4.91     2.97

DEGREE DAYS
 HEATING
  TODAY            0                         0      0        0
  MONTH TO DATE    0                         4     -4        0
  SINCE JUN 1      7                        88    -81       16
  SINCE JUL 1      0                         4     -4        0

 COOLING
  TODAY           16                        10      6       10
  MONTH TO DATE  373                       255    118      427
  SINCE JUN 1    613                       386    227      676
  SINCE JAN 1    763                       431    332      806
..................................................................


WIND (MPH)
  HIGHEST WIND SPEED    22   HIGHEST WIND DIRECTION     N (340)
  HIGHEST GUST SPEED    25   HIGHEST GUST DIRECTION    NW (330)
  AVERAGE WIND SPEED     8.3


SKY COVER
  POSSIBLE SUNSHINE  MM
  AVERAGE SKY COVER 0.3


WEATHER CONDITIONS
 THE FOLLOWING WEATHER WAS RECORDED TODAY.
  LIGHT RAIN


RELATIVE HUMIDITY (PERCENT)
 HIGHEST    31           400 AM
 LOWEST     16           200 PM
 AVERAGE    24

..........................................................


THE SANDBERG CA CLIMATE NORMALS FOR TOMORROW
                         NORMAL    RECORD    YEAR
 MAXIMUM TEMPERATURE (F)   86       100      1995
 MINIMUM TEMPERATURE (F)   65        55      1950


SUNRISE AND SUNSET
JULY 28 2014..........SUNRISE   602 AM PDT   SUNSET   800 PM PDT
JULY 29 2014..........SUNRISE   603 AM PDT   SUNSET   800 PM PDT


-  INDICATES NEGATIVE NUMBERS.
R  INDICATES RECORD WAS SET OR TIED.
MM INDICATES DATA IS MISSING.
T  INDICATES TRACE AMOUNT.




$$
