000
CDUS43 KLMK 090632
CLISDF


CLIMATE REPORT
NATIONAL WEATHER SERVICE LOUISVILLE KY
132 AM EST TUE FEB 9 2016


...................................

...THE LOUISVILLE KY CLIMATE SUMMARY FOR FEBRUARY 8 2016...

CLIMATE NORMAL PERIOD 1981 TO 2010
CLIMATE RECORD PERIOD 1871 TO 2016


WEATHER ITEM   OBSERVED TIME   RECORD YEAR NORMAL DEPARTURE LAST
                VALUE   (LST)  VALUE       VALUE  FROM      YEAR
                                                  NORMAL
..................................................................
TEMPERATURE (F)
 YESTERDAY
  MAXIMUM         49   1229 AM  73    1937  46      3       59
  MINIMUM         23   1159 PM -10    1895  28     -5       50
  AVERAGE         36                        37     -1       55

PRECIPITATION (IN)
  YESTERDAY        0.24          1.84 1950   0.11   0.13     0.01
  MONTH TO DATE    1.82                      0.92   0.90     0.48
  SINCE DEC 1      9.41                      7.99   1.42     4.92
  SINCE JAN 1      2.83                      4.16  -1.33     1.35

SNOWFALL (IN)
  YESTERDAY        1.2           7.5  1971   0.2    1.0      0.0
  MONTH TO DATE    1.2                       1.5   -0.3      0.3
  SINCE DEC 1      9.4                       7.8    1.6      1.4
  SINCE JUL 1      9.4                       8.0    1.4      5.1
  SNOW DEPTH       0

DEGREE DAYS
 HEATING
  YESTERDAY       29                        28      1       10
  MONTH TO DATE  170                       228    -58      211
  SINCE DEC 1   1562                      2002   -440     1907
  SINCE JUL 1   2086                      2737   -651     2793

 COOLING
  YESTERDAY        0                         0      0        0
  MONTH TO DATE    0                         0      0        0
  SINCE DEC 1      3                         1      2        0
  SINCE JAN 1      0                         0      0        0
..................................................................


WIND (MPH)
  HIGHEST WIND SPEED    24   HIGHEST WIND DIRECTION     W (290)
  HIGHEST GUST SPEED    33   HIGHEST GUST DIRECTION     W (290)
  AVERAGE WIND SPEED    12.9


SKY COVER
  POSSIBLE SUNSHINE  MM
  AVERAGE SKY COVER 0.8


WEATHER CONDITIONS
 THE FOLLOWING WEATHER WAS RECORDED YESTERDAY.
  LIGHT RAIN
  SNOW
  LIGHT SNOW
  FOG
  HAZE


RELATIVE HUMIDITY (PERCENT)
 HIGHEST    92           600 AM
 LOWEST     39          1200 AM
 AVERAGE    66

..........................................................


THE LOUISVILLE KY CLIMATE NORMALS FOR TODAY
                         NORMAL    RECORD    YEAR
 MAXIMUM TEMPERATURE (F)   46        70      2009
                                             1965
 MINIMUM TEMPERATURE (F)   29       -14      1899


SUNRISE AND SUNSET
FEBRUARY  9 2016......SUNRISE   740 AM EST   SUNSET   614 PM EST
FEBRUARY 10 2016......SUNRISE   739 AM EST   SUNSET   615 PM EST


-  INDICATES NEGATIVE NUMBERS.
R  INDICATES RECORD WAS SET OR TIED.
MM INDICATES DATA IS MISSING.
T  INDICATES TRACE AMOUNT.




$$
