000
CDUS43 KLMK 272133
CLISDF


CLIMATE REPORT
NATIONAL WEATHER SERVICE LOUISVILLE KY
432 PM EST SAT DEC 27 2014


...................................

...THE LOUISVILLE KY CLIMATE SUMMARY FOR DECEMBER 27 2014...
VALID TODAY AS OF 0400 PM LOCAL TIME.

CLIMATE NORMAL PERIOD 1981 TO 2010
CLIMATE RECORD PERIOD 1871 TO 2014


WEATHER ITEM   OBSERVED TIME   RECORD YEAR NORMAL DEPARTURE LAST
                VALUE   (LST)  VALUE       VALUE  FROM      YEAR
                                                  NORMAL
..................................................................
TEMPERATURE (F)
 TODAY
  MAXIMUM         53    323 PM  71    2008  43     10       52
  MINIMUM         47    835 AM  -2    1925  28     19       26
  AVERAGE         50                        36     14       39

PRECIPITATION (IN)
  TODAY            T             1.21 1904   0.12  -0.12     0.00
  MONTH TO DATE    3.29                      3.36  -0.07     4.90
  SINCE DEC 1      3.29                      3.36  -0.07     4.90
  SINCE JAN 1     42.99                     44.44  -1.45    53.07

SNOWFALL (IN)
  TODAY            0.0           3.6  1990   0.2   -0.2      0.0
  MONTH TO DATE    T                         2.2   -2.2      5.3
  SINCE DEC 1      T                         2.2   -2.2      5.3
  SINCE JUL 1      3.7                       2.4    1.3      5.8
  SNOW DEPTH       0

DEGREE DAYS
 HEATING
  TODAY           15                        29    -14       26
  MONTH TO DATE  613                       722   -109      694
  SINCE DEC 1    613                       722   -109      694
  SINCE JUL 1   1499                      1457     42     1524

 COOLING
  TODAY            0                         0      0        0
  MONTH TO DATE    0                         0      0        0
  SINCE DEC 1      0                         0      0        0
  SINCE JAN 1   1626                      1613     13     1628
..................................................................


WIND (MPH)
  HIGHEST WIND SPEED    14   HIGHEST WIND DIRECTION     S (180)
  HIGHEST GUST SPEED    19   HIGHEST GUST DIRECTION     S (190)
  AVERAGE WIND SPEED     7.2


SKY COVER
  POSSIBLE SUNSHINE  MM
  AVERAGE SKY COVER 1.0


WEATHER CONDITIONS
 THE FOLLOWING WEATHER WAS RECORDED TODAY.
  LIGHT RAIN


RELATIVE HUMIDITY (PERCENT)
 HIGHEST    80          1100 AM
 LOWEST     48           100 AM
 AVERAGE    64

..........................................................


THE LOUISVILLE KY CLIMATE NORMALS FOR TOMORROW
                         NORMAL    RECORD    YEAR
 MAXIMUM TEMPERATURE (F)   43        68      1982
 MINIMUM TEMPERATURE (F)   28        -3      1924


SUNRISE AND SUNSET
DECEMBER 27 2014......SUNRISE   758 AM EST   SUNSET   530 PM EST
DECEMBER 28 2014......SUNRISE   759 AM EST   SUNSET   531 PM EST


-  INDICATES NEGATIVE NUMBERS.
R  INDICATES RECORD WAS SET OR TIED.
MM INDICATES DATA IS MISSING.
T  INDICATES TRACE AMOUNT.




$$
