975
CDUS43 KLMK 220630
CLISDF


CLIMATE REPORT
NATIONAL WEATHER SERVICE LOUISVILLE KY
129 AM EST WED FEB 22 2017


...................................

...THE LOUISVILLE KY CLIMATE SUMMARY FOR FEBRUARY 21 2017...

CLIMATE NORMAL PERIOD 1981 TO 2010
CLIMATE RECORD PERIOD 1871 TO 2017


WEATHER ITEM   OBSERVED TIME   RECORD YEAR NORMAL DEPARTURE LAST
                VALUE   (LST)  VALUE       VALUE  FROM      YEAR
                                                  NORMAL
..................................................................
TEMPERATURE (F)
 YESTERDAY
  MAXIMUM         72R   405 PM  70    1930  50     22       63
                                      1922
  MINIMUM         52    730 AM   3    1963  31     21       46
  AVERAGE         62                        40     22       55

PRECIPITATION (IN)
  YESTERDAY        T             1.58 1971   0.11  -0.11     0.68
  MONTH TO DATE    0.71                      2.37  -1.66     2.84
  SINCE DEC 1     10.22                      9.44   0.78    10.43
  SINCE JAN 1      4.92                      5.61  -0.69     3.85

SNOWFALL (IN)
  YESTERDAY        0.0           5.5  1948   0.1   -0.1      0.0
  MONTH TO DATE    T                         3.6   -3.6      6.2
  SINCE DEC 1      2.7                       9.9   -7.2     14.4
  SINCE JUL 1      2.7                      10.1   -7.4     14.4
  SNOW DEPTH       0

DEGREE DAYS
 HEATING
  YESTERDAY        3                        25    -22       10
  MONTH TO DATE  378                       568   -190      559
  SINCE DEC 1   1930                      2342   -412     1951
  SINCE JUL 1   2397                      3077   -680     2475

 COOLING
  YESTERDAY        0                         0      0        0
  MONTH TO DATE    0                         0      0        0
  SINCE DEC 1      1                         1      0        3
  SINCE JAN 1      0                         0      0        0
..................................................................


WIND (MPH)
  HIGHEST WIND SPEED    21   HIGHEST WIND DIRECTION     S (170)
  HIGHEST GUST SPEED    27   HIGHEST GUST DIRECTION     S (170)
  AVERAGE WIND SPEED     6.2


SKY COVER
  POSSIBLE SUNSHINE  MM
  AVERAGE SKY COVER 1.0


WEATHER CONDITIONS
 THE FOLLOWING WEATHER WAS RECORDED YESTERDAY.
  LIGHT RAIN


RELATIVE HUMIDITY (PERCENT)
 HIGHEST    78          1100 PM
 LOWEST     41           100 PM
 AVERAGE    60

..........................................................


THE LOUISVILLE KY CLIMATE NORMALS FOR TODAY
                         NORMAL    RECORD    YEAR
 MAXIMUM TEMPERATURE (F)   50        71      1992
                                             1922
 MINIMUM TEMPERATURE (F)   32        -2      1963


SUNRISE AND SUNSET
FEBRUARY 22 2017......SUNRISE   724 AM EST   SUNSET   629 PM EST
FEBRUARY 23 2017......SUNRISE   723 AM EST   SUNSET   630 PM EST


-  INDICATES NEGATIVE NUMBERS.
R  INDICATES RECORD WAS SET OR TIED.
MM INDICATES DATA IS MISSING.
T  INDICATES TRACE AMOUNT.

$$

SCHOETTMER
