000
CDUS43 KLMK 250636
CLISDF


CLIMATE REPORT
NATIONAL WEATHER SERVICE LOUISVILLE KY
226 AM EDT TUE APR 25 2017


...................................

...THE LOUISVILLE KY CLIMATE SUMMARY FOR APRIL 24 2017...

CLIMATE NORMAL PERIOD 1981 TO 2010
CLIMATE RECORD PERIOD 1871 TO 2017


WEATHER ITEM   OBSERVED TIME   RECORD YEAR NORMAL DEPARTURE LAST
                VALUE   (LST)  VALUE       VALUE  FROM      YEAR
                                                  NORMAL
..................................................................
TEMPERATURE (F)
 YESTERDAY
  MAXIMUM         77    357 PM  91    1960  72      5       80
                                      1925
  MINIMUM         52    534 AM  33    2005  50      2       51
                                      1927
                                      1919
  AVERAGE         65                        61      4       66

PRECIPITATION (IN)
  YESTERDAY        0.00          2.34 1966   0.15  -0.15     0.00
  MONTH TO DATE    2.90                      3.11  -0.21     1.54
  SINCE MAR 1      6.58                      7.28  -0.70     7.04
  SINCE JAN 1     12.85                     13.70  -0.85    12.86

SNOWFALL (IN)
  YESTERDAY        0.0           T    1910   0.0    0.0      0.0
  MONTH TO DATE    0.0                       0.1   -0.1      0.0
  SINCE MAR 1      T                         1.5   -1.5      0.5
  SINCE JUL 1      2.7                      12.5   -9.8     14.9
  SNOW DEPTH       0

DEGREE DAYS
 HEATING
  YESTERDAY        0                         6     -6        0
  MONTH TO DATE   89                       215   -126      201
  SINCE MAR 1    547                       753   -206      537
  SINCE JUL 1   3012                      3994   -982     3159

 COOLING
  YESTERDAY        0                         2     -2        1
  MONTH TO DATE   73                        29     44       32
  SINCE MAR 1     84                        35     49       39
  SINCE JAN 1     89                        35     54       39
..................................................................


WIND (MPH)
  HIGHEST WIND SPEED    17   HIGHEST WIND DIRECTION    NE (30)
  HIGHEST GUST SPEED    22   HIGHEST GUST DIRECTION     N (20)
  AVERAGE WIND SPEED     9.0


SKY COVER
  POSSIBLE SUNSHINE  MM
  AVERAGE SKY COVER 0.5


WEATHER CONDITIONS
 THE FOLLOWING WEATHER WAS RECORDED YESTERDAY.
  NO SIGNIFICANT WEATHER WAS OBSERVED.


RELATIVE HUMIDITY (PERCENT)
 HIGHEST    67          1100 PM
 LOWEST     36           300 PM
 AVERAGE    52

..........................................................


THE LOUISVILLE KY CLIMATE NORMALS FOR TODAY
                         NORMAL    RECORD    YEAR
 MAXIMUM TEMPERATURE (F)   72        88      1990
                                             1989
                                             1915
 MINIMUM TEMPERATURE (F)   50        29      1919


SUNRISE AND SUNSET
APRIL 25 2017.........SUNRISE   654 AM EDT   SUNSET   829 PM EDT
APRIL 26 2017.........SUNRISE   652 AM EDT   SUNSET   830 PM EDT


-  INDICATES NEGATIVE NUMBERS.
R  INDICATES RECORD WAS SET OR TIED.
MM INDICATES DATA IS MISSING.
T  INDICATES TRACE AMOUNT.




$$
