000
CDUS43 KLMK 032036
CLISDF


CLIMATE REPORT
NATIONAL WEATHER SERVICE LOUISVILLE KY
433 PM EDT MON AUG 3 2015


...................................

...THE LOUISVILLE KY CLIMATE SUMMARY FOR AUGUST 3 2015...
VALID TODAY AS OF 0420 PM LOCAL TIME.

CLIMATE NORMAL PERIOD 1981 TO 2010
CLIMATE RECORD PERIOD 1871 TO 2015


WEATHER ITEM   OBSERVED TIME   RECORD YEAR NORMAL DEPARTURE LAST
                VALUE   (LST)  VALUE       VALUE  FROM      YEAR
                                                  NORMAL
..................................................................
TEMPERATURE (F)
 TODAY
  MAXIMUM         93    306 PM 101    1964  89      4       87
  MINIMUM         72    812 AM  52    1965  70      2       65
  AVERAGE         83                        79      4       76

PRECIPITATION (IN)
  TODAY            0.00          2.81 1891   0.12  -0.12     0.00
  MONTH TO DATE    0.00                      0.38  -0.38     0.00
  SINCE JUN 1     15.47                      8.40   7.07     5.26
  SINCE JAN 1     39.59                     28.27  11.32    24.77

SNOWFALL (IN)
  TODAY            0.0          MM      MM   0.0    0.0      0.0
  MONTH TO DATE    0.0                       0.0    0.0      0.0
  SINCE JUN 1      0.0                       0.0    0.0      0.0
  SINCE JUL 1      0.0                       0.0    0.0      0.0
  SNOW DEPTH       0

DEGREE DAYS
 HEATING
  TODAY            0                         0      0        0
  MONTH TO DATE    0                         0      0        0
  SINCE JUN 1      6                         5      1        0
  SINCE JUL 1      0                         0      0        0

 COOLING
  TODAY           18                        14      4       11
  MONTH TO DATE   46                        42      4       35
  SINCE JUN 1    888                       809     79      769
  SINCE JAN 1   1139                       983    156     1003
..................................................................


WIND (MPH)
  HIGHEST WIND SPEED    30   HIGHEST WIND DIRECTION     E (70)
  HIGHEST GUST SPEED    36   HIGHEST GUST DIRECTION     E (80)
  AVERAGE WIND SPEED     9.0


SKY COVER
  POSSIBLE SUNSHINE  MM
  AVERAGE SKY COVER 0.3


WEATHER CONDITIONS
 THE FOLLOWING WEATHER WAS RECORDED TODAY.
  NO SIGNIFICANT WEATHER WAS OBSERVED.


RELATIVE HUMIDITY (PERCENT)
 HIGHEST    79           300 AM
 LOWEST     49           300 PM
 AVERAGE    64

..........................................................


THE LOUISVILLE KY CLIMATE NORMALS FOR TOMORROW
                         NORMAL    RECORD    YEAR
 MAXIMUM TEMPERATURE (F)   89       102      2010
 MINIMUM TEMPERATURE (F)   70        52      1912


SUNRISE AND SUNSET
AUGUST  3 2015........SUNRISE   647 AM EDT   SUNSET   851 PM EDT
AUGUST  4 2015........SUNRISE   648 AM EDT   SUNSET   850 PM EDT


-  INDICATES NEGATIVE NUMBERS.
R  INDICATES RECORD WAS SET OR TIED.
MM INDICATES DATA IS MISSING.
T  INDICATES TRACE AMOUNT.




$$
