000
CDUS43 KLMK 232128
CLISDF


CLIMATE REPORT
NATIONAL WEATHER SERVICE LOUISVILLE KY
428 PM EST TUE JAN 23 2018


...................................

...THE LOUISVILLE KY CLIMATE SUMMARY FOR JANUARY 23 2018...
VALID TODAY AS OF 0400 PM LOCAL TIME.

CLIMATE NORMAL PERIOD 1981 TO 2010
CLIMATE RECORD PERIOD 1871 TO 2018


WEATHER ITEM   OBSERVED TIME   RECORD YEAR NORMAL DEPARTURE LAST
                VALUE   (LST)  VALUE       VALUE  FROM      YEAR
                                                  NORMAL
..................................................................
TEMPERATURE (F)
 TODAY
  MAXIMUM         51   1212 AM  71    1967  43      8       58
  MINIMUM         41    359 PM -13    1963  27     14       42
  AVERAGE         46                        35     11       50

PRECIPITATION (IN)
  TODAY            0.00          2.05 1876   0.10  -0.10      T
  MONTH TO DATE    1.30                      2.39  -1.09     4.20
  SINCE DEC 1      4.03                      6.22  -2.19     9.50
  SINCE JAN 1      1.30                      2.39  -1.09     4.20

SNOWFALL (IN)
  TODAY            0.0           4.6  1963   0.2   -0.2      0.0
  MONTH TO DATE    5.0                       2.6    2.4      2.3
  SINCE DEC 1      5.2                       5.2    0.0      2.4
  SINCE JUL 1      5.2                       5.4   -0.2      2.4
  SNOW DEPTH       0

DEGREE DAYS
 HEATING
  TODAY           19                        30    -11       15
  MONTH TO DATE  800                       690    110      524
  SINCE DEC 1   1663                      1531    132     1355
  SINCE JUL 1   2329                      2266     63     1822

 COOLING
  TODAY            0                         0      0        0
  MONTH TO DATE    0                         0      0        0
  SINCE DEC 1      0                         1     -1        1
  SINCE JAN 1      0                         0      0        0
..................................................................


WIND (MPH)
  HIGHEST WIND SPEED    29   HIGHEST WIND DIRECTION     W (250)
  HIGHEST GUST SPEED    41   HIGHEST GUST DIRECTION     W (260)
  AVERAGE WIND SPEED    17.2


SKY COVER
  POSSIBLE SUNSHINE  MM
  AVERAGE SKY COVER 0.9


WEATHER CONDITIONS
 THE FOLLOWING WEATHER WAS RECORDED TODAY.
  NO SIGNIFICANT WEATHER WAS OBSERVED.


RELATIVE HUMIDITY (PERCENT)
 HIGHEST    67          1200 PM
 LOWEST     48          1200 AM
 AVERAGE    58

..........................................................


THE LOUISVILLE KY CLIMATE NORMALS FOR TOMORROW
                         NORMAL    RECORD    YEAR
 MAXIMUM TEMPERATURE (F)   43        77      1943
 MINIMUM TEMPERATURE (F)   27       -20      1963


SUNRISE AND SUNSET
JANUARY 23 2018.......SUNRISE   754 AM EST   SUNSET   556 PM EST
JANUARY 24 2018.......SUNRISE   754 AM EST   SUNSET   557 PM EST


-  INDICATES NEGATIVE NUMBERS.
R  INDICATES RECORD WAS SET OR TIED.
MM INDICATES DATA IS MISSING.
T  INDICATES TRACE AMOUNT.




$$
