000
CDUS46 KSEW 250829
CLISEW


CLIMATE REPORT
NATIONAL WEATHER SERVICE SEATTLE WA
128 AM PDT TUE APR 25 2017


...................................

...THE SEATTLE WA WFO CLIMATE SUMMARY FOR APRIL 24 2017...

CLIMATE NORMAL PERIOD 1981 TO 2010
CLIMATE RECORD PERIOD 1986 TO 2017


WEATHER ITEM   OBSERVED TIME   RECORD YEAR     LAST
                VALUE   (LST)  VALUE           YEAR
....................................................
TEMPERATURE (F)
 YESTERDAY
  MAXIMUM         57        MM  72    2001    54
  MINIMUM         44        MM  34    2009    46
  AVERAGE         51                          50

PRECIPITATION (IN)
  YESTERDAY        0.02          0.54 2016     0.54
  MONTH TO DATE    3.40                        1.33
  SINCE OCT 1     43.47                       38.21
  SINCE JAN 1     21.75                       17.81

SNOWFALL (IN)
  YESTERDAY        0.0                         0.0
  MONTH TO DATE    0.0                         0.0
  SINCE OCT 1      3.6                          T
  SINCE JUL 1      3.6                          T
  SNOW DEPTH       0

DEGREE DAYS
 HEATING
  YESTERDAY       14                          15
  MONTH TO DATE  333                         192
  SINCE MAR 1    898                         669
  SINCE JUL 1   3978                        3474

 COOLING
  YESTERDAY        0                           0
  MONTH TO DATE    0                           6
  SINCE MAR 1      0                           6
  SINCE JAN 1      0                           6
....................................................


WIND (MPH)
  HIGHEST WIND SPEED    MM   HIGHEST WIND DIRECTION    MM
  HIGHEST GUST SPEED    MM   HIGHEST GUST DIRECTION    MM
  AVERAGE WIND SPEED    MM



WEATHER CONDITIONS
 THE FOLLOWING WEATHER WAS RECORDED YESTERDAY.
  LIGHT RAIN






-  INDICATES NEGATIVE NUMBERS.
R  INDICATES RECORD WAS SET OR TIED.
MM INDICATES DATA IS MISSING.
T  INDICATES TRACE AMOUNT.




$$
